000
CDUS44 KCRP 300651
CLILRD

CLIMATE REPORT
NATIONAL WEATHER SERVICE CORPUS CHRISTI TX
149 AM CDT THU OCT 30 2014


...................................

...THE LAREDO CLIMATE SUMMARY FOR OCTOBER 29 2014...

CLIMATE NORMAL PERIOD 1981 TO 2010
CLIMATE RECORD PERIOD 1900 TO 2014


WEATHER ITEM   OBSERVED TIME   RECORD YEAR NORMAL DEPARTURE LAST
                VALUE   (LST)  VALUE       VALUE  FROM      YEAR
                                                  NORMAL
..................................................................
TEMPERATURE (F)
 YESTERDAY
  MAXIMUM         89    346 PM  97    1902  83      6       92
  MINIMUM         68    709 AM  32    1908  62      6       77
  AVERAGE         79                        72      7       85

PRECIPITATION (IN)
  YESTERDAY        0.00          2.00 1975   0.05  -0.05     0.00
  MONTH TO DATE    0.13                      2.12  -1.99     3.62
  SINCE SEP 1      5.93                      5.05   0.88     6.97
  SINCE JAN 1     13.51                     18.04  -4.53    19.84

SNOWFALL (IN)
  YESTERDAY        0.0
  MONTH TO DATE    0.0
  SINCE SEP 1      0.0
  SINCE JUL 1      0.0

DEGREE DAYS
 HEATING
  YESTERDAY        0                         1     -1        0
  MONTH TO DATE    0                         6     -6        0
  SINCE SEP 1      0                         7     -7        0
  SINCE JUL 1      0                         7     -7        0

 COOLING
  YESTERDAY       14                         8      6       20
  MONTH TO DATE  415                       329     86      360
  SINCE SEP 1    961                       871     90      920
  SINCE JAN 1   4394                      4114    280     4325
..................................................................


WIND (MPH)
  HIGHEST WIND SPEED    12   HIGHEST WIND DIRECTION     E (80)
  HIGHEST GUST SPEED     1   HIGHEST GUST DIRECTION    SE (140)
  AVERAGE WIND SPEED     3.4


SKY COVER
  POSSIBLE SUNSHINE  MM
  AVERAGE SKY COVER 0.3


WEATHER CONDITIONS
 THE FOLLOWING WEATHER WAS RECORDED YESTERDAY.
  HAZE


RELATIVE HUMIDITY (PERCENT)
 HIGHEST    90           600 AM
 LOWEST     42           400 PM

..........................................................


THE LAREDO CLIMATE NORMALS FOR TODAY
                         NORMAL    RECORD    YEAR
 MAXIMUM TEMPERATURE (F)   83        94      1941
 MINIMUM TEMPERATURE (F)   61        31      1913


SUNRISE AND SUNSET
OCTOBER 30 2014.......SUNRISE   747 AM CDT   SUNSET   656 PM CDT
OCTOBER 31 2014.......SUNRISE   748 AM CDT   SUNSET   655 PM CDT


-  INDICATES NEGATIVE NUMBERS.
R  INDICATES RECORD WAS SET OR TIED.
MM INDICATES DATA IS MISSING.
T  INDICATES TRACE AMOUNT.

$$

GW
