000
CDUS44 KCRP 030920 RRA
CLILRD

CLIMATE REPORT
NATIONAL WEATHER SERVICE CORPUS CHRISTI TX
417 AM CDT THU SEP 3 2015


...................................

...THE LAREDO CLIMATE SUMMARY FOR SEPTEMBER 2 2015...

CLIMATE NORMAL PERIOD 1981 TO 2010
CLIMATE RECORD PERIOD 1900 TO 2015


WEATHER ITEM   OBSERVED TIME   RECORD YEAR NORMAL DEPARTURE LAST
                VALUE   (LST)  VALUE       VALUE  FROM      YEAR
                                                  NORMAL
..................................................................
TEMPERATURE (F)
 YESTERDAY
  MAXIMUM        100    400 PM 106    1912  97      3      101
  MINIMUM         75    629 AM  55    1923  76     -1       80
  AVERAGE         88                        86      2       91

PRECIPITATION (IN)
  YESTERDAY        0.00          1.98 1943   0.11  -0.11     0.02
  MONTH TO DATE    0.00                      0.22  -0.22     0.02
  SINCE SEP 1      0.00                      0.22  -0.22     0.02
  SINCE JAN 1     19.99                     13.21   6.78     7.60

SNOWFALL (IN)
  YESTERDAY        0.0
  MONTH TO DATE    0.0
  SINCE SEP 1      0.0
  SINCE JUL 1      0.0

DEGREE DAYS
 HEATING
  YESTERDAY        0                         0      0        0
  MONTH TO DATE    0                         0      0        0
  SINCE SEP 1      0                         0      0        0
  SINCE JUL 1      0                         0      0        0

 COOLING
  YESTERDAY       23                        21      2       26
  MONTH TO DATE   43                        43      0       52
  SINCE SEP 1     43                        43      0       52
  SINCE JAN 1   3132                      3286   -154     3485
..................................................................


WIND (MPH)
  HIGHEST WIND SPEED    20   HIGHEST WIND DIRECTION     E (110)
  HIGHEST GUST SPEED    24   HIGHEST GUST DIRECTION     E (100)
  AVERAGE WIND SPEED     8.6


SKY COVER
  POSSIBLE SUNSHINE  MM
  AVERAGE SKY COVER 0.3


WEATHER CONDITIONS
 THE FOLLOWING WEATHER WAS RECORDED YESTERDAY.
  NO SIGNIFICANT WEATHER WAS OBSERVED.


RELATIVE HUMIDITY (PERCENT)
 HIGHEST    94           600 AM
 LOWEST     31           500 PM

..........................................................


THE LAREDO CLIMATE NORMALS FOR TODAY
                         NORMAL    RECORD    YEAR
 MAXIMUM TEMPERATURE (F)   97       106      2011
                                             1992
 MINIMUM TEMPERATURE (F)   76        66      1903


SUNRISE AND SUNSET
SEPTEMBER  3 2015.....SUNRISE   718 AM CDT   SUNSET   756 PM CDT
SEPTEMBER  4 2015.....SUNRISE   718 AM CDT   SUNSET   755 PM CDT


-  INDICATES NEGATIVE NUMBERS.
R  INDICATES RECORD WAS SET OR TIED.
MM INDICATES DATA IS MISSING.
T  INDICATES TRACE AMOUNT.




$$
