000
CDUS44 KCRP 020931
CLILRD

CLIMATE REPORT
NATIONAL WEATHER SERVICE CORPUS CHRISTI TX
428 AM CDT SUN AUG 2 2015

...................................

...THE LAREDO CLIMATE SUMMARY FOR AUGUST 1 2015...

CLIMATE NORMAL PERIOD 1981 TO 2010
CLIMATE RECORD PERIOD 1900 TO 2015


WEATHER ITEM   OBSERVED TIME   RECORD YEAR NORMAL DEPARTURE LAST
                VALUE   (LST)  VALUE       VALUE  FROM      YEAR
                                                  NORMAL
..................................................................
TEMPERATURE (F)
 YESTERDAY
  MAXIMUM        101    501 PM 108    1999 100      1      102
  MINIMUM         76    711 AM  62    1936  77     -1       77
  AVERAGE         89                        89      0       90

PRECIPITATION (IN)
  YESTERDAY        0.00          1.21 1995   0.04  -0.04     0.48
  MONTH TO DATE    0.00                      0.04  -0.04     0.48
  SINCE JUN 1      1.26                      4.28  -3.02     2.37
  SINCE JAN 1     19.96                     11.15   8.81     7.40

SNOWFALL (IN)
  YESTERDAY        0.0
  MONTH TO DATE    0.0
  SINCE JUN 1      0.0
  SINCE JUL 1      0.0

DEGREE DAYS
 HEATING
  YESTERDAY        0                         0      0        0
  MONTH TO DATE    0                         0      0        0
  SINCE JUN 1      0                         0      0        0
  SINCE JUL 1      0                         0      0        0

 COOLING
  YESTERDAY       24                        24      0       25
  MONTH TO DATE   24                        24      0       25
  SINCE JUN 1   1383                      1397    -14     1524
  SINCE JAN 1   2325                      2540   -215     2649
..................................................................


WIND (MPH)
  HIGHEST WIND SPEED    18   HIGHEST WIND DIRECTION     E (70)
  HIGHEST GUST SPEED    23   HIGHEST GUST DIRECTION    NE (40)
  AVERAGE WIND SPEED     7.1


SKY COVER
  POSSIBLE SUNSHINE  MM
  AVERAGE SKY COVER 0.0


WEATHER CONDITIONS
 THE FOLLOWING WEATHER WAS RECORDED YESTERDAY.
  NO SIGNIFICANT WEATHER WAS OBSERVED.


RELATIVE HUMIDITY (PERCENT)
 HIGHEST    94           700 AM
 LOWEST     29           600 PM

..........................................................


THE LAREDO CLIMATE NORMALS FOR TODAY
                         NORMAL    RECORD    YEAR
 MAXIMUM TEMPERATURE (F)  101       109      1999
 MINIMUM TEMPERATURE (F)   77        66      1918


SUNRISE AND SUNSET
AUGUST  2 2015........SUNRISE   702 AM CDT   SUNSET   826 PM CDT
AUGUST  3 2015........SUNRISE   702 AM CDT   SUNSET   826 PM CDT


-  INDICATES NEGATIVE NUMBERS.
R  INDICATES RECORD WAS SET OR TIED.
MM INDICATES DATA IS MISSING.
T  INDICATES TRACE AMOUNT.

$$

87
