000
CDUS44 KCRP 212140 RRB
CLILRD

CLIMATE REPORT
NATIONAL WEATHER SERVICE CORPUS CHRISTI TX
436 PM CDT SAT OCT 21 2017

...................................

...THE LAREDO CLIMATE SUMMARY FOR OCTOBER 21 2017...
VALID AS OF 400 PM LOCAL TIME.

CLIMATE NORMAL PERIOD 1981 TO 2010
CLIMATE RECORD PERIOD 1900 TO 2017


WEATHER ITEM   OBSERVED TIME   RECORD YEAR NORMAL DEPARTURE LAST
                VALUE   (LST)  VALUE       VALUE  FROM      YEAR
                                                  NORMAL
..................................................................
TEMPERATURE (F)
 TODAY
  MAXIMUM         91        MM 100    1926  85      6       79
  MINIMUM         73        MM  43    1976  64      9       61
  AVERAGE         82                        75      7       70

PRECIPITATION (IN)
  TODAY            0.00          3.47 1985   0.07  -0.07     0.00
  MONTH TO DATE    0.29                      1.67  -1.38     0.08
  SINCE SEP 1      9.06                      4.60   4.46     5.13
  SINCE JAN 1     21.65                     17.59   4.06    22.21

SNOWFALL (IN)
  TODAY            0.0
  MONTH TO DATE    0.0
  SINCE SEP 1      0.0
  SINCE JUL 1      0.0
  SNOW DEPTH       0

DEGREE DAYS
 HEATING
  TODAY            0                         0      0        0
  MONTH TO DATE    0                         0      0        0
  SINCE SEP 1      0                         1     -1        0
  SINCE JUL 1      0                         1     -1        0

 COOLING
  TODAY           17                        10      7        5
  MONTH TO DATE  284                       257     27      343
  SINCE SEP 1    877                       799     78      964
  SINCE JAN 1   4602                      4042    560     4383
..................................................................


WIND (MPH)
  HIGHEST WIND SPEED    15   HIGHEST WIND DIRECTION    SE (150)
  HIGHEST GUST SPEED    20   HIGHEST GUST DIRECTION     S (160)


SKY COVER
  POSSIBLE SUNSHINE  MM
  AVERAGE SKY COVER 0.6


WEATHER CONDITIONS
 THE FOLLOWING WEATHER WAS RECORDED TODAY.
  NO SIGNIFICANT WEATHER WAS OBSERVED.


RELATIVE HUMIDITY (PERCENT)
 HIGHEST    93           500 AM
 LOWEST     47           300 PM
 AVERAGE    70

..........................................................


THE LAREDO CLIMATE NORMALS FOR TOMORROW
                         NORMAL    RECORD    YEAR
 MAXIMUM TEMPERATURE (F)   85        98      1994
 MINIMUM TEMPERATURE (F)   64        40      1910


SUNRISE AND SUNSET
OCTOBER 21 2017.......SUNRISE   742 AM CDT   SUNSET   703 PM CDT
OCTOBER 22 2017.......SUNRISE   742 AM CDT   SUNSET   702 PM CDT


-  INDICATES NEGATIVE NUMBERS.
R  INDICATES RECORD WAS SET OR TIED.
MM INDICATES DATA IS MISSING.
T  INDICATES TRACE AMOUNT.




$$
