000
CDUS44 KCRP 280031
CLILRD

CLIMATE REPORT
NATIONAL WEATHER SERVICE CORPUS CHRISTI TX
728 PM CDT THU APR 27 2017


...................................

...THE LAREDO CLIMATE SUMMARY FOR APRIL 27 2017...
VALID TODAY AS OF 700 PM LOCAL TIME.

CLIMATE NORMAL PERIOD 1981 TO 2010
CLIMATE RECORD PERIOD 1900 TO 2017


WEATHER ITEM   OBSERVED TIME   RECORD YEAR NORMAL DEPARTURE LAST
                VALUE   (LST)  VALUE       VALUE  FROM      YEAR
                                                  NORMAL
..................................................................
TEMPERATURE (F)
 TODAY
  MAXIMUM         93        MM 109    2014  90      3       94
  MINIMUM         62        MM  46    1928  67     -5       74
  AVERAGE         78                        79     -1       84

PRECIPITATION (IN)
  TODAY            0.00          1.12 2013   0.06  -0.06     0.00
  MONTH TO DATE    1.48                      1.23   0.25     1.91
  SINCE MAR 1      3.82                      2.35   1.47     5.88
  SINCE JAN 1      4.79                      4.19   0.60     7.77

SNOWFALL (IN)
  TODAY            0.0
  MONTH TO DATE    0.0
  SINCE MAR 1      0.0
  SINCE JUL 1      0.0

DEGREE DAYS
 HEATING
  TODAY            0                         0      0        0
  MONTH TO DATE    0                        12    -12        0
  SINCE MAR 1     16                        81    -65       18
  SINCE JUL 1    396                       925   -529      594

 COOLING
  TODAY           13                        14     -1       19
  MONTH TO DATE  339                       300     39      325
  SINCE MAR 1    615                       473    142      582
  SINCE JAN 1    921                       558    363      700
..................................................................


WIND (MPH)
  HIGHEST WIND SPEED    20   HIGHEST WIND DIRECTION    SE (120)
  HIGHEST GUST SPEED    27   HIGHEST GUST DIRECTION    SE (150)


SKY COVER
  POSSIBLE SUNSHINE  MM
  AVERAGE SKY COVER 0.0


WEATHER CONDITIONS
 THE FOLLOWING WEATHER WAS RECORDED TODAY.
  NO SIGNIFICANT WEATHER WAS OBSERVED.


RELATIVE HUMIDITY (PERCENT)
 HIGHEST    60           600 AM
 LOWEST     29          1200 AM
 AVERAGE    45

..........................................................


THE LAREDO CLIMATE NORMALS FOR TOMORROW
                         NORMAL    RECORD    YEAR
 MAXIMUM TEMPERATURE (F)   90       112      1937
 MINIMUM TEMPERATURE (F)   68        44      1997


SUNRISE AND SUNSET
APRIL 27 2017.........SUNRISE   702 AM CDT   SUNSET   810 PM CDT
APRIL 28 2017.........SUNRISE   701 AM CDT   SUNSET   810 PM CDT


-  INDICATES NEGATIVE NUMBERS.
R  INDICATES RECORD WAS SET OR TIED.
MM INDICATES DATA IS MISSING.
T  INDICATES TRACE AMOUNT.




$$

92
