544
CDUS44 KCRP 270745
CLILRD

CLIMATE REPORT
NATIONAL WEATHER SERVICE CORPUS CHRISTI TX
235 AM CDT WED JUL 27 2016


...................................

...THE LAREDO CLIMATE SUMMARY FOR JULY 26 2016...

CLIMATE NORMAL PERIOD 1981 TO 2010
CLIMATE RECORD PERIOD 1900 TO 2016


WEATHER ITEM   OBSERVED TIME   RECORD YEAR NORMAL DEPARTURE LAST
                VALUE   (LST)  VALUE       VALUE  FROM      YEAR
                                                  NORMAL
..................................................................
TEMPERATURE (F)
 YESTERDAY
  MAXIMUM         96        MM 107    2015 100     -4      107
                                      1995
  MINIMUM         76        MM  66    1908  77     -1       80
  AVERAGE         86                        88     -2       94

PRECIPITATION (IN)
  YESTERDAY        0.13          2.80 1996   0.05   0.08     0.00
  MONTH TO DATE    0.17                      1.79  -1.62      T
  SINCE JUN 1      2.09                      4.02  -1.93     1.20
  SINCE JAN 1     12.60                     10.89   1.71    19.90

SNOWFALL (IN)
  YESTERDAY        0.0
  MONTH TO DATE    0.0
  SINCE JUN 1      0.0
  SINCE JUL 1      0.0

DEGREE DAYS
 HEATING
  YESTERDAY        0                         0      0        0
  MONTH TO DATE    0                         0      0        0
  SINCE JUN 1      0                         0      0        0
  SINCE JUL 1      0                         0      0        0

 COOLING
  YESTERDAY       21                        23     -2       29
  MONTH TO DATE  682                       598     84      629
  SINCE JUN 1   1325                      1258     67     1229
  SINCE JAN 1   2589                      2401    188     2171
..................................................................


WIND (MPH)
  HIGHEST WIND SPEED    25   HIGHEST WIND DIRECTION     M (  M)
  HIGHEST GUST SPEED    36   HIGHEST GUST DIRECTION     E (070)
  AVERAGE WIND SPEED     9.1


SKY COVER
  POSSIBLE SUNSHINE  MM
  AVERAGE SKY COVER 0.2


WEATHER CONDITIONS
 THE FOLLOWING WEATHER WAS RECORDED YESTERDAY.
  THUNDERSTORM
  RAIN
  LIGHT RAIN
  HAZE


RELATIVE HUMIDITY (PERCENT)
 HIGHEST    91           600 PM
 LOWEST     55          1200 AM

..........................................................


THE LAREDO CLIMATE NORMALS FOR TODAY
                         NORMAL    RECORD    YEAR
 MAXIMUM TEMPERATURE (F)  100       109      1954
 MINIMUM TEMPERATURE (F)   77        65      1915


SUNRISE AND SUNSET
JULY 27 2016..........SUNRISE   659 AM CDT   SUNSET   830 PM CDT
JULY 28 2016..........SUNRISE   659 AM CDT   SUNSET   829 PM CDT


-  INDICATES NEGATIVE NUMBERS.
R  INDICATES RECORD WAS SET OR TIED.
MM INDICATES DATA IS MISSING.
T  INDICATES TRACE AMOUNT.

$$

CB
