334
CDUS44 KCRP 240711 RRB
CLILRD

CLIMATE REPORT
NATIONAL WEATHER SERVICE CORPUS CHRISTI TX
109 AM CST SAT FEB 24 2018


...................................

...THE LAREDO CLIMATE SUMMARY FOR FEBRUARY 23 2018...

CLIMATE NORMAL PERIOD 1981 TO 2010
CLIMATE RECORD PERIOD 1900 TO 2018


WEATHER ITEM   OBSERVED TIME   RECORD YEAR NORMAL DEPARTURE LAST
                VALUE   (LST)  VALUE       VALUE  FROM      YEAR
                                                  NORMAL
..................................................................
TEMPERATURE (F)
 YESTERDAY
  MAXIMUM         67        MM 100    2017  74     -7      100
  MINIMUM         53        MM  25    1976  52      1       62
  AVERAGE         60                        63     -3       81

PRECIPITATION (IN)
  YESTERDAY        0.02          1.65 1923   0.03  -0.01     0.00
  MONTH TO DATE    0.07                      0.75  -0.68     0.96
  SINCE DEC 1      2.96                      2.53   0.43     2.59
  SINCE JAN 1      0.27                      1.65  -1.38     0.97

SNOWFALL (IN)
  YESTERDAY        0.0
  MONTH TO DATE    0.0
  SINCE DEC 1      1.3
  SINCE JUL 1      1.3

DEGREE DAYS
 HEATING
  YESTERDAY        5                         5      0        0
  MONTH TO DATE  112                       144    -32       36
  SINCE DEC 1    767                       708     59      361
  SINCE JUL 1    836                       823     13      378

 COOLING
  YESTERDAY        0                         3     -3       16
  MONTH TO DATE   88                        43     45      158
  SINCE DEC 1    134                       106     28      323
  SINCE JAN 1     91                        71     20      260
..................................................................


WIND (MPH)
  HIGHEST WIND SPEED    MM   HIGHEST WIND DIRECTION    MM
  HIGHEST GUST SPEED    MM   HIGHEST GUST DIRECTION    MM
  AVERAGE WIND SPEED    MM


SKY COVER
  POSSIBLE SUNSHINE  MM
  AVERAGE SKY COVER 0.8


WEATHER CONDITIONS
 THE FOLLOWING WEATHER WAS RECORDED YESTERDAY.
  LIGHT RAIN
  FOG
  FOG W/VISIBILITY <= 1/4 MILE


RELATIVE HUMIDITY (PERCENT)
 HIGHEST   100           500 AM
 LOWEST     93           400 AM

..........................................................


THE LAREDO CLIMATE NORMALS FOR TODAY
                         NORMAL    RECORD    YEAR
 MAXIMUM TEMPERATURE (F)   74        98      1917
 MINIMUM TEMPERATURE (F)   52        31      1968


SUNRISE AND SUNSET
FEBRUARY 24 2018......SUNRISE   707 AM CST   SUNSET   635 PM CST
FEBRUARY 25 2018......SUNRISE   706 AM CST   SUNSET   636 PM CST


-  INDICATES NEGATIVE NUMBERS.
R  INDICATES RECORD WAS SET OR TIED.
MM INDICATES DATA IS MISSING.
T  INDICATES TRACE AMOUNT.

$$

GW
