000
CDUS44 KCRP 010936
CLILRD

CLIMATE REPORT
NATIONAL WEATHER SERVICE CORPUS CHRISTI TX
434 AM CDT WED OCT 1 2014

...................................

...THE LAREDO CLIMATE SUMMARY FOR SEPTEMBER 30 2014...

CLIMATE NORMAL PERIOD 1981 TO 2010
CLIMATE RECORD PERIOD 1900 TO 2014


WEATHER ITEM   OBSERVED TIME   RECORD YEAR NORMAL DEPARTURE LAST
                VALUE   (LST)  VALUE       VALUE  FROM      YEAR
                                                  NORMAL
..................................................................
TEMPERATURE (F)
 YESTERDAY
  MAXIMUM         92    435 PM 100    1997  90      2       91
  MINIMUM         72    648 AM  49    1918  69      3       73
  AVERAGE         82                        80      2       82

PRECIPITATION (IN)
  YESTERDAY        0.00          1.25 1925   0.09  -0.09     0.00
  MONTH TO DATE    5.74                      2.93   2.81     3.35
  SINCE SEP 1      5.74                      2.93   2.81     3.35
  SINCE JAN 1     13.32                     15.92  -2.60    16.22

SNOWFALL (IN)
  YESTERDAY        0.0
  MONTH TO DATE    0.0
  SINCE SEP 1      0.0
  SINCE JUL 1      0.0

DEGREE DAYS
 HEATING
  YESTERDAY        0                         0      0        0
  MONTH TO DATE    0                         0      0        0
  SINCE SEP 1      0                         1     -1        0
  SINCE JUL 1      0                         1     -1        0

 COOLING
  YESTERDAY       17                        15      2       17
  MONTH TO DATE  546                       542      4      560
  SINCE SEP 1    546                       542      4      560
  SINCE JAN 1   3979                      3785    194     3965
..................................................................


WIND (MPH)
  HIGHEST WIND SPEED    13   HIGHEST WIND DIRECTION    SE (120)
  HIGHEST GUST SPEED    15   HIGHEST GUST DIRECTION    SE (120)
  AVERAGE WIND SPEED     4.9


SKY COVER
  POSSIBLE SUNSHINE  MM
  AVERAGE SKY COVER 0.1


WEATHER CONDITIONS
 THE FOLLOWING WEATHER WAS RECORDED YESTERDAY.
  NO SIGNIFICANT WEATHER WAS OBSERVED.


RELATIVE HUMIDITY (PERCENT)
 HIGHEST   100           500 AM
 LOWEST     47           400 PM

..........................................................


THE LAREDO CLIMATE NORMALS FOR TODAY
                         NORMAL    RECORD    YEAR
 MAXIMUM TEMPERATURE (F)   90       100      1977
 MINIMUM TEMPERATURE (F)   69        41      1908


SUNRISE AND SUNSET
OCTOBER  1 2014.......SUNRISE   731 AM CDT   SUNSET   724 PM CDT
OCTOBER  2 2014.......SUNRISE   731 AM CDT   SUNSET   723 PM CDT


-  INDICATES NEGATIVE NUMBERS.
R  INDICATES RECORD WAS SET OR TIED.
MM INDICATES DATA IS MISSING.
T  INDICATES TRACE AMOUNT.


$$

87
