000
CDUS44 KCRP 010652
CLILRD

CLIMATE REPORT
NATIONAL WEATHER SERVICE CORPUS CHRISTI TX
1249 AM CST SUN FEB 1 2015


...................................

...THE LAREDO CLIMATE SUMMARY FOR JANUARY 31 2015...

CLIMATE NORMAL PERIOD 1981 TO 2010
CLIMATE RECORD PERIOD 1900 TO 2015


WEATHER ITEM   OBSERVED TIME   RECORD YEAR NORMAL DEPARTURE LAST
                VALUE   (LST)  VALUE       VALUE  FROM      YEAR
                                                  NORMAL
..................................................................
TEMPERATURE (F)
 YESTERDAY
  MAXIMUM         72    220 PM  94    1911  69      3       84
  MINIMUM         58    431 AM  22    1949  48     10       50
  AVERAGE         65                        58      7       67

PRECIPITATION (IN)
  YESTERDAY        0.01          0.63 1934   0.03  -0.02     0.00
  MONTH TO DATE    0.59                      0.90  -0.31     0.08
  SINCE DEC 1      1.54                      1.78  -0.24     1.31
  SINCE JAN 1      0.59                      0.90  -0.31     0.08

SNOWFALL (IN)
  YESTERDAY       MM
  MONTH TO DATE    0.0
  SINCE DEC 1      0.0
  SINCE JUL 1      0.0

DEGREE DAYS
 HEATING
  YESTERDAY        0                         8     -8        0
  MONTH TO DATE  376                       290     86      306
  SINCE DEC 1    556                       564     -8      618
  SINCE JUL 1    714                       679     35      783

 COOLING
  YESTERDAY        0                         1     -1        2
  MONTH TO DATE    9                        28    -19       10
  SINCE DEC 1     45                        63    -18       47
  SINCE JAN 1      9                        28    -19       10
..................................................................


WIND (MPH)
  HIGHEST WIND SPEED    24   HIGHEST WIND DIRECTION    SE (150)
  HIGHEST GUST SPEED    30   HIGHEST GUST DIRECTION    SE (150)
  AVERAGE WIND SPEED    12.1


SKY COVER
  POSSIBLE SUNSHINE  MM
  AVERAGE SKY COVER 0.7


WEATHER CONDITIONS
 THE FOLLOWING WEATHER WAS RECORDED YESTERDAY.
  LIGHT RAIN
  FOG


RELATIVE HUMIDITY (PERCENT)
 HIGHEST    97           300 AM
 LOWEST     63           200 PM

..........................................................


THE LAREDO CLIMATE NORMALS FOR TODAY
                         NORMAL    RECORD    YEAR
 MAXIMUM TEMPERATURE (F)   69        93      1963
 MINIMUM TEMPERATURE (F)   48        20      1917


SUNRISE AND SUNSET
FEBRUARY  1 2015......SUNRISE   724 AM CST   SUNSET   619 PM CST
FEBRUARY  2 2015......SUNRISE   724 AM CST   SUNSET   620 PM CST


-  INDICATES NEGATIVE NUMBERS.
R  INDICATES RECORD WAS SET OR TIED.
MM INDICATES DATA IS MISSING.
T  INDICATES TRACE AMOUNT.

$$

GW
