000
CDUS44 KCRP 270740
CLILRD

CLIMATE REPORT
NATIONAL WEATHER SERVICE CORPUS CHRISTI TX
239 AM CDT TUE JUN 27 2017


...THE LAREDO CLIMATE SUMMARY FOR JUNE 26 2017...

CLIMATE NORMAL PERIOD 1981 TO 2010
CLIMATE RECORD PERIOD 1900 TO 2017


WEATHER ITEM   OBSERVED TIME   RECORD YEAR NORMAL DEPARTURE LAST
                VALUE   (LST)  VALUE       VALUE  FROM      YEAR
                                                  NORMAL
..................................................................
TEMPERATURE (F)
 YESTERDAY
  MAXIMUM         97    430 PM 110    2012  99     -2      100
  MINIMUM         73    641 AM  60    1974  77     -4       79
  AVERAGE         85                        88     -3       90

PRECIPITATION (IN)
  YESTERDAY        0.63          1.87 1971   0.08   0.55     0.00
  MONTH TO DATE    0.96                      1.93  -0.97     0.90
  SINCE JUN 1      0.96                      1.93  -0.97     0.90
  SINCE JAN 1     11.36                      8.80   2.56    11.41

SNOWFALL (IN)
  YESTERDAY        0.0
  MONTH TO DATE    0.0
  SINCE JUN 1      0.0
  SINCE JUL 1      0.0

DEGREE DAYS
 HEATING
  YESTERDAY        0                         0      0        0
  MONTH TO DATE    0                         0      0        0
  SINCE JUN 1      0                         0      0        0
  SINCE JUL 1    396                       926   -530      594

 COOLING
  YESTERDAY       20                        23     -3       25
  MONTH TO DATE  591                       571     20      552
  SINCE JUN 1    591                       571     20      552
  SINCE JAN 1   2114                      1714    400     1816
..................................................................


WIND (MPH)
  HIGHEST WIND SPEED    18   HIGHEST WIND DIRECTION    SE (120)
  HIGHEST GUST SPEED    29   HIGHEST GUST DIRECTION    SE (130)
  AVERAGE WIND SPEED     7.6


SKY COVER
  POSSIBLE SUNSHINE  MM
  AVERAGE SKY COVER 0.3


WEATHER CONDITIONS
 THE FOLLOWING WEATHER WAS RECORDED YESTERDAY.
  THUNDERSTORM
  HEAVY RAIN
  RAIN
  LIGHT RAIN
  FOG


RELATIVE HUMIDITY (PERCENT)
 HIGHEST   100           600 AM
 LOWEST     40           400 PM

..........................................................


THE LAREDO CLIMATE NORMALS FOR TODAY
                         NORMAL    RECORD    YEAR
 MAXIMUM TEMPERATURE (F)   99       109      1994
 MINIMUM TEMPERATURE (F)   77        60      1974


SUNRISE AND SUNSET
JUNE 27 2017..........SUNRISE   645 AM CDT   SUNSET   837 PM CDT
JUNE 28 2017..........SUNRISE   645 AM CDT   SUNSET   837 PM CDT


-  INDICATES NEGATIVE NUMBERS.
R  INDICATES RECORD WAS SET OR TIED.
MM INDICATES DATA IS MISSING.
T  INDICATES TRACE AMOUNT.

$$

TMT
