000
CDUS44 KCRP 040049 AAA
CLILRD

CLIMATE REPORT...UPDATED
NATIONAL WEATHER SERVICE CORPUS CHRISTI TX
746 PM CDT TUE MAY 3 2016


...................................

...THE LAREDO CLIMATE SUMMARY FOR MAY 3 2016...
VALID TODAY AS OF 0700 PM LOCAL TIME.

CLIMATE NORMAL PERIOD 1981 TO 2010
CLIMATE RECORD PERIOD 1900 TO 2016


WEATHER ITEM   OBSERVED TIME   RECORD YEAR NORMAL DEPARTURE LAST
                VALUE   (LST)  VALUE       VALUE  FROM      YEAR
                                                  NORMAL
..................................................................
TEMPERATURE (F)
 TODAY
  MAXIMUM         83        MM 107    1998  91     -8       89
  MINIMUM         63        MM  45    1918  69     -6       66
  AVERAGE         73                        80     -7       78

PRECIPITATION (IN)
  TODAY            0.00          2.96 1981   0.07  -0.07     0.00
  MONTH TO DATE    T                         0.21  -0.21     0.00
  SINCE MAR 1      5.88                      2.75   3.13     8.08
  SINCE JAN 1      7.77                      4.59   3.18     8.96

SNOWFALL (IN)
  TODAY            0.0
  MONTH TO DATE    0.0
  SINCE MAR 1      0.0
  SINCE JUL 1      0.0

DEGREE DAYS
 HEATING
  TODAY            0                         0      0        0
  MONTH TO DATE    0                         0      0        0
  SINCE MAR 1     18                        82    -64      129
  SINCE JUL 1    594                       926   -332     1064

 COOLING
  TODAY            8                        15     -7       13
  MONTH TO DATE   32                        44    -12       29
  SINCE MAR 1    673                       559    114      432
  SINCE JAN 1    791                       644    147      480
..................................................................


WIND (MPH)
  HIGHEST WIND SPEED    13   HIGHEST WIND DIRECTION     E (70)
  HIGHEST GUST SPEED    MM   HIGHEST GUST DIRECTION    MM


SKY COVER
  POSSIBLE SUNSHINE  MM
  AVERAGE SKY COVER 0.9


WEATHER CONDITIONS
 THE FOLLOWING WEATHER WAS RECORDED TODAY.
  NO SIGNIFICANT WEATHER WAS OBSERVED.


RELATIVE HUMIDITY (PERCENT)
 HIGHEST    67          1200 AM
 LOWEST     39           400 PM
 AVERAGE    53

..........................................................


THE LAREDO CLIMATE NORMALS FOR TOMORROW
                         NORMAL    RECORD    YEAR
 MAXIMUM TEMPERATURE (F)   91       107      1999
 MINIMUM TEMPERATURE (F)   69        48      1918


SUNRISE AND SUNSET
MAY  3 2016...........SUNRISE   657 AM CDT   SUNSET   813 PM CDT
MAY  4 2016...........SUNRISE   656 AM CDT   SUNSET   814 PM CDT


-  INDICATES NEGATIVE NUMBERS.
R  INDICATES RECORD WAS SET OR TIED.
MM INDICATES DATA IS MISSING.
T  INDICATES TRACE AMOUNT.

$$

GW
