000
CDUS44 KCRP 240939
CLILRD

CLIMATE REPORT
NATIONAL WEATHER SERVICE CORPUS CHRISTI TX
436 AM CDT SUN MAY 24 2015

...................................

...THE LAREDO CLIMATE SUMMARY FOR MAY 23 2015...

CLIMATE NORMAL PERIOD 1981 TO 2010
CLIMATE RECORD PERIOD 1900 TO 2015


WEATHER ITEM   OBSERVED TIME   RECORD YEAR NORMAL DEPARTURE LAST
                VALUE   (LST)  VALUE       VALUE  FROM      YEAR
                                                  NORMAL
..................................................................
TEMPERATURE (F)
 YESTERDAY
  MAXIMUM         92    211 PM 107    2011  95     -3       87
                                      1989
  MINIMUM         68    909 PM  49    1928  73     -5       69
  AVERAGE         80                        84     -4       78

PRECIPITATION (IN)
  YESTERDAY        1.84          2.23 2014   0.08   1.76     2.23
  MONTH TO DATE    5.74                      1.83   3.91     3.71
  SINCE MAR 1     13.82                      4.37   9.45     4.82
  SINCE JAN 1     14.70                      6.21   8.49     5.03

SNOWFALL (IN)
  YESTERDAY        0.0
  MONTH TO DATE    0.0
  SINCE MAR 1      0.0
  SINCE JUL 1      0.0

DEGREE DAYS
 HEATING
  YESTERDAY        0                         0      0        0
  MONTH TO DATE    0                         0      0        0
  SINCE MAR 1    129                        82     47      104
  SINCE JUL 1   1064                       926    138     1095

 COOLING
  YESTERDAY       15                        19     -4       13
  MONTH TO DATE  357                       385    -28      330
  SINCE MAR 1    760                       900   -140      852
  SINCE JAN 1    808                       985   -177      964
..................................................................


WIND (MPH)
  HIGHEST WIND SPEED    39   HIGHEST WIND DIRECTION     W (260)
  HIGHEST GUST SPEED    46   HIGHEST GUST DIRECTION     W (260)
  AVERAGE WIND SPEED    16.3


SKY COVER
  POSSIBLE SUNSHINE  MM
  AVERAGE SKY COVER 0.7


WEATHER CONDITIONS
 THE FOLLOWING WEATHER WAS RECORDED YESTERDAY.
  THUNDERSTORM
  HEAVY RAIN
  RAIN
  LIGHT RAIN
  FOG


RELATIVE HUMIDITY (PERCENT)
 HIGHEST    93           900 PM
 LOWEST     50           300 PM

..........................................................


THE LAREDO CLIMATE NORMALS FOR TODAY
                         NORMAL    RECORD    YEAR
 MAXIMUM TEMPERATURE (F)   95       108      2011
                                             1989
 MINIMUM TEMPERATURE (F)   73        59      1940


SUNRISE AND SUNSET
MAY 24 2015...........SUNRISE   645 AM CDT   SUNSET   825 PM CDT
MAY 25 2015...........SUNRISE   645 AM CDT   SUNSET   825 PM CDT


-  INDICATES NEGATIVE NUMBERS.
R  INDICATES RECORD WAS SET OR TIED.
MM INDICATES DATA IS MISSING.
T  INDICATES TRACE AMOUNT.


$$

87
