201
CDUS44 KCRP 210038 RRB
CLILRD

CLIMATE REPORT
NATIONAL WEATHER SERVICE CORPUS CHRISTI TX
636 PM CST MON FEB 20 2017

...................................

...THE LAREDO CLIMATE SUMMARY FOR FEBRUARY 20 2017...
VALID TODAY AS OF 600 PM LOCAL TIME.

CLIMATE NORMAL PERIOD 1981 TO 2010
CLIMATE RECORD PERIOD 1900 TO 2017


WEATHER ITEM   OBSERVED TIME   RECORD YEAR NORMAL DEPARTURE LAST
                VALUE   (LST)  VALUE       VALUE  FROM      YEAR
                                                  NORMAL
..................................................................
TEMPERATURE (F)
 TODAY
  MAXIMUM         82        MM 103    1986  73      9       87
  MINIMUM         60        MM  25    1908  51      9       70
  AVERAGE         71                        62      9       79

PRECIPITATION (IN)
  TODAY            0.08          2.05 1958   0.03   0.05     0.00
  MONTH TO DATE    0.96                      0.66   0.30     0.00
  SINCE DEC 1      2.59                      2.44   0.15     2.01
  SINCE JAN 1      0.97                      1.56  -0.59     1.88

SNOWFALL (IN)
  TODAY            0.0
  MONTH TO DATE    0.0
  SINCE DEC 1      0.0
  SINCE JUL 1      0.0

DEGREE DAYS
 HEATING
  TODAY            0                         5     -5        0
  MONTH TO DATE   36                       129    -93       77
  SINCE DEC 1    361                       693   -332      488
  SINCE JUL 1    378                       808   -430      559

 COOLING
  TODAY            6                         2      4       14
  MONTH TO DATE  127                        36     91       71
  SINCE DEC 1    292                        99    193      141
  SINCE JAN 1    229                        64    165       78
..................................................................


WIND (MPH)
  HIGHEST WIND SPEED    17   HIGHEST WIND DIRECTION     N (350)
  HIGHEST GUST SPEED    22   HIGHEST GUST DIRECTION     N (350)


SKY COVER
  POSSIBLE SUNSHINE  MM
  AVERAGE SKY COVER 0.1


WEATHER CONDITIONS
 THE FOLLOWING WEATHER WAS RECORDED TODAY.
  THUNDERSTORM
  RAIN
  LIGHT RAIN


RELATIVE HUMIDITY (PERCENT)
 HIGHEST    97           300 AM
 LOWEST     23           300 PM
 AVERAGE    60

..........................................................


THE LAREDO CLIMATE NORMALS FOR TOMORROW
                         NORMAL    RECORD    YEAR
 MAXIMUM TEMPERATURE (F)   74       100      1996
 MINIMUM TEMPERATURE (F)   52        30      1904


SUNRISE AND SUNSET
FEBRUARY 20 2017......SUNRISE   710 AM CST   SUNSET   633 PM CST
FEBRUARY 21 2017......SUNRISE   709 AM CST   SUNSET   634 PM CST


-  INDICATES NEGATIVE NUMBERS.
R  INDICATES RECORD WAS SET OR TIED.
MM INDICATES DATA IS MISSING.
T  INDICATES TRACE AMOUNT.




$$
