000
CDUS44 KCRP 110902 RRA
CLILRD

CLIMATE REPORT
NATIONAL WEATHER SERVICE CORPUS CHRISTI TX
259 AM CST THU FEB 11 2016


...................................

...THE LAREDO CLIMATE SUMMARY FOR FEBRUARY 10 2016...

CLIMATE NORMAL PERIOD 1981 TO 2010
CLIMATE RECORD PERIOD 1900 TO 2016


WEATHER ITEM   OBSERVED TIME   RECORD YEAR NORMAL DEPARTURE LAST
                VALUE   (LST)  VALUE       VALUE  FROM      YEAR
                                                  NORMAL
..................................................................
TEMPERATURE (F)
 YESTERDAY
  MAXIMUM         81        MM  94    1954  71     10       86
  MINIMUM         41        MM  20    1973  49     -8       53
  AVERAGE         61                        60      1       70

PRECIPITATION (IN)
  YESTERDAY        0.00          1.25 1928   0.03  -0.03     0.00
  MONTH TO DATE    0.00                      0.32  -0.32     0.17
  SINCE DEC 1      2.01                      2.10  -0.09     1.71
  SINCE JAN 1      1.88                      1.22   0.66     0.76

SNOWFALL (IN)
  YESTERDAY        0.0
  MONTH TO DATE    0.0
  SINCE DEC 1      0.0
  SINCE JUL 1      0.0

DEGREE DAYS
 HEATING
  YESTERDAY        4                         7     -3        0
  MONTH TO DATE   77                        73      4       68
  SINCE DEC 1    488                       637   -149      624
  SINCE JUL 1    559                       752   -193      782

 COOLING
  YESTERDAY        0                         2     -2        5
  MONTH TO DATE    8                        16     -8       12
  SINCE DEC 1     78                        79     -1       57
  SINCE JAN 1     15                        44    -29       21
..................................................................


WIND (MPH)
  HIGHEST WIND SPEED    16   HIGHEST WIND DIRECTION    SE (140)
  HIGHEST GUST SPEED    20   HIGHEST GUST DIRECTION    SE (140)
  AVERAGE WIND SPEED     6.7


SKY COVER
  POSSIBLE SUNSHINE  MM
  AVERAGE SKY COVER 0.0


WEATHER CONDITIONS
 THE FOLLOWING WEATHER WAS RECORDED YESTERDAY.
  NO SIGNIFICANT WEATHER WAS OBSERVED.


RELATIVE HUMIDITY (PERCENT)
 HIGHEST    70           700 AM
 LOWEST     14           400 PM

..........................................................


THE LAREDO CLIMATE NORMALS FOR TODAY
                         NORMAL    RECORD    YEAR
 MAXIMUM TEMPERATURE (F)   71        92      1922
 MINIMUM TEMPERATURE (F)   50        24      1929


SUNRISE AND SUNSET
FEBRUARY 11 2016......SUNRISE   718 AM CST   SUNSET   626 PM CST
FEBRUARY 12 2016......SUNRISE   718 AM CST   SUNSET   627 PM CST


-  INDICATES NEGATIVE NUMBERS.
R  INDICATES RECORD WAS SET OR TIED.
MM INDICATES DATA IS MISSING.
T  INDICATES TRACE AMOUNT.

$$

CB
