000
CDUS43 KARX 250629
CLILSE


CLIMATE REPORT
NATIONAL WEATHER SERVICE LA CROSSE WI
129 AM CDT MON SEP 25 2017


...................................

...THE LA CROSSE WI CLIMATE SUMMARY FOR SEPTEMBER 24 2017...

CLIMATE NORMAL PERIOD 1981 TO 2010
CLIMATE RECORD PERIOD 1873 TO 2017


WEATHER ITEM   OBSERVED TIME   RECORD YEAR NORMAL DEPARTURE LAST
                VALUE   (LST)  VALUE       VALUE  FROM      YEAR
                                                  NORMAL
..................................................................
TEMPERATURE (F)
 YESTERDAY
  MAXIMUM         93R   304 PM  92    1891  70     23       72
  MINIMUM         68    611 AM  31    1942  49     19       65
  AVERAGE         81                        59     22       69

PRECIPITATION (IN)
  YESTERDAY        0.00          1.49 1986   0.11  -0.11     0.00
  MONTH TO DATE    0.37                      2.93  -2.56    10.32
  SINCE SEP 1      0.37                      2.93  -2.56    10.32
  SINCE JAN 1     32.13                     26.89   5.24    39.04

SNOWFALL (IN)
  YESTERDAY        0.0           0.0  2002   0.0    0.0      0.0
                                      2001
  MONTH TO DATE    0.0                       0.0    0.0      0.0
  SINCE JUL 1      0.0                       0.0    0.0      0.0
  SNOW DEPTH       0

DEGREE DAYS
 HEATING
  YESTERDAY        0                         7     -7        0
  MONTH TO DATE   27                        89    -62        1
  SINCE JUL 1     27                       109    -82        1

 COOLING
  YESTERDAY       16                         1     15        4
  MONTH TO DATE  158                        68     90      108
  SINCE JAN 1    973                       768    205     1017
..................................................................


WIND (MPH)
  HIGHEST WIND SPEED    20   HIGHEST WIND DIRECTION     S (180)
  HIGHEST GUST SPEED    25   HIGHEST GUST DIRECTION     S (160)
  AVERAGE WIND SPEED     8.2


SKY COVER
  POSSIBLE SUNSHINE  MM
  AVERAGE SKY COVER 0.0


WEATHER CONDITIONS
 THE FOLLOWING WEATHER WAS RECORDED YESTERDAY.
  NO SIGNIFICANT WEATHER WAS OBSERVED.


RELATIVE HUMIDITY (PERCENT)
 HIGHEST    84           100 AM
 LOWEST     33           200 PM
 AVERAGE    59

..........................................................


THE LA CROSSE WI CLIMATE NORMALS FOR TODAY
                         NORMAL    RECORD    YEAR
 MAXIMUM TEMPERATURE (F)   69        89      1920
 MINIMUM TEMPERATURE (F)   48        30      1942
                                             1926


SUNRISE AND SUNSET
SEPTEMBER 25 2017.....SUNRISE   656 AM CDT   SUNSET   656 PM CDT
SEPTEMBER 26 2017.....SUNRISE   657 AM CDT   SUNSET   654 PM CDT


-  INDICATES NEGATIVE NUMBERS.
R  INDICATES RECORD WAS SET OR TIED.
MM INDICATES DATA IS MISSING.
T  INDICATES TRACE AMOUNT.




$$
