000
CDUS46 KMTR 032245
CLILVK


CLIMATE REPORT
NATIONAL WEATHER SERVICE SAN FRANCISCO BAY AREA
345 PM PDT WED JUN 3 2015


...................................

...THE LIVERMORE AIRPORT CLIMATE SUMMARY FOR JUNE 3 2015...
VALID TODAY AS OF 0300 PM LOCAL TIME.

CLIMATE NORMAL PERIOD 1981 TO 2010
CLIMATE RECORD PERIOD 1930 TO 2015


WEATHER ITEM   OBSERVED TIME   RECORD YEAR NORMAL DEPARTURE LAST
                VALUE   (LST)  VALUE       VALUE  FROM      YEAR
                                                  NORMAL
..................................................................
TEMPERATURE (F)
 TODAY
  MAXIMUM         75   1200 PM 107    1960  78     -3       83
  MINIMUM         55        MM  41    1977  52      3       53
  AVERAGE         65                        65      0       68

PRECIPITATION (IN)
  TODAY            0.00          0.19 1967   0.01  -0.01     0.00
  MONTH TO DATE    0.00                      0.02  -0.02     0.00
  SINCE OCT 1     13.51                     15.46  -1.95     6.79
  SINCE JAN 1      3.89                      9.88  -5.99     4.88

DEGREE DAYS
 HEATING
  TODAY            0                         2     -2        0
  MONTH TO DATE    0                         6     -6        1
  SINCE JUN 1      0                         6     -6        1
  SINCE JUL 1   1558                      2754  -1196     1895

 COOLING
  TODAY            0                         2     -2        3
  MONTH TO DATE    3                         6     -3        9
  SINCE JUN 1      3                         6     -3        9
  SINCE JAN 1     41                        59    -18      135
..................................................................


WIND (MPH)
  RESULTANT WIND SPEED   7   RESULTANT WIND DIRECTION   W (250)
  HIGHEST WIND SPEED    16   HIGHEST WIND DIRECTION     W (250)
  HIGHEST GUST SPEED    18   HIGHEST GUST DIRECTION     S (200)
  AVERAGE WIND SPEED     9.1


SKY COVER
  POSSIBLE SUNSHINE  MM
  AVERAGE SKY COVER 0.0


WEATHER CONDITIONS
 THE FOLLOWING WEATHER WAS RECORDED TODAY.
  NO SIGNIFICANT WEATHER WAS OBSERVED.


RELATIVE HUMIDITY (PERCENT)
 HIGHEST    83           200 AM
 LOWEST     36          1200 PM
 AVERAGE    60

..........................................................


THE LIVERMORE AIRPORT CLIMATE NORMALS FOR TOMORROW
                         NORMAL    RECORD    YEAR
 MAXIMUM TEMPERATURE (F)   78       105      1960
 MINIMUM TEMPERATURE (F)   52        39      1962


SUNRISE AND SUNSET
JUNE  3 2015..........SUNRISE   547 AM PDT   SUNSET   825 PM PDT
JUNE  4 2015..........SUNRISE   546 AM PDT   SUNSET   825 PM PDT


-  INDICATES NEGATIVE NUMBERS.
R  INDICATES RECORD WAS SET OR TIED.
MM INDICATES DATA IS MISSING.
T  INDICATES TRACE AMOUNT.




$$
