000
CDUS46 KMTR 300835
CLILVK


CLIMATE REPORT
NATIONAL WEATHER SERVICE SAN FRANCISCO BAY AREA
134 AM PDT TUE JUN 30 2015


...................................

...THE LIVERMORE AIRPORT CLIMATE SUMMARY FOR JUNE 29 2015...

CLIMATE NORMAL PERIOD 1981 TO 2010
CLIMATE RECORD PERIOD 1930 TO 2015


WEATHER ITEM   OBSERVED TIME   RECORD YEAR NORMAL DEPARTURE LAST
                VALUE   (LST)  VALUE       VALUE  FROM      YEAR
                                                  NORMAL
..................................................................
TEMPERATURE (F)
 YESTERDAY
  MAXIMUM         94    301 PM 107    1934  85      9       98
  MINIMUM         60    646 AM  40    1952  56      4       56
  AVERAGE         77                        71      6       77

PRECIPITATION (IN)
  YESTERDAY        0.00          0.28 1982   0.00   0.00     0.00
  MONTH TO DATE    0.27                      0.04   0.23      T
  SINCE OCT 1     13.78                     15.48  -1.70     6.79
  SINCE JAN 1      4.16                      9.90  -5.74     4.88

DEGREE DAYS
 HEATING
  YESTERDAY        0                         0      0        0
  MONTH TO DATE    0                        31    -31        4
  SINCE JUN 1      0                        31    -31        4
  SINCE JUL 1   1558                      2779  -1221     1898

 COOLING
  YESTERDAY       12                         6      6       12
  MONTH TO DATE  240                       104    136      174
  SINCE JUN 1    240                       104    136      174
  SINCE JAN 1    278                       157    121      300
..................................................................


WIND (MPH)
  RESULTANT WIND SPEED   8   RESULTANT WIND DIRECTION   W (290)
  HIGHEST WIND SPEED    15   HIGHEST WIND DIRECTION     W (290)
  HIGHEST GUST SPEED    18   HIGHEST GUST DIRECTION    NW (300)
  AVERAGE WIND SPEED     8.2


SKY COVER
  POSSIBLE SUNSHINE  MM
  AVERAGE SKY COVER 0.3


WEATHER CONDITIONS
 THE FOLLOWING WEATHER WAS RECORDED YESTERDAY.
  NO SIGNIFICANT WEATHER WAS OBSERVED.


RELATIVE HUMIDITY (PERCENT)
 HIGHEST    84          1200 AM
 LOWEST     20           400 PM
 AVERAGE    52

..........................................................


THE LIVERMORE AIRPORT CLIMATE NORMALS FOR TODAY
                         NORMAL    RECORD    YEAR
 MAXIMUM TEMPERATURE (F)   85       112      1972
 MINIMUM TEMPERATURE (F)   56        41      1952


SUNRISE AND SUNSET
JUNE 30 2015..........SUNRISE   549 AM PDT   SUNSET   833 PM PDT
JULY  1 2015..........SUNRISE   549 AM PDT   SUNSET   833 PM PDT


-  INDICATES NEGATIVE NUMBERS.
R  INDICATES RECORD WAS SET OR TIED.
MM INDICATES DATA IS MISSING.
T  INDICATES TRACE AMOUNT.




$$
