000
CDUS43 KTOP 222233
CLILWC


CLIMATE REPORT
NATIONAL WEATHER SERVICE TOPEKA KS
431 PM CST WED NOV 22 2017


...................................

...THE LAWRENCE KS CLIMATE SUMMARY FOR NOVEMBER 22 2017...
VALID TODAY AS OF 0400 PM LOCAL TIME.

CLIMATE NORMAL PERIOD 1981 TO 2010
CLIMATE RECORD PERIOD 9999 TO 9999


WEATHER ITEM   OBSERVED NORMAL DEPARTURE LAST
                VALUE   VALUE  FROM      YEAR
                               NORMAL
...............................................
TEMPERATURE (F)
 TODAY
  MAXIMUM         44     52     -8       60
  MINIMUM         15     29    -14       48
  AVERAGE         30     40    -10       54

PRECIPITATION (IN)
  TODAY            0.00   0.06  -0.06     0.07
  MONTH TO DATE    0.12   1.65  -1.53     0.11
  SINCE SEP 1      6.99   8.69  -1.70     7.94
  SINCE JAN 1     34.13  36.55  -2.42    31.53

DEGREE DAYS
 HEATING
  TODAY           35     25     10       11
  MONTH TO DATE  478    432     46      283
  SINCE SEP 1    771    793    -22      473
  SINCE JUL 1    774    796    -22      473

 COOLING
  TODAY            0      0      0        0
  MONTH TO DATE    0      0      0       12
  SINCE SEP 1    248    179     69      282
  SINCE JAN 1   1327   1370    -43     1599
...............................................


WIND (MPH)
  HIGHEST WIND SPEED    12   HIGHEST WIND DIRECTION     S (180)
  HIGHEST GUST SPEED    14   HIGHEST GUST DIRECTION     S (170)
  AVERAGE WIND SPEED     3.7



WEATHER CONDITIONS
 THE FOLLOWING WEATHER WAS RECORDED TODAY.
  NO SIGNIFICANT WEATHER WAS OBSERVED.


RELATIVE HUMIDITY (PERCENT)
 HIGHEST    88
 LOWEST     33
 AVERAGE    61

..........................................................


THE LAWRENCE KS CLIMATE NORMALS FOR TOMORROW
                         NORMAL
 MAXIMUM TEMPERATURE (F)   52
 MINIMUM TEMPERATURE (F)   29


SUNRISE AND SUNSET
NOVEMBER 22 2017......SUNRISE   712 AM CST   SUNSET   502 PM CST
NOVEMBER 23 2017......SUNRISE   713 AM CST   SUNSET   502 PM CST


-  INDICATES NEGATIVE NUMBERS.
R  INDICATES RECORD WAS SET OR TIED.
MM INDICATES DATA IS MISSING.
T  INDICATES TRACE AMOUNT.




$$
