000
CDUS43 KTOP 280642
CLILWC


CLIMATE REPORT
NATIONAL WEATHER SERVICE TOPEKA KS
1242 AM CST SUN DEC 28 2014


...................................

...THE LAWRENCE KS CLIMATE SUMMARY FOR DECEMBER 27 2014...

CLIMATE NORMAL PERIOD 1981 TO 2010
CLIMATE RECORD PERIOD 9999 TO 9999


WEATHER ITEM   OBSERVED NORMAL DEPARTURE LAST
                VALUE   VALUE  FROM      YEAR
                               NORMAL
...............................................
TEMPERATURE (F)
 YESTERDAY
  MAXIMUM         36     39     -3       56
  MINIMUM         17     19     -2       19
  AVERAGE         27     29     -2       38

PRECIPITATION (IN)
  YESTERDAY        0.01   0.05  -0.04     0.00
  MONTH TO DATE    1.86   1.28   0.58     0.46
  SINCE DEC 1      1.86   1.28   0.58     0.46
  SINCE JAN 1     36.87  38.36  -1.49    28.41

DEGREE DAYS
 HEATING
  YESTERDAY       38     36      2       27
  MONTH TO DATE  758    892   -134      984
  SINCE DEC 1    758    892   -134      984
  SINCE JUL 1   1938   1900     38     2014

 COOLING
  YESTERDAY        0      0      0        0
  MONTH TO DATE    0      0      0        0
  SINCE DEC 1      0      0      0        0
  SINCE JAN 1   1426   1371     55     1492
...............................................


WIND (MPH)
  HIGHEST WIND SPEED    21   HIGHEST WIND DIRECTION     W (290)
  HIGHEST GUST SPEED    24   HIGHEST GUST DIRECTION     W (290)
  AVERAGE WIND SPEED     9.1


SKY COVER
  AVERAGE SKY COVER 0.6


WEATHER CONDITIONS
 THE FOLLOWING WEATHER WAS RECORDED YESTERDAY.
  LIGHT RAIN
  FOG


RELATIVE HUMIDITY (PERCENT)
 HIGHEST    92
 LOWEST     56
 AVERAGE    74

..........................................................


THE LAWRENCE KS CLIMATE NORMALS FOR TODAY
                         NORMAL
 MAXIMUM TEMPERATURE (F)   39
 MINIMUM TEMPERATURE (F)   19


SUNRISE AND SUNSET
DECEMBER 28 2014......SUNRISE   739 AM CST   SUNSET   506 PM CST
DECEMBER 29 2014......SUNRISE   739 AM CST   SUNSET   507 PM CST


-  INDICATES NEGATIVE NUMBERS.
R  INDICATES RECORD WAS SET OR TIED.
MM INDICATES DATA IS MISSING.
T  INDICATES TRACE AMOUNT.




$$
