000
CDUS43 KTOP 220711
CLILWC


CLIMATE REPORT
NATIONAL WEATHER SERVICE TOPEKA KS
111 AM CST SUN JAN 22 2017


...................................

...THE LAWRENCE KS CLIMATE SUMMARY FOR JANUARY 21 2017...

CLIMATE NORMAL PERIOD 1981 TO 2010
CLIMATE RECORD PERIOD 9999 TO 9999


WEATHER ITEM   OBSERVED NORMAL DEPARTURE LAST
                VALUE   VALUE  FROM      YEAR
                               NORMAL
...............................................
TEMPERATURE (F)
 YESTERDAY
  MAXIMUM         58     40     18       28
  MINIMUM         34     19     15       19
  AVERAGE         46     29     17       24

PRECIPITATION (IN)
  YESTERDAY        0.02   0.02   0.00     0.04
  MONTH TO DATE    0.98   0.61   0.37     0.68
  SINCE DEC 1      1.98   2.08  -0.10     3.89
  SINCE JAN 1      0.98   0.61   0.37     0.68

DEGREE DAYS
 HEATING
  YESTERDAY       19     36    -17       41
  MONTH TO DATE  732    756    -24      798
  SINCE DEC 1   1763   1791    -28     1608
  SINCE JUL 1   2407   2799   -392     2431

 COOLING
  YESTERDAY        0      0      0        0
  MONTH TO DATE    0      0      0        0
  SINCE DEC 1      0      0      0        0
  SINCE JAN 1      0      0      0        0
...............................................


WIND (MPH)
  HIGHEST WIND SPEED    14   HIGHEST WIND DIRECTION     S (180)
  HIGHEST GUST SPEED    17   HIGHEST GUST DIRECTION     S (180)
  AVERAGE WIND SPEED     4.9


SKY COVER
  AVERAGE SKY COVER 0.7


WEATHER CONDITIONS
 THE FOLLOWING WEATHER WAS RECORDED YESTERDAY.
  LIGHT RAIN
  FOG
  FOG W/VISIBILITY <= 1/4 MILE


RELATIVE HUMIDITY (PERCENT)
 HIGHEST   100
 LOWEST     59
 AVERAGE    80

..........................................................


THE LAWRENCE KS CLIMATE NORMALS FOR TODAY
                         NORMAL
 MAXIMUM TEMPERATURE (F)   40
 MINIMUM TEMPERATURE (F)   19


SUNRISE AND SUNSET
JANUARY 22 2017.......SUNRISE   735 AM CST   SUNSET   531 PM CST
JANUARY 23 2017.......SUNRISE   734 AM CST   SUNSET   532 PM CST


-  INDICATES NEGATIVE NUMBERS.
R  INDICATES RECORD WAS SET OR TIED.
MM INDICATES DATA IS MISSING.
T  INDICATES TRACE AMOUNT.




$$
