000
CDUS46 KOTX 050439
CLILWS


CLIMATE REPORT
NATIONAL WEATHER SERVICE SPOKANE, WA
838 PM PST WED MAR 4 2015


...................................

...THE LEWISTON ID AIRPORT CLIMATE SUMMARY FOR MARCH 4 2015...
VALID TODAY AS OF 0800 PM LOCAL TIME.

CLIMATE NORMAL PERIOD 1981 TO 2010
CLIMATE RECORD PERIOD 1881 TO 2015


WEATHER ITEM   OBSERVED TIME   RECORD YEAR NORMAL DEPARTURE LAST
                VALUE   (LST)  VALUE       VALUE  FROM      YEAR
                                                  NORMAL
..................................................................
TEMPERATURE (F)
 TODAY
  MAXIMUM         49    353 PM  66    1968  51     -2       55
                                      1905
  MINIMUM         22    453 AM   6    1955  33    -11       37
  AVERAGE         36                        42     -6       46

PRECIPITATION (IN)
  TODAY            0.00          0.44 1932   0.04  -0.04      T
  MONTH TO DATE    0.02                      0.14  -0.12     0.06
  SINCE OCT 1      6.50                      5.11   1.39     4.01
  SINCE JAN 1      2.31                      2.00   0.31     2.48

DEGREE DAYS
 HEATING
  TODAY           29                        23      6       19
  MONTH TO DATE  115                        93     22      114
  SINCE MAR 1    115                        93     22      114
  SINCE JUL 1   3337                      3948   -611     4275

 COOLING
  TODAY            0                         0      0        0
  MONTH TO DATE    0                         0      0        0
  SINCE MAR 1      0                         0      0        0
  SINCE JAN 1      0                         0      0        0
..................................................................


WIND (MPH)
  HIGHEST WIND SPEED    10   HIGHEST WIND DIRECTION    NE (40)
  HIGHEST GUST SPEED    14   HIGHEST GUST DIRECTION     E (100)
  AVERAGE WIND SPEED     3.5


SKY COVER
  POSSIBLE SUNSHINE  MM
  AVERAGE SKY COVER 0.0


WEATHER CONDITIONS
 THE FOLLOWING WEATHER WAS RECORDED TODAY.
  NO SIGNIFICANT WEATHER WAS OBSERVED.


RELATIVE HUMIDITY (PERCENT)
 HIGHEST    74           400 AM
 LOWEST     24           400 PM
 AVERAGE    49

..........................................................


THE LEWISTON ID AIRPORT CLIMATE NORMALS FOR TOMORROW
                         NORMAL    RECORD    YEAR
 MAXIMUM TEMPERATURE (F)   52        68      1987
                                             1905
 MINIMUM TEMPERATURE (F)   33         2      1955


SUNRISE AND SUNSET
MARCH  4 2015.........SUNRISE   622 AM PST   SUNSET   538 PM PST
MARCH  5 2015.........SUNRISE   620 AM PST   SUNSET   540 PM PST


-  INDICATES NEGATIVE NUMBERS.
R  INDICATES RECORD WAS SET OR TIED.
MM INDICATES DATA IS MISSING.
T  INDICATES TRACE AMOUNT.




$$
