000
CDUS46 KOTX 012343
CLILWS


CLIMATE REPORT
NATIONAL WEATHER SERVICE SPOKANE, WA
442 PM PDT FRI AUG 1 2014


...................................

...THE LEWISTON ID AIRPORT CLIMATE SUMMARY FOR AUGUST 1 2014...
VALID AS OF 0400 PM LOCAL TIME.

CLIMATE NORMAL PERIOD 1981 TO 2010
CLIMATE RECORD PERIOD 1881 TO 2014


WEATHER ITEM   OBSERVED TIME   RECORD YEAR NORMAL DEPARTURE LAST
                VALUE   (LST)  VALUE       VALUE  FROM      YEAR
                                                  NORMAL
..................................................................
TEMPERATURE (F)
 TODAY
  MAXIMUM        100    259 PM 106    2009  92      8       84
                                      1971
                                      1907
  MINIMUM         69    444 AM  48    1897  61      8       60
  AVERAGE         85                        77      8       72

PRECIPITATION (IN)
  TODAY            0.00          1.36 1960   0.02  -0.02     0.24
  MONTH TO DATE    0.00                      0.02  -0.02     0.24
  SINCE OCT 1      8.03                     10.97  -2.94    10.29
  SINCE JAN 1      6.50                      7.86  -1.36     6.13

SNOWFALL (IN)
  TODAY            0.0           0.0  1998   0.0    0.0      0.0
  MONTH TO DATE    0.0                       0.0    0.0      0.0
  SINCE JUN 1      0.0                       0.0    0.0      0.0
  SINCE JUL 1      0.0                       0.0    0.0      0.0
  SNOW DEPTH       0

DEGREE DAYS
 HEATING
  TODAY            0                         0      0        0
  MONTH TO DATE    0                         0      0        0
  SINCE JUN 1     41                        77    -36       44
  SINCE JUL 1      0                         7     -7        0

 COOLING
  TODAY           20                        12      8        7
  MONTH TO DATE   20                        12      8        7
  SINCE JUN 1    593                       410    183      558
  SINCE JAN 1    621                       442    179      615
..................................................................


WIND (MPH)
  HIGHEST WIND SPEED    10   HIGHEST WIND DIRECTION    NW (330)
  HIGHEST GUST SPEED    14   HIGHEST GUST DIRECTION    SE (120)
  AVERAGE WIND SPEED     4.0


SKY COVER
  POSSIBLE SUNSHINE  MM
  AVERAGE SKY COVER 0.0


WEATHER CONDITIONS
 THE FOLLOWING WEATHER WAS RECORDED TODAY.
  NO SIGNIFICANT WEATHER WAS OBSERVED.


RELATIVE HUMIDITY (PERCENT)
 HIGHEST    41
 LOWEST     15
 AVERAGE    28

..........................................................


THE LEWISTON ID AIRPORT CLIMATE NORMALS FOR TOMORROW
                         NORMAL    RECORD    YEAR
 MAXIMUM TEMPERATURE (F)   92       108      1961
 MINIMUM TEMPERATURE (F)   61        44      1956


SUNRISE AND SUNSET
AUGUST  1 2014........SUNRISE   529 AM PDT   SUNSET   819 PM PDT
AUGUST  2 2014........SUNRISE   531 AM PDT   SUNSET   817 PM PDT


-  INDICATES NEGATIVE NUMBERS.
R  INDICATES RECORD WAS SET OR TIED.
MM INDICATES DATA IS MISSING.
T  INDICATES TRACE AMOUNT.




$$
