157
CDUS46 KOTX 050822
CLILWS


CLIMATE REPORT
NATIONAL WEATHER SERVICE SPOKANE, WA
122 AM PDT THU MAY 5 2016


...................................

...THE LEWISTON ID AIRPORT CLIMATE SUMMARY FOR MAY 4 2016...

CLIMATE NORMAL PERIOD 1981 TO 2010
CLIMATE RECORD PERIOD 1881 TO 2016


WEATHER ITEM   OBSERVED TIME   RECORD YEAR NORMAL DEPARTURE LAST
                VALUE   (LST)  VALUE       VALUE  FROM      YEAR
                                                  NORMAL
..................................................................
TEMPERATURE (F)
 YESTERDAY
  MAXIMUM         80    421 PM  93    1966  68     12       83
  MINIMUM         55    323 AM  32    1919  44     11       43
  AVERAGE         68                        56     12       63

PRECIPITATION (IN)
  YESTERDAY        0.00          0.67 1979   0.04  -0.04     0.00
  MONTH TO DATE    0.00                      0.18  -0.18     0.00
  SINCE OCT 1      8.74                      7.62   1.12     7.95
  SINCE JAN 1      5.29                      4.51   0.78     3.76

SNOWFALL (IN)
  YESTERDAY        0.0           T    1977   0.0    0.0      0.0
  MONTH TO DATE    0.0                       0.0    0.0      0.0
  SINCE MAR 1      0.0                       0.7   -0.7      0.0
  SINCE JUL 1      6.4                      10.5   -4.1      1.5
  SNOW DEPTH       0

DEGREE DAYS
 HEATING
  YESTERDAY        0                        10    -10        2
  MONTH TO DATE    7                        41    -34       19
  SINCE MAR 1    787                      1066   -279      916
  SINCE JUL 1   4051                      4921   -870     4138

 COOLING
  YESTERDAY        3                         1      2        0
  MONTH TO DATE    8                         1      7        0
  SINCE MAR 1     15                         3     12        1
  SINCE JAN 1     15                         3     12        1
..................................................................


WIND (MPH)
  HIGHEST WIND SPEED    29   HIGHEST WIND DIRECTION    NW (300)
  HIGHEST GUST SPEED    36   HIGHEST GUST DIRECTION     W (290)
  AVERAGE WIND SPEED     5.6


SKY COVER
  POSSIBLE SUNSHINE  MM
  AVERAGE SKY COVER 0.0


WEATHER CONDITIONS
 THE FOLLOWING WEATHER WAS RECORDED YESTERDAY.
  NO SIGNIFICANT WEATHER WAS OBSERVED.


RELATIVE HUMIDITY (PERCENT)
 HIGHEST    67           100 AM
 LOWEST     32           200 PM
 AVERAGE    50

..........................................................


THE LEWISTON ID AIRPORT CLIMATE NORMALS FOR TODAY
                         NORMAL    RECORD    YEAR
 MAXIMUM TEMPERATURE (F)   68        96      1966
 MINIMUM TEMPERATURE (F)   44        32      1982


SUNRISE AND SUNSET
MAY  5 2016...........SUNRISE   527 AM PDT   SUNSET   803 PM PDT
MAY  6 2016...........SUNRISE   526 AM PDT   SUNSET   804 PM PDT


-  INDICATES NEGATIVE NUMBERS.
R  INDICATES RECORD WAS SET OR TIED.
MM INDICATES DATA IS MISSING.
T  INDICATES TRACE AMOUNT.




$$
