000
CDUS46 KOTX 210840
CLILWS


CLIMATE REPORT
NATIONAL WEATHER SERVICE SPOKANE, WA
1235 AM PST FRI NOV 21 2014


...................................

...THE LEWISTON ID AIRPORT CLIMATE SUMMARY FOR NOVEMBER 20 2014...

CLIMATE NORMAL PERIOD 1981 TO 2010
CLIMATE RECORD PERIOD 1881 TO 2014


WEATHER ITEM   OBSERVED TIME   RECORD YEAR NORMAL DEPARTURE LAST
                VALUE   (LST)  VALUE       VALUE  FROM      YEAR
                                                  NORMAL
..................................................................
TEMPERATURE (F)
 YESTERDAY
  MAXIMUM         44    307 PM  66    1962  46     -2       46
  MINIMUM         31    947 AM   9    1900  33     -2       25
  AVERAGE         38                        40     -2       36

PRECIPITATION (IN)
  YESTERDAY        0.03          0.71 1962   0.04  -0.01     0.00
  MONTH TO DATE    0.44                      0.81  -0.37     0.69
  SINCE OCT 1      1.43                      1.77  -0.34     0.78
  SINCE JAN 1      9.35                     10.97  -1.62     8.74

SNOWFALL (IN)
  YESTERDAY        0.0           5.9  1921   0.1   -0.1      0.0
  MONTH TO DATE    T                         0.9   -0.9       T
  SINCE SEP 1      T                         0.9   -0.9       T
  SINCE JUL 1      T                         0.9   -0.9       T
  SNOW DEPTH       0

DEGREE DAYS
 HEATING
  YESTERDAY       27                        25      2       29
  MONTH TO DATE  513                       443     70      441
  SINCE SEP 1    758                       953   -195     1009
  SINCE JUL 1    758                       968   -210     1009

 COOLING
  YESTERDAY        0                         0      0        0
  MONTH TO DATE    0                         0      0        0
  SINCE SEP 1    125                        90     35      184
  SINCE JAN 1   1095                       807    288     1178
..................................................................


WIND (MPH)
  HIGHEST WIND SPEED     8   HIGHEST WIND DIRECTION     E (70)
  HIGHEST GUST SPEED     9   HIGHEST GUST DIRECTION     W (260)
  AVERAGE WIND SPEED     2.5


SKY COVER
  POSSIBLE SUNSHINE  MM
  AVERAGE SKY COVER 0.8


WEATHER CONDITIONS
 THE FOLLOWING WEATHER WAS RECORDED YESTERDAY.
  FOG
  HAZE


RELATIVE HUMIDITY (PERCENT)
 HIGHEST    92           900 AM
 LOWEST     70           300 PM
 AVERAGE    81

..........................................................


THE LEWISTON ID AIRPORT CLIMATE NORMALS FOR TODAY
                         NORMAL    RECORD    YEAR
 MAXIMUM TEMPERATURE (F)   46        67      1974
 MINIMUM TEMPERATURE (F)   33         4      1900


SUNRISE AND SUNSET
NOVEMBER 21 2014......SUNRISE   658 AM PST   SUNSET   409 PM PST
NOVEMBER 22 2014......SUNRISE   659 AM PST   SUNSET   409 PM PST


-  INDICATES NEGATIVE NUMBERS.
R  INDICATES RECORD WAS SET OR TIED.
MM INDICATES DATA IS MISSING.
T  INDICATES TRACE AMOUNT.




$$
