000
CDUS45 KTFX 142330
CLILWT


CLIMATE REPORT
NATIONAL WEATHER SERVICE GREAT FALLS MT
430 PM MST SUN FEB 14 2016


...................................

...THE LEWISTOWN MT CLIMATE SUMMARY FOR FEBRUARY 14 2016...
VALID TODAY AS OF 0400 PM LOCAL TIME.

CLIMATE NORMAL PERIOD 1981 TO 2010
CLIMATE RECORD PERIOD 1896 TO 2016


WEATHER ITEM   OBSERVED TIME   RECORD YEAR NORMAL DEPARTURE LAST
                VALUE   (LST)  VALUE       VALUE  FROM      YEAR
                                                  NORMAL
..................................................................
TEMPERATURE (F)
 TODAY
  MAXIMUM         47    359 PM  65    1921  36     11       54
  MINIMUM         30   1226 AM -34    1936  15     15       35
  AVERAGE         39                        25     14       45

PRECIPITATION (IN)
  TODAY            0.00          0.28 1918   0.02  -0.02     0.00
  MONTH TO DATE    0.08                      0.22  -0.14     0.27
  SINCE OCT 1      2.83                      3.29  -0.46     3.39
  SINCE JAN 1      0.75                      0.79  -0.04     1.08

DEGREE DAYS
 HEATING
  TODAY           26                        40    -14       20
  MONTH TO DATE  444                       563   -119      386
  SINCE DEC 1   2808                      3140   -332     2694
  SINCE JUL 1   4565                      5268   -703     4611

 COOLING
  TODAY            0                         0      0        0
  MONTH TO DATE    0                         0      0        0
  SINCE DEC 1      0                         0      0        0
  SINCE JAN 1      0                         0      0        0
..................................................................


WIND (MPH)
  HIGHEST WIND SPEED    35   HIGHEST WIND DIRECTION    NW (300)
  HIGHEST GUST SPEED    44   HIGHEST GUST DIRECTION    NW (310)
  AVERAGE WIND SPEED    14.8


SKY COVER
  AVERAGE SKY COVER 0.8


WEATHER CONDITIONS
 THE FOLLOWING WEATHER WAS RECORDED TODAY.
  NO SIGNIFICANT WEATHER WAS OBSERVED.


RELATIVE HUMIDITY (PERCENT)
 HIGHEST    64
 LOWEST     34
 AVERAGE    49

..........................................................


THE LEWISTOWN MT CLIMATE NORMALS FOR TOMORROW
                         NORMAL    RECORD    YEAR
 MAXIMUM TEMPERATURE (F)   36        59      1991
 MINIMUM TEMPERATURE (F)   15       -38      1936


SUNRISE AND SUNSET
FEBRUARY 14 2016......SUNRISE   725 AM MST   SUNSET   540 PM MST
FEBRUARY 15 2016......SUNRISE   723 AM MST   SUNSET   542 PM MST


-  INDICATES NEGATIVE NUMBERS.
R  INDICATES RECORD WAS SET OR TIED.
MM INDICATES DATA IS MISSING.
T  INDICATES TRACE AMOUNT.




$$
