000
CDUS45 KTFX 281010
CLILWT


CLIMATE REPORT
NATIONAL WEATHER SERVICE GREAT FALLS MT
408 AM MDT THU APR 28 2016


...................................

...THE LEWISTOWN MT CLIMATE SUMMARY FOR APRIL 27 2016...

CLIMATE NORMAL PERIOD 1981 TO 2010
CLIMATE RECORD PERIOD 1896 TO 2016


WEATHER ITEM   OBSERVED TIME   RECORD YEAR NORMAL DEPARTURE LAST
                VALUE   (LST)  VALUE       VALUE  FROM      YEAR
                                                  NORMAL
..................................................................
TEMPERATURE (F)
 YESTERDAY
  MAXIMUM         38    337 PM  82    1987  57    -19       60
  MINIMUM         32   1159 PM  15    1994  32      0       27
  AVERAGE         35                        44     -9       44

PRECIPITATION (IN)
  YESTERDAY        0.14          0.88 2012   0.06   0.08     0.00
  MONTH TO DATE    1.50                      1.23   0.27     1.58
  SINCE OCT 1      5.78                      5.73   0.05     6.19
  SINCE JAN 1      3.70                      3.23   0.47     3.88

SNOWFALL (IN)
  YESTERDAY       MM
  SNOW DEPTH       T

DEGREE DAYS
 HEATING
  YESTERDAY       30                        21      9       21
  MONTH TO DATE  481                       649   -168      605
  SINCE MAR 1   1276                      1644   -368     1298
  SINCE JUL 1   6234                      7448  -1214     6496

 COOLING
  YESTERDAY        0                         0      0        0
  MONTH TO DATE    0                         0      0        0
  SINCE MAR 1      0                         0      0        0
  SINCE JAN 1      0                         0      0        0
..................................................................


WIND (MPH)
  HIGHEST WIND SPEED    12   HIGHEST WIND DIRECTION     E (90)
  HIGHEST GUST SPEED    16   HIGHEST GUST DIRECTION     N (20)
  AVERAGE WIND SPEED     6.7


SKY COVER
  AVERAGE SKY COVER 1.0


WEATHER CONDITIONS
 THE FOLLOWING WEATHER WAS RECORDED YESTERDAY.
  LIGHT SNOW
  FOG


RELATIVE HUMIDITY (PERCENT)
 HIGHEST    92           500 PM
 LOWEST     76          1100 AM
 AVERAGE    84

..........................................................


THE LEWISTOWN MT CLIMATE NORMALS FOR TODAY
                         NORMAL    RECORD    YEAR
 MAXIMUM TEMPERATURE (F)   58        86      1939
 MINIMUM TEMPERATURE (F)   32         9      1907


SUNRISE AND SUNSET
APRIL 28 2016.........SUNRISE   606 AM MDT   SUNSET   825 PM MDT
APRIL 29 2016.........SUNRISE   604 AM MDT   SUNSET   827 PM MDT


-  INDICATES NEGATIVE NUMBERS.
R  INDICATES RECORD WAS SET OR TIED.
MM INDICATES DATA IS MISSING.
T  INDICATES TRACE AMOUNT.




$$
