000
CDUS45 KTFX 171200
CLILWT


CLIMATE REPORT
NATIONAL WEATHER SERVICE GREAT FALLS MT
500 AM MST FRI NOV 17 2017


...................................

...THE LEWISTOWN MT CLIMATE SUMMARY FOR NOVEMBER 16 2017...

CLIMATE NORMAL PERIOD 1981 TO 2010
CLIMATE RECORD PERIOD 1896 TO 2017


WEATHER ITEM   OBSERVED TIME   RECORD YEAR NORMAL DEPARTURE LAST
                VALUE   (LST)  VALUE       VALUE  FROM      YEAR
                                                  NORMAL
..................................................................
TEMPERATURE (F)
 YESTERDAY
  MAXIMUM         53   1027 AM  67    1943  43     10       45
  MINIMUM         23   1041 PM -29    1959  21      2       29
  AVERAGE         38                        32      6       37

PRECIPITATION (IN)
  YESTERDAY        0.00          0.59 2010   0.03  -0.03     0.03
  MONTH TO DATE    0.28                      0.39  -0.11     0.05
  SINCE OCT 1      1.26                      1.52  -0.26     4.06
  SINCE JAN 1     11.87                     15.87  -4.00    20.09

SNOWFALL (IN)
  YESTERDAY        0.0
  SNOW DEPTH       0

DEGREE DAYS
 HEATING
  YESTERDAY       27                        33     -6       28
  MONTH TO DATE  642                       481    161      255
  SINCE SEP 1   1605                      1461    144     1179
  SINCE JUL 1   1643                      1619     24     1290

 COOLING
  YESTERDAY        0                         0      0        0
  MONTH TO DATE    0                         0      0        0
  SINCE SEP 1     33                        14     19       14
  SINCE JAN 1    375                       210    165      259
..................................................................


WIND (MPH)
  HIGHEST WIND SPEED    35   HIGHEST WIND DIRECTION     W (270)
  HIGHEST GUST SPEED    44   HIGHEST GUST DIRECTION     W (270)
  AVERAGE WIND SPEED    10.0


SKY COVER
  AVERAGE SKY COVER 0.2


WEATHER CONDITIONS
 THE FOLLOWING WEATHER WAS RECORDED YESTERDAY.
  NO SIGNIFICANT WEATHER WAS OBSERVED.


RELATIVE HUMIDITY (PERCENT)
 HIGHEST    75          1200 AM
 LOWEST     49           300 PM
 AVERAGE    62

..........................................................


THE LEWISTOWN MT CLIMATE NORMALS FOR TODAY
                         NORMAL    RECORD    YEAR
 MAXIMUM TEMPERATURE (F)   42        66      1924
 MINIMUM TEMPERATURE (F)   20       -22      1903


SUNRISE AND SUNSET
NOVEMBER 17 2017......SUNRISE   725 AM MST   SUNSET   441 PM MST
NOVEMBER 18 2017......SUNRISE   726 AM MST   SUNSET   440 PM MST


-  INDICATES NEGATIVE NUMBERS.
R  INDICATES RECORD WAS SET OR TIED.
MM INDICATES DATA IS MISSING.
T  INDICATES TRACE AMOUNT.




$$
