000
CDUS45 KTFX 292230
CLILWT


CLIMATE REPORT
NATIONAL WEATHER SERVICE GREAT FALLS MT
430 PM MDT SUN MAY 29 2016


...................................

...THE LEWISTOWN MT CLIMATE SUMMARY FOR MAY 29 2016...
VALID TODAY AS OF 0400 PM LOCAL TIME.

CLIMATE NORMAL PERIOD 1981 TO 2010
CLIMATE RECORD PERIOD 1896 TO 2016


WEATHER ITEM   OBSERVED TIME   RECORD YEAR NORMAL DEPARTURE LAST
                VALUE   (LST)  VALUE       VALUE  FROM      YEAR
                                                  NORMAL
..................................................................
TEMPERATURE (F)
 TODAY
  MAXIMUM         72    256 PM  92    1936  66      6       64
  MINIMUM         37    453 AM  27    1951  42     -5       45
  AVERAGE         55                        54      1       55

PRECIPITATION (IN)
  TODAY            0.00          2.62 1953   0.11  -0.11     0.00
  MONTH TO DATE    3.68                      2.61   1.07     2.51
  SINCE OCT 1      9.47                      8.52   0.95     8.87
  SINCE JAN 1      7.39                      6.02   1.37     6.56

DEGREE DAYS
 HEATING
  TODAY           10                        11     -1       10
  MONTH TO DATE  389                       444    -55      448
  SINCE MAR 1   1733                      2147   -414     1775
  SINCE JUL 1   6691                      7951  -1260     6973

 COOLING
  TODAY            0                         0      0        0
  MONTH TO DATE    0                         0      0        0
  SINCE MAR 1      0                         0      0        0
  SINCE JAN 1      0                         0      0        0
..................................................................


WIND (MPH)
  HIGHEST WIND SPEED    15   HIGHEST WIND DIRECTION     W (260)
  HIGHEST GUST SPEED    18   HIGHEST GUST DIRECTION     W (270)
  AVERAGE WIND SPEED     5.8


SKY COVER
  AVERAGE SKY COVER 0.1


WEATHER CONDITIONS
 THE FOLLOWING WEATHER WAS RECORDED TODAY.
  NO SIGNIFICANT WEATHER WAS OBSERVED.


RELATIVE HUMIDITY (PERCENT)
 HIGHEST    82
 LOWEST     26
 AVERAGE    54

..........................................................


THE LEWISTOWN MT CLIMATE NORMALS FOR TOMORROW
                         NORMAL    RECORD    YEAR
 MAXIMUM TEMPERATURE (F)   66        92      1936
 MINIMUM TEMPERATURE (F)   42        30      2001
                                             1982


SUNRISE AND SUNSET
MAY 29 2016...........SUNRISE   528 AM MDT   SUNSET   903 PM MDT
MAY 30 2016...........SUNRISE   527 AM MDT   SUNSET   904 PM MDT


-  INDICATES NEGATIVE NUMBERS.
R  INDICATES RECORD WAS SET OR TIED.
MM INDICATES DATA IS MISSING.
T  INDICATES TRACE AMOUNT.




$$
