000
CDUS45 KTFX 230755
CLILWT


CLIMATE REPORT
NATIONAL WEATHER SERVICE GREAT FALLS MT
1254 AM MST THU FEB 23 2017


...................................

...THE LEWISTOWN MT CLIMATE SUMMARY FOR FEBRUARY 22 2017...

CLIMATE NORMAL PERIOD 1981 TO 2010
CLIMATE RECORD PERIOD 1896 TO 2017


WEATHER ITEM   OBSERVED TIME   RECORD YEAR NORMAL DEPARTURE LAST
                VALUE   (LST)  VALUE       VALUE  FROM      YEAR
                                                  NORMAL
..................................................................
TEMPERATURE (F)
 YESTERDAY
  MAXIMUM         37   1225 AM  59    1907  38     -1       43
  MINIMUM         27   1159 PM -36    1910  16     11       23
  AVERAGE         32                        27      5       33

PRECIPITATION (IN)
  YESTERDAY        0.18          2.02 1914   0.01   0.17     0.00
  MONTH TO DATE    0.44                      0.34   0.10     0.53
  SINCE OCT 1      5.19                      3.41   1.78     3.28
  SINCE JAN 1      0.79                      0.91  -0.12     1.20

SNOWFALL (IN)
  YESTERDAY       MM
  SNOW DEPTH       2

DEGREE DAYS
 HEATING
  YESTERDAY       33                        38     -5       32
  MONTH TO DATE  794                       873    -79      652
  SINCE DEC 1   3812                      3450    362     3016
  SINCE JUL 1   5538                      5578    -40     4773

 COOLING
  YESTERDAY        0                         0      0        0
  MONTH TO DATE    0                         0      0        0
  SINCE DEC 1      0                         0      0        0
  SINCE JAN 1      0                         0      0        0
..................................................................


WIND (MPH)
  HIGHEST WIND SPEED    17   HIGHEST WIND DIRECTION    NW (300)
  HIGHEST GUST SPEED    22   HIGHEST GUST DIRECTION    NW (300)
  AVERAGE WIND SPEED     8.1


SKY COVER
  AVERAGE SKY COVER 1.0


WEATHER CONDITIONS
 THE FOLLOWING WEATHER WAS RECORDED YESTERDAY.
  LIGHT RAIN
  SNOW
  LIGHT SNOW
  FOG
  FOG W/VISIBILITY <= 1/4 MILE


RELATIVE HUMIDITY (PERCENT)
 HIGHEST   100           100 AM
 LOWEST     64          1200 AM
 AVERAGE    82

..........................................................


THE LEWISTOWN MT CLIMATE NORMALS FOR TODAY
                         NORMAL    RECORD    YEAR
 MAXIMUM TEMPERATURE (F)   38        60      1908
 MINIMUM TEMPERATURE (F)   16       -26      1928


SUNRISE AND SUNSET
FEBRUARY 23 2017......SUNRISE   708 AM MST   SUNSET   555 PM MST
FEBRUARY 24 2017......SUNRISE   706 AM MST   SUNSET   556 PM MST


-  INDICATES NEGATIVE NUMBERS.
R  INDICATES RECORD WAS SET OR TIED.
MM INDICATES DATA IS MISSING.
T  INDICATES TRACE AMOUNT.




$$
