000
CDUS45 KTFX 311017
CLILWT


CLIMATE REPORT
NATIONAL WEATHER SERVICE GREAT FALLS MT
416 AM MDT THU JUL 31 2014


...................................

...THE LEWISTOWN MT CLIMATE SUMMARY FOR JULY 30 2014...

CLIMATE NORMAL PERIOD 1981 TO 2010
CLIMATE RECORD PERIOD 1896 TO 2014


WEATHER ITEM   OBSERVED TIME   RECORD YEAR NORMAL DEPARTURE LAST
                VALUE   (LST)  VALUE       VALUE  FROM      YEAR
                                                  NORMAL
..................................................................
TEMPERATURE (F)
 YESTERDAY
  MAXIMUM         91    428 PM 103    1908  83      8       73
  MINIMUM         56    521 AM  32    1904  52      4       51
  AVERAGE         74                        67      7       62

PRECIPITATION (IN)
  YESTERDAY        0.00          1.39 1950   0.05  -0.05      T
  MONTH TO DATE    0.92                      1.88  -0.96     1.67
  SINCE OCT 1     11.10                     13.72  -2.62    18.37
  SINCE JAN 1      9.02                     11.22  -2.20    15.86

SNOWFALL (IN)
  YESTERDAY       MM
  SNOW DEPTH       0

DEGREE DAYS
 HEATING
  YESTERDAY        0                         1     -1        3
  MONTH TO DATE   10                        70    -60       21
  SINCE JUN 1    296                       297     -1      241
  SINCE JUL 1     10                        70    -60       21

 COOLING
  YESTERDAY        9                         4      5        0
  MONTH TO DATE  145                        88     57      107
  SINCE JUN 1    146                       108     38      123
  SINCE JAN 1    146                       110     36      126
..................................................................


WIND (MPH)
  HIGHEST WIND SPEED    16   HIGHEST WIND DIRECTION    SW (210)
  HIGHEST GUST SPEED    23   HIGHEST GUST DIRECTION     S (200)
  AVERAGE WIND SPEED     6.9


SKY COVER
  AVERAGE SKY COVER 0.0


WEATHER CONDITIONS
 THE FOLLOWING WEATHER WAS RECORDED YESTERDAY.
  NO SIGNIFICANT WEATHER WAS OBSERVED.


RELATIVE HUMIDITY (PERCENT)
 HIGHEST    57           500 AM
 LOWEST     15           300 PM
 AVERAGE    36

..........................................................


THE LEWISTOWN MT CLIMATE NORMALS FOR TODAY
                         NORMAL    RECORD    YEAR
 MAXIMUM TEMPERATURE (F)   83       105      1900
 MINIMUM TEMPERATURE (F)   52        35      1968


SUNRISE AND SUNSET
JULY 31 2014..........SUNRISE   556 AM MDT   SUNSET   852 PM MDT
AUGUST  1 2014........SUNRISE   557 AM MDT   SUNSET   850 PM MDT


-  INDICATES NEGATIVE NUMBERS.
R  INDICATES RECORD WAS SET OR TIED.
MM INDICATES DATA IS MISSING.
T  INDICATES TRACE AMOUNT.




$$
