545
CDUS43 KILX 220629
CLILWV


CLIMATE REPORT
NATIONAL WEATHER SERVICE LINCOLN IL
129 AM CDT FRI MAY 22 2015


...................................

...THE LAWRENCEVILLE IL AIRPORT CLIMATE SUMMARY FOR MAY 21 2015...

CLIMATE NORMAL PERIOD 1981 TO 2010
CLIMATE RECORD PERIOD 9999 TO 9999


WEATHER ITEM   OBSERVED TIME   RECORD YEAR NORMAL DEPARTURE LAST
                VALUE   (LST)  VALUE       VALUE  FROM      YEAR
                                                  NORMAL
..................................................................
TEMPERATURE (F)
 YESTERDAY
  MAXIMUM         61    530 PM  MM      MM  78    -17       88
  MINIMUM         46    631 AM  MM      MM  57    -11       68
  AVERAGE         54                        68    -14       78

PRECIPITATION (IN)
  YESTERDAY        0.00         MM      MM   0.19  -0.19      T
  MONTH TO DATE    2.25                      4.20  -1.95     3.42
  SINCE MAR 1     13.32                     11.79   1.53    12.59
  SINCE JAN 1     15.82                     16.18  -0.36    15.35

DEGREE DAYS
 HEATING
  YESTERDAY       11                         2      9        0
  MONTH TO DATE   57                        69    -12      107
  SINCE MAR 1   1037                       985     52     1147
  SINCE JUL 1   5311                      4660    651     5549

 COOLING
  YESTERDAY        0                         4     -4       13
  MONTH TO DATE   81                        58     23       86
  SINCE MAR 1     88                        84      4       96
  SINCE JAN 1     88                        84      4       96
..................................................................


WIND (MPH)
  HIGHEST WIND SPEED    18   HIGHEST WIND DIRECTION     N (350)
  HIGHEST GUST SPEED    23   HIGHEST GUST DIRECTION     N (340)
  AVERAGE WIND SPEED     9.9


SKY COVER
  POSSIBLE SUNSHINE  MM
  AVERAGE SKY COVER 0.7


WEATHER CONDITIONS
 THE FOLLOWING WEATHER WAS RECORDED YESTERDAY.
  FOG


RELATIVE HUMIDITY (PERCENT)
 HIGHEST    93          1200 AM
 LOWEST     51           500 PM
 AVERAGE    72

..........................................................


THE LAWRENCEVILLE IL AIRPORT CLIMATE NORMALS FOR TODAY
                         NORMAL    RECORD    YEAR
 MAXIMUM TEMPERATURE (F)   78        MM        MM
 MINIMUM TEMPERATURE (F)   57        MM        MM


SUNRISE AND SUNSET
MAY 22 2015...........SUNRISE   533 AM CDT   SUNSET   802 PM CDT
MAY 23 2015...........SUNRISE   532 AM CDT   SUNSET   802 PM CDT


-  INDICATES NEGATIVE NUMBERS.
R  INDICATES RECORD WAS SET OR TIED.
MM INDICATES DATA IS MISSING.
T  INDICATES TRACE AMOUNT.




$$
