000
CDUS43 KILX 240654
CLILWV


CLIMATE REPORT
NATIONAL WEATHER SERVICE LINCOLN IL
153 AM CDT WED MAY 24 2017


...................................

...THE LAWRENCEVILLE IL AIRPORT CLIMATE SUMMARY FOR MAY 23 2017...

CLIMATE NORMAL PERIOD 1981 TO 2010
CLIMATE RECORD PERIOD 9999 TO 9999


WEATHER ITEM   OBSERVED TIME   RECORD YEAR NORMAL DEPARTURE LAST
                VALUE   (LST)  VALUE       VALUE  FROM      YEAR
                                                  NORMAL
..................................................................
TEMPERATURE (F)
 YESTERDAY
  MAXIMUM         74    421 PM  MM      MM  79     -5       81
  MINIMUM         59    421 AM  MM      MM  57      2       52
  AVERAGE         67                        68     -1       67

PRECIPITATION (IN)
  YESTERDAY        T            MM      MM   0.16  -0.16     0.00
  MONTH TO DATE    4.82                      4.53   0.29     3.89
  SINCE MAR 1     12.58                     12.12   0.46    13.15
  SINCE JAN 1     16.73                     16.51   0.22    17.39

DEGREE DAYS
 HEATING
  YESTERDAY        0                         2     -2        0
  MONTH TO DATE   88                        73     15      115
  SINCE MAR 1    822                       989   -167      842
  SINCE JUL 1   3877                      4664   -787     4069

 COOLING
  YESTERDAY        2                         5     -3        2
  MONTH TO DATE   85                        68     17       19
  SINCE MAR 1    132                        94     38       40
  SINCE JAN 1    132                        94     38       40
..................................................................


WIND (MPH)
  HIGHEST WIND SPEED    15   HIGHEST WIND DIRECTION    NW (320)
  HIGHEST GUST SPEED    19   HIGHEST GUST DIRECTION    NW (320)
  AVERAGE WIND SPEED     4.9


SKY COVER
  POSSIBLE SUNSHINE  MM
  AVERAGE SKY COVER 0.4


WEATHER CONDITIONS
 THE FOLLOWING WEATHER WAS RECORDED YESTERDAY.
  NO SIGNIFICANT WEATHER WAS OBSERVED.


RELATIVE HUMIDITY (PERCENT)
 HIGHEST    80           300 AM
 LOWEST     35           400 PM
 AVERAGE    58

..........................................................


THE LAWRENCEVILLE IL AIRPORT CLIMATE NORMALS FOR TODAY
                         NORMAL    RECORD    YEAR
 MAXIMUM TEMPERATURE (F)   79        MM        MM
 MINIMUM TEMPERATURE (F)   58        MM        MM


SUNRISE AND SUNSET
MAY 24 2017...........SUNRISE   531 AM CDT   SUNSET   804 PM CDT
MAY 25 2017...........SUNRISE   531 AM CDT   SUNSET   804 PM CDT


-  INDICATES NEGATIVE NUMBERS.
R  INDICATES RECORD WAS SET OR TIED.
MM INDICATES DATA IS MISSING.
T  INDICATES TRACE AMOUNT.




$$
