000
CDUS43 KILX 312202
CLILWV


CLIMATE REPORT
NATIONAL WEATHER SERVICE LINCOLN IL
502 PM CDT TUE MAY 31 2016


...................................

...THE LAWRENCEVILLE IL AIRPORT CLIMATE SUMMARY FOR MAY 31 2016...
VALID TODAY AS OF 0400 PM LOCAL TIME.

CLIMATE NORMAL PERIOD 1981 TO 2010
CLIMATE RECORD PERIOD 9999 TO 9999


WEATHER ITEM   OBSERVED TIME   RECORD YEAR NORMAL DEPARTURE LAST
                VALUE   (LST)  VALUE       VALUE  FROM      YEAR
                                                  NORMAL
..................................................................
TEMPERATURE (F)
 TODAY
  MAXIMUM         90    235 PM  MM      MM  81      9       62
  MINIMUM         64    430 AM  MM      MM  60      4       53
  AVERAGE         77                        70      7       58

PRECIPITATION (IN)
  TODAY            0.00         MM      MM   0.13  -0.13     0.01
  MONTH TO DATE    4.17                      5.58  -1.41     3.39
  SINCE MAR 1     13.43                     13.17   0.26    14.46
  SINCE JAN 1     17.67                     17.56   0.11    16.96

DEGREE DAYS
 HEATING
  TODAY            0                         1     -1        7
  MONTH TO DATE  115                        82     33       68
  SINCE MAR 1    842                       998   -156     1048
  SINCE JUL 1   4069                      4673   -604     5322

 COOLING
  TODAY           12                         6      6        0
  MONTH TO DATE   99                       113    -14      148
  SINCE MAR 1    120                       139    -19      155
  SINCE JAN 1    120                       139    -19      155
..................................................................


WIND (MPH)
  HIGHEST WIND SPEED    17   HIGHEST WIND DIRECTION     S (160)
  HIGHEST GUST SPEED    26   HIGHEST GUST DIRECTION     S (180)
  AVERAGE WIND SPEED     5.0


SKY COVER
  POSSIBLE SUNSHINE  MM
  AVERAGE SKY COVER 0.1


WEATHER CONDITIONS
 THE FOLLOWING WEATHER WAS RECORDED TODAY.
  NO SIGNIFICANT WEATHER WAS OBSERVED.


RELATIVE HUMIDITY (PERCENT)
 HIGHEST    93           200 AM
 LOWEST     32          1200 PM
 AVERAGE    63

..........................................................


THE LAWRENCEVILLE IL AIRPORT CLIMATE NORMALS FOR TOMORROW
                         NORMAL    RECORD    YEAR
 MAXIMUM TEMPERATURE (F)   81        MM        MM
 MINIMUM TEMPERATURE (F)   60        MM        MM


SUNRISE AND SUNSET
MAY 31 2016...........SUNRISE   528 AM CDT   SUNSET   809 PM CDT
JUNE  1 2016..........SUNRISE   527 AM CDT   SUNSET   810 PM CDT


-  INDICATES NEGATIVE NUMBERS.
R  INDICATES RECORD WAS SET OR TIED.
MM INDICATES DATA IS MISSING.
T  INDICATES TRACE AMOUNT.




$$
