000
CDUS43 KILX 030651
CLILWV


CLIMATE REPORT
NATIONAL WEATHER SERVICE LINCOLN IL
151 AM CDT TUE MAY 3 2016


...................................

...THE LAWRENCEVILLE IL AIRPORT CLIMATE SUMMARY FOR MAY 2 2016...

CLIMATE NORMAL PERIOD 1981 TO 2010
CLIMATE RECORD PERIOD 9999 TO 9999


WEATHER ITEM   OBSERVED TIME   RECORD YEAR NORMAL DEPARTURE LAST
                VALUE   (LST)  VALUE       VALUE  FROM      YEAR
                                                  NORMAL
..................................................................
TEMPERATURE (F)
 YESTERDAY
  MAXIMUM         59    311 PM  MM      MM  72    -13       75
  MINIMUM         53   1159 PM  MM      MM  51      2       49
  AVERAGE         56                        62     -6       62

PRECIPITATION (IN)
  YESTERDAY        T            MM      MM   0.20  -0.20     0.00
  MONTH TO DATE    0.21                      0.40  -0.19     0.00
  SINCE MAR 1      9.47                      7.99   1.48    11.07
  SINCE JAN 1     13.71                     12.38   1.33    13.57

DEGREE DAYS
 HEATING
  YESTERDAY        9                         5      4        3
  MONTH TO DATE    9                        10     -1       13
  SINCE MAR 1    736                       926   -190      993
  SINCE JUL 1   3963                      4601   -638     5267

 COOLING
  YESTERDAY        0                         1     -1        0
  MONTH TO DATE    3                         2      1        0
  SINCE MAR 1     24                        28     -4        7
  SINCE JAN 1     24                        28     -4        7
..................................................................


WIND (MPH)
  HIGHEST WIND SPEED    16   HIGHEST WIND DIRECTION     N (350)
  HIGHEST GUST SPEED    19   HIGHEST GUST DIRECTION     N (350)
  AVERAGE WIND SPEED     6.6


SKY COVER
  POSSIBLE SUNSHINE  MM
  AVERAGE SKY COVER 0.9


WEATHER CONDITIONS
 THE FOLLOWING WEATHER WAS RECORDED YESTERDAY.
  FOG


RELATIVE HUMIDITY (PERCENT)
 HIGHEST    93           300 AM
 LOWEST     72           200 PM
 AVERAGE    83

..........................................................


THE LAWRENCEVILLE IL AIRPORT CLIMATE NORMALS FOR TODAY
                         NORMAL    RECORD    YEAR
 MAXIMUM TEMPERATURE (F)   73        MM        MM
 MINIMUM TEMPERATURE (F)   52        MM        MM


SUNRISE AND SUNSET
MAY  3 2016...........SUNRISE   550 AM CDT   SUNSET   745 PM CDT
MAY  4 2016...........SUNRISE   549 AM CDT   SUNSET   746 PM CDT


-  INDICATES NEGATIVE NUMBERS.
R  INDICATES RECORD WAS SET OR TIED.
MM INDICATES DATA IS MISSING.
T  INDICATES TRACE AMOUNT.




$$
