000
CDUS43 KILX 030651
CLILWV


CLIMATE REPORT
NATIONAL WEATHER SERVICE LINCOLN IL
1245 AM CST TUE MAR 3 2015


...................................

...THE LAWRENCEVILLE IL AIRPORT CLIMATE SUMMARY FOR MARCH 2 2015...

CLIMATE NORMAL PERIOD 1981 TO 2010
CLIMATE RECORD PERIOD 9999 TO 9999


WEATHER ITEM   OBSERVED TIME   RECORD YEAR NORMAL DEPARTURE LAST
                VALUE   (LST)  VALUE       VALUE  FROM      YEAR
                                                  NORMAL
..................................................................
TEMPERATURE (F)
 YESTERDAY
  MAXIMUM         34    350 PM  MM      MM  50    -16       31
  MINIMUM         10    626 AM  MM      MM  31    -21       13
  AVERAGE         22                        40    -18       22

PRECIPITATION (IN)
  YESTERDAY        0.00         MM      MM   0.08  -0.08    MM
  MONTH TO DATE    0.00                      0.17  -0.17      T
  SINCE MAR 1      0.00                      0.17  -0.17      T
  SINCE JAN 1      2.50                      4.56  -2.06     2.76

DEGREE DAYS
 HEATING
  YESTERDAY       43                        25     18       43
  MONTH TO DATE   80                        50     30       67
  SINCE MAR 1     80                        50     30       67
  SINCE JUL 1   4354                      3725    629     4469

 COOLING
  YESTERDAY        0                         0      0        0
  MONTH TO DATE    0                         0      0        0
  SINCE MAR 1      0                         0      0        0
  SINCE JAN 1      0                         0      0        0
..................................................................


WIND (MPH)
  HIGHEST WIND SPEED    10   HIGHEST WIND DIRECTION    NE (40)
  HIGHEST GUST SPEED    14   HIGHEST GUST DIRECTION     E (90)
  AVERAGE WIND SPEED     4.5


SKY COVER
  POSSIBLE SUNSHINE  MM
  AVERAGE SKY COVER 0.0


WEATHER CONDITIONS
 THE FOLLOWING WEATHER WAS RECORDED YESTERDAY.
  FOG
  FOG W/VISIBILITY <= 1/4 MILE
  HAZE


RELATIVE HUMIDITY (PERCENT)
 HIGHEST    96           400 AM
 LOWEST     51           300 PM
 AVERAGE    74

..........................................................


THE LAWRENCEVILLE IL AIRPORT CLIMATE NORMALS FOR TODAY
                         NORMAL    RECORD    YEAR
 MAXIMUM TEMPERATURE (F)   50        MM        MM
 MINIMUM TEMPERATURE (F)   31        MM        MM


SUNRISE AND SUNSET
MARCH  3 2015.........SUNRISE   620 AM CST   SUNSET   545 PM CST
MARCH  4 2015.........SUNRISE   619 AM CST   SUNSET   546 PM CST


-  INDICATES NEGATIVE NUMBERS.
R  INDICATES RECORD WAS SET OR TIED.
MM INDICATES DATA IS MISSING.
T  INDICATES TRACE AMOUNT.




$$
