000
CDUS43 KILX 192250
CLILWV


CLIMATE REPORT
NATIONAL WEATHER SERVICE LINCOLN IL
439 PM CST THU JAN 19 2017


...................................

...THE LAWRENCEVILLE IL AIRPORT CLIMATE SUMMARY FOR JANUARY 19 2017...
VALID TODAY AS OF 0400 PM LOCAL TIME.

CLIMATE NORMAL PERIOD 1981 TO 2010
CLIMATE RECORD PERIOD 9999 TO 9999


WEATHER ITEM   OBSERVED TIME   RECORD YEAR NORMAL DEPARTURE LAST
                VALUE   (LST)  VALUE       VALUE  FROM      YEAR
                                                  NORMAL
..................................................................
TEMPERATURE (F)
 TODAY
  MAXIMUM         47    357 PM  MM      MM  39      8       23
  MINIMUM         37    335 AM  MM      MM  23     14        6
  AVERAGE         42                        31     11       15

PRECIPITATION (IN)
  TODAY            0.05         MM      MM   0.07  -0.02     0.09
  MONTH TO DATE    2.08                      1.69   0.39     0.90
  SINCE DEC 1      3.75                      5.08  -1.33     5.84
  SINCE JAN 1      2.08                      1.69   0.39     0.90

DEGREE DAYS
 HEATING
  TODAY           23                        34    -11       50
  MONTH TO DATE  583                       646    -63      691
  SINCE DEC 1   1587                      1587      0     1322
  SINCE JUL 1   2209                      2445   -236     2019

 COOLING
  TODAY            0                         0      0        0
  MONTH TO DATE    0                         0      0        0
  SINCE DEC 1      0                         0      0        0
  SINCE JAN 1      0                         0      0        0
..................................................................


WIND (MPH)
  HIGHEST WIND SPEED    13   HIGHEST WIND DIRECTION    NE (60)
  HIGHEST GUST SPEED    16   HIGHEST GUST DIRECTION    NE (60)
  AVERAGE WIND SPEED     5.8


SKY COVER
  POSSIBLE SUNSHINE  MM
  AVERAGE SKY COVER 0.8


WEATHER CONDITIONS
 THE FOLLOWING WEATHER WAS RECORDED TODAY.
  LIGHT RAIN
  FOG


RELATIVE HUMIDITY (PERCENT)
 HIGHEST   100          1200 AM
 LOWEST     83          1000 AM
 AVERAGE    92

..........................................................


THE LAWRENCEVILLE IL AIRPORT CLIMATE NORMALS FOR TOMORROW
                         NORMAL    RECORD    YEAR
 MAXIMUM TEMPERATURE (F)   39        MM        MM
 MINIMUM TEMPERATURE (F)   23        MM        MM


SUNRISE AND SUNSET
JANUARY 19 2017.......SUNRISE   705 AM CST   SUNSET   458 PM CST
JANUARY 20 2017.......SUNRISE   705 AM CST   SUNSET   459 PM CST


-  INDICATES NEGATIVE NUMBERS.
R  INDICATES RECORD WAS SET OR TIED.
MM INDICATES DATA IS MISSING.
T  INDICATES TRACE AMOUNT.




$$
