449
CDUS43 KILX 060650
CLILWV


CLIMATE REPORT
NATIONAL WEATHER SERVICE LINCOLN IL
1250 AM CST TUE DEC 6 2016


...................................

...THE LAWRENCEVILLE IL AIRPORT CLIMATE SUMMARY FOR DECEMBER 5 2016...

CLIMATE NORMAL PERIOD 1981 TO 2010
CLIMATE RECORD PERIOD 9999 TO 9999


WEATHER ITEM   OBSERVED TIME   RECORD YEAR NORMAL DEPARTURE LAST
                VALUE   (LST)  VALUE       VALUE  FROM      YEAR
                                                  NORMAL
..................................................................
TEMPERATURE (F)
 YESTERDAY
  MAXIMUM         43    244 PM  MM      MM  46     -3       43
  MINIMUM         35    713 PM  MM      MM  30      5       28
  AVERAGE         39                        38      1       36

PRECIPITATION (IN)
  YESTERDAY        0.00         MM      MM   0.13  -0.13     0.00
  MONTH TO DATE    0.18                      0.61  -0.43     0.05
  SINCE DEC 1      0.18                      0.61  -0.43     0.05
  SINCE JAN 1     40.54                     41.10  -0.56    41.70

DEGREE DAYS
 HEATING
  YESTERDAY       26                        27     -1       29
  MONTH TO DATE  134                       131      3      150
  SINCE DEC 1    134                       131      3      150
  SINCE JUL 1    756                       989   -233      847

 COOLING
  YESTERDAY        0                         0      0        0
  MONTH TO DATE    0                         0      0        0
  SINCE DEC 1      0                         0      0        0
  SINCE JAN 1   1615                      1387    228     1331
..................................................................


WIND (MPH)
  HIGHEST WIND SPEED    12   HIGHEST WIND DIRECTION    SE (130)
  HIGHEST GUST SPEED    26   HIGHEST GUST DIRECTION     E (110)
  AVERAGE WIND SPEED     5.9


SKY COVER
  POSSIBLE SUNSHINE  MM
  AVERAGE SKY COVER 0.5


WEATHER CONDITIONS
 THE FOLLOWING WEATHER WAS RECORDED YESTERDAY.
  NO SIGNIFICANT WEATHER WAS OBSERVED.


RELATIVE HUMIDITY (PERCENT)
 HIGHEST    92           600 PM
 LOWEST     70           100 PM
 AVERAGE    81

..........................................................


THE LAWRENCEVILLE IL AIRPORT CLIMATE NORMALS FOR TODAY
                         NORMAL    RECORD    YEAR
 MAXIMUM TEMPERATURE (F)   45        MM        MM
 MINIMUM TEMPERATURE (F)   30        MM        MM


SUNRISE AND SUNSET
DECEMBER  6 2016......SUNRISE   655 AM CST   SUNSET   429 PM CST
DECEMBER  7 2016......SUNRISE   656 AM CST   SUNSET   429 PM CST


-  INDICATES NEGATIVE NUMBERS.
R  INDICATES RECORD WAS SET OR TIED.
MM INDICATES DATA IS MISSING.
T  INDICATES TRACE AMOUNT.




$$
