000
CDUS41 KRNK 020819
CLILYH


CLIMATE REPORT
NATIONAL WEATHER SERVICE BLACKSBURG VA
414 AM EDT TUE JUN 2 2015


...................................

...THE LYNCHBURG VA CLIMATE SUMMARY FOR JUNE 1 2015...

CLIMATE NORMAL PERIOD 1981 TO 2010
CLIMATE RECORD PERIOD 1893 TO 2015


WEATHER ITEM   OBSERVED TIME   RECORD YEAR NORMAL DEPARTURE LAST
                VALUE   (LST)  VALUE       VALUE  FROM      YEAR
                                                  NORMAL
..................................................................
TEMPERATURE (F)
 YESTERDAY
  MAXIMUM         88    237 PM  97    1918  79      9       73
                                      1895
  MINIMUM         61    511 AM  42    1966  56      5       54
  AVERAGE         75                        68      7       64

PRECIPITATION (IN)
  YESTERDAY        0.85          2.86 1907   0.13   0.72     0.00
  MONTH TO DATE    0.85                      0.13   0.72     0.00
  SINCE JUN 1      0.85                      0.13   0.72     0.00
  SINCE JAN 1     14.23                     16.82  -2.59    21.02

SNOWFALL (IN)
  YESTERDAY        0.0                                       0.0
  MONTH TO DATE    0.0                                       0.0
  SINCE JUN 1      0.0                                       0.0
  SINCE JUL 1     22.9                                      21.4
  SNOW DEPTH       0

DEGREE DAYS
 HEATING
  YESTERDAY        0                         2     -2        1
  MONTH TO DATE    0                         2     -2        1
  SINCE JUN 1      0                         2     -2        1
  SINCE JUL 1   4627                      4447    180     4441

 COOLING
  YESTERDAY       10                         4      6        0
  MONTH TO DATE   10                         4      6        0
  SINCE JUN 1     10                         4      6        0
  SINCE JAN 1    158                        86     72      114
..................................................................


WIND (MPH)
  HIGHEST WIND SPEED    30   HIGHEST WIND DIRECTION     S (190)
  HIGHEST GUST SPEED    38   HIGHEST GUST DIRECTION     S (190)
  AVERAGE WIND SPEED     4.3


SKY COVER
  AVERAGE SKY COVER 0.3


WEATHER CONDITIONS
 THE FOLLOWING WEATHER WAS RECORDED YESTERDAY.
  THUNDERSTORM
  HEAVY RAIN
  RAIN
  LIGHT RAIN
  FOG


RELATIVE HUMIDITY (PERCENT)
 HIGHEST   100           400 AM
 LOWEST     48           100 PM
 AVERAGE    74

..........................................................


THE LYNCHBURG VA CLIMATE NORMALS FOR TODAY
                         NORMAL    RECORD    YEAR
 MAXIMUM TEMPERATURE (F)   80        98      1925
 MINIMUM TEMPERATURE (F)   56        43      2003
                                             1966


SUNRISE AND SUNSET
JUNE  2 2015..........SUNRISE   558 AM EDT   SUNSET   832 PM EDT
JUNE  3 2015..........SUNRISE   557 AM EDT   SUNSET   833 PM EDT


-  INDICATES NEGATIVE NUMBERS.
R  INDICATES RECORD WAS SET OR TIED.
MM INDICATES DATA IS MISSING.
T  INDICATES TRACE AMOUNT.




$$
