058
CDUS41 KRNK 222221
CLILYH


CLIMATE REPORT
NATIONAL WEATHER SERVICE BLACKSBURG VA
519 PM EST WED NOV 22 2017


...................................

...THE LYNCHBURG VA CLIMATE SUMMARY FOR NOVEMBER 22 2017...
VALID TODAY AS OF 0500 PM LOCAL TIME.

CLIMATE NORMAL PERIOD 1981 TO 2010
CLIMATE RECORD PERIOD 1893 TO 2017


WEATHER ITEM   OBSERVED TIME   RECORD YEAR NORMAL DEPARTURE LAST
                VALUE   (LST)  VALUE       VALUE  FROM      YEAR
                                                  NORMAL
..................................................................
TEMPERATURE (F)
 TODAY
  MAXIMUM         58    211 PM  77    1913  56      2       51
  MINIMUM         43    727 AM  13    1964  33     10       21
  AVERAGE         51                        45      6       36

PRECIPITATION (IN)
  TODAY            0.05          1.20 2006   0.12  -0.07     0.00
  MONTH TO DATE    1.02                      2.51  -1.49     0.22
  SINCE SEP 1      5.50                      9.50  -4.00     5.33
  SINCE JAN 1     32.23                     37.43  -5.20    38.45

SNOWFALL (IN)
  TODAY            0.0                                       0.0
  MONTH TO DATE    0.0                                       0.0
  SINCE SEP 1      0.0                                       0.0
  SINCE JUL 1      0.0                                       0.0
  SNOW DEPTH       0

DEGREE DAYS
 HEATING
  TODAY           14                        20     -6       29
  MONTH TO DATE  388                       371     17      334
  SINCE SEP 1    638                       715    -77      495
  SINCE JUL 1    640                       718    -78      495

 COOLING
  TODAY            0                         0      0        0
  MONTH TO DATE    0                         0      0        6
  SINCE SEP 1    196                       133     63      280
  SINCE JAN 1   1174                      1031    143     1358
..................................................................


WIND (MPH)
  HIGHEST WIND SPEED    15   HIGHEST WIND DIRECTION     N (10)
  HIGHEST GUST SPEED    21   HIGHEST GUST DIRECTION     N (350)
  AVERAGE WIND SPEED     5.8


SKY COVER
  AVERAGE SKY COVER 0.3


WEATHER CONDITIONS
 THE FOLLOWING WEATHER WAS RECORDED TODAY.
  LIGHT RAIN
  FOG
  FOG W/VISIBILITY <= 1/4 MILE


RELATIVE HUMIDITY (PERCENT)
 HIGHEST   100           300 AM
 LOWEST     28           100 PM
 AVERAGE    64

..........................................................


THE LYNCHBURG VA CLIMATE NORMALS FOR TOMORROW
                         NORMAL    RECORD    YEAR
 MAXIMUM TEMPERATURE (F)   55        79      1900
 MINIMUM TEMPERATURE (F)   33        15      1964


SUNRISE AND SUNSET
NOVEMBER 22 2017......SUNRISE   704 AM EST   SUNSET   502 PM EST
NOVEMBER 23 2017......SUNRISE   705 AM EST   SUNSET   502 PM EST


-  INDICATES NEGATIVE NUMBERS.
R  INDICATES RECORD WAS SET OR TIED.
MM INDICATES DATA IS MISSING.
T  INDICATES TRACE AMOUNT.

REMARKS:
DUE TO MISSING TEMPERATURES ON FEBRUARY 23 AND JULY 24-25...ALL
TEMPERATURE AND DEGREE DAY INFORMATION WILL BE CALCULATED WITHOUT
DATA FROM THESE DATES.

$$
