000
CDUS41 KRNK 042113
CLILYH


CLIMATE REPORT
NATIONAL WEATHER SERVICE BLACKSBURG VA
510 PM EDT SAT JUL 4 2015


...................................

...THE LYNCHBURG VA CLIMATE SUMMARY FOR JULY 4 2015...
VALID TODAY AS OF 0500 PM LOCAL TIME.

CLIMATE NORMAL PERIOD 1981 TO 2010
CLIMATE RECORD PERIOD 1893 TO 2015


WEATHER ITEM   OBSERVED TIME   RECORD YEAR NORMAL DEPARTURE LAST
                VALUE   (LST)  VALUE       VALUE  FROM      YEAR
                                                  NORMAL
..................................................................
TEMPERATURE (F)
 TODAY
  MAXIMUM         84    347 PM  98    1966  87     -3       83
  MINIMUM         67    632 AM  51    1933  64      3       63
  AVERAGE         76                        75      1       73

PRECIPITATION (IN)
  TODAY            T             1.52 1915   0.13  -0.13     0.00
  MONTH TO DATE    0.35                      0.49  -0.14     0.65
  SINCE JUN 1      5.94                      4.11   1.83     3.05
  SINCE JAN 1     19.32                     20.80  -1.48    24.07

SNOWFALL (IN)
  TODAY            0.0                                       0.0
  MONTH TO DATE    0.0                                       0.0
  SINCE JUN 1      0.0                                       0.0
  SINCE JUL 1      0.0                                       0.0
  SNOW DEPTH       0

DEGREE DAYS
 HEATING
  TODAY            0                         0      0        0
  MONTH TO DATE    0                         0      0        0
  SINCE JUN 1     13                        14     -1        1
  SINCE JUL 1      0                         0      0        0

 COOLING
  TODAY           11                        10      1        8
  MONTH TO DATE   28                        40    -12       54
  SINCE JUN 1    306                       254     52      309
  SINCE JAN 1    454                       336    118      423
..................................................................


WIND (MPH)
  HIGHEST WIND SPEED    13   HIGHEST WIND DIRECTION     S (200)
  HIGHEST GUST SPEED    17   HIGHEST GUST DIRECTION    SW (210)
  AVERAGE WIND SPEED     4.6


SKY COVER
  AVERAGE SKY COVER 0.9


WEATHER CONDITIONS
 THE FOLLOWING WEATHER WAS RECORDED TODAY.
  LIGHT RAIN
  FOG
  FOG W/VISIBILITY <= 1/4 MILE


RELATIVE HUMIDITY (PERCENT)
 HIGHEST   100           400 AM
 LOWEST     65           200 PM
 AVERAGE    83

..........................................................


THE LYNCHBURG VA CLIMATE NORMALS FOR TOMORROW
                         NORMAL    RECORD    YEAR
 MAXIMUM TEMPERATURE (F)   87        98      2012
                                             1999
                                             1934
 MINIMUM TEMPERATURE (F)   64        51      1996
                                             1963


SUNRISE AND SUNSET
JULY  4 2015..........SUNRISE   601 AM EDT   SUNSET   841 PM EDT
JULY  5 2015..........SUNRISE   602 AM EDT   SUNSET   841 PM EDT


-  INDICATES NEGATIVE NUMBERS.
R  INDICATES RECORD WAS SET OR TIED.
MM INDICATES DATA IS MISSING.
T  INDICATES TRACE AMOUNT.




$$
