000
CDUS41 KRNK 280813
CLILYH


CLIMATE REPORT
NATIONAL WEATHER SERVICE BLACKSBURG VA
411 AM EDT TUE MAR 28 2017


...................................

...THE LYNCHBURG VA CLIMATE SUMMARY FOR MARCH 27 2017...

CLIMATE NORMAL PERIOD 1981 TO 2010
CLIMATE RECORD PERIOD 1893 TO 2017


WEATHER ITEM   OBSERVED TIME   RECORD YEAR NORMAL DEPARTURE LAST
                VALUE   (LST)  VALUE       VALUE  FROM      YEAR
                                                  NORMAL
..................................................................
TEMPERATURE (F)
 YESTERDAY
  MAXIMUM         76    320 PM  85    1921  62     14       55
  MINIMUM         50    354 AM  18    2001  37     13       50
                                      1955
  AVERAGE         63                        49     14       53

PRECIPITATION (IN)
  YESTERDAY        0.03          2.14 1994   0.13  -0.10     0.53
  MONTH TO DATE    1.52                      3.09  -1.57     2.99
  SINCE MAR 1      1.52                      3.09  -1.57     2.99
  SINCE JAN 1      5.90                      9.16  -3.26    10.28

SNOWFALL (IN)
  YESTERDAY        0.0                                       0.0
  MONTH TO DATE    T                                          T
  SINCE MAR 1      T                                          T
  SINCE JUL 1      5.9                                      15.6
  SNOW DEPTH       0

DEGREE DAYS
 HEATING
  YESTERDAY        2                        16    -14       12
  MONTH TO DATE  510                       536    -26      350
  SINCE MAR 1    510                       536    -26      350
  SINCE JUL 1   3219                      3960   -741     3316

 COOLING
  YESTERDAY        0                         0      0        0
  MONTH TO DATE    0                         0      0        3
  SINCE MAR 1      0                         0      0        3
  SINCE JAN 1      1                         0      1        3
..................................................................


WIND (MPH)
  HIGHEST WIND SPEED    17   HIGHEST WIND DIRECTION     S (180)
  HIGHEST GUST SPEED    21   HIGHEST GUST DIRECTION     S (180)
  AVERAGE WIND SPEED     6.6


SKY COVER
  AVERAGE SKY COVER 0.4


WEATHER CONDITIONS
 THE FOLLOWING WEATHER WAS RECORDED YESTERDAY.
  LIGHT RAIN
  FOG


RELATIVE HUMIDITY (PERCENT)
 HIGHEST    84          1100 PM
 LOWEST     53           400 PM
 AVERAGE    69

..........................................................


THE LYNCHBURG VA CLIMATE NORMALS FOR TODAY
                         NORMAL    RECORD    YEAR
 MAXIMUM TEMPERATURE (F)   62        88      1910
 MINIMUM TEMPERATURE (F)   37        18      1969


SUNRISE AND SUNSET
MARCH 28 2017.........SUNRISE   708 AM EDT   SUNSET   736 PM EDT
MARCH 29 2017.........SUNRISE   706 AM EDT   SUNSET   737 PM EDT


-  INDICATES NEGATIVE NUMBERS.
R  INDICATES RECORD WAS SET OR TIED.
MM INDICATES DATA IS MISSING.
T  INDICATES TRACE AMOUNT.

REMARKS:
DUE TO A POWER OUTAGE CAUSING A MISSING LOW TEMPERATURE ON FEBRUARY
23...THE SEASONAL HEATING DEGREE DAY TOTAL AND DEPARTURE FROM
NORMAL WILL BE CALCULATED WITHOUT DATA FROM THIS DATE.

$$
