000
CDUS41 KRNK 252111
CLILYH


CLIMATE REPORT
NATIONAL WEATHER SERVICE BLACKSBURG VA
509 PM EDT THU MAY 25 2017


...................................

...THE LYNCHBURG VA CLIMATE SUMMARY FOR MAY 25 2017...
VALID TODAY AS OF 0500 PM LOCAL TIME.

CLIMATE NORMAL PERIOD 1981 TO 2010
CLIMATE RECORD PERIOD 1893 TO 2017


WEATHER ITEM   OBSERVED TIME   RECORD YEAR NORMAL DEPARTURE LAST
                VALUE   (LST)  VALUE       VALUE  FROM      YEAR
                                                  NORMAL
..................................................................
TEMPERATURE (F)
 TODAY
  MAXIMUM         73    200 PM  93    1936  77     -4       83
  MINIMUM         58    529 AM  36    2013  54      4       52
  AVERAGE         66                        66      0       68

PRECIPITATION (IN)
  TODAY            0.41          0.77 1909   0.13   0.28     0.00
  MONTH TO DATE    7.52                      2.93   4.59     6.76
  SINCE MAR 1     14.36                      9.82   4.54    12.24
  SINCE JAN 1     18.74                     15.89   2.85    19.53

SNOWFALL (IN)
  TODAY            0.0                                       0.0
  MONTH TO DATE    0.0                                       0.0
  SINCE MAR 1      T                                          T
  SINCE JUL 1      5.9                                      15.6
  SNOW DEPTH       0

DEGREE DAYS
 HEATING
  TODAY            0                         3     -3        0
  MONTH TO DATE   94                       110    -16      117
  SINCE MAR 1    793                      1009   -216      799
  SINCE JUL 1   3502                      4433   -931     3765

 COOLING
  TODAY            1                         3     -2        3
  MONTH TO DATE   52                        43      9        9
  SINCE MAR 1    104                        61     43       26
  SINCE JAN 1    105                        61     44       26
..................................................................


WIND (MPH)
  HIGHEST WIND SPEED    17   HIGHEST WIND DIRECTION     W (270)
  HIGHEST GUST SPEED    28   HIGHEST GUST DIRECTION     W (270)
  AVERAGE WIND SPEED     6.4


SKY COVER
  AVERAGE SKY COVER 0.7


WEATHER CONDITIONS
 THE FOLLOWING WEATHER WAS RECORDED TODAY.
  HEAVY RAIN
  RAIN
  LIGHT RAIN
  FOG


RELATIVE HUMIDITY (PERCENT)
 HIGHEST   100           100 AM
 LOWEST     49           200 PM
 AVERAGE    75

..........................................................


THE LYNCHBURG VA CLIMATE NORMALS FOR TOMORROW
                         NORMAL    RECORD    YEAR
 MAXIMUM TEMPERATURE (F)   78        93      1933
 MINIMUM TEMPERATURE (F)   54        38      1988


SUNRISE AND SUNSET
MAY 25 2017...........SUNRISE   601 AM EDT   SUNSET   827 PM EDT
MAY 26 2017...........SUNRISE   600 AM EDT   SUNSET   828 PM EDT


-  INDICATES NEGATIVE NUMBERS.
R  INDICATES RECORD WAS SET OR TIED.
MM INDICATES DATA IS MISSING.
T  INDICATES TRACE AMOUNT.


REMARKS:
DUE TO A POWER OUTAGE CAUSING A MISSING LOW TEMPERATURE ON FEBRUARY
23...THE SEASONAL HEATING DEGREE DAY TOTAL AND DEPARTURE FROM
NORMAL WILL BE CALCULATED WITHOUT DATA FROM THIS DATE.


$$

PW
