000
CDUS41 KRNK 270944 CCA
CLILYH

CLIMATE REPORT...CORRECTED
NATIONAL WEATHER SERVICE BLACKSBURG VA
431 AM EST MON FEB 27 2017


...................................

...THE LYNCHBURG VA CLIMATE SUMMARY FOR FEBRUARY 26 2017...

CLIMATE NORMAL PERIOD 1981 TO 2010
CLIMATE RECORD PERIOD 1893 TO 2017


WEATHER ITEM   OBSERVED TIME   RECORD YEAR NORMAL DEPARTURE LAST
                VALUE   (LST)  VALUE       VALUE  FROM      YEAR
                                                  NORMAL
..................................................................
TEMPERATURE (F)
 YESTERDAY
  MAXIMUM         52    421 PM  77    1977  52      0       41
  MINIMUM         25    649 AM  10    1967  29     -4       27
  AVERAGE         39                        40     -1       34

PRECIPITATION (IN)
  YESTERDAY        0.00          1.25 1912   0.10  -0.10     0.00
  MONTH TO DATE    0.47                      2.72  -2.25     4.52
  SINCE DEC 1      7.35                      9.10  -1.75    12.26
  SINCE JAN 1      4.25                      5.86  -1.61     7.29

SNOWFALL (IN)
  YESTERDAY        0.0                                       0.0
  MONTH TO DATE    0.0                                       5.4
  SINCE DEC 1      5.9                                      15.6
  SINCE JUL 1      5.9                                      15.6
  SNOW DEPTH       0

DEGREE DAYS
 HEATING
  YESTERDAY       26                        25      1       31
  MONTH TO DATE  467                       704   -237      731
  SINCE DEC 1   2045                      2482   -437     2198
  SINCE JUL 1   2675                      3376   -701     2908

 COOLING
  YESTERDAY        0                         0      0        0
  MONTH TO DATE    1                         0      1        0
  SINCE DEC 1      1                         0      1        0
  SINCE JAN 1      1                         0      1        0
..................................................................


WIND (MPH)
  HIGHEST WIND SPEED    15   HIGHEST WIND DIRECTION    NW (310)
  HIGHEST GUST SPEED    24   HIGHEST GUST DIRECTION    NW (300)
  AVERAGE WIND SPEED     3.3


SKY COVER
  AVERAGE SKY COVER 0.0


WEATHER CONDITIONS
 THE FOLLOWING WEATHER WAS RECORDED YESTERDAY.
  NO SIGNIFICANT WEATHER WAS OBSERVED.


RELATIVE HUMIDITY (PERCENT)
 HIGHEST    68           700 AM
 LOWEST     19           400 PM
 AVERAGE    44

..........................................................


THE LYNCHBURG VA CLIMATE NORMALS FOR TODAY
                         NORMAL    RECORD    YEAR
 MAXIMUM TEMPERATURE (F)   52        74      1944
 MINIMUM TEMPERATURE (F)   29         7      1934


SUNRISE AND SUNSET
FEBRUARY 27 2017......SUNRISE   650 AM EST   SUNSET   609 PM EST
FEBRUARY 28 2017......SUNRISE   649 AM EST   SUNSET   610 PM EST


-  INDICATES NEGATIVE NUMBERS.
R  INDICATES RECORD WAS SET OR TIED.
MM INDICATES DATA IS MISSING.
T  INDICATES TRACE AMOUNT.

REMARKS:
DUE TO A POWER OUTAGE CAUSING A MISSING LOW TEMPERATURE ON
FEBRUARY 23...ALL TEMPERATURE AND HEATING DEGREE DAY INFORMATION
WILL BE CALCULATED WITHOUT DATA FROM THIS DATE.

$$

RAB
