000
CDUS41 KRNK 040948
CLILYH


CLIMATE REPORT
NATIONAL WEATHER SERVICE BLACKSBURG VA
443 AM EST WED MAR 4 2015


...................................

...THE LYNCHBURG VA CLIMATE SUMMARY FOR MARCH 3 2015...

CLIMATE NORMAL PERIOD 1981 TO 2010
CLIMATE RECORD PERIOD 1893 TO 2015


WEATHER ITEM   OBSERVED TIME   RECORD YEAR NORMAL DEPARTURE LAST
                VALUE   (LST)  VALUE       VALUE  FROM      YEAR
                                                  NORMAL
..................................................................
TEMPERATURE (F)
 YESTERDAY
  MAXIMUM         37   1159 PM  81    1976  53    -16       45
  MINIMUM         31    156 AM   5    2009  30      1       14
  AVERAGE         34                        42     -8       30

PRECIPITATION (IN)
  YESTERDAY        0.04          1.69 1991   0.10  -0.06     0.72
  MONTH TO DATE    0.13                      0.31  -0.18     0.79
  SINCE MAR 1      0.13                      0.31  -0.18     0.79
  SINCE JAN 1      4.51                      6.38  -1.87     7.87

SNOWFALL (IN)
  YESTERDAY        0.0
  MONTH TO DATE    0.0
  SINCE MAR 1      0.0
  SINCE JUL 1     20.4
  SNOW DEPTH       T

DEGREE DAYS
 HEATING
  YESTERDAY       31                        23      8       35
  MONTH TO DATE   94                        70     24       84
  SINCE MAR 1     94                        70     24       84
  SINCE JUL 1   3783                      3494    289     3598

 COOLING
  YESTERDAY        0                         0      0        0
  MONTH TO DATE    0                         0      0        0
  SINCE MAR 1      0                         0      0        0
  SINCE JAN 1      0                         0      0        0
..................................................................


WIND (MPH)
  HIGHEST WIND SPEED    13   HIGHEST WIND DIRECTION     S (200)
  HIGHEST GUST SPEED    17   HIGHEST GUST DIRECTION    SW (210)
  AVERAGE WIND SPEED     6.0


SKY COVER
  POSSIBLE SUNSHINE  MM
  AVERAGE SKY COVER 0.9


WEATHER CONDITIONS
 THE FOLLOWING WEATHER WAS RECORDED YESTERDAY.
  LIGHT RAIN
  FOG


RELATIVE HUMIDITY (PERCENT)
 HIGHEST   100           900 PM
 LOWEST     47           100 AM
 AVERAGE    74

..........................................................


THE LYNCHBURG VA CLIMATE NORMALS FOR TODAY
                         NORMAL    RECORD    YEAR
 MAXIMUM TEMPERATURE (F)   54        79      1976
 MINIMUM TEMPERATURE (F)   30         8      2009


SUNRISE AND SUNSET
MARCH  4 2015.........SUNRISE   644 AM EST   SUNSET   613 PM EST
MARCH  5 2015.........SUNRISE   643 AM EST   SUNSET   614 PM EST


-  INDICATES NEGATIVE NUMBERS.
R  INDICATES RECORD WAS SET OR TIED.
MM INDICATES DATA IS MISSING.
T  INDICATES TRACE AMOUNT.




$$
