000
CDUS41 KRNK 220913
CLILYH


CLIMATE REPORT
NATIONAL WEATHER SERVICE BLACKSBURG VA
509 AM EDT MON SEP 22 2014


...................................

...THE LYNCHBURG VA CLIMATE SUMMARY FOR SEPTEMBER 21 2014...

CLIMATE NORMAL PERIOD 1981 TO 2010
CLIMATE RECORD PERIOD 1893 TO 2014


WEATHER ITEM   OBSERVED TIME   RECORD YEAR NORMAL DEPARTURE LAST
                VALUE   (LST)  VALUE       VALUE  FROM      YEAR
                                                  NORMAL
..................................................................
TEMPERATURE (F)
 YESTERDAY
  MAXIMUM         83    220 PM  98    1895  76      7       69
  MINIMUM         52    630 AM  37    1956  54     -2       56
  AVERAGE         68                        65      3       63

PRECIPITATION (IN)
  YESTERDAY        0.00          3.60 1979   0.12  -0.12     0.45
  MONTH TO DATE    1.05                      2.78  -1.73     0.48
  SINCE SEP 1      1.05                      2.78  -1.73     0.48
  SINCE JAN 1     35.04                     30.71   4.33    34.20

SNOWFALL (IN)
  YESTERDAY        0.0
  MONTH TO DATE    0.0
  SINCE SEP 1      0.0
  SINCE JUL 1      0.0
  SNOW DEPTH       0

DEGREE DAYS
 HEATING
  YESTERDAY        0                         3     -3        2
  MONTH TO DATE   10                        21    -11       20
  SINCE SEP 1     10                        21    -11       20
  SINCE JUL 1     10                        24    -14       25

 COOLING
  YESTERDAY        3                         3      0        0
  MONTH TO DATE  114                       101     13      120
  SINCE SEP 1    114                       101     13      120
  SINCE JAN 1    944                       999    -55     1149
..................................................................


WIND (MPH)
  HIGHEST WIND SPEED    13   HIGHEST WIND DIRECTION    SW (240)
  HIGHEST GUST SPEED    21   HIGHEST GUST DIRECTION    SW (220)
  AVERAGE WIND SPEED     4.7


SKY COVER
  POSSIBLE SUNSHINE  MM
  AVERAGE SKY COVER 0.2


WEATHER CONDITIONS
 THE FOLLOWING WEATHER WAS RECORDED YESTERDAY.
  FOG


RELATIVE HUMIDITY (PERCENT)
 HIGHEST   100          1200 AM
 LOWEST     58          1200 PM
 AVERAGE    79

..........................................................


THE LYNCHBURG VA CLIMATE NORMALS FOR TODAY
                         NORMAL    RECORD    YEAR
 MAXIMUM TEMPERATURE (F)   76        98      1895
 MINIMUM TEMPERATURE (F)   53        41      1962
                                             1918
                                             1897


SUNRISE AND SUNSET
SEPTEMBER 22 2014.....SUNRISE   705 AM EDT   SUNSET   714 PM EDT
SEPTEMBER 23 2014.....SUNRISE   705 AM EDT   SUNSET   712 PM EDT


-  INDICATES NEGATIVE NUMBERS.
R  INDICATES RECORD WAS SET OR TIED.
MM INDICATES DATA IS MISSING.
T  INDICATES TRACE AMOUNT.

REMARKS:
DUE TO A SYSTEM FAILURE CAUSING MISSING TEMPERATURES ON
AUGUST 21-24...THE SEASONAL TOTAL AND DEPARTURE FROM NORMAL
FOR CDD WILL BE CALCULATED WITHOUT DATA FROM THOSE DATES.


$$
