000
CDUS41 KRNK 010614
CLILYH


CLIMATE REPORT
NATIONAL WEATHER SERVICE BLACKSBURG VA
212 AM EDT SAT OCT 1 2016


...................................

...THE LYNCHBURG VA CLIMATE SUMMARY FOR SEPTEMBER 30 2016...

CLIMATE NORMAL PERIOD 1981 TO 2010
CLIMATE RECORD PERIOD 1893 TO 2016


WEATHER ITEM   OBSERVED TIME   RECORD YEAR NORMAL DEPARTURE LAST
                VALUE   (LST)  VALUE       VALUE  FROM      YEAR
                                                  NORMAL
..................................................................
TEMPERATURE (F)
 YESTERDAY
  MAXIMUM         67   1225 AM  89    1919  73     -6       83
  MINIMUM         62   1159 PM  36    2003  50     12       64
                                      1967
                                      1942
  AVERAGE         65                        62      3       74

PRECIPITATION (IN)
  YESTERDAY        0.90          2.89 2010   0.12   0.78     0.00
  MONTH TO DATE    3.38                      3.88  -0.50     7.13
  SINCE SEP 1      3.38                      3.88  -0.50     7.13
  SINCE JAN 1     36.50                     31.81   4.69    31.87

SNOWFALL (IN)
  YESTERDAY        0.0                                       0.0
  MONTH TO DATE    0.0                                       0.0
  SINCE SEP 1      0.0                                       0.0
  SINCE JUL 1      0.0                                       0.0
  SNOW DEPTH       0

DEGREE DAYS
 HEATING
  YESTERDAY        0                         5     -5        0
  MONTH TO DATE    0                        55    -55       27
  SINCE SEP 1      0                        58    -58       27
  SINCE JUL 1      0                        61    -61       27

 COOLING
  YESTERDAY        0                         1     -1        9
  MONTH TO DATE  240                       118    122      162
  SINCE SEP 1    240                       118    122      162
  SINCE JAN 1   1318                      1016    302     1187
..................................................................


WIND (MPH)
  HIGHEST WIND SPEED    18   HIGHEST WIND DIRECTION    NE (40)
  HIGHEST GUST SPEED    24   HIGHEST GUST DIRECTION    NE (40)
  AVERAGE WIND SPEED     9.7


SKY COVER
  AVERAGE SKY COVER 0.9


WEATHER CONDITIONS
 THE FOLLOWING WEATHER WAS RECORDED YESTERDAY.
  HEAVY RAIN
  RAIN
  LIGHT RAIN
  FOG


RELATIVE HUMIDITY (PERCENT)
 HIGHEST   100           200 AM
 LOWEST     93           900 AM
 AVERAGE    97

..........................................................


THE LYNCHBURG VA CLIMATE NORMALS FOR TODAY
                         NORMAL    RECORD    YEAR
 MAXIMUM TEMPERATURE (F)   73        93      1933
 MINIMUM TEMPERATURE (F)   49        34      2001
                                             1993
                                             1947


SUNRISE AND SUNSET
OCTOBER  1 2016.......SUNRISE   713 AM EDT   SUNSET   659 PM EDT
OCTOBER  2 2016.......SUNRISE   714 AM EDT   SUNSET   658 PM EDT


-  INDICATES NEGATIVE NUMBERS.
R  INDICATES RECORD WAS SET OR TIED.
MM INDICATES DATA IS MISSING.
T  INDICATES TRACE AMOUNT.

$$
RCS
