000
CDUS41 KRNK 302113
CLILYH


CLIMATE REPORT
NATIONAL WEATHER SERVICE BLACKSBURG VA
513 PM EDT TUE AUG 30 2016


...................................

...THE LYNCHBURG VA CLIMATE SUMMARY FOR AUGUST 30 2016...
VALID TODAY AS OF 0500 PM LOCAL TIME.

CLIMATE NORMAL PERIOD 1981 TO 2010
CLIMATE RECORD PERIOD 1893 TO 2016


WEATHER ITEM   OBSERVED TIME   RECORD YEAR NORMAL DEPARTURE LAST
                VALUE   (LST)  VALUE       VALUE  FROM      YEAR
                                                  NORMAL
..................................................................
TEMPERATURE (F)
 TODAY
  MAXIMUM         91    200 PM 101    1932  84      7       86
  MINIMUM         67    455 AM  45    1965  61      6       62
  AVERAGE         79                        72      7       74

PRECIPITATION (IN)
  TODAY            0.00          2.78 1903   0.11  -0.11     0.00
  MONTH TO DATE    1.19                      3.15  -1.96     1.98
  SINCE JUN 1     13.46                     11.13   2.33    11.36
  SINCE JAN 1     33.12                     27.82   5.30    24.74

SNOWFALL (IN)
  TODAY            0.0                                       0.0
  MONTH TO DATE    0.0                                       0.0
  SINCE JUN 1      0.0                                       0.0
  SINCE JUL 1      0.0                                       0.0
  SNOW DEPTH       0

DEGREE DAYS
 HEATING
  TODAY            0                         0      0        0
  MONTH TO DATE    0                         0      0        0
  SINCE JUN 1      1                        15    -14       13
  SINCE JUL 1      0                         1     -1        0

 COOLING
  TODAY           14                         8      6        9
  MONTH TO DATE  371                       278     93      260
  SINCE JUN 1    993                       810    183      867
  SINCE JAN 1   1064                       892    172     1015
..................................................................


WIND (MPH)
  HIGHEST WIND SPEED    13   HIGHEST WIND DIRECTION    NE (40)
  HIGHEST GUST SPEED    16   HIGHEST GUST DIRECTION    NE (60)
  AVERAGE WIND SPEED     3.4


SKY COVER
  AVERAGE SKY COVER 0.1


WEATHER CONDITIONS
 THE FOLLOWING WEATHER WAS RECORDED TODAY.
  NO SIGNIFICANT WEATHER WAS OBSERVED.


RELATIVE HUMIDITY (PERCENT)
 HIGHEST   100           500 AM
 LOWEST     44           200 PM
 AVERAGE    72

..........................................................


THE LYNCHBURG VA CLIMATE NORMALS FOR TOMORROW
                         NORMAL    RECORD    YEAR
 MAXIMUM TEMPERATURE (F)   83       104      1932
 MINIMUM TEMPERATURE (F)   61        48      1946


SUNRISE AND SUNSET
AUGUST 30 2016........SUNRISE   646 AM EDT   SUNSET   748 PM EDT
AUGUST 31 2016........SUNRISE   647 AM EDT   SUNSET   746 PM EDT


-  INDICATES NEGATIVE NUMBERS.
R  INDICATES RECORD WAS SET OR TIED.
MM INDICATES DATA IS MISSING.
T  INDICATES TRACE AMOUNT.




$$
