000
CDUS44 KLZK 232059
CLILZK


CLIMATE REPORT
NATIONAL WEATHER SERVICE LITTLE ROCK AR
358 PM CDT TUE MAY 23 2017


...................................

...THE NORTH LITTLE ROCK CLIMATE SUMMARY FOR MAY 23 2017...
VALID TODAY AS OF 0300 PM LOCAL TIME.

CLIMATE NORMAL PERIOD 1981 TO 2010
CLIMATE RECORD PERIOD 1975 TO 2017


WEATHER ITEM   OBSERVED TIME   RECORD YEAR NORMAL DEPARTURE LAST
                VALUE   (LST)  VALUE       VALUE  FROM      YEAR
                                                  NORMAL
..................................................................
TEMPERATURE (F)
 TODAY
  MAXIMUM         77        MM  93    1996  82     -5       81
  MINIMUM         58        MM  52    1990  64     -6       58
  AVERAGE         68                        73     -5       70

PRECIPITATION (IN)
  TODAY            0.00          1.63 1987   0.15  -0.15      T
  MONTH TO DATE    4.49                      3.85   0.64     1.59
  SINCE MAR 1     17.89                     13.41   4.48    22.04
  SINCE JAN 1     23.17                     20.49   2.68    27.10

SNOWFALL (IN)
  TODAY            0.0          MM      MM   0.0    0.0      0.0
  MONTH TO DATE    0.0                       0.0    0.0      0.0
  SINCE MAR 1      T                         0.4   -0.4       T
  SINCE JUL 1      0.8                       4.4   -3.6      7.2
  SNOW DEPTH       0

DEGREE DAYS
 HEATING
  TODAY            0                         0      0        0
  MONTH TO DATE   21                        21      0       33
  SINCE MAR 1    363                       517   -154      360
  SINCE JUL 1   2194                      3003   -809     2321

 COOLING
  TODAY            3                         8     -5        5
  MONTH TO DATE  111                       134    -23       68
  SINCE MAR 1    221                       221      0      145
  SINCE JAN 1    238                       223     15      148
..................................................................


WIND (MPH)
  HIGHEST WIND SPEED     6   HIGHEST WIND DIRECTION     W (270)
  HIGHEST GUST SPEED    MM   HIGHEST GUST DIRECTION    MM
  AVERAGE WIND SPEED     2.4


SKY COVER
  POSSIBLE SUNSHINE  MM
  AVERAGE SKY COVER 0.0


WEATHER CONDITIONS
 THE FOLLOWING WEATHER WAS RECORDED TODAY.
  NO SIGNIFICANT WEATHER WAS OBSERVED.


RELATIVE HUMIDITY (PERCENT)
 HIGHEST    90           200 AM
 LOWEST     58           100 PM
 AVERAGE    74

..........................................................


THE NORTH LITTLE ROCK CLIMATE NORMALS FOR TOMORROW
                         NORMAL    RECORD    YEAR
 MAXIMUM TEMPERATURE (F)   82        91      2010
                                             1996
                                             1978
 MINIMUM TEMPERATURE (F)   64        53      1979


SUNRISE AND SUNSET
MAY 23 2017...........SUNRISE   600 AM CDT   SUNSET   812 PM CDT
MAY 24 2017...........SUNRISE   600 AM CDT   SUNSET   812 PM CDT


-  INDICATES NEGATIVE NUMBERS.
R  INDICATES RECORD WAS SET OR TIED.
MM INDICATES DATA IS MISSING.
T  INDICATES TRACE AMOUNT.




$$
