676
CDUS44 KLZK 190641
CLILZK


CLIMATE REPORT
NATIONAL WEATHER SERVICE LITTLE ROCK AR
1241 AM CST SUN NOV 19 2017


...................................

...THE NORTH LITTLE ROCK CLIMATE SUMMARY FOR NOVEMBER 18 2017...

CLIMATE NORMAL PERIOD 1981 TO 2010
CLIMATE RECORD PERIOD 1975 TO 2017


WEATHER ITEM   OBSERVED TIME   RECORD YEAR NORMAL DEPARTURE LAST
                VALUE   (LST)  VALUE       VALUE  FROM      YEAR
                                                  NORMAL
..................................................................
TEMPERATURE (F)
 YESTERDAY
  MAXIMUM         78R       MM  75    2003  61     17       69
                                      2001
                                      1981
  MINIMUM         44   1159 PM  20    2014  43      1       43
  AVERAGE         61                        52      9       56

PRECIPITATION (IN)
  YESTERDAY        0.00          7.01 1988   0.18  -0.18     0.24
  MONTH TO DATE    0.41                      3.12  -2.71     0.25
  SINCE SEP 1      2.06                     11.23  -9.17     2.87
  SINCE JAN 1     44.65                     42.75   1.90    47.06

SNOWFALL (IN)
  YESTERDAY        0.0          MM      MM   0.0    0.0      0.0
  MONTH TO DATE    0.0                       0.0    0.0      0.0
  SINCE SEP 1      T                         T      0.0      0.0
  SINCE JUL 1      T                         T      0.0       T
  SNOW DEPTH       0

DEGREE DAYS
 HEATING
  YESTERDAY        4                        13     -9        9
  MONTH TO DATE  145                       185    -40       79
  SINCE SEP 1    267                       320    -53      104
  SINCE JUL 1    267                       320    -53      104

 COOLING
  YESTERDAY        0                         0      0        0
  MONTH TO DATE   29                        10     19       28
  SINCE SEP 1    486                       391     95      579
  SINCE JAN 1   2083                      2168    -85     2374
..................................................................


WIND (MPH)
  HIGHEST WIND SPEED    17   HIGHEST WIND DIRECTION     N (340)
  HIGHEST GUST SPEED    36   HIGHEST GUST DIRECTION    NW (320)
  AVERAGE WIND SPEED    10.1


SKY COVER
  POSSIBLE SUNSHINE  MM
  AVERAGE SKY COVER 0.0


WEATHER CONDITIONS
 THE FOLLOWING WEATHER WAS RECORDED YESTERDAY.
  NO SIGNIFICANT WEATHER WAS OBSERVED.


RELATIVE HUMIDITY (PERCENT)
 HIGHEST    87           600 AM
 LOWEST     57          1200 PM
 AVERAGE    72

..........................................................


THE NORTH LITTLE ROCK CLIMATE NORMALS FOR TODAY
                         NORMAL    RECORD    YEAR
 MAXIMUM TEMPERATURE (F)   60        78      1985
 MINIMUM TEMPERATURE (F)   43        26      1980


SUNRISE AND SUNSET
NOVEMBER 19 2017......SUNRISE   647 AM CST   SUNSET   501 PM CST
NOVEMBER 20 2017......SUNRISE   648 AM CST   SUNSET   501 PM CST


-  INDICATES NEGATIVE NUMBERS.
R  INDICATES RECORD WAS SET OR TIED.
MM INDICATES DATA IS MISSING.
T  INDICATES TRACE AMOUNT.




$$
