000
CDUS44 KLZK 190639
CLILZK


CLIMATE REPORT
NATIONAL WEATHER SERVICE LITTLE ROCK AR
1239 AM CST FRI JAN 19 2018


...................................

...THE NORTH LITTLE ROCK CLIMATE SUMMARY FOR JANUARY 18 2018...

CLIMATE NORMAL PERIOD 1981 TO 2010
CLIMATE RECORD PERIOD 1975 TO 2018


WEATHER ITEM   OBSERVED TIME   RECORD YEAR NORMAL DEPARTURE LAST
                VALUE   (LST)  VALUE       VALUE  FROM      YEAR
                                                  NORMAL
..................................................................
TEMPERATURE (F)
 YESTERDAY
  MAXIMUM         40        MM  66    2015  49     -9       48
                                      1996
  MINIMUM         15        MM   8    1977  33    -18       42
  AVERAGE         28                        41    -13       45

PRECIPITATION (IN)
  YESTERDAY        0.00          1.44 1995   0.10  -0.10     0.04
  MONTH TO DATE    1.17                      2.03  -0.86     1.57
  SINCE DEC 1      7.67                      7.04   0.63     4.74
  SINCE JAN 1      1.17                      2.03  -0.86     1.57

SNOWFALL (IN)
  YESTERDAY        0.0           2.7  1977   0.1   -0.1      0.0
  MONTH TO DATE    1.5                       0.9    0.6      0.8
  SINCE DEC 1      1.5                       1.4    0.1      0.8
  SINCE JUL 1      1.5                       1.4    0.1      0.8
  SNOW DEPTH       0

DEGREE DAYS
 HEATING
  YESTERDAY       37                        24     13       20
  MONTH TO DATE  610                       432    178      388
  SINCE DEC 1   1264                      1112    152     1034
  SINCE JUL 1   1670                      1624     46     1328

 COOLING
  YESTERDAY        0                         0      0        0
  MONTH TO DATE    0                         0      0        1
  SINCE DEC 1      0                         1     -1        2
  SINCE JAN 1      0                         0      0        1
..................................................................


WIND (MPH)
  HIGHEST WIND SPEED     8   HIGHEST WIND DIRECTION     S (200)
  HIGHEST GUST SPEED    MM   HIGHEST GUST DIRECTION    MM
  AVERAGE WIND SPEED     3.6


SKY COVER
  POSSIBLE SUNSHINE  MM
  AVERAGE SKY COVER 0.0


WEATHER CONDITIONS
 THE FOLLOWING WEATHER WAS RECORDED YESTERDAY.
  NO SIGNIFICANT WEATHER WAS OBSERVED.


RELATIVE HUMIDITY (PERCENT)
 HIGHEST    88           600 AM
 LOWEST     40           600 PM
 AVERAGE    64

..........................................................


THE NORTH LITTLE ROCK CLIMATE NORMALS FOR TODAY
                         NORMAL    RECORD    YEAR
 MAXIMUM TEMPERATURE (F)   50        72      1999
 MINIMUM TEMPERATURE (F)   33         4      1984


SUNRISE AND SUNSET
JANUARY 19 2018.......SUNRISE   715 AM CST   SUNSET   525 PM CST
JANUARY 20 2018.......SUNRISE   714 AM CST   SUNSET   526 PM CST


-  INDICATES NEGATIVE NUMBERS.
R  INDICATES RECORD WAS SET OR TIED.
MM INDICATES DATA IS MISSING.
T  INDICATES TRACE AMOUNT.




$$
