000
CDUS44 KLZK 282120
CLILZK


CLIMATE REPORT
NATIONAL WEATHER SERVICE LITTLE ROCK AR
420 PM CDT FRI AUG 28 2015


...................................

...THE NORTH LITTLE ROCK CLIMATE SUMMARY FOR AUGUST 28 2015...
VALID TODAY AS OF 0400 PM LOCAL TIME.

CLIMATE NORMAL PERIOD 1981 TO 2010
CLIMATE RECORD PERIOD 1975 TO 2015


WEATHER ITEM   OBSERVED TIME   RECORD YEAR NORMAL DEPARTURE LAST
                VALUE   (LST)  VALUE       VALUE  FROM      YEAR
                                                  NORMAL
..................................................................
TEMPERATURE (F)
 TODAY
  MAXIMUM         87        MM 106    2000  91     -4       92
  MINIMUM         63        MM  58    1986  71     -8       71
  AVERAGE         75                        80     -5       82

PRECIPITATION (IN)
  TODAY            0.00          0.64 1978   0.09  -0.09     0.00
  MONTH TO DATE    2.72                      2.52   0.20     2.25
  SINCE JUN 1      7.24                      9.64  -2.40    13.31
  SINCE JAN 1     38.30                     31.24   7.06    35.79

SNOWFALL (IN)
  TODAY            0.0          MM      MM   0.0    0.0      0.0
  MONTH TO DATE    0.0                       0.0    0.0      0.0
  SINCE JUN 1      0.0                       0.0    0.0      0.0
  SINCE JUL 1      0.0                       0.0    0.0      0.0
  SNOW DEPTH       0

DEGREE DAYS
 HEATING
  TODAY            0                         0      0        0
  MONTH TO DATE    0                         0      0        0
  SINCE JUN 1      0                         1     -1        0
  SINCE JUL 1      0                         0      0        0

 COOLING
  TODAY           10                        16     -6       17
  MONTH TO DATE  470                       485    -15      452
  SINCE JUN 1   1520                      1439     81     1205
  SINCE JAN 1   1803                      1735     68     1469
..................................................................


WIND (MPH)
  HIGHEST WIND SPEED    MM   HIGHEST WIND DIRECTION    MM
  HIGHEST GUST SPEED    MM   HIGHEST GUST DIRECTION    MM
  AVERAGE WIND SPEED    MM


SKY COVER
  POSSIBLE SUNSHINE  MM
  AVERAGE SKY COVER  MM


WEATHER CONDITIONS
 THE FOLLOWING WEATHER WAS RECORDED TODAY.
  NO SIGNIFICANT WEATHER WAS OBSERVED.


RELATIVE HUMIDITY (PERCENT)
 HIGHEST    MM
 LOWEST     MM
 AVERAGE    MM

..........................................................


THE NORTH LITTLE ROCK CLIMATE NORMALS FOR TOMORROW
                         NORMAL    RECORD    YEAR
 MAXIMUM TEMPERATURE (F)   90       109      2000
 MINIMUM TEMPERATURE (F)   70        53      1986


SUNRISE AND SUNSET
AUGUST 28 2015........SUNRISE   639 AM CDT   SUNSET   741 PM CDT
AUGUST 29 2015........SUNRISE   640 AM CDT   SUNSET   740 PM CDT


-  INDICATES NEGATIVE NUMBERS.
R  INDICATES RECORD WAS SET OR TIED.
MM INDICATES DATA IS MISSING.
T  INDICATES TRACE AMOUNT.




$$
