000
CDUS44 KLZK 090641
CLILZK


CLIMATE REPORT
NATIONAL WEATHER SERVICE LITTLE ROCK AR
1240 AM CST FRI DEC 9 2016


...................................

...THE NORTH LITTLE ROCK CLIMATE SUMMARY FOR DECEMBER 8 2016...

CLIMATE NORMAL PERIOD 1981 TO 2010
CLIMATE RECORD PERIOD 1975 TO 2016


WEATHER ITEM   OBSERVED TIME   RECORD YEAR NORMAL DEPARTURE LAST
                VALUE   (LST)  VALUE       VALUE  FROM      YEAR
                                                  NORMAL
..................................................................
TEMPERATURE (F)
 YESTERDAY
  MAXIMUM         38        MM  68    2012  53    -15       65
                                      2001
  MINIMUM         27        MM  15    2006  36     -9       42
  AVERAGE         33                        44    -11       54

PRECIPITATION (IN)
  YESTERDAY        0.00          2.05 1980   0.17  -0.17     0.00
                                      1978
  MONTH TO DATE    0.71                      1.42  -0.71     0.00
  SINCE DEC 1      0.71                      1.42  -0.71     0.00
  SINCE JAN 1     49.98                     46.44   3.54    56.98

SNOWFALL (IN)
  YESTERDAY        0.0           0.1  2005   0.1   -0.1      0.0
  MONTH TO DATE    T                         0.1   -0.1      0.0
  SINCE DEC 1      T                         0.1   -0.1      0.0
  SINCE JUL 1      T                         0.1   -0.1      0.0
  SNOW DEPTH       0

DEGREE DAYS
 HEATING
  YESTERDAY       32                        21     11       11
  MONTH TO DATE  166                       156     10      136
  SINCE DEC 1    166                       156     10      136
  SINCE JUL 1    460                       668   -208      489

 COOLING
  YESTERDAY        0                         0      0        0
  MONTH TO DATE    0                         0      0        0
  SINCE DEC 1      0                         0      0        0
  SINCE JAN 1   2374                      2169    205     2315
..................................................................


WIND (MPH)
  HIGHEST WIND SPEED     9   HIGHEST WIND DIRECTION     N (340)
  HIGHEST GUST SPEED    17   HIGHEST GUST DIRECTION     N (360)
  AVERAGE WIND SPEED     6.3


SKY COVER
  POSSIBLE SUNSHINE  MM
  AVERAGE SKY COVER 0.0


WEATHER CONDITIONS
 THE FOLLOWING WEATHER WAS RECORDED YESTERDAY.
  NO SIGNIFICANT WEATHER WAS OBSERVED.


RELATIVE HUMIDITY (PERCENT)
 HIGHEST    75           600 AM
 LOWEST     37           100 PM
 AVERAGE    56

..........................................................


THE NORTH LITTLE ROCK CLIMATE NORMALS FOR TODAY
                         NORMAL    RECORD    YEAR
 MAXIMUM TEMPERATURE (F)   52        74      2007
 MINIMUM TEMPERATURE (F)   36        14      1995


SUNRISE AND SUNSET
DECEMBER  9 2016......SUNRISE   705 AM CST   SUNSET   458 PM CST
DECEMBER 10 2016......SUNRISE   706 AM CST   SUNSET   458 PM CST


-  INDICATES NEGATIVE NUMBERS.
R  INDICATES RECORD WAS SET OR TIED.
MM INDICATES DATA IS MISSING.
T  INDICATES TRACE AMOUNT.




$$
