000
CDUS44 KLZK 300632
CLILZK


CLIMATE REPORT
NATIONAL WEATHER SERVICE LITTLE ROCK AR
131 AM CDT THU MAR 30 2017


...................................

...THE NORTH LITTLE ROCK CLIMATE SUMMARY FOR MARCH 29 2017...

CLIMATE NORMAL PERIOD 1981 TO 2010
CLIMATE RECORD PERIOD 1975 TO 2017


WEATHER ITEM   OBSERVED TIME   RECORD YEAR NORMAL DEPARTURE LAST
                VALUE   (LST)  VALUE       VALUE  FROM      YEAR
                                                  NORMAL
..................................................................
TEMPERATURE (F)
 YESTERDAY
  MAXIMUM         80        MM  84    2007  68     12       72
  MINIMUM         58        MM  34    1987  48     10       44
  AVERAGE         69                        58     11       58

PRECIPITATION (IN)
  YESTERDAY        0.09          1.41 1989   0.15  -0.06     0.00
  MONTH TO DATE    3.45                      4.44  -0.99     7.30
  SINCE MAR 1      3.45                      4.44  -0.99     7.30
  SINCE JAN 1      8.73                     11.52  -2.79    12.36

SNOWFALL (IN)
  YESTERDAY        0.0          MM      MM   0.0    0.0      0.0
  MONTH TO DATE    T                         0.4   -0.4       T
  SINCE MAR 1      T                         0.4   -0.4       T
  SINCE JUL 1      0.8                       4.4   -3.6      7.2
  SNOW DEPTH       0

DEGREE DAYS
 HEATING
  YESTERDAY        0                         8     -8        7
  MONTH TO DATE  261                       345    -84      244
  SINCE MAR 1    261                       345    -84      244
  SINCE JUL 1   2092                      2831   -739     2205

 COOLING
  YESTERDAY        4                         1      3        0
  MONTH TO DATE   27                        14     13       11
  SINCE MAR 1     27                        14     13       11
  SINCE JAN 1     44                        16     28       14
..................................................................


WIND (MPH)
  HIGHEST WIND SPEED    15   HIGHEST WIND DIRECTION     S (160)
  HIGHEST GUST SPEED    27   HIGHEST GUST DIRECTION     S (160)
  AVERAGE WIND SPEED    10.1


SKY COVER
  POSSIBLE SUNSHINE  MM
  AVERAGE SKY COVER 0.0


WEATHER CONDITIONS
 THE FOLLOWING WEATHER WAS RECORDED YESTERDAY.
  THUNDERSTORM
  HEAVY RAIN
  RAIN
  LIGHT RAIN
  FOG


RELATIVE HUMIDITY (PERCENT)
 HIGHEST    90           700 AM
 LOWEST     54           400 PM
 AVERAGE    72

..........................................................


THE NORTH LITTLE ROCK CLIMATE NORMALS FOR TODAY
                         NORMAL    RECORD    YEAR
 MAXIMUM TEMPERATURE (F)   68        83      2007
                                             1998
                                             1978
 MINIMUM TEMPERATURE (F)   48        31      1987


SUNRISE AND SUNSET
MARCH 30 2017.........SUNRISE   658 AM CDT   SUNSET   729 PM CDT
MARCH 31 2017.........SUNRISE   657 AM CDT   SUNSET   730 PM CDT


-  INDICATES NEGATIVE NUMBERS.
R  INDICATES RECORD WAS SET OR TIED.
MM INDICATES DATA IS MISSING.
T  INDICATES TRACE AMOUNT.




$$
