000
CDUS46 KHNX 250025
CLIMAE


CLIMATE REPORT
NATIONAL WEATHER SERVICE SAN JOAQUIN VALLEY, CA
524 PM PDT WED MAY 24 2017


...................................

...THE MADERA CA CLIMATE SUMMARY FOR MAY 24 2017...
VALID AS OF 0400 PM LOCAL TIME.

CLIMATE NORMAL PERIOD 1981 TO 2010
CLIMATE RECORD PERIOD 1998 TO 2017


WEATHER ITEM   OBSERVED TIME   RECORD YEAR NORMAL DEPARTURE LAST
                VALUE   (LST)  VALUE       VALUE  FROM      YEAR
                                                  NORMAL
..................................................................
TEMPERATURE (F)
 TODAY
  MAXIMUM         91        MM 100    2001  85      6       77
  MINIMUM         62        MM  45    2011  53      9       52
  AVERAGE         77                        69      8       65

PRECIPITATION (IN)
  TODAY            0.00          0.02 2008   0.00   0.00     0.00
  MONTH TO DATE    T                         0.44  -0.44      T
  SINCE OCT 1     14.17                     11.50   2.67    12.96
  SINCE JAN 1     10.10                      7.77   2.33     8.40

SNOWFALL (IN)
  TODAY            0.0
  MONTH TO DATE    0.0
  SINCE MAR 1      0.0
  SINCE JUL 1      0.0
  SNOW DEPTH       0

DEGREE DAYS
 HEATING
  TODAY            0                                         0
  MONTH TO DATE   24                                        19
  SINCE MAR 1    388                                       328
  SINCE JUL 1   2067                                      2072

 COOLING
  TODAY           12                                         0
  MONTH TO DATE  139                                       104
  SINCE MAR 1    152                                       136
  SINCE JAN 1    152                                       136
..................................................................


WIND (MPH)
  HIGHEST WIND SPEED    12   HIGHEST WIND DIRECTION     W (270)
  HIGHEST GUST SPEED    MM   HIGHEST GUST DIRECTION    MM
  AVERAGE WIND SPEED     5.3




RELATIVE HUMIDITY (PERCENT)
 HIGHEST    78
 LOWEST     27
 AVERAGE    53

..........................................................


THE MADERA CA CLIMATE NORMALS FOR TOMORROW
                         NORMAL    RECORD    YEAR
 MAXIMUM TEMPERATURE (F)   86        99      2001
 MINIMUM TEMPERATURE (F)   53        46      2010


SUNRISE AND SUNSET
MAY 24 2017...........SUNRISE   546 AM PDT   SUNSET   809 PM PDT
MAY 25 2017...........SUNRISE   545 AM PDT   SUNSET   810 PM PDT


-  INDICATES NEGATIVE NUMBERS.
R  INDICATES RECORD WAS SET OR TIED.
MM INDICATES DATA IS MISSING.
T  INDICATES TRACE AMOUNT.




$$
