000
CDUS46 KHNX 240823
CLIMAE


CLIMATE REPORT
NATIONAL WEATHER SERVICE SAN JOAQUIN VALLEY, CA
1222 AM PST SAT FEB 24 2018


...................................

...THE MADERA CA AIRPORT CLIMATE SUMMARY FOR FEBRUARY 23 2018...

CLIMATE NORMAL PERIOD 1981 TO 2010
CLIMATE RECORD PERIOD 1998 TO 2018


WEATHER ITEM   OBSERVED TIME   RECORD YEAR NORMAL DEPARTURE
                VALUE   (LST)  VALUE       VALUE  FROM
                                                  NORMAL
...............................................................
TEMPERATURE (F)
 YESTERDAY
  MAXIMUM         54    327 PM  75    2014  63     -9
  MINIMUM         31R   715 AM  32    2011  41    -10
                                      2006
  AVERAGE         43                        52     -9

PRECIPITATION (IN)
  YESTERDAY        0.00          0.47 2010   0.09  -0.09
  MONTH TO DATE    0.03                      1.70  -1.67
  SINCE OCT 1      1.58                      7.88  -6.30
  SINCE JAN 1      1.17                      4.15  -2.98

SNOWFALL (IN)
  YESTERDAY        0.0
  MONTH TO DATE    0.0
  SINCE DEC 1      0.0
  SINCE JUL 1      0.0
  SNOW DEPTH       0

DEGREE DAYS
 HEATING
  YESTERDAY       22
  MONTH TO DATE  287
  SINCE DEC 1   1275
  SINCE JUL 1   1602

 COOLING
  YESTERDAY        0
  MONTH TO DATE    0
  SINCE DEC 1      0
  SINCE JAN 1      0
...............................................................


WIND (MPH)
  HIGHEST WIND SPEED    21   HIGHEST WIND DIRECTION    NW (310)
  HIGHEST GUST SPEED    25   HIGHEST GUST DIRECTION    NW (310)
  AVERAGE WIND SPEED     9.0




RELATIVE HUMIDITY (PERCENT)
 HIGHEST   100
 LOWEST     24
 AVERAGE    62

..........................................................


THE MADERA CA AIRPORT CLIMATE NORMALS FOR TODAY
                         NORMAL    RECORD    YEAR
 MAXIMUM TEMPERATURE (F)   63        78      2014
 MINIMUM TEMPERATURE (F)   41        30      2017
                                             2013


SUNRISE AND SUNSET
FEBRUARY 24 2018......SUNRISE   638 AM PST   SUNSET   550 PM PST
FEBRUARY 25 2018......SUNRISE   637 AM PST   SUNSET   551 PM PST


-  INDICATES NEGATIVE NUMBERS.
R  INDICATES RECORD WAS SET OR TIED.
MM INDICATES DATA IS MISSING.
T  INDICATES TRACE AMOUNT.




$$
