000
CDUS46 KHNX 260023
CLIMAE


CLIMATE REPORT
NATIONAL WEATHER SERVICE SAN JOAQUIN VALLEY, CA
522 PM PDT SUN JUN 25 2017


...................................

...THE MADERA CA CLIMATE SUMMARY FOR JUNE 25 2017...
VALID AS OF 0400 PM LOCAL TIME.

CLIMATE NORMAL PERIOD 1981 TO 2010
CLIMATE RECORD PERIOD 1998 TO 2017


WEATHER ITEM   OBSERVED TIME   RECORD YEAR NORMAL DEPARTURE LAST
                VALUE   (LST)  VALUE       VALUE  FROM      YEAR
                                                  NORMAL
..................................................................
TEMPERATURE (F)
 TODAY
  MAXIMUM        100        MM 105    2006  94      6       99
  MINIMUM         68        MM  52    2007  60      8       58
  AVERAGE         84                        77      7       79

PRECIPITATION (IN)
  TODAY            0.00          T    2001   0.00   0.00     0.00
  MONTH TO DATE    0.00                      0.18  -0.18      T
  SINCE OCT 1     14.18                     11.72   2.46    12.96
  SINCE JAN 1     10.11                      7.99   2.12     8.40

SNOWFALL (IN)
  TODAY            0.0
  MONTH TO DATE    0.0
  SINCE JUN 1      0.0
  SINCE JUL 1      0.0
  SNOW DEPTH       0

DEGREE DAYS
 HEATING
  TODAY            0                                         0
  MONTH TO DATE    6                                         1
  SINCE JUN 1      6                                         1
  SINCE JUL 1   2074                                      2073

 COOLING
  TODAY           19                                        14
  MONTH TO DATE  330                                       290
  SINCE JUN 1    330                                       290
  SINCE JAN 1    515                                       483
..................................................................


WIND (MPH)
  HIGHEST WIND SPEED    10   HIGHEST WIND DIRECTION     W (270)
  HIGHEST GUST SPEED    MM   HIGHEST GUST DIRECTION    MM
  AVERAGE WIND SPEED     7.0




RELATIVE HUMIDITY (PERCENT)
 HIGHEST    84
 LOWEST     26
 AVERAGE    55

..........................................................


THE MADERA CA CLIMATE NORMALS FOR TOMORROW
                         NORMAL    RECORD    YEAR
 MAXIMUM TEMPERATURE (F)   94       106      2015
 MINIMUM TEMPERATURE (F)   60        54      2012
                                             1999


SUNRISE AND SUNSET
JUNE 25 2017..........SUNRISE   542 AM PDT   SUNSET   824 PM PDT
JUNE 26 2017..........SUNRISE   543 AM PDT   SUNSET   824 PM PDT


-  INDICATES NEGATIVE NUMBERS.
R  INDICATES RECORD WAS SET OR TIED.
MM INDICATES DATA IS MISSING.
T  INDICATES TRACE AMOUNT.




$$
