000
CDUS46 KHNX 080022
CLIMAE


CLIMATE REPORT
NATIONAL WEATHER SERVICE SAN JOAQUIN VALLEY, CA
522 PM PDT TUE JUL 7 2015


...................................

...THE MADERA CA CLIMATE SUMMARY FOR JULY 7 2015...
VALID AS OF 0500 PM LOCAL TIME.

CLIMATE NORMAL PERIOD 1981 TO 2010
CLIMATE RECORD PERIOD 1998 TO 2015


WEATHER ITEM   OBSERVED TIME   RECORD YEAR NORMAL DEPARTURE LAST
                VALUE   (LST)  VALUE       VALUE  FROM      YEAR
                                                  NORMAL
..................................................................
TEMPERATURE (F)
 TODAY
  MAXIMUM         94    355 PM 101    2011  96     -2      100
                                      2008
  MINIMUM         64    549 AM  54    2009  61      3       72
  AVERAGE         79                        79      0       86

PRECIPITATION (IN)
  TODAY            0.00          T    2001   0.00   0.00     0.00
  MONTH TO DATE    T                         0.01  -0.01     0.00
  SINCE OCT 1      5.71                     11.74  -6.03     4.30
  SINCE JAN 1      2.03                      8.01  -5.98     3.61

SNOWFALL (IN)
  TODAY            0.0
  MONTH TO DATE    0.0
  SINCE JUN 1      0.0
  SINCE JUL 1      0.0
  SNOW DEPTH       0

DEGREE DAYS
 HEATING
  TODAY            0                                         0
  MONTH TO DATE    0                                         0
  SINCE JUN 1      0                                         0
  SINCE JUL 1      0                                         0

 COOLING
  TODAY           14                                        21
  MONTH TO DATE  130                                       133
  SINCE JUN 1    559                                       472
  SINCE JAN 1    740                                       714
..................................................................


WIND (MPH)
  HIGHEST WIND SPEED    17   HIGHEST WIND DIRECTION     N (350)
  HIGHEST GUST SPEED    23   HIGHEST GUST DIRECTION    NW (330)
  AVERAGE WIND SPEED    10.1




RELATIVE HUMIDITY (PERCENT)
 HIGHEST    73
 LOWEST     22
 AVERAGE    48

..........................................................


THE MADERA CA CLIMATE NORMALS FOR TOMORROW
                         NORMAL    RECORD    YEAR
 MAXIMUM TEMPERATURE (F)   97       105      2008
 MINIMUM TEMPERATURE (F)   61        54      2003


SUNRISE AND SUNSET
JULY  7 2015..........SUNRISE   548 AM PDT   SUNSET   823 PM PDT
JULY  8 2015..........SUNRISE   548 AM PDT   SUNSET   823 PM PDT


-  INDICATES NEGATIVE NUMBERS.
R  INDICATES RECORD WAS SET OR TIED.
MM INDICATES DATA IS MISSING.
T  INDICATES TRACE AMOUNT.




$$
