000
CDUS46 KHNX 240026
CLIMAE


CLIMATE REPORT
NATIONAL WEATHER SERVICE SAN JOAQUIN VALLEY, CA
526 PM PDT WED APR 23 2014


...................................

...THE MADERA CA CLIMATE SUMMARY FOR APRIL 23 2014...
VALID AS OF 0500 PM LOCAL TIME.

CLIMATE NORMAL PERIOD 1981 TO 2010
CLIMATE RECORD PERIOD 1998 TO 2014


WEATHER ITEM   OBSERVED TIME   RECORD YEAR NORMAL DEPARTURE LAST
                VALUE   (LST)  VALUE       VALUE  FROM      YEAR
                                                  NORMAL
..................................................................
TEMPERATURE (F)
 TODAY
  MAXIMUM         75    250 PM  88    2002  77     -2       87
  MINIMUM         44    533 AM  39    1999  46     -2       49
  AVERAGE         60                        62     -2       68

PRECIPITATION (IN)
  TODAY            0.00          0.01 2006   0.03  -0.03     0.00
  MONTH TO DATE    0.02                      0.75  -0.73     0.57
  SINCE JUL 1      4.04                     11.15  -7.11     8.16
  SINCE JAN 1      3.07                      7.13  -4.06     3.46

SNOWFALL (IN)
  TODAY            0.0
  MONTH TO DATE    0.0
  SINCE MAR 1      0.0
  SINCE JUL 1      0.0
  SNOW DEPTH       0

DEGREE DAYS
 HEATING
  TODAY            5                                         0
  MONTH TO DATE   75                                        89
  SINCE MAR 1    265                                       287
  SINCE JUL 1   2092                                      2290

 COOLING
  TODAY            0                                         3
  MONTH TO DATE   47                                        10
  SINCE MAR 1     47                                        12
  SINCE JAN 1     47                                        12
..................................................................


WIND (MPH)
  HIGHEST WIND SPEED    18   HIGHEST WIND DIRECTION    NW (310)
  HIGHEST GUST SPEED    26   HIGHEST GUST DIRECTION    NW (330)
  AVERAGE WIND SPEED    11.5




RELATIVE HUMIDITY (PERCENT)
 HIGHEST    76
 LOWEST     17
 AVERAGE    47

..........................................................


THE MADERA CA CLIMATE NORMALS FOR TOMORROW
                         NORMAL    RECORD    YEAR
 MAXIMUM TEMPERATURE (F)   77        88      2013
 MINIMUM TEMPERATURE (F)   47        38      2008


SUNRISE AND SUNSET
APRIL 23 2014.........SUNRISE   616 AM PDT   SUNSET   742 PM PDT
APRIL 24 2014.........SUNRISE   614 AM PDT   SUNSET   743 PM PDT


-  INDICATES NEGATIVE NUMBERS.
R  INDICATES RECORD WAS SET OR TIED.
MM INDICATES DATA IS MISSING.
T  INDICATES TRACE AMOUNT.




$$
