000
CDUS46 KHNX 180828
CLIMAE


CLIMATE REPORT
NATIONAL WEATHER SERVICE SAN JOAQUIN VALLEY, CA
127 AM PDT FRI APR 18 2014


...................................

...THE MADERA CA AIRPORT CLIMATE SUMMARY FOR APRIL 17 2014...

CLIMATE NORMAL PERIOD 1981 TO 2010
CLIMATE RECORD PERIOD 1998 TO 2014


WEATHER ITEM   OBSERVED TIME   RECORD YEAR NORMAL DEPARTURE
                VALUE   (LST)  VALUE       VALUE  FROM
                                                  NORMAL
...............................................................
TEMPERATURE (F)
 YESTERDAY
  MAXIMUM         86    230 PM  88    1999  75     11
  MINIMUM         50    427 AM  35    2013  45      5
  AVERAGE         68                        60      8

PRECIPITATION (IN)
  YESTERDAY        0.00          0.93 2000   0.03  -0.03
  MONTH TO DATE    0.02                      0.55  -0.53
  SINCE JUL 1      4.04                     10.95  -6.91
  SINCE JAN 1      3.07                      6.93  -3.86

SNOWFALL (IN)
  YESTERDAY        0.0
  MONTH TO DATE    0.0
  SINCE MAR 1      0.0
  SINCE JUL 1      0.0
  SNOW DEPTH       0

DEGREE DAYS
 HEATING
  YESTERDAY        0
  MONTH TO DATE   66
  SINCE MAR 1    256
  SINCE JUL 1   2083

 COOLING
  YESTERDAY        3
  MONTH TO DATE   37
  SINCE MAR 1     37
  SINCE JAN 1     37
...............................................................


WIND (MPH)
  HIGHEST WIND SPEED    13   HIGHEST WIND DIRECTION     N (340)
  HIGHEST GUST SPEED    28   HIGHEST GUST DIRECTION    NW (300)
  AVERAGE WIND SPEED     4.3




RELATIVE HUMIDITY (PERCENT)
 HIGHEST    83
 LOWEST     23
 AVERAGE    53

..........................................................


THE MADERA CA AIRPORT CLIMATE NORMALS FOR TODAY
                         NORMAL    RECORD    YEAR
 MAXIMUM TEMPERATURE (F)   75        88      1999
 MINIMUM TEMPERATURE (F)   45        37      2007


SUNRISE AND SUNSET
APRIL 18 2014.........SUNRISE   622 AM PDT   SUNSET   738 PM PDT
APRIL 19 2014.........SUNRISE   621 AM PDT   SUNSET   739 PM PDT


-  INDICATES NEGATIVE NUMBERS.
R  INDICATES RECORD WAS SET OR TIED.
MM INDICATES DATA IS MISSING.
T  INDICATES TRACE AMOUNT.




$$
