000
CDUS46 KHNX 170042
CLIMAE


CLIMATE REPORT
NATIONAL WEATHER SERVICE SAN JOAQUIN VALLEY, CA
542 PM PDT TUE SEP 16 2014


...................................

...THE MADERA CA CLIMATE SUMMARY FOR SEPTEMBER 16 2014...
VALID AS OF 0500 PM LOCAL TIME.

CLIMATE NORMAL PERIOD 1981 TO 2010
CLIMATE RECORD PERIOD 1998 TO 2014


WEATHER ITEM   OBSERVED TIME   RECORD YEAR NORMAL DEPARTURE LAST
                VALUE   (LST)  VALUE       VALUE  FROM      YEAR
                                                  NORMAL
..................................................................
TEMPERATURE (F)
 TODAY
  MAXIMUM         95    345 PM  98    2012  90      5       92
  MINIMUM         62    643 AM  46    2006  56      6       58
  AVERAGE         79                        73      6       75

PRECIPITATION (IN)
  TODAY            0.00          0.00   MM   0.01  -0.01     0.00
  MONTH TO DATE    T                         0.10  -0.10     0.00
  SINCE JUL 1      T                         0.14  -0.14     0.01
  SINCE JAN 1      3.61                      8.14  -4.53     3.53

SNOWFALL (IN)
  TODAY            0.0
  MONTH TO DATE    0.0
  SINCE SEP 1      0.0
  SINCE JUL 1      0.0
  SNOW DEPTH       0

DEGREE DAYS
 HEATING
  TODAY            0                                         0
  MONTH TO DATE    0                                         0
  SINCE SEP 1      0                                         0
  SINCE JUL 1      0                                         0

 COOLING
  TODAY           14                                        10
  MONTH TO DATE  231                                       191
  SINCE SEP 1    231                                       191
  SINCE JAN 1   2717                                      1633
..................................................................


WIND (MPH)
  HIGHEST WIND SPEED    13   HIGHEST WIND DIRECTION    NW (320)
  HIGHEST GUST SPEED    15   HIGHEST GUST DIRECTION    NW (320)
  AVERAGE WIND SPEED     6.0




RELATIVE HUMIDITY (PERCENT)
 HIGHEST    65
 LOWEST     22
 AVERAGE    44

..........................................................


THE MADERA CA CLIMATE NORMALS FOR TOMORROW
                         NORMAL    RECORD    YEAR
 MAXIMUM TEMPERATURE (F)   90        95      2004
 MINIMUM TEMPERATURE (F)   56        49      2006


SUNRISE AND SUNSET
SEPTEMBER 16 2014.....SUNRISE   643 AM PDT   SUNSET   706 PM PDT
SEPTEMBER 17 2014.....SUNRISE   644 AM PDT   SUNSET   705 PM PDT


-  INDICATES NEGATIVE NUMBERS.
R  INDICATES RECORD WAS SET OR TIED.
MM INDICATES DATA IS MISSING.
T  INDICATES TRACE AMOUNT.




$$
