000
CDUS46 KHNX 200823
CLIMAE


CLIMATE REPORT
NATIONAL WEATHER SERVICE SAN JOAQUIN VALLEY, CA
123 AM PDT SUN AUG 20 2017


...................................

...THE MADERA CA AIRPORT CLIMATE SUMMARY FOR AUGUST 19 2017...

CLIMATE NORMAL PERIOD 1981 TO 2010
CLIMATE RECORD PERIOD 1998 TO 2017


WEATHER ITEM   OBSERVED TIME   RECORD YEAR NORMAL DEPARTURE
                VALUE   (LST)  VALUE       VALUE  FROM
                                                  NORMAL
...............................................................
TEMPERATURE (F)
 YESTERDAY
  MAXIMUM         99        MM 107    2013  95      4
  MINIMUM         69        MM  52    1999  59     10
  AVERAGE         84                        77      7

PRECIPITATION (IN)
  YESTERDAY        0.00          0.01 2013   0.00   0.00
  MONTH TO DATE    T                         0.00   0.00
  SINCE OCT 1     14.18                     11.75   2.43
  SINCE JAN 1     10.11                      8.02   2.09

SNOWFALL (IN)
  YESTERDAY        0.0
  MONTH TO DATE    0.0
  SINCE JUN 1      0.0
  SINCE JUL 1      0.0
  SNOW DEPTH       0

DEGREE DAYS
 HEATING
  YESTERDAY        0
  MONTH TO DATE    0
  SINCE JUN 1      6
  SINCE JUL 1      0

 COOLING
  YESTERDAY       19
  MONTH TO DATE  324
  SINCE JUN 1   1267
  SINCE JAN 1   1452
...............................................................


WIND (MPH)
  HIGHEST WIND SPEED    10   HIGHEST WIND DIRECTION    NW (300)
  HIGHEST GUST SPEED    MM   HIGHEST GUST DIRECTION    MM
  AVERAGE WIND SPEED     6.2




RELATIVE HUMIDITY (PERCENT)
 HIGHEST    73
 LOWEST     26
 AVERAGE    50

..........................................................


THE MADERA CA AIRPORT CLIMATE NORMALS FOR TODAY
                         NORMAL    RECORD    YEAR
 MAXIMUM TEMPERATURE (F)   94       102      2013
 MINIMUM TEMPERATURE (F)   59        51      2002


SUNRISE AND SUNSET
AUGUST 20 2017........SUNRISE   622 AM PDT   SUNSET   745 PM PDT
AUGUST 21 2017........SUNRISE   623 AM PDT   SUNSET   744 PM PDT


-  INDICATES NEGATIVE NUMBERS.
R  INDICATES RECORD WAS SET OR TIED.
MM INDICATES DATA IS MISSING.
T  INDICATES TRACE AMOUNT.




$$
