000
CDUS44 KMAF 060731
CLIMAF


CLIMATE REPORT
NATIONAL WEATHER SERVICE MIDLAND/ODESSA TX
230 AM CDT MON JUL 6 2015


...................................

...THE MIDLAND CLIMATE SUMMARY FOR JULY 5 2015...

CLIMATE NORMAL PERIOD 1981 TO 2010
CLIMATE RECORD PERIOD 1930 TO 2015


WEATHER ITEM   OBSERVED TIME   RECORD YEAR NORMAL DEPARTURE LAST
                VALUE   (LST)  VALUE       VALUE  FROM      YEAR
                                                  NORMAL
..................................................................
TEMPERATURE (F)
 YESTERDAY
  MAXIMUM         95    426 PM 104    1971  95      0       95
  MINIMUM         73    643 AM  60    1972  70      3       69
  AVERAGE         84                        82      2       82

PRECIPITATION (IN)
  YESTERDAY        0.00          1.92 1960   0.06  -0.06     0.00
  MONTH TO DATE    0.00                      0.30  -0.30      T
  SINCE JUN 1      3.29                      2.10   1.19     0.48
  SINCE JAN 1     12.28                      6.36   5.92     3.64

DEGREE DAYS
 COOLING
  YESTERDAY       19                        17      2       17
  MONTH TO DATE   80                        85     -5       89
  SINCE JUN 1    529                       546    -17      626
  SINCE JAN 1    884                       935    -51     1102
..................................................................


WIND (MPH)
  HIGHEST WIND SPEED    23   HIGHEST WIND DIRECTION     S (170)
  HIGHEST GUST SPEED    28   HIGHEST GUST DIRECTION     S (170)
  AVERAGE WIND SPEED    13.4


SKY COVER
  POSSIBLE SUNSHINE  MM
  AVERAGE SKY COVER 0.1


WEATHER CONDITIONS
 THE FOLLOWING WEATHER WAS RECORDED YESTERDAY.
  NO SIGNIFICANT WEATHER WAS OBSERVED.


RELATIVE HUMIDITY (PERCENT)
 HIGHEST    79           300 AM
 LOWEST     36           300 PM
 AVERAGE    58

..........................................................


THE MIDLAND CLIMATE NORMALS FOR TODAY
                         NORMAL    RECORD    YEAR
 MAXIMUM TEMPERATURE (F)   95       107      1994
 MINIMUM TEMPERATURE (F)   70        57      1931


SUNRISE AND SUNSET
JULY  6 2015..........SUNRISE   649 AM CDT   SUNSET   858 PM CDT
JULY  7 2015..........SUNRISE   649 AM CDT   SUNSET   858 PM CDT


-  INDICATES NEGATIVE NUMBERS.
R  INDICATES RECORD WAS SET OR TIED.
MM INDICATES DATA IS MISSING.
T  INDICATES TRACE AMOUNT.




$$
