000
CDUS44 KMAF 202116
CLIMAF


CLIMATE REPORT
NATIONAL WEATHER SERVICE MIDLAND TX
415 PM CDT WED SEP 20 2017


...................................

...THE MIDLAND CLIMATE SUMMARY FOR SEPTEMBER 20 2017...
VALID TODAY AS OF 0400 PM LOCAL TIME.

CLIMATE NORMAL PERIOD 1981 TO 2010
CLIMATE RECORD PERIOD 1930 TO 2017


WEATHER ITEM   OBSERVED TIME   RECORD YEAR NORMAL DEPARTURE LAST
                VALUE   (LST)  VALUE       VALUE  FROM      YEAR
                                                  NORMAL
..................................................................
TEMPERATURE (F)
 TODAY
  MAXIMUM        101    314 PM 107    1953  86     15       94
  MINIMUM         73    658 AM  42    1971  61     12       72
  AVERAGE         87                        73     14       83

PRECIPITATION (IN)
  TODAY            0.00          0.38 1965   0.05  -0.05     0.00
  MONTH TO DATE    0.03                      1.28  -1.25     1.98
  SINCE SEP 1      0.03                      1.28  -1.25     1.98
  SINCE JAN 1     12.77                     11.00   1.77    12.32

DEGREE DAYS
 HEATING
  TODAY            0                         0      0        0
  MONTH TO DATE    0                         0      0        0
  SINCE SEP 1      0                         0      0        0
  SINCE JUL 1      0                         0      0        0

 COOLING
  TODAY           22                         9     13       18
  MONTH TO DATE  304                       224     80      297
  SINCE SEP 1    304                       224     80      297
  SINCE JAN 1   2551                      2108    443     2529
..................................................................


WIND (MPH)
  HIGHEST WIND SPEED    17   HIGHEST WIND DIRECTION     S (190)
  HIGHEST GUST SPEED    21   HIGHEST GUST DIRECTION    SW (230)
  AVERAGE WIND SPEED    11.7


SKY COVER
  POSSIBLE SUNSHINE  MM
  AVERAGE SKY COVER 0.0


WEATHER CONDITIONS
 THE FOLLOWING WEATHER WAS RECORDED TODAY.
  NO SIGNIFICANT WEATHER WAS OBSERVED.


RELATIVE HUMIDITY (PERCENT)
 HIGHEST    68           600 AM
 LOWEST     17           200 PM
 AVERAGE    43

..........................................................


THE MIDLAND CLIMATE NORMALS FOR TOMORROW
                         NORMAL    RECORD    YEAR
 MAXIMUM TEMPERATURE (F)   85       100      1998
                                             1977
 MINIMUM TEMPERATURE (F)   60        40      1983


SUNRISE AND SUNSET
SEPTEMBER 20 2017.....SUNRISE   736 AM CDT   SUNSET   748 PM CDT
SEPTEMBER 21 2017.....SUNRISE   736 AM CDT   SUNSET   746 PM CDT


-  INDICATES NEGATIVE NUMBERS.
R  INDICATES RECORD WAS SET OR TIED.
MM INDICATES DATA IS MISSING.
T  INDICATES TRACE AMOUNT.




$$
