124
CDUS44 KMAF 280748
CLIMAF


CLIMATE REPORT
NATIONAL WEATHER SERVICE MIDLAND TX
248 AM CDT FRI JUL 28 2017


...................................

...THE MIDLAND CLIMATE SUMMARY FOR JULY 27 2017...

CLIMATE NORMAL PERIOD 1981 TO 2010
CLIMATE RECORD PERIOD 1930 TO 2017


WEATHER ITEM   OBSERVED TIME   RECORD YEAR NORMAL DEPARTURE LAST
                VALUE   (LST)  VALUE       VALUE  FROM      YEAR
                                                  NORMAL
..................................................................
TEMPERATURE (F)
 YESTERDAY
  MAXIMUM         98    501 PM 106    1995  95      3       99
                                      1954
                                      1944
  MINIMUM         73    625 AM  60    1973  70      3       72
  AVERAGE         86                        82      4       86

PRECIPITATION (IN)
  YESTERDAY        0.00          0.85 1955   0.05  -0.05     0.00
  MONTH TO DATE    1.48                      1.59  -0.11     0.12
  SINCE JUN 1      4.53                      3.39   1.14     3.28
  SINCE JAN 1     10.22                      7.65   2.57     7.02

DEGREE DAYS
 COOLING
  YESTERDAY       21                        17      4       21
  MONTH TO DATE  518                       459     59      646
  SINCE JUN 1   1096                       920    176     1132
  SINCE JAN 1   1657                      1309    348     1612
..................................................................


WIND (MPH)
  HIGHEST WIND SPEED    22   HIGHEST WIND DIRECTION     S (160)
  HIGHEST GUST SPEED    26   HIGHEST GUST DIRECTION    SE (150)
  AVERAGE WIND SPEED    11.2


SKY COVER
  POSSIBLE SUNSHINE  MM
  AVERAGE SKY COVER 0.0


WEATHER CONDITIONS
 THE FOLLOWING WEATHER WAS RECORDED YESTERDAY.
  NO SIGNIFICANT WEATHER WAS OBSERVED.


RELATIVE HUMIDITY (PERCENT)
 HIGHEST    68           600 AM
 LOWEST     22           400 PM
 AVERAGE    45

..........................................................


THE MIDLAND CLIMATE NORMALS FOR TODAY
                         NORMAL    RECORD    YEAR
 MAXIMUM TEMPERATURE (F)   95       106      1944
 MINIMUM TEMPERATURE (F)   70        61      1933


SUNRISE AND SUNSET
JULY 28 2017..........SUNRISE   702 AM CDT   SUNSET   848 PM CDT
JULY 29 2017..........SUNRISE   702 AM CDT   SUNSET   848 PM CDT


-  INDICATES NEGATIVE NUMBERS.
R  INDICATES RECORD WAS SET OR TIED.
MM INDICATES DATA IS MISSING.
T  INDICATES TRACE AMOUNT.




$$
