000
CDUS44 KMAF 210831
CLIMAF


CLIMATE REPORT
NATIONAL WEATHER SERVICE MIDLAND TX
230 AM CST SUN JAN 21 2018


...................................

...THE MIDLAND CLIMATE SUMMARY FOR JANUARY 20 2018...

CLIMATE NORMAL PERIOD 1981 TO 2010
CLIMATE RECORD PERIOD 1930 TO 2018


WEATHER ITEM   OBSERVED TIME   RECORD YEAR NORMAL DEPARTURE LAST
                VALUE   (LST)  VALUE       VALUE  FROM      YEAR
                                                  NORMAL
..................................................................
TEMPERATURE (F)
 YESTERDAY
  MAXIMUM         78    422 PM  81    2012  58     20       68
  MINIMUM         31    814 AM  11    1985  30      1       46
  AVERAGE         55                        44     11       57

PRECIPITATION (IN)
  YESTERDAY        0.00          0.74 1983   0.02  -0.02     0.00
  MONTH TO DATE    0.01                      0.31  -0.30     1.12
  SINCE DEC 1      0.40                      0.91  -0.51     1.53
  SINCE JAN 1      0.01                      0.31  -0.30     1.12

SNOWFALL (IN)
  YESTERDAY        0.0
  MONTH TO DATE    T
  SINCE DEC 1      T
  SINCE JUL 1      T
  SNOW DEPTH       0

DEGREE DAYS
 HEATING
  YESTERDAY       10                        21    -11        8
  MONTH TO DATE  457                       434     23      353
  SINCE DEC 1   1034                      1071    -37      887
  SINCE JUL 1   1355                      1550   -195     1098
..................................................................


WIND (MPH)
  HIGHEST WIND SPEED    24   HIGHEST WIND DIRECTION    SW (240)
  HIGHEST GUST SPEED    29   HIGHEST GUST DIRECTION    SW (230)
  AVERAGE WIND SPEED     9.4


SKY COVER
  POSSIBLE SUNSHINE  MM
  AVERAGE SKY COVER 0.0


WEATHER CONDITIONS
 THE FOLLOWING WEATHER WAS RECORDED YESTERDAY.
  NO SIGNIFICANT WEATHER WAS OBSERVED.


RELATIVE HUMIDITY (PERCENT)
 HIGHEST    82           800 AM
 LOWEST     10           300 PM
 AVERAGE    46

..........................................................


THE MIDLAND CLIMATE NORMALS FOR TODAY
                         NORMAL    RECORD    YEAR
 MAXIMUM TEMPERATURE (F)   58        84      1974
 MINIMUM TEMPERATURE (F)   30         5      1966


SUNRISE AND SUNSET
JANUARY 21 2018.......SUNRISE   748 AM CST   SUNSET   613 PM CST
JANUARY 22 2018.......SUNRISE   747 AM CST   SUNSET   614 PM CST


-  INDICATES NEGATIVE NUMBERS.
R  INDICATES RECORD WAS SET OR TIED.
MM INDICATES DATA IS MISSING.
T  INDICATES TRACE AMOUNT.




$$
