000
CDUS44 KMAF 020832
CLIMAF


CLIMATE REPORT
NATIONAL WEATHER SERVICE MIDLAND/ODESSA TX
231 AM CST MON MAR 2 2015


...................................

...THE MIDLAND CLIMATE SUMMARY FOR MARCH 1 2015...

CLIMATE NORMAL PERIOD 1981 TO 2010
CLIMATE RECORD PERIOD 1930 TO 2015


WEATHER ITEM   OBSERVED TIME   RECORD YEAR NORMAL DEPARTURE LAST
                VALUE   (LST)  VALUE       VALUE  FROM      YEAR
                                                  NORMAL
..................................................................
TEMPERATURE (F)
 YESTERDAY
  MAXIMUM         38    451 PM  89    2006  66    -28       83
  MINIMUM         30    824 AM  14    1962  38     -8       46
  AVERAGE         34                        52    -18       65

PRECIPITATION (IN)
  YESTERDAY        0.00          0.28 1934   0.02  -0.02     0.00
  MONTH TO DATE    0.00                      0.02  -0.02     0.00
  SINCE MAR 1      0.00                      0.02  -0.02     0.00
  SINCE JAN 1      2.69                      1.29   1.40     0.26

SNOWFALL (IN)
  YESTERDAY        0.0
  MONTH TO DATE    0.0
  SINCE MAR 1      0.0
  SINCE JUL 1      3.6
  SNOW DEPTH       0

DEGREE DAYS
 HEATING
  YESTERDAY       31                        13     18        0
  MONTH TO DATE   31                        13     18        0
  SINCE MAR 1     31                        13     18        0
  SINCE JUL 1   2181                      2250    -69     2248
..................................................................


WIND (MPH)
  HIGHEST WIND SPEED    17   HIGHEST WIND DIRECTION    NE (60)
  HIGHEST GUST SPEED    20   HIGHEST GUST DIRECTION    NE (60)
  AVERAGE WIND SPEED     9.1


SKY COVER
  POSSIBLE SUNSHINE  MM
  AVERAGE SKY COVER 1.0


WEATHER CONDITIONS
 THE FOLLOWING WEATHER WAS RECORDED YESTERDAY.
  FOG


RELATIVE HUMIDITY (PERCENT)
 HIGHEST   100          1200 AM
 LOWEST     92           300 AM
 AVERAGE    96

..........................................................


THE MIDLAND CLIMATE NORMALS FOR TODAY
                         NORMAL    RECORD    YEAR
 MAXIMUM TEMPERATURE (F)   66        86      1986
 MINIMUM TEMPERATURE (F)   38         9      1980


SUNRISE AND SUNSET
MARCH  2 2015.........SUNRISE   715 AM CST   SUNSET   647 PM CST
MARCH  3 2015.........SUNRISE   714 AM CST   SUNSET   648 PM CST


-  INDICATES NEGATIVE NUMBERS.
R  INDICATES RECORD WAS SET OR TIED.
MM INDICATES DATA IS MISSING.
T  INDICATES TRACE AMOUNT.




$$
