000
CDUS44 KMAF 010731
CLIMAF


CLIMATE REPORT
NATIONAL WEATHER SERVICE MIDLAND/ODESSA TX
231 AM CDT MON SEP 1 2014


...................................

...THE MIDLAND CLIMATE SUMMARY FOR AUGUST 31 2014...

CLIMATE NORMAL PERIOD 1981 TO 2010
CLIMATE RECORD PERIOD 1930 TO 2014


WEATHER ITEM   OBSERVED TIME   RECORD YEAR NORMAL DEPARTURE LAST
                VALUE   (LST)  VALUE       VALUE  FROM      YEAR
                                                  NORMAL
..................................................................
TEMPERATURE (F)
 YESTERDAY
  MAXIMUM        100    427 PM 104    1952  91      9       98
  MINIMUM         74    707 AM  56    1944  67      7       75
  AVERAGE         87                        79      8       87

PRECIPITATION (IN)
  YESTERDAY        0.00          2.23 2006   0.06  -0.06     0.00
  MONTH TO DATE    0.77                      1.84  -1.07     1.18
  SINCE JUN 1      1.58                      5.46  -3.88     3.01
  SINCE JAN 1      4.74                      9.72  -4.98     4.57

DEGREE DAYS
 COOLING
  YESTERDAY       22                        14      8       22
  MONTH TO DATE  595                       502     93      605
  SINCE JUN 1   1721                      1495    226     1687
  SINCE JAN 1   2197                      1884    313     2175
..................................................................


WIND (MPH)
  HIGHEST WIND SPEED    26   HIGHEST WIND DIRECTION     S (160)
  HIGHEST GUST SPEED    31   HIGHEST GUST DIRECTION     S (160)
  AVERAGE WIND SPEED    13.5


SKY COVER
  POSSIBLE SUNSHINE  MM
  AVERAGE SKY COVER 0.0


WEATHER CONDITIONS
 THE FOLLOWING WEATHER WAS RECORDED YESTERDAY.
  NO SIGNIFICANT WEATHER WAS OBSERVED.


RELATIVE HUMIDITY (PERCENT)
 HIGHEST    73           700 AM
 LOWEST     22           400 PM
 AVERAGE    48

..........................................................


THE MIDLAND CLIMATE NORMALS FOR TODAY
                         NORMAL    RECORD    YEAR
 MAXIMUM TEMPERATURE (F)   91       104      1959
 MINIMUM TEMPERATURE (F)   66        55      1987


SUNRISE AND SUNSET
SEPTEMBER  1 2014.....SUNRISE   724 AM CDT   SUNSET   813 PM CDT
SEPTEMBER  2 2014.....SUNRISE   725 AM CDT   SUNSET   811 PM CDT


-  INDICATES NEGATIVE NUMBERS.
R  INDICATES RECORD WAS SET OR TIED.
MM INDICATES DATA IS MISSING.
T  INDICATES TRACE AMOUNT.




$$
