000
CDUS44 KMAF 222343
CLIMAF


CLIMATE REPORT
NATIONAL WEATHER SERVICE MIDLAND TX
542 PM CST SUN JAN 22 2017


...................................

...THE MIDLAND CLIMATE SUMMARY FOR JANUARY 22 2017...
VALID TODAY AS OF 0500 PM LOCAL TIME.

CLIMATE NORMAL PERIOD 1981 TO 2010
CLIMATE RECORD PERIOD 1930 TO 2017


WEATHER ITEM   OBSERVED TIME   RECORD YEAR NORMAL DEPARTURE LAST
                VALUE   (LST)  VALUE       VALUE  FROM      YEAR
                                                  NORMAL
..................................................................
TEMPERATURE (F)
 TODAY
  MAXIMUM         63    424 PM  83    1950  58      5       56
  MINIMUM         44    740 AM   2    1966  31     13       27
  AVERAGE         54                        44     10       42

PRECIPITATION (IN)
  TODAY            0.00          0.54 1949   0.03  -0.03     0.00
  MONTH TO DATE    1.12                      0.36   0.76     0.09
  SINCE DEC 1      1.53                      0.96   0.57     1.33
  SINCE JAN 1      1.12                      0.36   0.76     0.09

SNOWFALL (IN)
  TODAY            0.0
  MONTH TO DATE    T
  SINCE DEC 1      0.3
  SINCE JUL 1      0.3
  SNOW DEPTH       0

DEGREE DAYS
 HEATING
  TODAY           11                        21    -10       23
  MONTH TO DATE  374                       476   -102      460
  SINCE DEC 1    908                      1113   -205      986
  SINCE JUL 1   1119                      1592   -473     1338
..................................................................


WIND (MPH)
  HIGHEST WIND SPEED    39   HIGHEST WIND DIRECTION     W (280)
  HIGHEST GUST SPEED    50   HIGHEST GUST DIRECTION     W (280)
  AVERAGE WIND SPEED    22.9


SKY COVER
  POSSIBLE SUNSHINE  MM
  AVERAGE SKY COVER 0.0


WEATHER CONDITIONS
 THE FOLLOWING WEATHER WAS RECORDED TODAY.
  NO SIGNIFICANT WEATHER WAS OBSERVED.


RELATIVE HUMIDITY (PERCENT)
 HIGHEST    45           500 AM
 LOWEST     20           400 PM
 AVERAGE    33

..........................................................


THE MIDLAND CLIMATE NORMALS FOR TOMORROW
                         NORMAL    RECORD    YEAR
 MAXIMUM TEMPERATURE (F)   58        82      1950
                                             1943
 MINIMUM TEMPERATURE (F)   31         7      1966


SUNRISE AND SUNSET
JANUARY 22 2017.......SUNRISE   747 AM CST   SUNSET   614 PM CST
JANUARY 23 2017.......SUNRISE   747 AM CST   SUNSET   615 PM CST


-  INDICATES NEGATIVE NUMBERS.
R  INDICATES RECORD WAS SET OR TIED.
MM INDICATES DATA IS MISSING.
T  INDICATES TRACE AMOUNT.




$$
