000
CDUS44 KMAF 190831
CLIMAF


CLIMATE REPORT
NATIONAL WEATHER SERVICE MIDLAND TX
231 AM CST SUN NOV 19 2017


...................................

...THE MIDLAND CLIMATE SUMMARY FOR NOVEMBER 18 2017...

CLIMATE NORMAL PERIOD 1981 TO 2010
CLIMATE RECORD PERIOD 1930 TO 2017


WEATHER ITEM   OBSERVED TIME   RECORD YEAR NORMAL DEPARTURE LAST
                VALUE   (LST)  VALUE       VALUE  FROM      YEAR
                                                  NORMAL
..................................................................
TEMPERATURE (F)
 YESTERDAY
  MAXIMUM         66    852 AM  84    1999  66      0       62
                                      1981
  MINIMUM         35   1159 PM  19    1980  38     -3       37
  AVERAGE         51                        52     -1       50

PRECIPITATION (IN)
  YESTERDAY        0.00          0.60 1944   0.02  -0.02     0.00
  MONTH TO DATE    0.40                      0.44  -0.04     1.74
  SINCE SEP 1      4.60                      4.03   0.57     4.16
  SINCE JAN 1     17.34                     13.75   3.59    14.50

SNOWFALL (IN)
  YESTERDAY        0.0
  MONTH TO DATE    0.0
  SINCE SEP 1      0.0
  SINCE JUL 1      0.0
  SNOW DEPTH       0

DEGREE DAYS
 HEATING
  YESTERDAY       14                        13      1       15
  MONTH TO DATE   97                       180    -83       69
  SINCE SEP 1    207                       289    -82       80
  SINCE JUL 1    207                       289    -82       80
..................................................................


WIND (MPH)
  HIGHEST WIND SPEED    40   HIGHEST WIND DIRECTION     N (10)
  HIGHEST GUST SPEED    47   HIGHEST GUST DIRECTION     N (10)
  AVERAGE WIND SPEED    16.4


SKY COVER
  POSSIBLE SUNSHINE  MM
  AVERAGE SKY COVER 0.0


WEATHER CONDITIONS
 THE FOLLOWING WEATHER WAS RECORDED YESTERDAY.
  HAZE


RELATIVE HUMIDITY (PERCENT)
 HIGHEST    65           100 AM
 LOWEST     18           500 PM
 AVERAGE    42

..........................................................


THE MIDLAND CLIMATE NORMALS FOR TODAY
                         NORMAL    RECORD    YEAR
 MAXIMUM TEMPERATURE (F)   65        87      1996
 MINIMUM TEMPERATURE (F)   38        18      1987


SUNRISE AND SUNSET
NOVEMBER 19 2017......SUNRISE   721 AM CST   SUNSET   547 PM CST
NOVEMBER 20 2017......SUNRISE   722 AM CST   SUNSET   547 PM CST


-  INDICATES NEGATIVE NUMBERS.
R  INDICATES RECORD WAS SET OR TIED.
MM INDICATES DATA IS MISSING.
T  INDICATES TRACE AMOUNT.




$$
