000
CDUS44 KMAF 230733
CLIMAF


CLIMATE REPORT
NATIONAL WEATHER SERVICE MIDLAND TX
233 AM CDT SUN APR 23 2017


...................................

...THE MIDLAND CLIMATE SUMMARY FOR APRIL 22 2017...

CLIMATE NORMAL PERIOD 1981 TO 2010
CLIMATE RECORD PERIOD 1930 TO 2017


WEATHER ITEM   OBSERVED TIME   RECORD YEAR NORMAL DEPARTURE LAST
                VALUE   (LST)  VALUE       VALUE  FROM      YEAR
                                                  NORMAL
..................................................................
TEMPERATURE (F)
 YESTERDAY
  MAXIMUM         68    452 PM 100    1989  81    -13       81
  MINIMUM         50    748 AM  36    1931  51     -1       53
  AVERAGE         59                        66     -7       67

PRECIPITATION (IN)
  YESTERDAY        0.00          0.53 1932   0.02  -0.02     0.00
  MONTH TO DATE    2.51                      0.46   2.05     1.32
  SINCE MAR 1      2.99                      1.06   1.93     1.66
  SINCE JAN 1      4.83                      2.33   2.50     2.14

SNOWFALL (IN)
  YESTERDAY        0.0
  MONTH TO DATE    0.0
  SINCE MAR 1      0.0
  SINCE JUL 1      0.3
  SNOW DEPTH       0

DEGREE DAYS
 HEATING
  YESTERDAY        6                         2      4        0
  MONTH TO DATE   39                        97    -58       54
  SINCE MAR 1    155                       404   -249      215
  SINCE JUL 1   1655                      2641   -986     2045

 COOLING
  YESTERDAY        0                         4     -4        2
  MONTH TO DATE  105                        53     52       57
  SINCE MAR 1    213                        69    144       92
  SINCE JAN 1    230                        71    159      107
..................................................................


WIND (MPH)
  HIGHEST WIND SPEED    32   HIGHEST WIND DIRECTION    NE (40)
  HIGHEST GUST SPEED    40   HIGHEST GUST DIRECTION    NE (50)
  AVERAGE WIND SPEED    16.9


SKY COVER
  POSSIBLE SUNSHINE  MM
  AVERAGE SKY COVER 0.6


WEATHER CONDITIONS
 THE FOLLOWING WEATHER WAS RECORDED YESTERDAY.
  NO SIGNIFICANT WEATHER WAS OBSERVED.


RELATIVE HUMIDITY (PERCENT)
 HIGHEST    72          1200 AM
 LOWEST     32           400 PM
 AVERAGE    52

..........................................................


THE MIDLAND CLIMATE NORMALS FOR TODAY
                         NORMAL    RECORD    YEAR
 MAXIMUM TEMPERATURE (F)   81        98      1989
 MINIMUM TEMPERATURE (F)   52        33      1995


SUNRISE AND SUNSET
APRIL 23 2017.........SUNRISE   711 AM CDT   SUNSET   824 PM CDT
APRIL 24 2017.........SUNRISE   710 AM CDT   SUNSET   824 PM CDT


-  INDICATES NEGATIVE NUMBERS.
R  INDICATES RECORD WAS SET OR TIED.
MM INDICATES DATA IS MISSING.
T  INDICATES TRACE AMOUNT.




$$
