000
CDUS44 KMAF 180833
CLIMAF


CLIMATE REPORT
NATIONAL WEATHER SERVICE MIDLAND/ODESSA TX
232 AM CST THU DEC 18 2014


...................................

...THE MIDLAND CLIMATE SUMMARY FOR DECEMBER 17 2014...

CLIMATE NORMAL PERIOD 1981 TO 2010
CLIMATE RECORD PERIOD 1930 TO 2014


WEATHER ITEM   OBSERVED TIME   RECORD YEAR NORMAL DEPARTURE LAST
                VALUE   (LST)  VALUE       VALUE  FROM      YEAR
                                                  NORMAL
..................................................................
TEMPERATURE (F)
 YESTERDAY
  MAXIMUM         66    501 PM  78    2002  58      8       69
  MINIMUM         47   1159 PM  17    1996  30     17       29
  AVERAGE         57                        44     13       49

PRECIPITATION (IN)
  YESTERDAY        0.00          0.93 1986   0.02  -0.02     0.00
  MONTH TO DATE    0.01                      0.34  -0.33     0.31
  SINCE DEC 1      0.01                      0.34  -0.33     0.31
  SINCE JAN 1      7.46                     14.34  -6.88     7.38

SNOWFALL (IN)
  YESTERDAY        0.0
  MONTH TO DATE    0.0
  SINCE DEC 1      0.0
  SINCE JUL 1      T
  SNOW DEPTH       0

DEGREE DAYS
 HEATING
  YESTERDAY        8                        21    -13       16
  MONTH TO DATE  192                       336   -144      381
  SINCE DEC 1    192                       336   -144      381
  SINCE JUL 1    640                       815   -175      878
..................................................................


WIND (MPH)
  HIGHEST WIND SPEED    23   HIGHEST WIND DIRECTION     W (270)
  HIGHEST GUST SPEED    27   HIGHEST GUST DIRECTION     W (260)
  AVERAGE WIND SPEED    13.9


SKY COVER
  POSSIBLE SUNSHINE  MM
  AVERAGE SKY COVER 0.5


WEATHER CONDITIONS
 THE FOLLOWING WEATHER WAS RECORDED YESTERDAY.
  NO SIGNIFICANT WEATHER WAS OBSERVED.


RELATIVE HUMIDITY (PERCENT)
 HIGHEST    80          1100 PM
 LOWEST     27           600 PM
 AVERAGE    54

..........................................................


THE MIDLAND CLIMATE NORMALS FOR TODAY
                         NORMAL    RECORD    YEAR
 MAXIMUM TEMPERATURE (F)   58        78      1939
 MINIMUM TEMPERATURE (F)   30        12      1996


SUNRISE AND SUNSET
DECEMBER 18 2014......SUNRISE   743 AM CST   SUNSET   547 PM CST
DECEMBER 19 2014......SUNRISE   744 AM CST   SUNSET   548 PM CST


-  INDICATES NEGATIVE NUMBERS.
R  INDICATES RECORD WAS SET OR TIED.
MM INDICATES DATA IS MISSING.
T  INDICATES TRACE AMOUNT.




$$
