000
CDUS44 KMAF 250731
CLIMAF

CLIMATE REPORT
NATIONAL WEATHER SERVICE MIDLAND TX
230 AM CDT SAT MAR 25 2017

...................................

...THE MIDLAND CLIMATE SUMMARY FOR MARCH 24 2017...

CLIMATE NORMAL PERIOD 1981 TO 2010
CLIMATE RECORD PERIOD 1930 TO 2017

WEATHER ITEM   OBSERVED TIME   RECORD YEAR NORMAL DEPARTURE LAST
                VALUE   (LST)  VALUE       VALUE  FROM      YEAR
                                                  NORMAL
..................................................................
TEMPERATURE (F)
 YESTERDAY
  MAXIMUM         78    346 PM  91    2012  73      5       66
                                      1988
  MINIMUM         52    642 AM  24    2006  43      9       36
  AVERAGE         65                        58      7       51

PRECIPITATION (IN)
  YESTERDAY        0.00          0.97 1941   0.03  -0.03     0.00
  MONTH TO DATE    0.13                      0.46  -0.33     0.34
  SINCE MAR 1      0.13                      0.46  -0.33     0.34
  SINCE JAN 1      1.97                      1.73   0.24     0.82

SNOWFALL (IN)
  YESTERDAY        0.0
  MONTH TO DATE    0.0
  SINCE MAR 1      0.0
  SINCE JUL 1      0.3
  SNOW DEPTH       0

DEGREE DAYS
 HEATING
  YESTERDAY        0                         8     -8       14
  MONTH TO DATE   99                       256   -157      132
  SINCE MAR 1     99                       256   -157      132
  SINCE JUL 1   1599                      2493   -894     1962

 COOLING
  YESTERDAY        0                         1     -1        0
  MONTH TO DATE   89                         7     82       20
  SINCE MAR 1     89                         7     82       20
  SINCE JAN 1    106                         9     97       35
..................................................................

WIND (MPH)
  HIGHEST WIND SPEED    36   HIGHEST WIND DIRECTION    SW (240)
  HIGHEST GUST SPEED    45   HIGHEST GUST DIRECTION     W (260)
  AVERAGE WIND SPEED    20.9

SKY COVER
  POSSIBLE SUNSHINE  MM
  AVERAGE SKY COVER 0.2

WEATHER CONDITIONS
 THE FOLLOWING WEATHER WAS RECORDED YESTERDAY.
  NO SIGNIFICANT WEATHER WAS OBSERVED.

RELATIVE HUMIDITY (PERCENT)
 HIGHEST    38          1100 PM
 LOWEST     16           400 PM
 AVERAGE    27

..........................................................

THE MIDLAND CLIMATE NORMALS FOR TODAY
                         NORMAL    RECORD    YEAR
 MAXIMUM TEMPERATURE (F)   73        90      1938
 MINIMUM TEMPERATURE (F)   43        23      1955

SUNRISE AND SUNSET
MARCH 25 2017.........SUNRISE   746 AM CDT   SUNSET   804 PM CDT
MARCH 26 2017.........SUNRISE   744 AM CDT   SUNSET   805 PM CDT

-  INDICATES NEGATIVE NUMBERS.
R  INDICATES RECORD WAS SET OR TIED.
MM INDICATES DATA IS MISSING.
T  INDICATES TRACE AMOUNT.

$$

44
