000
CDUS44 KMAF 240732
CLIMAF


CLIMATE REPORT
NATIONAL WEATHER SERVICE MIDLAND/ODESSA TX
230 AM CDT THU JUL 24 2014


...................................

...THE MIDLAND CLIMATE SUMMARY FOR JULY 23 2014...

CLIMATE NORMAL PERIOD 1981 TO 2010
CLIMATE RECORD PERIOD 1930 TO 2014


WEATHER ITEM   OBSERVED TIME   RECORD YEAR NORMAL DEPARTURE LAST
                VALUE   (LST)  VALUE       VALUE  FROM      YEAR
                                                  NORMAL
..................................................................
TEMPERATURE (F)
 YESTERDAY
  MAXIMUM        100    258 PM 105    1995  95      5       98
  MINIMUM         73    548 AM  53    1978  70      3       73
  AVERAGE         87                        82      5       86

PRECIPITATION (IN)
  YESTERDAY        0.00          1.94 1978   0.06  -0.06     0.00
  MONTH TO DATE    0.28                      1.37  -1.09     0.98
  SINCE JUN 1      0.76                      3.17  -2.41     1.83
  SINCE JAN 1      3.92                      7.43  -3.51     3.39

DEGREE DAYS
 COOLING
  YESTERDAY       22                        17      5       21
  MONTH TO DATE  413                       391     22      350
  SINCE JUN 1    961                       852    109      914
  SINCE JAN 1   1437                      1241    196     1402
..................................................................


WIND (MPH)
  HIGHEST WIND SPEED    29   HIGHEST WIND DIRECTION    NE (60)
  HIGHEST GUST SPEED    32   HIGHEST GUST DIRECTION     E (70)
  AVERAGE WIND SPEED     7.3


SKY COVER
  POSSIBLE SUNSHINE  MM
  AVERAGE SKY COVER 0.1


WEATHER CONDITIONS
 THE FOLLOWING WEATHER WAS RECORDED YESTERDAY.
  NO SIGNIFICANT WEATHER WAS OBSERVED.


RELATIVE HUMIDITY (PERCENT)
 HIGHEST    69           400 AM
 LOWEST     24           500 PM
 AVERAGE    47

..........................................................


THE MIDLAND CLIMATE NORMALS FOR TODAY
                         NORMAL    RECORD    YEAR
 MAXIMUM TEMPERATURE (F)   95       106      1995
 MINIMUM TEMPERATURE (F)   70        62      1947


SUNRISE AND SUNSET
JULY 24 2014..........SUNRISE   659 AM CDT   SUNSET   851 PM CDT
JULY 25 2014..........SUNRISE   700 AM CDT   SUNSET   851 PM CDT


-  INDICATES NEGATIVE NUMBERS.
R  INDICATES RECORD WAS SET OR TIED.
MM INDICATES DATA IS MISSING.
T  INDICATES TRACE AMOUNT.




$$
