000
CDUS44 KMAF 060833
CLIMAF


CLIMATE REPORT
NATIONAL WEATHER SERVICE MIDLAND TX
233 AM CST SAT FEB 6 2016


...................................

...THE MIDLAND CLIMATE SUMMARY FOR FEBRUARY 5 2016...

CLIMATE NORMAL PERIOD 1981 TO 2010
CLIMATE RECORD PERIOD 1930 TO 2016


WEATHER ITEM   OBSERVED TIME   RECORD YEAR NORMAL DEPARTURE LAST
                VALUE   (LST)  VALUE       VALUE  FROM      YEAR
                                                  NORMAL
..................................................................
TEMPERATURE (F)
 YESTERDAY
  MAXIMUM         58    255 PM  81    2006  60     -2       43
  MINIMUM         32    441 AM  10    1989  33     -1       30
  AVERAGE         45                        46     -1       37

PRECIPITATION (IN)
  YESTERDAY        0.00          0.81 1987   0.02  -0.02     0.00
  MONTH TO DATE    0.00                      0.12  -0.12     0.00
  SINCE DEC 1      1.42                      1.28   0.14     2.65
  SINCE JAN 1      0.18                      0.68  -0.50     2.43

SNOWFALL (IN)
  YESTERDAY        0.0
  MONTH TO DATE    0.0
  SINCE DEC 1      8.0
  SINCE JUL 1      8.0
  SNOW DEPTH       0

DEGREE DAYS
 HEATING
  YESTERDAY       20                        19      1       28
  MONTH TO DATE  103                        95      8      101
  SINCE DEC 1   1216                      1388   -172     1299
  SINCE JUL 1   1568                      1867   -299     1747
..................................................................


WIND (MPH)
  HIGHEST WIND SPEED    24   HIGHEST WIND DIRECTION     N (340)
  HIGHEST GUST SPEED    33   HIGHEST GUST DIRECTION     N (350)
  AVERAGE WIND SPEED    11.2


SKY COVER
  POSSIBLE SUNSHINE  MM
  AVERAGE SKY COVER 0.0


WEATHER CONDITIONS
 THE FOLLOWING WEATHER WAS RECORDED YESTERDAY.
  HAZE


RELATIVE HUMIDITY (PERCENT)
 HIGHEST    61           800 AM
 LOWEST     19           400 PM
 AVERAGE    40

..........................................................


THE MIDLAND CLIMATE NORMALS FOR TODAY
                         NORMAL    RECORD    YEAR
 MAXIMUM TEMPERATURE (F)   60        83      1950
                                             1932
 MINIMUM TEMPERATURE (F)   33         9      1989


SUNRISE AND SUNSET
FEBRUARY  6 2016......SUNRISE   739 AM CST   SUNSET   627 PM CST
FEBRUARY  7 2016......SUNRISE   738 AM CST   SUNSET   628 PM CST


-  INDICATES NEGATIVE NUMBERS.
R  INDICATES RECORD WAS SET OR TIED.
MM INDICATES DATA IS MISSING.
T  INDICATES TRACE AMOUNT.




$$
