000
CDUS42 KTAE 300636
CLIMAI


CLIMATE REPORT
NATIONAL WEATHER SERVICE TALLAHASSEE FL
235 AM EDT SAT AUG 30 2014


...................................

...THE MARIANNA CLIMATE SUMMARY FOR AUGUST 29 2014...

CLIMATE NORMAL PERIOD 1981 TO 2010
CLIMATE RECORD PERIOD 1950 TO 2014


WEATHER ITEM   OBSERVED NORMAL DEPARTURE LAST
                VALUE   VALUE  FROM      YEAR
                               NORMAL
...............................................
TEMPERATURE (F)
 YESTERDAY
  MAXIMUM         94     91      3       93
  MINIMUM         70     71     -1       70
  AVERAGE         82     81      1       82

PRECIPITATION (IN)
  YESTERDAY        0.28   0.12   0.16     0.00
  MONTH TO DATE    3.65   5.15  -1.50    13.99
  SINCE JUN 1     11.15  15.83  -4.68    29.54
  SINCE JAN 1     42.87  38.05   4.82    50.44

DEGREE DAYS
 HEATING
  YESTERDAY        0             0
  MONTH TO DATE    0             0
  SINCE JUN 1      0             0
  SINCE JUL 1      0             0

 COOLING
  YESTERDAY       17             1
  MONTH TO DATE  537            55
  SINCE JUN 1   1557            91
  SINCE JAN 1   1991            55
...............................................


WIND (MPH)
  HIGHEST WIND SPEED    37   HIGHEST WIND DIRECTION     S (200)
  HIGHEST GUST SPEED    47   HIGHEST GUST DIRECTION     S (200)
  AVERAGE WIND SPEED     4.7




RELATIVE HUMIDITY (PERCENT)
 HIGHEST   100
 LOWEST     52
 AVERAGE    76

..........................................................




SUNRISE AND SUNSET
AUGUST 30 2014........SUNRISE   616 AM CDT   SUNSET   706 PM CDT
AUGUST 31 2014........SUNRISE   616 AM CDT   SUNSET   705 PM CDT


-  INDICATES NEGATIVE NUMBERS.
R  INDICATES RECORD WAS SET OR TIED.
MM INDICATES DATA IS MISSING.
T  INDICATES TRACE AMOUNT.




$$
