000
CDUS42 KTAE 310636
CLIMAI


CLIMATE REPORT
NATIONAL WEATHER SERVICE TALLAHASSEE FL
134 AM EST SAT JAN 31 2015


...................................

...THE MARIANNA CLIMATE SUMMARY FOR JANUARY 30 2015...

CLIMATE NORMAL PERIOD 1981 TO 2010
CLIMATE RECORD PERIOD 1950 TO 2015


WEATHER ITEM   OBSERVED NORMAL DEPARTURE LAST
                VALUE   VALUE  FROM      YEAR
                               NORMAL
...............................................
TEMPERATURE (F)
 YESTERDAY
  MAXIMUM         62     63     -1       43
  MINIMUM         44     41      3       24
  AVERAGE         53     52      1       34

PRECIPITATION (IN)
  YESTERDAY        T      0.18  -0.18     0.00
  MONTH TO DATE    3.44   4.83  -1.39     2.36
  SINCE DEC 1      8.81   8.74   0.07     6.81
  SINCE JAN 1      3.44   4.83  -1.39     2.36

DEGREE DAYS
 HEATING
  YESTERDAY       12            -2
  MONTH TO DATE  425           -22
  SINCE DEC 1    715          -133
  SINCE JUL 1   1095             9

 COOLING
  YESTERDAY        0             0
  MONTH TO DATE    4             4
  SINCE DEC 1     13             1
  SINCE JAN 1      4             4
...............................................


WIND (MPH)
  HIGHEST WIND SPEED    20   HIGHEST WIND DIRECTION     N (340)
  HIGHEST GUST SPEED    26   HIGHEST GUST DIRECTION     N (350)
  AVERAGE WIND SPEED     8.7




RELATIVE HUMIDITY (PERCENT)
 HIGHEST   100
 LOWEST     27
 AVERAGE    64

..........................................................




SUNRISE AND SUNSET
JANUARY 31 2015.......SUNRISE   633 AM CST   SUNSET   516 PM CST
FEBRUARY  1 2015......SUNRISE   632 AM CST   SUNSET   516 PM CST


-  INDICATES NEGATIVE NUMBERS.
R  INDICATES RECORD WAS SET OR TIED.
MM INDICATES DATA IS MISSING.
T  INDICATES TRACE AMOUNT.




$$
