000
CDUS42 KTAE 210624
CLIMAI


CLIMATE REPORT
NATIONAL WEATHER SERVICE TALLAHASSEE FL
221 AM EDT MON APR 21 2014

...................................

...THE MARIANNA CLIMATE SUMMARY FOR APRIL 20 2014...

CLIMATE NORMAL PERIOD 1981 TO 2010
CLIMATE RECORD PERIOD 1950 TO 2014


WEATHER ITEM   OBSERVED NORMAL DEPARTURE LAST
                VALUE   VALUE  FROM      YEAR
                               NORMAL
...............................................
TEMPERATURE (F)
 YESTERDAY
  MAXIMUM         63     81    -18
  MINIMUM         52     55     -3
  AVERAGE         58     68    -10

PRECIPITATION (IN)
  YESTERDAY        0.00   0.11  -0.11     0.00
  MONTH TO DATE    7.65   2.96   4.69     2.90
  SINCE MAR 1     15.51   8.50   7.01     5.88
  SINCE JAN 1     22.84  18.48   4.36    19.75

DEGREE DAYS
 HEATING
  YESTERDAY        7             6
  MONTH TO DATE   62             8
  SINCE MAR 1    280            46
  SINCE JUL 1   1740           101

 COOLING
  YESTERDAY        0            -4
  MONTH TO DATE   34           -26
  SINCE MAR 1     37           -55
  SINCE JAN 1     46           -61
...............................................

WIND (MPH)
  HIGHEST WIND SPEED    16   HIGHEST WIND DIRECTION    NE (40)
  HIGHEST GUST SPEED    27   HIGHEST GUST DIRECTION    NE (40)
  AVERAGE WIND SPEED     8.4

RELATIVE HUMIDITY (PERCENT)
 HIGHEST   100
 LOWEST     72
 AVERAGE    86

..........................................................


SUNRISE AND SUNSET
APRIL 21 2014.........SUNRISE   607 AM CDT   SUNSET   713 PM CDT
APRIL 22 2014.........SUNRISE   605 AM CDT   SUNSET   713 PM CDT


-  INDICATES NEGATIVE NUMBERS.
R  INDICATES RECORD WAS SET OR TIED.
MM INDICATES DATA IS MISSING.
T  INDICATES TRACE AMOUNT.

$$
