000
CDUS42 KTAE 150630
CLIMAI


CLIMATE REPORT
NATIONAL WEATHER SERVICE TALLAHASSEE FL
130 AM EST FRI DEC 15 2017


...................................

...THE MARIANNA CLIMATE SUMMARY FOR DECEMBER 14 2017...

CLIMATE NORMAL PERIOD 1981 TO 2010
CLIMATE RECORD PERIOD 1950 TO 2017


WEATHER ITEM   OBSERVED NORMAL DEPARTURE LAST
                VALUE   VALUE  FROM      YEAR
                               NORMAL
...............................................
TEMPERATURE (F)
 YESTERDAY
  MAXIMUM         66     64      2       68
  MINIMUM         39     41     -2       59
  AVERAGE         53     53      0       64

PRECIPITATION (IN)
  YESTERDAY        0.00   0.13  -0.13     0.10
  MONTH TO DATE    1.75   1.93  -0.18    10.12
  SINCE DEC 1      1.75   1.93  -0.18    10.12
  SINCE JAN 1     45.83  51.60  -5.77    48.80

DEGREE DAYS
 HEATING
  YESTERDAY       12            -1
  MONTH TO DATE  164             6
  SINCE DEC 1    164             6
  SINCE JUL 1    345           -51

 COOLING
  YESTERDAY        0             0
  MONTH TO DATE    3            -9
  SINCE DEC 1      3            -9
  SINCE JAN 1   2988           427
...............................................


WIND (MPH)
  HIGHEST WIND SPEED    13   HIGHEST WIND DIRECTION    SW (240)
  HIGHEST GUST SPEED    15   HIGHEST GUST DIRECTION     S (200)
  AVERAGE WIND SPEED     2.8




RELATIVE HUMIDITY (PERCENT)
 HIGHEST    92
 LOWEST     24
 AVERAGE    58

..........................................................




SUNRISE AND SUNSET
DECEMBER 15 2017......SUNRISE   631 AM CST   SUNSET   441 PM CST
DECEMBER 16 2017......SUNRISE   632 AM CST   SUNSET   441 PM CST


-  INDICATES NEGATIVE NUMBERS.
R  INDICATES RECORD WAS SET OR TIED.
MM INDICATES DATA IS MISSING.
T  INDICATES TRACE AMOUNT.




$$
