000
CDUS42 KTAE 260634
CLIMAI


CLIMATE REPORT
NATIONAL WEATHER SERVICE TALLAHASSEE FL
233 AM EDT TUE SEP 26 2017


...................................

...THE MARIANNA CLIMATE SUMMARY FOR SEPTEMBER 25 2017...

CLIMATE NORMAL PERIOD 1981 TO 2010
CLIMATE RECORD PERIOD 1950 TO 2017


WEATHER ITEM   OBSERVED NORMAL DEPARTURE LAST
                VALUE   VALUE  FROM      YEAR
                               NORMAL
...............................................
TEMPERATURE (F)
 YESTERDAY
  MAXIMUM         91     86      5       95
  MINIMUM         71     65      6       70
  AVERAGE         81     76      5       83

PRECIPITATION (IN)
  YESTERDAY        0.00   0.14  -0.14     2.44
  MONTH TO DATE    3.09   3.21  -0.12     3.73
  SINCE SEP 1      3.09   3.21  -0.12     3.73
  SINCE JAN 1     42.79  41.54   1.25    37.52

DEGREE DAYS
 HEATING
  YESTERDAY        0             0
  MONTH TO DATE    2             2
  SINCE SEP 1      2             2
  SINCE JUL 1      2             2

 COOLING
  YESTERDAY       16             5
  MONTH TO DATE  330           -10
  SINCE SEP 1    330           -10
  SINCE JAN 1   2593           288
...............................................


WIND (MPH)
  HIGHEST WIND SPEED    12   HIGHEST WIND DIRECTION    NE (60)
  HIGHEST GUST SPEED    15   HIGHEST GUST DIRECTION    NE (60)
  AVERAGE WIND SPEED     3.8




RELATIVE HUMIDITY (PERCENT)
 HIGHEST    93
 LOWEST     47
 AVERAGE    70

..........................................................




SUNRISE AND SUNSET
SEPTEMBER 26 2017.....SUNRISE   631 AM CDT   SUNSET   632 PM CDT
SEPTEMBER 27 2017.....SUNRISE   632 AM CDT   SUNSET   631 PM CDT


-  INDICATES NEGATIVE NUMBERS.
R  INDICATES RECORD WAS SET OR TIED.
MM INDICATES DATA IS MISSING.
T  INDICATES TRACE AMOUNT.




$$
