000
CDUS42 KTAE 260637
CLIMAI


CLIMATE REPORT
NATIONAL WEATHER SERVICE TALLAHASSEE FL
236 AM EDT TUE JUL 26 2016


...................................

...THE MARIANNA CLIMATE SUMMARY FOR JULY 25 2016...

CLIMATE NORMAL PERIOD 1981 TO 2010
CLIMATE RECORD PERIOD 1950 TO 2016


WEATHER ITEM   OBSERVED NORMAL DEPARTURE LAST
                VALUE   VALUE  FROM      YEAR
                               NORMAL
...............................................
TEMPERATURE (F)
 YESTERDAY
  MAXIMUM         94     92      2       92
  MINIMUM         75     73      2       73
  AVERAGE         85     82      3       83

PRECIPITATION (IN)
  YESTERDAY        T      0.15  -0.15     0.00
  MONTH TO DATE    2.20   4.23  -2.03     4.42
  SINCE JUN 1      4.82   9.80  -4.98     8.34
  SINCE JAN 1     27.00  32.02  -5.02    33.91

DEGREE DAYS
 HEATING
  YESTERDAY        0             0
  MONTH TO DATE    0             0
  SINCE JUN 1      0             0
  SINCE JUL 1      0             0

 COOLING
  YESTERDAY       20             3
  MONTH TO DATE  476            51
  SINCE JUN 1    981            97
  SINCE JAN 1   1480           126
...............................................


WIND (MPH)
  HIGHEST WIND SPEED    23   HIGHEST WIND DIRECTION     S (170)
  HIGHEST GUST SPEED    32   HIGHEST GUST DIRECTION     S (170)
  AVERAGE WIND SPEED     6.2




RELATIVE HUMIDITY (PERCENT)
 HIGHEST   100
 LOWEST     49
 AVERAGE    75

..........................................................




SUNRISE AND SUNSET
JULY 26 2016..........SUNRISE   555 AM CDT   SUNSET   739 PM CDT
JULY 27 2016..........SUNRISE   555 AM CDT   SUNSET   739 PM CDT


-  INDICATES NEGATIVE NUMBERS.
R  INDICATES RECORD WAS SET OR TIED.
MM INDICATES DATA IS MISSING.
T  INDICATES TRACE AMOUNT.




$$
