000
CDUS43 KABR 241200
CLIMBG


CLIMATE REPORT
NATIONAL WEATHER SERVICE ABERDEEN SD
700 AM CDT MON JUL 24 2017


...................................

...THE MOBRIDGE SD CLIMATE SUMMARY FOR JULY 23 2017...

CLIMATE NORMAL PERIOD 1981 TO 2010
CLIMATE RECORD PERIOD 1911 TO 2017


WEATHER ITEM   OBSERVED TIME   RECORD YEAR NORMAL DEPARTURE LAST
                VALUE   (LST)  VALUE       VALUE  FROM      YEAR
                                                  NORMAL
..................................................................
TEMPERATURE (F)
 YESTERDAY
  MAXIMUM         85    505 PM 108    1940  87     -2       88
  MINIMUM         58    339 AM  46    1952  60     -2       64
  AVERAGE         72                        74     -2       76

PRECIPITATION (IN)
  YESTERDAY        0.00          0.64 1949   0.08  -0.08     0.03
  MONTH TO DATE    2.95                      2.03   0.92     1.10
  SINCE JUN 1      4.45                      5.19  -0.74     3.51
  SINCE JAN 1      6.98                     11.21  -4.23    13.89

DEGREE DAYS
 HEATING
  YESTERDAY        0                         0      0        0
  MONTH TO DATE    0                         5     -5        1
  SINCE JUN 1     29                        80    -51       13
  SINCE JUL 1      0                         5     -5        1

 COOLING
  YESTERDAY        7                         9     -2       11
  MONTH TO DATE  301                       180    121      253
  SINCE JUN 1    480                       279    201      473
  SINCE JAN 1    500                       295    205      489
..................................................................


WIND (MPH)
  HIGHEST WIND SPEED    16   HIGHEST WIND DIRECTION    SE (130)
  HIGHEST GUST SPEED    20   HIGHEST GUST DIRECTION    SE (130)
  AVERAGE WIND SPEED     6.3


SKY COVER
  POSSIBLE SUNSHINE  MM
  AVERAGE SKY COVER 0.0


WEATHER CONDITIONS
 THE FOLLOWING WEATHER WAS RECORDED YESTERDAY.
  NO SIGNIFICANT WEATHER WAS OBSERVED.


RELATIVE HUMIDITY (PERCENT)
 HIGHEST    93           300 AM
 LOWEST     40           500 PM
 AVERAGE    67

..........................................................


THE MOBRIDGE SD CLIMATE NORMALS FOR TODAY
                         NORMAL    RECORD    YEAR
 MAXIMUM TEMPERATURE (F)   87       109      1952
 MINIMUM TEMPERATURE (F)   60        47      2004


SUNRISE AND SUNSET
JULY 24 2017..........SUNRISE   617 AM CDT   SUNSET   919 PM CDT
JULY 25 2017..........SUNRISE   618 AM CDT   SUNSET   918 PM CDT


-  INDICATES NEGATIVE NUMBERS.
R  INDICATES RECORD WAS SET OR TIED.
MM INDICATES DATA IS MISSING.
T  INDICATES TRACE AMOUNT.




$$
