000
CDUS43 KABR 071004
CLIMBG


CLIMATE REPORT
NATIONAL WEATHER SERVICE ABERDEEN SD
404 AM CST WED DEC 7 2016


...................................

...THE MOBRIDGE SD CLIMATE SUMMARY FOR DECEMBER 6 2016...

CLIMATE NORMAL PERIOD 1981 TO 2010
CLIMATE RECORD PERIOD 1911 TO 2016


WEATHER ITEM   OBSERVED TIME   RECORD YEAR NORMAL DEPARTURE LAST
                VALUE   (LST)  VALUE       VALUE  FROM      YEAR
                                                  NORMAL
..................................................................
TEMPERATURE (F)
 YESTERDAY
  MAXIMUM         14    559 AM  70    1939  32    -18       47
  MINIMUM          7   1146 PM -24    1950  10     -3       22
  AVERAGE         11                        21    -10       35

PRECIPITATION (IN)
  YESTERDAY        0.01          0.59 1951   0.01   0.00     0.00
  MONTH TO DATE    0.15                      0.05   0.10     0.09
  SINCE DEC 1      0.15                      0.05   0.10     0.09
  SINCE JAN 1     19.28                     17.48   1.80    23.09

SNOWFALL (IN)
  YESTERDAY        0.2
  MONTH TO DATE    3.1
  SINCE OCT 1     14.5
  SINCE JUL 1     14.5
  SNOW DEPTH       4

DEGREE DAYS
 HEATING
  YESTERDAY       54                        44     10       30
  MONTH TO DATE  233                       258    -25      194
  SINCE DEC 1    233                       258    -25      194
  SINCE JUL 1   1384                      2024   -640     1488

 COOLING
  YESTERDAY        0                         0      0        0
  MONTH TO DATE    0                         0      0        0
  SINCE DEC 1      0                         0      0        0
  SINCE JAN 1    961                       644    317      860
..................................................................


WIND (MPH)
  HIGHEST WIND SPEED    40   HIGHEST WIND DIRECTION    NW (310)
  HIGHEST GUST SPEED    52   HIGHEST GUST DIRECTION    NW (310)
  AVERAGE WIND SPEED    30.6


SKY COVER
  POSSIBLE SUNSHINE  MM
  AVERAGE SKY COVER 0.8


WEATHER CONDITIONS
 THE FOLLOWING WEATHER WAS RECORDED YESTERDAY.
  SNOW
  LIGHT SNOW
  BLOWING SNOW


RELATIVE HUMIDITY (PERCENT)
 HIGHEST    76           200 AM
 LOWEST     63           700 PM
 AVERAGE    70

..........................................................


THE MOBRIDGE SD CLIMATE NORMALS FOR TODAY
                         NORMAL    RECORD    YEAR
 MAXIMUM TEMPERATURE (F)   31        62      1918
 MINIMUM TEMPERATURE (F)   10       -20      2013


SUNRISE AND SUNSET
DECEMBER  7 2016......SUNRISE   808 AM CST   SUNSET   458 PM CST
DECEMBER  8 2016......SUNRISE   809 AM CST   SUNSET   458 PM CST


-  INDICATES NEGATIVE NUMBERS.
R  INDICATES RECORD WAS SET OR TIED.
MM INDICATES DATA IS MISSING.
T  INDICATES TRACE AMOUNT.




$$
