000
CDUS43 KABR 221035
CLIMBG


CLIMATE REPORT
NATIONAL WEATHER SERVICE ABERDEEN SD
434 AM CST WED NOV 22 2017


...................................

...THE MOBRIDGE SD CLIMATE SUMMARY FOR NOVEMBER 21 2017...

CLIMATE NORMAL PERIOD 1981 TO 2010
CLIMATE RECORD PERIOD 1911 TO 2017


WEATHER ITEM   OBSERVED TIME   RECORD YEAR NORMAL DEPARTURE LAST
                VALUE   (LST)  VALUE       VALUE  FROM      YEAR
                                                  NORMAL
..................................................................
TEMPERATURE (F)
 YESTERDAY
  MAXIMUM         37   1200 AM  68    1917  39     -2       48
  MINIMUM          9    959 PM  -9    1929  18     -9       21
  AVERAGE         23                        29     -6       35

PRECIPITATION (IN)
  YESTERDAY        0.00          0.13 1947   0.00   0.00     0.00
  MONTH TO DATE    0.17                      0.43  -0.26     0.21
  SINCE SEP 1      2.36                      3.47  -1.11     1.32
  SINCE JAN 1     15.06                     17.38  -2.32    18.29

SNOWFALL (IN)
  YESTERDAY        0.0
  MONTH TO DATE    0.4
  SINCE OCT 1      0.4
  SINCE JUL 1      0.4
  SNOW DEPTH       0

DEGREE DAYS
 HEATING
  YESTERDAY       42                        36      6       30
  MONTH TO DATE  693                       640     53      384
  SINCE SEP 1   1286                      1381    -95      863
  SINCE JUL 1   1292                      1414   -122      877

 COOLING
  YESTERDAY        0                         0      0        0
  MONTH TO DATE    0                         0      0        0
  SINCE SEP 1     80                        63     17       83
  SINCE JAN 1    791                       644    147      961
..................................................................


WIND (MPH)
  HIGHEST WIND SPEED    35   HIGHEST WIND DIRECTION    NW (330)
  HIGHEST GUST SPEED    44   HIGHEST GUST DIRECTION     N (340)
  AVERAGE WIND SPEED    14.5


SKY COVER
  POSSIBLE SUNSHINE  MM
  AVERAGE SKY COVER 0.2


WEATHER CONDITIONS
 THE FOLLOWING WEATHER WAS RECORDED YESTERDAY.
  NO SIGNIFICANT WEATHER WAS OBSERVED.


RELATIVE HUMIDITY (PERCENT)
 HIGHEST    73           900 PM
 LOWEST     37          1200 AM
 AVERAGE    55

..........................................................


THE MOBRIDGE SD CLIMATE NORMALS FOR TODAY
                         NORMAL    RECORD    YEAR
 MAXIMUM TEMPERATURE (F)   39        67      1912
 MINIMUM TEMPERATURE (F)   17        -8      1929


SUNRISE AND SUNSET
NOVEMBER 22 2017......SUNRISE   751 AM CST   SUNSET   505 PM CST
NOVEMBER 23 2017......SUNRISE   752 AM CST   SUNSET   504 PM CST


-  INDICATES NEGATIVE NUMBERS.
R  INDICATES RECORD WAS SET OR TIED.
MM INDICATES DATA IS MISSING.
T  INDICATES TRACE AMOUNT.




$$
