000
CDUS43 KABR 052353
CLIMBG


CLIMATE REPORT
NATIONAL WEATHER SERVICE ABERDEEN SD
553 PM CST THU MAR 5 2015


...................................

...THE MOBRIDGE SD CLIMATE SUMMARY FOR MARCH 5 2015...
VALID TODAY AS OF 0500 PM LOCAL TIME.

CLIMATE NORMAL PERIOD 1981 TO 2010
CLIMATE RECORD PERIOD 1911 TO 2015


WEATHER ITEM   OBSERVED TIME   RECORD YEAR NORMAL DEPARTURE LAST
                VALUE   (LST)  VALUE       VALUE  FROM      YEAR
                                                  NORMAL
..................................................................
TEMPERATURE (F)
 TODAY
  MAXIMUM         39    447 PM  77    2000  37      2       25
  MINIMUM         -3    124 AM -20    1919  17    -20        6
  AVERAGE         18                        27     -9       16

PRECIPITATION (IN)
  TODAY            0.00          1.04 1983   0.03  -0.03      T
  MONTH TO DATE    T                         0.12  -0.12     0.11
  SINCE MAR 1      T                         0.12  -0.12     0.11
  SINCE JAN 1      0.80                      0.85  -0.05     0.72

SNOWFALL (IN)
  TODAY            0.0
  MONTH TO DATE    T
  SINCE OCT 1     18.7
  SINCE JUL 1     18.7
  SNOW DEPTH       0

DEGREE DAYS
 HEATING
  TODAY           47                        38      9       49
  MONTH TO DATE  242                       194     48      303
  SINCE MAR 1    242                       194     48      303
  SINCE JUL 1   6001                      6169   -168     6843

 COOLING
  TODAY            0                         0      0        0
  MONTH TO DATE    0                         0      0        0
  SINCE MAR 1      0                         0      0        0
  SINCE JAN 1      0                         0      0        0
..................................................................


WIND (MPH)
  HIGHEST WIND SPEED    21   HIGHEST WIND DIRECTION     S (180)
  HIGHEST GUST SPEED    27   HIGHEST GUST DIRECTION     S (180)
  AVERAGE WIND SPEED    12.3


SKY COVER
  POSSIBLE SUNSHINE  MM
  AVERAGE SKY COVER 0.0


WEATHER CONDITIONS
 THE FOLLOWING WEATHER WAS RECORDED TODAY.
  NO SIGNIFICANT WEATHER WAS OBSERVED.


RELATIVE HUMIDITY (PERCENT)
 HIGHEST    79           200 AM
 LOWEST     30           400 PM
 AVERAGE    55

..........................................................


THE MOBRIDGE SD CLIMATE NORMALS FOR TOMORROW
                         NORMAL    RECORD    YEAR
 MAXIMUM TEMPERATURE (F)   38        68      1937
 MINIMUM TEMPERATURE (F)   17       -20      1932


SUNRISE AND SUNSET
MARCH  5 2015.........SUNRISE   713 AM CST   SUNSET   634 PM CST
MARCH  6 2015.........SUNRISE   711 AM CST   SUNSET   635 PM CST


-  INDICATES NEGATIVE NUMBERS.
R  INDICATES RECORD WAS SET OR TIED.
MM INDICATES DATA IS MISSING.
T  INDICATES TRACE AMOUNT.




$$
