000
CDUS43 KABR 230918
CLIMBG


CLIMATE REPORT
NATIONAL WEATHER SERVICE ABERDEEN SD
417 AM CDT SAT MAY 23 2015


...................................

...THE MOBRIDGE SD CLIMATE SUMMARY FOR MAY 22 2015...

CLIMATE NORMAL PERIOD 1981 TO 2010
CLIMATE RECORD PERIOD 1911 TO 2015


WEATHER ITEM   OBSERVED TIME   RECORD YEAR NORMAL DEPARTURE LAST
                VALUE   (LST)  VALUE       VALUE  FROM      YEAR
                                                  NORMAL
..................................................................
TEMPERATURE (F)
 YESTERDAY
  MAXIMUM         77    132 PM  91    1966  70      7       78
  MINIMUM         42    526 AM  27    1963  46     -4       50
  AVERAGE         60                        58      2       64

PRECIPITATION (IN)
  YESTERDAY        0.00          1.15 1986   0.10  -0.10      T
  MONTH TO DATE    8.30                      1.97   6.33     1.25
  SINCE MAR 1      8.97                      4.44   4.53     4.11
  SINCE JAN 1      9.77                      5.17   4.60     4.72

DEGREE DAYS
 HEATING
  YESTERDAY        5                         8     -3        1
  MONTH TO DATE  253                       233     20      313
  SINCE MAR 1   1543                      1853   -310     2130
  SINCE JUL 1   7302                      7828   -526     8670

 COOLING
  YESTERDAY        0                         1     -1        0
  MONTH TO DATE    6                         4      2        0
  SINCE MAR 1      6                         5      1        0
  SINCE JAN 1      6                         5      1        0
..................................................................


WIND (MPH)
  HIGHEST WIND SPEED    24   HIGHEST WIND DIRECTION    SE (150)
  HIGHEST GUST SPEED    30   HIGHEST GUST DIRECTION    SE (150)
  AVERAGE WIND SPEED     9.3


SKY COVER
  POSSIBLE SUNSHINE  MM
  AVERAGE SKY COVER 0.1


WEATHER CONDITIONS
 THE FOLLOWING WEATHER WAS RECORDED YESTERDAY.
  NO SIGNIFICANT WEATHER WAS OBSERVED.


RELATIVE HUMIDITY (PERCENT)
 HIGHEST    89           500 AM
 LOWEST     23           100 PM
 AVERAGE    56

..........................................................


THE MOBRIDGE SD CLIMATE NORMALS FOR TODAY
                         NORMAL    RECORD    YEAR
 MAXIMUM TEMPERATURE (F)   70        95      1928
 MINIMUM TEMPERATURE (F)   46        28      2002


SUNRISE AND SUNSET
MAY 23 2015...........SUNRISE   603 AM CDT   SUNSET   914 PM CDT
MAY 24 2015...........SUNRISE   602 AM CDT   SUNSET   915 PM CDT


-  INDICATES NEGATIVE NUMBERS.
R  INDICATES RECORD WAS SET OR TIED.
MM INDICATES DATA IS MISSING.
T  INDICATES TRACE AMOUNT.




$$
