000
CDUS43 KABR 202344
CLIMBG


CLIMATE REPORT
NATIONAL WEATHER SERVICE ABERDEEN SD
542 PM CST TUE FEB 20 2018


...................................

...THE MOBRIDGE SD CLIMATE SUMMARY FOR FEBRUARY 20 2018...
VALID TODAY AS OF 0500 PM LOCAL TIME.

CLIMATE NORMAL PERIOD 1981 TO 2010
CLIMATE RECORD PERIOD 1911 TO 2018


WEATHER ITEM   OBSERVED TIME   RECORD YEAR NORMAL DEPARTURE LAST
                VALUE   (LST)  VALUE       VALUE  FROM      YEAR
                                                  NORMAL
..................................................................
TEMPERATURE (F)
 TODAY
  MAXIMUM         12    425 PM  61    1930  33    -21       55
  MINIMUM          4    457 AM -23    1936  11     -7       36
  AVERAGE          8                        22    -14       46

PRECIPITATION (IN)
  TODAY            0.06          0.64 1955   0.01   0.05     0.14
  MONTH TO DATE    0.58                      0.28   0.30     0.21
  SINCE DEC 1      1.18                      1.01   0.17     3.04
  SINCE JAN 1      0.64                      0.57   0.07     0.74

SNOWFALL (IN)
  TODAY           MM
  MONTH TO DATE    8.7
  SINCE OCT 1     19.0
  SINCE JUL 1     19.0
  SNOW DEPTH      MM

DEGREE DAYS
 HEATING
  TODAY           57                        43     14       19
  MONTH TO DATE 1143                       911    232      817
  SINCE DEC 1   3946                      3878     68     4023
  SINCE JUL 1   5447                      5644   -197     5174

 COOLING
  TODAY            0                         0      0        0
  MONTH TO DATE    0                         0      0        0
  SINCE DEC 1      0                         0      0        0
  SINCE JAN 1      0                         0      0        0
..................................................................


WIND (MPH)
  HIGHEST WIND SPEED    17   HIGHEST WIND DIRECTION    NW (300)
  HIGHEST GUST SPEED    21   HIGHEST GUST DIRECTION     W (290)
  AVERAGE WIND SPEED    12.2


SKY COVER
  POSSIBLE SUNSHINE  MM
  AVERAGE SKY COVER 0.7


WEATHER CONDITIONS
 THE FOLLOWING WEATHER WAS RECORDED TODAY.
  LIGHT SNOW
  HAZE


RELATIVE HUMIDITY (PERCENT)
 HIGHEST    83          1200 AM
 LOWEST     58           300 PM
 AVERAGE    71

..........................................................


THE MOBRIDGE SD CLIMATE NORMALS FOR TOMORROW
                         NORMAL    RECORD    YEAR
 MAXIMUM TEMPERATURE (F)   33        66      1982
 MINIMUM TEMPERATURE (F)   12       -25      1936


SUNRISE AND SUNSET
FEBRUARY 20 2018......SUNRISE   735 AM CST   SUNSET   616 PM CST
FEBRUARY 21 2018......SUNRISE   734 AM CST   SUNSET   617 PM CST


-  INDICATES NEGATIVE NUMBERS.
R  INDICATES RECORD WAS SET OR TIED.
MM INDICATES DATA IS MISSING.
T  INDICATES TRACE AMOUNT.




$$
