000
CDUS43 KABR 221019
CLIMBG


CLIMATE REPORT
NATIONAL WEATHER SERVICE ABERDEEN SD
419 AM CST MON DEC 22 2014


...................................

...THE MOBRIDGE SD CLIMATE SUMMARY FOR DECEMBER 21 2014...

CLIMATE NORMAL PERIOD 1981 TO 2010
CLIMATE RECORD PERIOD 1911 TO 2014


WEATHER ITEM   OBSERVED TIME   RECORD YEAR NORMAL DEPARTURE LAST
                VALUE   (LST)  VALUE       VALUE  FROM      YEAR
                                                  NORMAL
..................................................................
TEMPERATURE (F)
 YESTERDAY
  MAXIMUM         42    204 PM  59    1933  27     15        5
  MINIMUM         21    720 AM -29    1989   6     15      -10
  AVERAGE         32                        16     16       -2

PRECIPITATION (IN)
  YESTERDAY        0.00          0.30 1995   0.02  -0.02     0.01
  MONTH TO DATE    0.01                      0.24  -0.23     0.49
  SINCE DEC 1      0.01                      0.24  -0.23     0.49
  SINCE JAN 1     21.40                     17.67   3.73    23.41

SNOWFALL (IN)
  YESTERDAY        0.0
  MONTH TO DATE    T
  SINCE OCT 1      7.5
  SINCE JUL 1      7.5
  SNOW DEPTH       0

DEGREE DAYS
 HEATING
  YESTERDAY       33                        48    -15       67
  MONTH TO DATE  796                       959   -163     1154
  SINCE DEC 1    796                       959   -163     1154
  SINCE JUL 1   2621                      2725   -104     2962

 COOLING
  YESTERDAY        0                         0      0        0
  MONTH TO DATE    0                         0      0        0
  SINCE DEC 1      0                         0      0        0
  SINCE JAN 1    471                       644   -173      700
..................................................................


WIND (MPH)
  HIGHEST WIND SPEED    15   HIGHEST WIND DIRECTION    SE (150)
  HIGHEST GUST SPEED    17   HIGHEST GUST DIRECTION     E (100)
  AVERAGE WIND SPEED     8.6


SKY COVER
  POSSIBLE SUNSHINE  MM
  AVERAGE SKY COVER 0.4


WEATHER CONDITIONS
 THE FOLLOWING WEATHER WAS RECORDED YESTERDAY.
  FOG
  FOG W/VISIBILITY <= 1/4 MILE


RELATIVE HUMIDITY (PERCENT)
 HIGHEST   100          1000 PM
 LOWEST     57           200 PM
 AVERAGE    79

..........................................................


THE MOBRIDGE SD CLIMATE NORMALS FOR TODAY
                         NORMAL    RECORD    YEAR
 MAXIMUM TEMPERATURE (F)   27        59      1954
 MINIMUM TEMPERATURE (F)    6       -30      1989


SUNRISE AND SUNSET
DECEMBER 22 2014......SUNRISE   819 AM CST   SUNSET   501 PM CST
DECEMBER 23 2014......SUNRISE   820 AM CST   SUNSET   502 PM CST


-  INDICATES NEGATIVE NUMBERS.
R  INDICATES RECORD WAS SET OR TIED.
MM INDICATES DATA IS MISSING.
T  INDICATES TRACE AMOUNT.




$$
