000
CDUS43 KABR 292239
CLIMBG


CLIMATE REPORT
NATIONAL WEATHER SERVICE ABERDEEN SD
538 PM CDT SAT AUG 29 2015


...................................

...THE MOBRIDGE SD CLIMATE SUMMARY FOR AUGUST 29 2015...
VALID TODAY AS OF 0500 PM LOCAL TIME.

CLIMATE NORMAL PERIOD 1981 TO 2010
CLIMATE RECORD PERIOD 1911 TO 2015


WEATHER ITEM   OBSERVED TIME   RECORD YEAR NORMAL DEPARTURE LAST
                VALUE   (LST)  VALUE       VALUE  FROM      YEAR
                                                  NORMAL
..................................................................
TEMPERATURE (F)
 TODAY
  MAXIMUM         90    348 PM 106    2012  82      8       77
  MINIMUM         59    635 AM  36    1946  55      4       53
  AVERAGE         75                        68      7       65

PRECIPITATION (IN)
  TODAY            0.00          1.90 1912   0.06  -0.06     0.00
  MONTH TO DATE    3.80                      1.91   1.89     4.55
  SINCE JUN 1      9.63                      7.77   1.86    12.99
  SINCE JAN 1     20.42                     13.79   6.63    19.11

DEGREE DAYS
 HEATING
  TODAY            0                         2     -2        0
  MONTH TO DATE   22                        13      9       21
  SINCE JUN 1     40                       100    -60      119
  SINCE JUL 1     22                        25     -3       44

 COOLING
  TODAY           10                         5      5        0
  MONTH TO DATE  205                       209     -4      136
  SINCE JUN 1    674                       557    117      351
  SINCE JAN 1    690                       573    117      401
..................................................................


WIND (MPH)
  HIGHEST WIND SPEED    13   HIGHEST WIND DIRECTION    SE (150)
  HIGHEST GUST SPEED    16   HIGHEST GUST DIRECTION    SE (150)
  AVERAGE WIND SPEED     6.1


SKY COVER
  POSSIBLE SUNSHINE  MM
  AVERAGE SKY COVER 0.0


WEATHER CONDITIONS
 THE FOLLOWING WEATHER WAS RECORDED TODAY.
  FOG
  HAZE


RELATIVE HUMIDITY (PERCENT)
 HIGHEST   100          1200 AM
 LOWEST     41           200 PM
 AVERAGE    71

..........................................................


THE MOBRIDGE SD CLIMATE NORMALS FOR TOMORROW
                         NORMAL    RECORD    YEAR
 MAXIMUM TEMPERATURE (F)   81       101      1961
 MINIMUM TEMPERATURE (F)   55        32      1935


SUNRISE AND SUNSET
AUGUST 29 2015........SUNRISE   659 AM CDT   SUNSET   825 PM CDT
AUGUST 30 2015........SUNRISE   700 AM CDT   SUNSET   823 PM CDT


-  INDICATES NEGATIVE NUMBERS.
R  INDICATES RECORD WAS SET OR TIED.
MM INDICATES DATA IS MISSING.
T  INDICATES TRACE AMOUNT.




$$
