000
CDUS46 KHNX 020825
CLIMCE


CLIMATE REPORT
NATIONAL WEATHER SERVICE SAN JOAQUIN VALLEY, CA
125 AM PDT SUN AUG 2 2015


...................................

...THE MERCED  CA CLIMATE SUMMARY FOR AUGUST 1 2015...

CLIMATE NORMAL PERIOD 1981 TO 2010
CLIMATE RECORD PERIOD 1998 TO 2015


WEATHER ITEM   OBSERVED TIME   RECORD YEAR NORMAL DEPARTURE
                VALUE   (LST)  VALUE       VALUE  FROM
                                                  NORMAL
...............................................................
TEMPERATURE (F)
 YESTERDAY
  MAXIMUM         94    501 PM 107    2014  95     -1
  MINIMUM         64    522 AM  55    1999  60      4
  AVERAGE         79                        78      1

PRECIPITATION (IN)
  YESTERDAY        0.00          T    2000   0.00   0.00
  MONTH TO DATE    0.00                      0.00   0.00
  SINCE OCT 1      7.84                     12.20  -4.36
  SINCE JAN 1      3.09                      8.69  -5.60

SNOWFALL (IN)
  YESTERDAY        0.0
  MONTH TO DATE    0.0
  SINCE JUN 1      0.0
  SINCE JUL 1      0.0
  SNOW DEPTH       0

DEGREE DAYS
 HEATING
  YESTERDAY        0
  MONTH TO DATE    0
  SINCE JUN 1      0
  SINCE JUL 1      0

 COOLING
  YESTERDAY       14
  MONTH TO DATE   14
  SINCE JUN 1    838
  SINCE JAN 1    960
...............................................................


WIND (MPH)
  HIGHEST WIND SPEED    16   HIGHEST WIND DIRECTION    NW (330)
  HIGHEST GUST SPEED    20   HIGHEST GUST DIRECTION    NW (330)
  AVERAGE WIND SPEED     8.3




RELATIVE HUMIDITY (PERCENT)
 HIGHEST    67
 LOWEST     23
 AVERAGE    45

..........................................................


THE MERCED  CA CLIMATE NORMALS FOR TODAY
                         NORMAL    RECORD    YEAR
 MAXIMUM TEMPERATURE (F)   95       104      2014
                                             2000
 MINIMUM TEMPERATURE (F)   60        56      2013


SUNRISE AND SUNSET
AUGUST  2 2015........SUNRISE   608 AM PDT   SUNSET   809 PM PDT
AUGUST  3 2015........SUNRISE   609 AM PDT   SUNSET   808 PM PDT


-  INDICATES NEGATIVE NUMBERS.
R  INDICATES RECORD WAS SET OR TIED.
MM INDICATES DATA IS MISSING.
T  INDICATES TRACE AMOUNT.




$$
