000
CDUS46 KHNX 240826
CLIMCE


CLIMATE REPORT
NATIONAL WEATHER SERVICE SAN JOAQUIN VALLEY, CA
125 AM PDT THU APR 24 2014


...................................

...THE MERCED  CA CLIMATE SUMMARY FOR APRIL 23 2014...

CLIMATE NORMAL PERIOD 1981 TO 2010
CLIMATE RECORD PERIOD 1998 TO 2014


WEATHER ITEM   OBSERVED TIME   RECORD YEAR NORMAL DEPARTURE
                VALUE   (LST)  VALUE       VALUE  FROM
                                                  NORMAL
...............................................................
TEMPERATURE (F)
 YESTERDAY
  MAXIMUM         74    405 PM  88    2002  76     -2
  MINIMUM         46    528 AM  40    2000  46      0
  AVERAGE         60                        61     -1

PRECIPITATION (IN)
  YESTERDAY        0.00          0.01 2008   0.02  -0.02
  MONTH TO DATE    0.29                      0.75  -0.46
  SINCE JUL 1      4.67                     11.59  -6.92
  SINCE JAN 1      3.66                      7.77  -4.11

SNOWFALL (IN)
  YESTERDAY        0.0
  MONTH TO DATE    0.0
  SINCE MAR 1      0.0
  SINCE JUL 1      0.0
  SNOW DEPTH       0

DEGREE DAYS
 HEATING
  YESTERDAY        5
  MONTH TO DATE   68
  SINCE MAR 1    227
  SINCE JUL 1   2096

 COOLING
  YESTERDAY        0
  MONTH TO DATE   52
  SINCE MAR 1     52
  SINCE JAN 1     52
...............................................................


WIND (MPH)
  HIGHEST WIND SPEED    22   HIGHEST WIND DIRECTION    NW (320)
  HIGHEST GUST SPEED    28   HIGHEST GUST DIRECTION     N (340)
  AVERAGE WIND SPEED    11.5




RELATIVE HUMIDITY (PERCENT)
 HIGHEST    66
 LOWEST     20
 AVERAGE    43

..........................................................


THE MERCED  CA CLIMATE NORMALS FOR TODAY
                         NORMAL    RECORD    YEAR
 MAXIMUM TEMPERATURE (F)   76        87      2013
 MINIMUM TEMPERATURE (F)   47        39      2008


SUNRISE AND SUNSET
APRIL 24 2014.........SUNRISE   616 AM PDT   SUNSET   746 PM PDT
APRIL 25 2014.........SUNRISE   615 AM PDT   SUNSET   747 PM PDT


-  INDICATES NEGATIVE NUMBERS.
R  INDICATES RECORD WAS SET OR TIED.
MM INDICATES DATA IS MISSING.
T  INDICATES TRACE AMOUNT.




$$
