000
CDUS46 KHNX 190823
CLIMCE


CLIMATE REPORT
NATIONAL WEATHER SERVICE SAN JOAQUIN VALLEY, CA
1222 AM PST MON FEB 19 2018


...................................

...THE MERCED  CA CLIMATE SUMMARY FOR FEBRUARY 18 2018...

CLIMATE NORMAL PERIOD 1981 TO 2010
CLIMATE RECORD PERIOD 1998 TO 2018


WEATHER ITEM   OBSERVED TIME   RECORD YEAR NORMAL DEPARTURE
                VALUE   (LST)  VALUE       VALUE  FROM
                                                  NORMAL
...............................................................
TEMPERATURE (F)
 YESTERDAY
  MAXIMUM         64    310 PM  69    2015  61      3
  MINIMUM         34    701 AM  31    2003  40     -6
  AVERAGE         49                        50     -1

PRECIPITATION (IN)
  YESTERDAY        0.00          1.06 2004   0.08  -0.08
  MONTH TO DATE    0.00                      1.43  -1.43
  SINCE OCT 1      2.29                      7.55  -5.26
  SINCE JAN 1      1.18                      4.04  -2.86

SNOWFALL (IN)
  YESTERDAY        0.0
  MONTH TO DATE    0.0
  SINCE DEC 1      0.0
  SINCE JUL 1      0.0
  SNOW DEPTH       0

DEGREE DAYS
 HEATING
  YESTERDAY       16
  MONTH TO DATE  209
  SINCE DEC 1   1216
  SINCE JUL 1   1570

 COOLING
  YESTERDAY        0
  MONTH TO DATE    0
  SINCE DEC 1      0
  SINCE JAN 1      0
...............................................................


WIND (MPH)
  HIGHEST WIND SPEED    24   HIGHEST WIND DIRECTION    NW (320)
  HIGHEST GUST SPEED    29   HIGHEST GUST DIRECTION    NW (330)
  AVERAGE WIND SPEED     9.0




RELATIVE HUMIDITY (PERCENT)
 HIGHEST    82
 LOWEST     29
 AVERAGE    56

..........................................................


THE MERCED  CA CLIMATE NORMALS FOR TODAY
                         NORMAL    RECORD    YEAR
 MAXIMUM TEMPERATURE (F)   61        67      2014
 MINIMUM TEMPERATURE (F)   40        35      2009
                                             2003


SUNRISE AND SUNSET
FEBRUARY 19 2018......SUNRISE   646 AM PST   SUNSET   546 PM PST
FEBRUARY 20 2018......SUNRISE   645 AM PST   SUNSET   547 PM PST


-  INDICATES NEGATIVE NUMBERS.
R  INDICATES RECORD WAS SET OR TIED.
MM INDICATES DATA IS MISSING.
T  INDICATES TRACE AMOUNT.




$$
