000
CDUS46 KHNX 290825
CLIMCE


CLIMATE REPORT
NATIONAL WEATHER SERVICE SAN JOAQUIN VALLEY, CA
123 AM PDT MON MAY 29 2017


...................................

...THE MERCED  CA CLIMATE SUMMARY FOR MAY 28 2017...

CLIMATE NORMAL PERIOD 1981 TO 2010
CLIMATE RECORD PERIOD 1998 TO 2017


WEATHER ITEM   OBSERVED TIME   RECORD YEAR NORMAL DEPARTURE
                VALUE   (LST)  VALUE       VALUE  FROM
                                                  NORMAL
...............................................................
TEMPERATURE (F)
 YESTERDAY
  MAXIMUM         88        MM 102    2003  85      3
  MINIMUM         55        MM  45    2010  54      1
  AVERAGE         72                        70      2

PRECIPITATION (IN)
  YESTERDAY        0.00          0.19 2004   0.01  -0.01
  MONTH TO DATE    0.00                      0.56  -0.56
  SINCE OCT 1     15.79                     12.04   3.75
  SINCE JAN 1     11.56                      8.53   3.03

SNOWFALL (IN)
  YESTERDAY        0.0
  MONTH TO DATE    0.0
  SINCE MAR 1      0.0
  SINCE JUL 1      0.0
  SNOW DEPTH       0

DEGREE DAYS
 HEATING
  YESTERDAY        0
  MONTH TO DATE   38
  SINCE MAR 1    501
  SINCE JUL 1   2371

 COOLING
  YESTERDAY        7
  MONTH TO DATE  135
  SINCE MAR 1    135
  SINCE JAN 1    135
...............................................................


WIND (MPH)
  HIGHEST WIND SPEED    13   HIGHEST WIND DIRECTION    NW (320)
  HIGHEST GUST SPEED    MM   HIGHEST GUST DIRECTION    MM
  AVERAGE WIND SPEED     8.5




RELATIVE HUMIDITY (PERCENT)
 HIGHEST    83
 LOWEST     28
 AVERAGE    56

..........................................................


THE MERCED  CA CLIMATE NORMALS FOR TODAY
                         NORMAL    RECORD    YEAR
 MAXIMUM TEMPERATURE (F)   85        97      2003
 MINIMUM TEMPERATURE (F)   54        46      2010
                                             2006


SUNRISE AND SUNSET
MAY 29 2017...........SUNRISE   545 AM PDT   SUNSET   816 PM PDT
MAY 30 2017...........SUNRISE   544 AM PDT   SUNSET   816 PM PDT


-  INDICATES NEGATIVE NUMBERS.
R  INDICATES RECORD WAS SET OR TIED.
MM INDICATES DATA IS MISSING.
T  INDICATES TRACE AMOUNT.




$$
