000
CDUS46 KHNX 110024
CLIMCE


CLIMATE REPORT
NATIONAL WEATHER SERVICE SAN JOAQUIN VALLEY, CA
423 PM PST SUN DEC 10 2017


...................................

...THE MERCED  CA CLIMATE SUMMARY FOR DECEMBER 10 2017...
VALID AS OF 0400 PM LOCAL TIME.

CLIMATE NORMAL PERIOD 1981 TO 2010
CLIMATE RECORD PERIOD 1998 TO 2017


WEATHER ITEM   OBSERVED TIME   RECORD YEAR NORMAL DEPARTURE LAST
                VALUE   (LST)  VALUE       VALUE  FROM      YEAR
                                                  NORMAL
..................................................................
TEMPERATURE (F)
 TODAY
  MAXIMUM         64    201 PM  66    2010  54     10       62
  MINIMUM         29    715 AM  24    2013  36     -7       56
  AVERAGE         47                        45      2       59

PRECIPITATION (IN)
  TODAY            0.00          0.42 2016   0.04  -0.04     0.42
  MONTH TO DATE    0.00                      0.32  -0.32     0.76
  SINCE OCT 1      1.03                      2.31  -1.28     3.08
  SINCE JAN 1     12.85                     11.30   1.55    14.02

SNOWFALL (IN)
  TODAY            0.0
  MONTH TO DATE    0.0
  SINCE DEC 1      0.0
  SINCE JUL 1      0.0
  SNOW DEPTH       0

DEGREE DAYS
 HEATING
  TODAY           18                                         6
  MONTH TO DATE  163                                       175
  SINCE DEC 1    163                                       175
  SINCE JUL 1    517                                       520

 COOLING
  TODAY            0                                         0
  MONTH TO DATE    0                                         0
  SINCE DEC 1      0                                         0
  SINCE JAN 1   1843                                      1649
..................................................................


WIND (MPH)
  HIGHEST WIND SPEED     6   HIGHEST WIND DIRECTION    NW (320)
  HIGHEST GUST SPEED     9   HIGHEST GUST DIRECTION     S (200)
  AVERAGE WIND SPEED     1.4




RELATIVE HUMIDITY (PERCENT)
 HIGHEST    89
 LOWEST     36
 AVERAGE    63

..........................................................


THE MERCED  CA CLIMATE NORMALS FOR TOMORROW
                         NORMAL    RECORD    YEAR
 MAXIMUM TEMPERATURE (F)   54        67      2014
 MINIMUM TEMPERATURE (F)   36        27      2013


SUNRISE AND SUNSET
DECEMBER 10 2017......SUNRISE   706 AM PST   SUNSET   445 PM PST
DECEMBER 11 2017......SUNRISE   707 AM PST   SUNSET   445 PM PST


-  INDICATES NEGATIVE NUMBERS.
R  INDICATES RECORD WAS SET OR TIED.
MM INDICATES DATA IS MISSING.
T  INDICATES TRACE AMOUNT.




$$
