000
CDUS46 KHNX 260823
CLIMCE


CLIMATE REPORT
NATIONAL WEATHER SERVICE SAN JOAQUIN VALLEY, CA
122 AM PDT TUE SEP 26 2017


...................................

...THE MERCED  CA CLIMATE SUMMARY FOR SEPTEMBER 25 2017...

CLIMATE NORMAL PERIOD 1981 TO 2010
CLIMATE RECORD PERIOD 1998 TO 2017


WEATHER ITEM   OBSERVED TIME   RECORD YEAR NORMAL DEPARTURE
                VALUE   (LST)  VALUE       VALUE  FROM
                                                  NORMAL
...............................................................
TEMPERATURE (F)
 YESTERDAY
  MAXIMUM         84        MM  98    2009  86     -2
  MINIMUM         48        MM  44    2005  54     -6
  AVERAGE         66                        70     -4

PRECIPITATION (IN)
  YESTERDAY        0.00          0.14 2001   0.01  -0.01
  MONTH TO DATE    0.02                      0.23  -0.21
  SINCE OCT 1     16.05                     12.44   3.61
  SINCE JAN 1     11.82                      8.93   2.89

SNOWFALL (IN)
  YESTERDAY        0.0
  MONTH TO DATE    0.0
  SINCE SEP 1      0.0
  SINCE JUL 1      0.0
  SNOW DEPTH       0

DEGREE DAYS
 HEATING
  YESTERDAY        0
  MONTH TO DATE    9
  SINCE SEP 1      9
  SINCE JUL 1      9

 COOLING
  YESTERDAY        1
  MONTH TO DATE  248
  SINCE SEP 1    248
  SINCE JAN 1   1784
...............................................................


WIND (MPH)
  HIGHEST WIND SPEED    10   HIGHEST WIND DIRECTION    NW (320)
  HIGHEST GUST SPEED    MM   HIGHEST GUST DIRECTION    MM
  AVERAGE WIND SPEED     3.4




RELATIVE HUMIDITY (PERCENT)
 HIGHEST    71
 LOWEST     18
 AVERAGE    45

..........................................................


THE MERCED  CA CLIMATE NORMALS FOR TODAY
                         NORMAL    RECORD    YEAR
 MAXIMUM TEMPERATURE (F)   86       100      2016
                                             2009
 MINIMUM TEMPERATURE (F)   53        50      2007


SUNRISE AND SUNSET
SEPTEMBER 26 2017.....SUNRISE   654 AM PDT   SUNSET   653 PM PDT
SEPTEMBER 27 2017.....SUNRISE   655 AM PDT   SUNSET   651 PM PDT


-  INDICATES NEGATIVE NUMBERS.
R  INDICATES RECORD WAS SET OR TIED.
MM INDICATES DATA IS MISSING.
T  INDICATES TRACE AMOUNT.




$$
