000
CDUS46 KHNX 240025
CLIMCE


CLIMATE REPORT
NATIONAL WEATHER SERVICE SAN JOAQUIN VALLEY, CA
524 PM PDT SUN APR 23 2017


...................................

...THE MERCED  CA CLIMATE SUMMARY FOR APRIL 23 2017...
VALID AS OF 0400 PM LOCAL TIME.

CLIMATE NORMAL PERIOD 1981 TO 2010
CLIMATE RECORD PERIOD 1998 TO 2017


WEATHER ITEM   OBSERVED TIME   RECORD YEAR NORMAL DEPARTURE LAST
                VALUE   (LST)  VALUE       VALUE  FROM      YEAR
                                                  NORMAL
..................................................................
TEMPERATURE (F)
 TODAY
  MAXIMUM         74    359 PM  88    2002  76     -2       71
  MINIMUM         50    515 AM  40    2000  46      4       48
  AVERAGE         62                        61      1       60

PRECIPITATION (IN)
  TODAY            0.00          0.01 2008   0.02  -0.02     0.00
  MONTH TO DATE    1.15                      0.75   0.40     2.67
  SINCE OCT 1     15.79                     11.28   4.51    13.63
  SINCE JAN 1     11.56                      7.77   3.79     9.91

SNOWFALL (IN)
  TODAY            0.0
  MONTH TO DATE    0.0
  SINCE MAR 1      0.0
  SINCE JUL 1      0.0
  SNOW DEPTH       0

DEGREE DAYS
 HEATING
  TODAY            3                                         5
  MONTH TO DATE  153                                        57
  SINCE MAR 1    443                                       307
  SINCE JUL 1   2313                                      2204

 COOLING
  TODAY            0                                         0
  MONTH TO DATE    0                                        27
  SINCE MAR 1      0                                        27
  SINCE JAN 1      0                                        27
..................................................................


WIND (MPH)
  HIGHEST WIND SPEED    16   HIGHEST WIND DIRECTION     N (340)
  HIGHEST GUST SPEED    29   HIGHEST GUST DIRECTION     N (10)
  AVERAGE WIND SPEED    10.2




RELATIVE HUMIDITY (PERCENT)
 HIGHEST    77
 LOWEST     33
 AVERAGE    55

..........................................................


THE MERCED  CA CLIMATE NORMALS FOR TOMORROW
                         NORMAL    RECORD    YEAR
 MAXIMUM TEMPERATURE (F)   76        87      2013
 MINIMUM TEMPERATURE (F)   47        39      2008


SUNRISE AND SUNSET
APRIL 23 2017.........SUNRISE   617 AM PDT   SUNSET   745 PM PDT
APRIL 24 2017.........SUNRISE   616 AM PDT   SUNSET   746 PM PDT


-  INDICATES NEGATIVE NUMBERS.
R  INDICATES RECORD WAS SET OR TIED.
MM INDICATES DATA IS MISSING.
T  INDICATES TRACE AMOUNT.




$$
