000
CDAK49 PAMC 161152
CLIMCG

CLIMATE REPORT
NATIONAL WEATHER SERVICE MCGRATH, AK
353 AM AKDT TUE SEP 16 2014

...................................
...THE MCGRATH AIRPORT CLIMATE SUMMARY FOR SEPTEMBER 15 2014...

CLIMATE NORMAL PERIOD  1981 TO  2010
CLIMATE RECORD PERIOD  1940 TO  2014

WEATHER ITEM   OBSERVED TIME    RECORD YEAR NORMAL DEPARTURE LAST
               VALUE    (LST)   VALUE       VALUE  FROM      YEAR
                                                   NORMAL
...................................................................
TEMPERATURE
YESTERDAY
 MAXIMUM            60  1131 AM    70  2010     54       6     58
 MINIMUM            45  0715 AM    21  1987     37       8     31
 AVERAGE            53                          45       8     45

PRECIPITATION
(INCHES)
 YESTERDAY           T           1.02  1982   0.08   -0.08   0.00
 MONTH TO DATE    0.71                        1.29   -0.58   2.95
 SINCE SEP 1      0.71                        1.29   -0.58   2.95
 SINCE JAN 1      9.28                       12.66   -3.38  12.18

SNOWFALL
(INCHES)
 YESTERDAY         0.0              T  1996    0.0     0.0    0.0
 MONTH TO DATE     0.0                         0.2    -0.2    0.0
 SINCE SEP 1       0.0                         0.2    -0.2    0.0
 SINCE JUL 1       0.0                         0.2    -0.2    0.0
 SNOW DEPTH (IN)     0                                          0

DEGREE DAYS
 HEATING
  YESTERDAY         12                          20      -8     20
  MONTH TO DATE    239                         253     -14    241
  SINCE SEP 1      239                         253     -14    241
  SINCE JUL 1      662                         750     -88    659

 COOLING
  YESTERDAY          0                           0       0      0
  MONTH TO DATE      0                           0       0      0
  SINCE SEP 1        0                           0       0      0
  SINCE JAN 1       11                          16      -5     78
...................................................................

WIND (MPH)
 HIGHEST WIND SPEED     8     HIGHEST WIND DIRECTION    130
 HIGHEST GUST SPEED    10     HIGHEST GUST DIRECTION    130
 AVERAGE WIND SPEED   3.2

WEATHER CONDITIONS
 THE FOLLOWING WEATHER WAS RECORDED YESTERDAY.
 RAIN


...................................................................

THE MCGRATH CLIMATE NORMALS FOR TODAY
                           NORMAL    RECORD   YEAR
 MAXIMUM TEMPERATURE (F)     53        69     2010
 MINIMUM TEMPERATURE (F)     36        19     1941

SUNRISE AND SUNSET
 SEP 16 2014..........SUNRISE  7:51 AM      SUNSET  8:43 PM
 SEP 17 2014..........SUNRISE  7:53 AM      SUNSET  8:40 PM

-  INDICATES NEGATIVE NUMBERS.
R  INDICATES RECORD HAS BEEN SET OR TIED.
MM INDICATES DATA IS MISSING.
T  INDICATES TRACE OF PRECIPITATION.

&&
-------------------------------------------------------------------

AMOUNT OF DAYLIGHT TODAY  (HOUR:MIN)........12 HOURS 52 MINUTES
LOSS SINCE YESTERDAY (HOUR:MIN:SEC)....-0:06:06

$$
JCD SEP 14
