000
CDAK49 PAMC 230903
CLIMCG

CLIMATE REPORT
NATIONAL WEATHER SERVICE MCGRATH, AK
104 AM AKDT SAT JUL 23 2016

...................................
...THE MCGRATH AIRPORT CLIMATE SUMMARY FOR JULY 22 2016...

CLIMATE NORMAL PERIOD  1981 TO  2010
CLIMATE RECORD PERIOD  1940 TO  2016

WEATHER ITEM   OBSERVED TIME    RECORD YEAR NORMAL DEPARTURE LAST
               VALUE    (LST)   VALUE       VALUE  FROM      YEAR
                                                   NORMAL
...................................................................
TEMPERATURE
YESTERDAY
 MAXIMUM            56  0740 PM    86  1955     68     -12     72
 MINIMUM            51  1051 AM    37  1999     51       0     55
 AVERAGE            54                          60      -6     64

PRECIPITATION
(INCHES)
 YESTERDAY        0.39           0.95  1995   0.08    0.31   0.11
 MONTH TO DATE    2.96                        1.61    1.35   2.42
 SINCE JUN 1      5.37                        3.13    2.24   3.50
 SINCE JAN 1      8.18                        7.80    0.38   4.84

SNOWFALL
(INCHES)
 YESTERDAY         0.0            0.0  2016    0.0     0.0    0.0
 MONTH TO DATE     0.0                         0.0     0.0    0.0
 SINCE JUN 1       0.0                         0.0     0.0    0.0
 SINCE JUL 1       0.0                         0.0     0.0    0.0
 SNOW DEPTH (IN)     0                                          0

DEGREE DAYS
 HEATING
  YESTERDAY         11                           6       5      1
  MONTH TO DATE     82                         113     -31     MM
  SINCE JUN 1      272                         347     -75    924
  SINCE JUL 1       82                         113     -31     MM

 COOLING
  YESTERDAY          0                           0       0      0
  MONTH TO DATE     22                          11      11     MM
  SINCE JUN 1       28                          16      12     26
  SINCE JAN 1       28                          16      12     MM
...................................................................

WIND (MPH)
 HIGHEST WIND SPEED    10     HIGHEST WIND DIRECTION    280
 HIGHEST GUST SPEED    13     HIGHEST GUST DIRECTION    270
 AVERAGE WIND SPEED   5.6

WEATHER CONDITIONS
 THE FOLLOWING WEATHER WAS RECORDED YESTERDAY.
 FOG
 RAIN
...................................................................

THE MCGRATH CLIMATE NORMALS FOR TODAY
                           NORMAL    RECORD   YEAR
 MAXIMUM TEMPERATURE (F)     68        86     1968
 MINIMUM TEMPERATURE (F)     50        41     1956

SUNRISE AND SUNSET
 JUL 23 2016..........SUNRISE  5:17 AM      SUNSET 11:40 PM
 JUL 24 2016..........SUNRISE  5:20 AM      SUNSET 11:37 PM

-  INDICATES NEGATIVE NUMBERS.
R  INDICATES RECORD HAS BEEN SET OR TIED.
MM INDICATES DATA IS MISSING.
T  INDICATES TRACE OF PRECIPITATION.

&&
-------------------------------------------------------------------

AMOUNT OF DAYLIGHT TODAY  (HOUR:MIN)........18 HOURS 23 MINUTES
LOSS SINCE YESTERDAY (HOUR:MIN:SEC)....-0:05:34

$$
ADJ JUL 16
