644
CDAK49 PAFG 310106
CLIMCG

CLIMATE REPORT
NATIONAL WEATHER SERVICE FAIRBANKS AK
506 PM AKDT THU MAR 30 2017


...................................

...THE MCGRATH AK CLIMATE SUMMARY FOR MARCH 30 2017...
VALID TODAY AS OF 0500 PM LOCAL TIME.

CLIMATE NORMAL PERIOD 1981 TO 2010
CLIMATE RECORD PERIOD 1946 TO 2017


WEATHER ITEM   OBSERVED TIME   RECORD YEAR NORMAL DEPARTURE LAST
                VALUE   (LST)  VALUE       VALUE  FROM      YEAR
                                                  NORMAL
..................................................................
TEMPERATURE (F)
 TODAY
  MAXIMUM         27    259 PM  48    1961  31     -4       33
  MINIMUM          1    743 AM -41    2004   6     -5       27
  AVERAGE         14                        18     -4       30

PRECIPITATION (IN)
  TODAY            0.00          1.07 1946   0.03  -0.03     0.68
  MONTH TO DATE    T                         0.79  -0.79     0.99
  SINCE MAR 1      T                         0.79  -0.79     0.99
  SINCE JAN 1      1.20                      2.82  -1.62     1.05

SNOWFALL (IN)
  TODAY            0.0           8.7  1946   0.2   -0.2     MM
  MONTH TO DATE    T                        11.0  -11.0      0.0
  SINCE MAR 1      T                        11.0  -11.0      0.0
  SINCE JUL 1     48.7                      91.0  -42.3      0.0
  SNOW DEPTH      13

DEGREE DAYS
 HEATING
  TODAY           51                        47      4       35
  MONTH TO DATE 1887                      1610    277     1442
  SINCE MAR 1   1887                      1610    277     1442
  SINCE JUL 1  11645                     11842   -197     2410

 COOLING
  TODAY            0                         0      0        0
  MONTH TO DATE    0                         0      0        0
  SINCE MAR 1      0                         0      0        0
  SINCE JAN 1      0                         0      0        0
..................................................................


WIND (MPH)
  HIGHEST GUST SPEED    13   HIGHEST GUST DIRECTION     N (10)


SKY COVER
  AVERAGE SKY COVER 0.5


WEATHER CONDITIONS
 THE FOLLOWING WEATHER WAS RECORDED TODAY.
  NO SIGNIFICANT WEATHER WAS OBSERVED.


RELATIVE HUMIDITY (PERCENT)
 HIGHEST    87
 LOWEST     55
 AVERAGE    71

..........................................................


THE MCGRATH AK CLIMATE NORMALS FOR TOMORROW
                         NORMAL    RECORD    YEAR
 MAXIMUM TEMPERATURE (F)   31        51      1962
 MINIMUM TEMPERATURE (F)    6       -35      1985


SUNRISE AND SUNSET
MARCH 30 2017.........SUNRISE   748 AM AKDT  SUNSET   908 PM AKDT
MARCH 31 2017.........SUNRISE   745 AM AKDT  SUNSET   911 PM AKDT

-  INDICATES NEGATIVE NUMBERS.
R  INDICATES RECORD WAS SET OR TIED.
MM INDICATES DATA IS MISSING.
T  INDICATES TRACE AMOUNT.

&&

SNOW DEPTH IS MEASURED AT 3AM AKST/4AM AKDT.

----------------------------
AVAILABLE DAYLIGHT

AMOUNT OF DAYLIGHT TODAY  (HOUR:MIN)........13:20
GAIN/LOSS SINCE YESTERDAY (HOUR:MIN:SEC)....+0:06:11

$$
MAR 17
