000
CDAK49 PAMC 231015
CLIMCG

CLIMATE REPORT
NATIONAL WEATHER SERVICE MCGRATH, AK
215 AM AKDT SAT AUG 23 2014

...................................
...THE MCGRATH AIRPORT CLIMATE SUMMARY FOR AUGUST 22 2014...

CLIMATE NORMAL PERIOD  1981 TO  2010
CLIMATE RECORD PERIOD  1940 TO  2014

WEATHER ITEM   OBSERVED TIME    RECORD YEAR NORMAL DEPARTURE LAST
               VALUE    (LST)   VALUE       VALUE  FROM      YEAR
                                                   NORMAL
...................................................................
TEMPERATURE
YESTERDAY
 MAXIMUM            69  0555 PM    82  1977     62       7     56
 MINIMUM            48  0704 AM    31  1993     45       3     53
 AVERAGE            59                          53       6     55

PRECIPITATION
(INCHES)
 YESTERDAY        0.02           0.85  1945   0.10   -0.08   0.33
 MONTH TO DATE    1.29                        2.00   -0.71   2.28
 SINCE JUN 1      5.39                        5.90   -0.51   5.06
 SINCE JAN 1      8.12                       10.57   -2.45   8.92

SNOWFALL
(INCHES)
 YESTERDAY         0.0            0.0  2014    0.0     0.0    0.0
 MONTH TO DATE     0.0                         0.0     0.0    0.0
 SINCE JUN 1       0.0                         0.0     0.0    0.0
 SINCE JUL 1       0.0                         0.0     0.0    0.0
 SNOW DEPTH (IN)     0                                          0

DEGREE DAYS
 HEATING
  YESTERDAY          6                          12      -6     10
  MONTH TO DATE    117                         209     -92    127
  SINCE JUN 1      609                         615      -6    427
  SINCE JUL 1      304                         381     -77    292

 COOLING
  YESTERDAY          0                           0       0      0
  MONTH TO DATE      0                           0       0      3
  SINCE JUN 1       11                          16      -5     69
  SINCE JAN 1       11                          16      -5     78
...................................................................

WIND (MPH)
 HIGHEST WIND SPEED    13     HIGHEST WIND DIRECTION    270
 HIGHEST GUST SPEED    16     HIGHEST GUST DIRECTION    270
 AVERAGE WIND SPEED   2.1

WEATHER CONDITIONS
 THE FOLLOWING WEATHER WAS RECORDED YESTERDAY.
 RAIN
...................................................................

THE MCGRATH CLIMATE NORMALS FOR TODAY
                           NORMAL    RECORD   YEAR
 MAXIMUM TEMPERATURE (F)     62        81     1977
 MINIMUM TEMPERATURE (F)     44        27     1974

SUNRISE AND SUNSET
 AUG 23 2014..........SUNRISE  6:45 AM      SUNSET 10:04 PM
 AUG 24 2014..........SUNRISE  6:48 AM      SUNSET 10:01 PM

-  INDICATES NEGATIVE NUMBERS.
R  INDICATES RECORD HAS BEEN SET OR TIED.
MM INDICATES DATA IS MISSING.
T  INDICATES TRACE OF PRECIPITATION.

&&
-------------------------------------------------------------------

AMOUNT OF DAYLIGHT TODAY  (HOUR:MIN)........15 HOURS 19 MINUTES
LOSS SINCE YESTERDAY (HOUR:MIN:SEC)....-0:06:08

$$
ADJ AUG 14
