000
CDAK49 PAMC 261145
CLIMCG

CLIMATE REPORT
NATIONAL WEATHER SERVICE MCGRATH, AK
345 AM AKDT SAT JUL 26 2014

...................................
...THE MCGRATH AIRPORT CLIMATE SUMMARY FOR JULY 25 2014...

CLIMATE NORMAL PERIOD  1981 TO  2010
CLIMATE RECORD PERIOD  1940 TO  2014

WEATHER ITEM   OBSERVED TIME    RECORD YEAR NORMAL DEPARTURE LAST
               VALUE    (LST)   VALUE       VALUE  FROM      YEAR
                                                   NORMAL
...................................................................
TEMPERATURE
YESTERDAY
 MAXIMUM            58  0659 PM    87  1968     68     -10     75
 MINIMUM            43  1159 PM    39  1965     50      -7     51
 AVERAGE            51                          59      -8     63

PRECIPITATION
(INCHES)
 YESTERDAY        0.00           0.44  2006   0.09   -0.09   0.00
 MONTH TO DATE    1.96                        1.86    0.10   1.90
 SINCE JUN 1      3.48                        3.38    0.10   2.76
 SINCE JAN 1      6.21                        8.05   -1.84   6.62

SNOWFALL
(INCHES)
 YESTERDAY         0.0            0.0  2014    0.0     0.0    0.0
 MONTH TO DATE     0.0                         0.0     0.0    0.0
 SINCE JUN 1       0.0                         0.0     0.0    0.0
 SINCE JUL 1       0.0                         0.0     0.0    0.0
 SNOW DEPTH (IN)     0                                          0

DEGREE DAYS
 HEATING
  YESTERDAY         14                           6       8      2
  MONTH TO DATE    137                         131       6    164
  SINCE JUN 1      442                         365      77    299
  SINCE JUL 1      137                         131       6    164

 COOLING
  YESTERDAY          0                           0       0      0
  MONTH TO DATE     11                          11       0      4
  SINCE JUN 1       11                          16      -5     55
  SINCE JAN 1       11                          16      -5     64
...................................................................

WIND (MPH)
 HIGHEST WIND SPEED    13     HIGHEST WIND DIRECTION    340
 HIGHEST GUST SPEED    17     HIGHEST GUST DIRECTION    330
 AVERAGE WIND SPEED   4.3

WEATHER CONDITIONS
 THE FOLLOWING WEATHER WAS RECORDED YESTERDAY.
 NO SIGNIFICANT WEATHER WAS OBSERVED.
...................................................................

THE MCGRATH CLIMATE NORMALS FOR TODAY
                           NORMAL    RECORD   YEAR
 MAXIMUM TEMPERATURE (F)     68        87     1953
 MINIMUM TEMPERATURE (F)     50        42     1972

SUNRISE AND SUNSET
 JUL 26 2014..........SUNRISE  5:24 AM      SUNSET 11:33 PM
 JUL 27 2014..........SUNRISE  5:27 AM      SUNSET 11:30 PM

-  INDICATES NEGATIVE NUMBERS.
R  INDICATES RECORD HAS BEEN SET OR TIED.
MM INDICATES DATA IS MISSING.
T  INDICATES TRACE OF PRECIPITATION.

&&
-------------------------------------------------------------------

AMOUNT OF DAYLIGHT TODAY  (HOUR:MIN)........18 HOURS 9 MINUTES
LOSS SINCE YESTERDAY (HOUR:MIN:SEC)....-0:05:42

$$
ADJ JUL 14
