311
CDAK49 PAFG 200943
CLIMCG

CLIMATE REPORT
NATIONAL WEATHER SERVICE FAIRBANKS AK
1243 AM AKST MON FEB 20 2017


...................................

...THE MCGRATH AK CLIMATE SUMMARY FOR FEBRUARY 19 2017...

CLIMATE NORMAL PERIOD 1981 TO 2010
CLIMATE RECORD PERIOD 1946 TO 2017


WEATHER ITEM   OBSERVED TIME   RECORD YEAR NORMAL DEPARTURE LAST
                VALUE   (LST)  VALUE       VALUE  FROM      YEAR
                                                  NORMAL
..................................................................
TEMPERATURE (F)
 YESTERDAY
  MAXIMUM         -4   1220 AM  46    2010  15    -19       11
  MINIMUM        -32   1042 PM -50    1985  -8    -24      -15
  AVERAGE        -18                         3    -21       -2

PRECIPITATION (IN)
  YESTERDAY        0.00          0.27 2009   0.04  -0.04     0.00
                                      1940
  MONTH TO DATE    0.29                      0.64  -0.35     0.04
  SINCE DEC 1      1.80                      3.02  -1.22     0.04
  SINCE JAN 1      0.83                      1.73  -0.90     0.04

SNOWFALL (IN)
  YESTERDAY        0.0           4.3  2009   0.4   -0.4      0.0
  MONTH TO DATE    6.7                       8.8   -2.1      0.0
  SINCE DEC 1     35.3                      44.7   -9.4      0.0
  SINCE JUL 1     43.6                      75.7  -32.1      0.0
  SNOW DEPTH      17

DEGREE DAYS
 HEATING
  YESTERDAY       83                        62     21       67
  MONTH TO DATE 1291                      1238     53      552
  SINCE DEC 1   5531                      5568    -37      552
  SINCE JUL 1   9277                      9691   -414      552

 COOLING
  YESTERDAY        0                         0      0        0
  MONTH TO DATE    0                         0      0        0
  SINCE DEC 1      0                         0      0        0
  SINCE JAN 1      0                         0      0        0
..................................................................


WIND (MPH)
  HIGHEST GUST SPEED    10   HIGHEST GUST DIRECTION     W (260)


SKY COVER
  AVERAGE SKY COVER 0.1


WEATHER CONDITIONS
 THE FOLLOWING WEATHER WAS RECORDED YESTERDAY.
  FOG
  HAZE


RELATIVE HUMIDITY (PERCENT)
 HIGHEST    78
 LOWEST     59
 AVERAGE    69

..........................................................


THE MCGRATH AK CLIMATE NORMALS FOR TODAY
                         NORMAL    RECORD    YEAR
 MAXIMUM TEMPERATURE (F)   15        44      2010
 MINIMUM TEMPERATURE (F)   -8       -51      1984


SUNRISE AND SUNSET
FEBRUARY 20 2017......SUNRISE   855 AM AKST  SUNSET   619 PM AKST
FEBRUARY 21 2017......SUNRISE   852 AM AKST  SUNSET   622 PM AKST

-  INDICATES NEGATIVE NUMBERS.
R  INDICATES RECORD WAS SET OR TIED.
MM INDICATES DATA IS MISSING.
T  INDICATES TRACE AMOUNT.

&&

SNOW DEPTH IS MEASURED AT 3AM AKST/4AM AKDT.

----------------------------
AVAILABLE DAYLIGHT

AMOUNT OF DAYLIGHT TODAY  (HOUR:MIN)........9:24
GAIN/LOSS SINCE YESTERDAY (HOUR:MIN:SEC)....+0:06:11

$$
FEB 17
