000
CDAK49 PAFG 230042
CLIMCG

CLIMATE REPORT
NATIONAL WEATHER SERVICE FAIRBANKS AK
442 PM AKDT SAT JUL 22 2017


...................................

...THE MCGRATH AK CLIMATE SUMMARY FOR JULY 22 2017...
VALID TODAY AS OF 0400 PM LOCAL TIME.

CLIMATE NORMAL PERIOD 1981 TO 2010
CLIMATE RECORD PERIOD 1946 TO 2017


WEATHER ITEM   OBSERVED TIME   RECORD YEAR NORMAL DEPARTURE LAST
                VALUE   (LST)  VALUE       VALUE  FROM      YEAR
                                                  NORMAL
..................................................................
TEMPERATURE (F)
 TODAY
  MAXIMUM         82    259 PM  86    1955  68     14       56
  MINIMUM         49    613 AM  37    1999  51     -2       51
  AVERAGE         66                        60      6       54

PRECIPITATION (IN)
  TODAY            0.00          0.95 1995   0.08  -0.08     0.39
  MONTH TO DATE    1.30                      1.61  -0.31     2.96
  SINCE JUN 1      2.53                      3.13  -0.60     5.36
  SINCE JAN 1      5.52                      7.80  -2.28     8.01

SNOWFALL (IN)
  TODAY            0.0           0.0    MM   0.0    0.0      0.0
  MONTH TO DATE    0.0                       0.0    0.0      0.0
  SINCE JUN 1      T                         0.0    0.0      0.0
  SINCE JUL 1      0.0                       0.0    0.0      0.0
  SNOW DEPTH       0

DEGREE DAYS
 HEATING
  TODAY            0                         6     -6       11
  MONTH TO DATE   37                       113    -76       57
  SINCE JUN 1    196                       347   -151      247
  SINCE JUL 1     37                       113    -76       57

 COOLING
  TODAY            1                         0      1        0
  MONTH TO DATE   27                        11     16       23
  SINCE JUN 1     28                        17     11       29
  SINCE JAN 1     28                        17     11       29
..................................................................


WIND (MPH)
  HIGHEST GUST SPEED    14   HIGHEST GUST DIRECTION     W (290)


SKY COVER
  AVERAGE SKY COVER 0.0


WEATHER CONDITIONS
 THE FOLLOWING WEATHER WAS RECORDED TODAY.
  NO SIGNIFICANT WEATHER WAS OBSERVED.


RELATIVE HUMIDITY (PERCENT)
 HIGHEST    93
 LOWEST     22
 AVERAGE    58

..........................................................


THE MCGRATH AK CLIMATE NORMALS FOR TOMORROW
                         NORMAL    RECORD    YEAR
 MAXIMUM TEMPERATURE (F)   68        86      1968
 MINIMUM TEMPERATURE (F)   50        41      1956


SUNRISE AND SUNSET
JULY 22 2017..........SUNRISE   514 AM AKDT  SUNSET  1143 PM AKDT
JULY 23 2017..........SUNRISE   517 AM AKDT  SUNSET  1140 PM AKDT

-  INDICATES NEGATIVE NUMBERS.
R  INDICATES RECORD WAS SET OR TIED.
MM INDICATES DATA IS MISSING.
T  INDICATES TRACE AMOUNT.

&&

SNOW DEPTH IS MEASURED AT 3AM AKST/4AM AKDT.

----------------------------
AVAILABLE DAYLIGHT

AMOUNT OF DAYLIGHT TODAY  (HOUR:MIN)........18:29
GAIN/LOSS SINCE YESTERDAY (HOUR:MIN:SEC)....-0:05:29

$$
JUL 17
