000
CDAK49 PAMC 011111
CLIMCG

CLIMATE REPORT
NATIONAL WEATHER SERVICE MCGRATH, AK
311 AM AKDT FRI AUG 1 2014

...................................
...THE MCGRATH AIRPORT CLIMATE SUMMARY FOR JULY 31 2014...

CLIMATE NORMAL PERIOD  1981 TO  2010
CLIMATE RECORD PERIOD  1940 TO  2014

WEATHER ITEM   OBSERVED TIME    RECORD YEAR NORMAL DEPARTURE LAST
               VALUE    (LST)   VALUE       VALUE  FROM      YEAR
                                                   NORMAL
...................................................................
TEMPERATURE
YESTERDAY
 MAXIMUM            70  0544 PM    83  2013     67       3     83
 MINIMUM            50  0455 AM    34  1959     49       1     50
 AVERAGE            60                          58       2     67

PRECIPITATION
(INCHES)
 YESTERDAY        0.14           0.94  1954   0.09    0.05      T
 MONTH TO DATE    2.58                        2.38    0.20   1.92
 SINCE JUN 1      4.10                        3.90    0.20   2.78
 SINCE JAN 1      6.83                        8.57   -1.74   6.64

SNOWFALL
(INCHES)
 YESTERDAY         0.0            0.0  2014    0.0     0.0    0.0
 MONTH TO DATE     0.0                         0.0     0.0    0.0
 SINCE JUN 1       0.0                         0.0     0.0    0.0
 SINCE JUL 1       0.0                         0.0     0.0    0.0
 SNOW DEPTH (IN)     0                                          0

DEGREE DAYS
 HEATING
  YESTERDAY          5                           7      -2      0
  MONTH TO DATE    187                         172      15    165
  SINCE JUN 1      492                         406      86    300
  SINCE JUL 1      187                         172      15    165

 COOLING
  YESTERDAY          0                           0       0      2
  MONTH TO DATE     11                          11       0     15
  SINCE JUN 1       11                          16      -5     66
  SINCE JAN 1       11                          16      -5     75
...................................................................

WIND (MPH)
 HIGHEST WIND SPEED    12     HIGHEST WIND DIRECTION    260
 HIGHEST GUST SPEED    16     HIGHEST GUST DIRECTION    190
 AVERAGE WIND SPEED   3.6

WEATHER CONDITIONS
 THE FOLLOWING WEATHER WAS RECORDED YESTERDAY.
 FOG
 RAIN

...................................................................

THE MCGRATH CLIMATE NORMALS FOR TODAY
                           NORMAL    RECORD   YEAR
 MAXIMUM TEMPERATURE (F)     66        82     1962
 MINIMUM TEMPERATURE (F)     49        37     2005

SUNRISE AND SUNSET
 AUG 1 2014..........SUNRISE  5:42 AM      SUNSET 11:15 PM
 AUG 2 2014..........SUNRISE  5:44 AM      SUNSET 11:12 PM

-  INDICATES NEGATIVE NUMBERS.
R  INDICATES RECORD HAS BEEN SET OR TIED.
MM INDICATES DATA IS MISSING.
T  INDICATES TRACE OF PRECIPITATION.

&&
-------------------------------------------------------------------

AMOUNT OF DAYLIGHT TODAY  (HOUR:MIN)........17 HOURS 33 MINUTES
LOSS SINCE YESTERDAY (HOUR:MIN:SEC)....-0:05:55

$$
JMC AUG 14
