000
CDAK49 PAMC 280906
CLIMCG

CLIMATE REPORT
NATIONAL WEATHER SERVICE MCGRATH, AK
106 AM AKDT FRI AUG 28 2015

...................................
...THE MCGRATH AIRPORT CLIMATE SUMMARY FOR AUGUST 27 2015...

CLIMATE NORMAL PERIOD  1981 TO  2015
CLIMATE RECORD PERIOD  1939 TO  2015

WEATHER ITEM   OBSERVED TIME    RECORD YEAR NORMAL DEPARTURE LAST
               VALUE    (LST)   VALUE       VALUE  FROM      YEAR
                                                   NORMAL
...................................................................
TEMPERATURE
YESTERDAY
 MAXIMUM            54  0546 PM    80  1981     61      -7     63
 MINIMUM            42  1159 PM    30  1996     43      -1     44
 AVERAGE            48                          52      -4     54

PRECIPITATION
(INCHES)
 YESTERDAY           T           0.85  1974   0.09   -0.09   0.01
 MONTH TO DATE    2.64                        2.45    0.19   1.66
 SINCE JUN 1      7.58                        6.35    1.23   5.76
 SINCE JAN 1      8.92                       11.02   -2.10   8.49

SNOWFALL
(INCHES)
 YESTERDAY         0.0            0.0  2015    0.0     0.0    0.0
 MONTH TO DATE     0.0                         0.0     0.0    0.0
 SINCE JUN 1       0.0                         0.0     0.0    0.0
 SINCE JUL 1       0.0                         0.0     0.0    0.0
 SNOW DEPTH (IN)     0                                          0

DEGREE DAYS
 HEATING
  YESTERDAY         17                          13       4     11
  MONTH TO DATE    240                         271     -31    162
  SINCE JUN 1     1203                         677     526    654
  SINCE JUL 1     1010                         443     567    349

 COOLING
  YESTERDAY          0                           0       0      0
  MONTH TO DATE      5                           0       5      0
  SINCE JUN 1       31                          16      15     11
  SINCE JAN 1       MM                          16      MM     11
...................................................................

WIND (MPH)
 HIGHEST WIND SPEED    22     HIGHEST WIND DIRECTION    300
 HIGHEST GUST SPEED    29     HIGHEST GUST DIRECTION    310
 AVERAGE WIND SPEED  10.6

WEATHER CONDITIONS
 THE FOLLOWING WEATHER WAS RECORDED YESTERDAY.
  RAIN
...................................................................

THE MCGRATH CLIMATE NORMALS FOR TODAY
                           NORMAL    RECORD   YEAR
 MAXIMUM TEMPERATURE (F)     61        76     1981
 MINIMUM TEMPERATURE (F)     43        25     1984

SUNRISE AND SUNSET
 AUG 28 2015..........SUNRISE  6:58 AM      SUNSET  9:48 PM
 AUG 29 2015..........SUNRISE  7:01 AM      SUNSET  9:45 PM

-  INDICATES NEGATIVE NUMBERS.
R  INDICATES RECORD HAS BEEN SET OR TIED.
MM INDICATES DATA IS MISSING.
T  INDICATES TRACE OF PRECIPITATION.

&&
-------------------------------------------------------------------

AMOUNT OF DAYLIGHT TODAY  (HOUR:MIN)........14 HOURS 50 MINUTES
GAIN/LOSS SINCE YESTERDAY (HOUR:MIN:SEC)....-0:06:08

$$
TR AUG 15
