000
CDUS43 KEAX 300641
CLIMCI

CLIMATE REPORT
NATIONAL WEATHER SERVICE KANSAS CITY/PLEASANT HILL MO
140 AM CDT TUE AUG 30 2016


...................................

...THE KANSAS CITY INTERNATIONAL MO CLIMATE SUMMARY FOR AUGUST 29 2016...

CLIMATE NORMAL PERIOD 1981 TO 2010
CLIMATE RECORD PERIOD 1888 TO 2016


WEATHER ITEM   OBSERVED TIME   RECORD YEAR NORMAL DEPARTURE LAST
                VALUE   (LST)  VALUE       VALUE  FROM      YEAR
                                                  NORMAL
..................................................................
TEMPERATURE (F)
 YESTERDAY
  MAXIMUM         89    321 PM 109    1984  85      4       78
  MINIMUM         70    601 AM  49    1946  64      6       65
                                      1893
  AVERAGE         80                        75      5       72

PRECIPITATION (IN)
  YESTERDAY        T             1.52 2014   0.13  -0.13     0.00
  MONTH TO DATE    7.90                      3.61   4.29     0.98
  SINCE JUN 1     17.64                     13.29   4.35    15.31
  SINCE JAN 1     38.17                     27.12  11.05    31.91

SNOWFALL (IN)
  YESTERDAY        0.0           0.0    MM   0.0    0.0      0.0
  MONTH TO DATE    0.0                       0.0    0.0      0.0
  SINCE JUN 1      0.0                       0.0    0.0      0.0
  SINCE JUL 1      0.0                       0.0    0.0      0.0
  SNOW DEPTH       0

DEGREE DAYS
 HEATING
  YESTERDAY        0                         0      0        0
  MONTH TO DATE    0                         0      0        1
  SINCE JUN 1      0                         9     -9        6
  SINCE JUL 1      0                         0      0        3

 COOLING
  YESTERDAY       15                        10      5        7
  MONTH TO DATE  359                       356      3      281
  SINCE JUN 1   1204                      1036    168      984
  SINCE JAN 1   1275                      1152    123     1052
..................................................................


WIND (MPH)
  HIGHEST WIND SPEED    15   HIGHEST WIND DIRECTION    SE (130)
  HIGHEST GUST SPEED    17   HIGHEST GUST DIRECTION    SE (130)
  AVERAGE WIND SPEED     5.4


SKY COVER
  POSSIBLE SUNSHINE  MM
  AVERAGE SKY COVER 0.4


WEATHER CONDITIONS
 THE FOLLOWING WEATHER WAS RECORDED YESTERDAY.
  LIGHT RAIN


RELATIVE HUMIDITY (PERCENT)
 HIGHEST    90           200 AM
 LOWEST     52           200 PM
 AVERAGE    71

..........................................................


THE KANSAS CITY INTERNATIONAL MO CLIMATE NORMALS FOR TODAY
                         NORMAL    RECORD    YEAR
 MAXIMUM TEMPERATURE (F)   85       106      1947
 MINIMUM TEMPERATURE (F)   64        47      1915


SUNRISE AND SUNSET
AUGUST 30 2016........SUNRISE   646 AM CDT   SUNSET   752 PM CDT
AUGUST 31 2016........SUNRISE   647 AM CDT   SUNSET   750 PM CDT


-  INDICATES NEGATIVE NUMBERS.
R  INDICATES RECORD WAS SET OR TIED.
MM INDICATES DATA IS MISSING.
T  INDICATES TRACE AMOUNT.


&&

...MISCELLANEOUS CLIMATE DATA FROM YESTERDAY...

LOCATION                HIGH    LOW      PRECIP
ST. JOSEPH               91      67       0.07
DOWNTOWN KANSAS CITY     91      72       0.00
OLATHE NEW CENTURY       89      70       T
OLATHE JO CO EXEC        88      69       0.00
LEES SUMMIT              89      70       0.00
KIRKSVILLE               89      68       0.00
CHILLICOTHE              92      69       0.00
SEDALIA                  91      70       T
NWS PLEASANT HILL MO     90      70       0.00


THIS PRODUCT...ALONG WITH OTHER WEATHER...HYDROLOGICAL AND CLIMATE
INFORMATION...IS AVAILABLE ON THE WEB AT HTTP://WWW.WEATHER.GOV/EAX
OR AT HTTP://WEATHER.GOV

$$
