000
CDUS43 KEAX 280633
CLIMCI

CLIMATE REPORT
NATIONAL WEATHER SERVICE KANSAS CITY/PLEASANT HILL MO
1232 AM CST FRI NOV 28 2014


...................................

...THE KANSAS CITY INTERNATIONAL MO CLIMATE SUMMARY FOR NOVEMBER 27 2014...

CLIMATE NORMAL PERIOD 1981 TO 2010
CLIMATE RECORD PERIOD 1888 TO 2014


WEATHER ITEM   OBSERVED TIME   RECORD YEAR NORMAL DEPARTURE LAST
                VALUE   (LST)  VALUE       VALUE  FROM      YEAR
                                                  NORMAL
..................................................................
TEMPERATURE (F)
 YESTERDAY
  MAXIMUM         36    343 PM  71    1960  47    -11       32
  MINIMUM         24    825 AM   9    1896  29     -5       13
  AVERAGE         30                        38     -8       23

PRECIPITATION (IN)
  YESTERDAY        0.00          0.84 2006   0.07  -0.07     0.00
  MONTH TO DATE    0.68                      1.95  -1.27     1.43
  SINCE SEP 1     12.22                      9.73   2.49    11.01
  SINCE JAN 1     38.21                     37.13   1.08    33.68

SNOWFALL (IN)
  YESTERDAY        0.0           4.5  1958   0.1   -0.1      0.0
  MONTH TO DATE    0.5                       0.9   -0.4       T
  SINCE SEP 1      0.5                       1.1   -0.6       T
  SINCE JUL 1      0.5                       1.1   -0.6       T
  SNOW DEPTH       0

DEGREE DAYS
 HEATING
  YESTERDAY       35                        27      8       42
  MONTH TO DATE  762                       559    203      635
  SINCE SEP 1   1062                       917    145      983
  SINCE JUL 1   1064                       919    145      983

 COOLING
  YESTERDAY        0                         0      0        0
  MONTH TO DATE    0                         0      0        0
  SINCE SEP 1    144                       185    -41      251
  SINCE JAN 1   1263                      1358    -95     1345
..................................................................


WIND (MPH)
  HIGHEST WIND SPEED    15   HIGHEST WIND DIRECTION    SE (150)
  HIGHEST GUST SPEED    19   HIGHEST GUST DIRECTION    NW (320)
  AVERAGE WIND SPEED     7.9


SKY COVER
  POSSIBLE SUNSHINE  MM
  AVERAGE SKY COVER 0.7


WEATHER CONDITIONS
 THE FOLLOWING WEATHER WAS RECORDED YESTERDAY.
  NO SIGNIFICANT WEATHER WAS OBSERVED.


RELATIVE HUMIDITY (PERCENT)
 HIGHEST    81          1200 AM
 LOWEST     56           300 PM
 AVERAGE    69

..........................................................


THE KANSAS CITY INTERNATIONAL MO CLIMATE NORMALS FOR TODAY
                         NORMAL    RECORD    YEAR
 MAXIMUM TEMPERATURE (F)   47        71      1998
 MINIMUM TEMPERATURE (F)   28         1      1976


SUNRISE AND SUNSET
NOVEMBER 28 2014......SUNRISE   717 AM CST   SUNSET   457 PM CST
NOVEMBER 29 2014......SUNRISE   718 AM CST   SUNSET   457 PM CST


-  INDICATES NEGATIVE NUMBERS.
R  INDICATES RECORD WAS SET OR TIED.
MM INDICATES DATA IS MISSING.
T  INDICATES TRACE AMOUNT.



&&

...MISCELLANEOUS CLIMATE DATA FROM YESTERDAY...

LOCATION                HIGH    LOW      PRECIP
ST. JOSEPH               32      22       0.00
DOWNTOWN KANSAS CITY     38      26       0.00
OLATHE NEW CENTURY       38      20       0.00
OLATHE JO CO EXEC        38      23       0.00
LEES SUMMIT              38      26       0.00
KIRKSVILLE               30      19       0.00
CHILLICOTHE              31      24       0.00
SEDALIA                  36      27       0.00
NWS PLEASANT HILL MO     38      24       0.00


THIS PRODUCT...ALONG WITH OTHER WEATHER...HYDROLOGICAL AND CLIMATE
INFORMATION...IS AVAILABLE ON THE WEB AT HTTP://WWW.CRH.NOAA.GOV/EAX
OR AT HTTP://WEATHER.GOV

$$
