000
CDUS43 KEAX 170638
CLIMCI

CLIMATE REPORT
NATIONAL WEATHER SERVICE KANSAS CITY/PLEASANT HILL MO
136 AM CDT THU AUG 17 2017


...................................

...THE KANSAS CITY INTERNATIONAL MO CLIMATE SUMMARY FOR AUGUST 16 2017...

CLIMATE NORMAL PERIOD 1981 TO 2010
CLIMATE RECORD PERIOD 1888 TO 2017


WEATHER ITEM   OBSERVED TIME   RECORD YEAR NORMAL DEPARTURE LAST
                VALUE   (LST)  VALUE       VALUE  FROM      YEAR
                                                  NORMAL
..................................................................
TEMPERATURE (F)
 YESTERDAY
  MAXIMUM         86    203 PM 104    1983  88     -2       89
                                      1956
                                      1936
  MINIMUM         68   1159 PM  53    1992  67      1       62
  AVERAGE         77                        78     -1       76

PRECIPITATION (IN)
  YESTERDAY        0.50          3.10 1990   0.12   0.38     0.00
  MONTH TO DATE    2.66                      1.93   0.73     0.51
  SINCE JUN 1     14.09                     11.61   2.48    10.25
  SINCE JAN 1     30.36                     25.44   4.92    30.78

SNOWFALL (IN)
  YESTERDAY        0.0           0.0    MM   0.0    0.0      0.0
  MONTH TO DATE    0.0                       0.0    0.0      0.0
  SINCE JUN 1      0.0                       0.0    0.0      0.0
  SINCE JUL 1      0.0                       0.0    0.0      0.0
  SNOW DEPTH       0

DEGREE DAYS
 HEATING
  YESTERDAY        0                         0      0        0
  MONTH TO DATE    4                         0      4        0
  SINCE JUN 1      5                         9     -4        0
  SINCE JUL 1      4                         0      4        0

 COOLING
  YESTERDAY       12                        13     -1       11
  MONTH TO DATE  116                       209    -93      220
  SINCE JUN 1    861                       889    -28     1065
  SINCE JAN 1    972                      1005    -33     1136
..................................................................


WIND (MPH)
  HIGHEST WIND SPEED    18   HIGHEST WIND DIRECTION    SW (240)
  HIGHEST GUST SPEED    25   HIGHEST GUST DIRECTION    SW (220)
  AVERAGE WIND SPEED     8.5


SKY COVER
  POSSIBLE SUNSHINE  MM
  AVERAGE SKY COVER 0.8


WEATHER CONDITIONS
 THE FOLLOWING WEATHER WAS RECORDED YESTERDAY.
  THUNDERSTORM
  HEAVY RAIN
  RAIN
  LIGHT RAIN
  FOG


RELATIVE HUMIDITY (PERCENT)
 HIGHEST   100           900 PM
 LOWEST     65           200 PM
 AVERAGE    83

..........................................................


THE KANSAS CITY INTERNATIONAL MO CLIMATE NORMALS FOR TODAY
                         NORMAL    RECORD    YEAR
 MAXIMUM TEMPERATURE (F)   88       108      1936
 MINIMUM TEMPERATURE (F)   67        53      2012


SUNRISE AND SUNSET
AUGUST 17 2017........SUNRISE   634 AM CDT   SUNSET   811 PM CDT
AUGUST 18 2017........SUNRISE   635 AM CDT   SUNSET   810 PM CDT


-  INDICATES NEGATIVE NUMBERS.
R  INDICATES RECORD WAS SET OR TIED.
MM INDICATES DATA IS MISSING.
T  INDICATES TRACE AMOUNT.


&&

...MISCELLANEOUS CLIMATE DATA FROM YESTERDAY...

LOCATION                HIGH    LOW      PRECIP
ST. JOSEPH               85      71       0.25
DOWNTOWN KANSAS CITY     88      70       0.99
OLATHE NEW CENTURY       87      68       1.14
OLATHE JO CO EXEC        85      67       0.86
LEES SUMMIT              87      68       0.78
KIRKSVILLE               84      67       0.14
CHILLICOTHE              89      68       0.22
SEDALIA                  85      69       0.71
NWS PLEASANT HILL MO     87      67       1.06


THIS PRODUCT...ALONG WITH OTHER WEATHER...HYDROLOGICAL AND CLIMATE
INFORMATION...IS AVAILABLE ON THE WEB AT HTTP://WWW.WEATHER.GOV/EAX
OR AT HTTP://WEATHER.GOV

$$
