000
CDUS43 KEAX 240636
CLIMCI

CLIMATE REPORT
NATIONAL WEATHER SERVICE KANSAS CITY/PLEASANT HILL MO
1231 AM CST FRI NOV 24 2017


...................................

...THE KANSAS CITY INTERNATIONAL MO CLIMATE SUMMARY FOR NOVEMBER 23 2017...

CLIMATE NORMAL PERIOD 1981 TO 2010
CLIMATE RECORD PERIOD 1888 TO 2017


WEATHER ITEM   OBSERVED TIME   RECORD YEAR NORMAL DEPARTURE LAST
                VALUE   (LST)  VALUE       VALUE  FROM      YEAR
                                                  NORMAL
..................................................................
TEMPERATURE (F)
 YESTERDAY
  MAXIMUM         63    301 PM  75    1966  49     14       57
  MINIMUM         34    745 AM   6    1898  31      3       39
  AVERAGE         49                        40      9       48

PRECIPITATION (IN)
  YESTERDAY        0.00          1.47 1931   0.07  -0.07      T
  MONTH TO DATE    0.27                      1.68  -1.41     0.40
  SINCE SEP 1      7.94                      9.46  -1.52     7.92
  SINCE JAN 1     45.83                     36.86   8.97    47.35

SNOWFALL (IN)
  YESTERDAY        0.0           0.7  1983   0.0    0.0      0.0
  MONTH TO DATE    0.0                       0.6   -0.6      0.0
  SINCE SEP 1      T                         0.8   -0.8      0.0
  SINCE JUL 1      T                         0.8   -0.8      0.0
  SNOW DEPTH       0

DEGREE DAYS
 HEATING
  YESTERDAY       16                        25     -9       17
  MONTH TO DATE  508                       453     55      273
  SINCE SEP 1    785                       811    -26      438
  SINCE JUL 1    789                       813    -24      438

 COOLING
  YESTERDAY        0                         0      0        0
  MONTH TO DATE    0                         0      0       13
  SINCE SEP 1    247                       185     62      288
  SINCE JAN 1   1325                      1358    -33     1585
..................................................................


WIND (MPH)
  HIGHEST WIND SPEED    14   HIGHEST WIND DIRECTION    SW (240)
  HIGHEST GUST SPEED    19   HIGHEST GUST DIRECTION    SW (220)
  AVERAGE WIND SPEED     8.9


SKY COVER
  POSSIBLE SUNSHINE  MM
  AVERAGE SKY COVER 0.2


WEATHER CONDITIONS
 THE FOLLOWING WEATHER WAS RECORDED YESTERDAY.
  HAZE


RELATIVE HUMIDITY (PERCENT)
 HIGHEST    71           800 PM
 LOWEST     36           300 PM
 AVERAGE    54

..........................................................


THE KANSAS CITY INTERNATIONAL MO CLIMATE NORMALS FOR TODAY
                         NORMAL    RECORD    YEAR
 MAXIMUM TEMPERATURE (F)   49        73      1990
 MINIMUM TEMPERATURE (F)   30         9      1950


SUNRISE AND SUNSET
NOVEMBER 24 2017......SUNRISE   713 AM CST   SUNSET   458 PM CST
NOVEMBER 25 2017......SUNRISE   714 AM CST   SUNSET   458 PM CST


-  INDICATES NEGATIVE NUMBERS.
R  INDICATES RECORD WAS SET OR TIED.
MM INDICATES DATA IS MISSING.
T  INDICATES TRACE AMOUNT.


&&

...MISCELLANEOUS CLIMATE DATA FROM YESTERDAY...

LOCATION                HIGH    LOW      PRECIP
ST. JOSEPH               65      29       0.00
DOWNTOWN KANSAS CITY     64      36       0.00
OLATHE NEW CENTURY       63      31       0.00
OLATHE JO CO EXEC        62      31       0.00
LEES SUMMIT              63      34       0.00
KIRKSVILLE               58      30       0.00
CHILLICOTHE              63      30       0.00
SEDALIA                  60      30       0.00
NWS PLEASANT HILL MO     63      32       0.00


THIS PRODUCT...ALONG WITH OTHER WEATHER...HYDROLOGICAL AND CLIMATE
INFORMATION...IS AVAILABLE ON THE WEB AT HTTP://WWW.WEATHER.GOV/EAX
OR AT HTTP://WEATHER.GOV

$$
