000
CDUS43 KGLD 300039 RRA
CLIMCK

WRKCLIMCK 000
TTAA00 KGLD 300037

CLIMATE REPORT
NATIONAL WEATHER SERVICE GOODLAND
636 PM MDT FRI MAY 29 2015

...................................

...THE MCCOOK NE CLIMATE SUMMARY FOR MAY 29 2015...
VALID TODAY AS OF 0600 PM LOCAL TIME.

CLIMATE NORMAL PERIOD 1981 TO 2010
CLIMATE RECORD PERIOD 1896 TO 2015


WEATHER ITEM   OBSERVED TIME   RECORD YEAR NORMAL DEPARTURE LAST
                VALUE   (LST)  VALUE       VALUE  FROM      YEAR
                                                  NORMAL
..................................................................
TEMPERATURE (F)
 TODAY
  MAXIMUM         77    218 PM 103    2000  77      0       92
  MINIMUM         53    608 AM  36    1992  50      3       56
  AVERAGE         65                        64      1       74

PRECIPITATION (IN)
  TODAY            T                         0.11  -0.11     0.00
  MONTH TO DATE    3.84                      2.90   0.94     2.71
  SINCE MAR 1      5.82                      6.57  -0.75     4.08
  SINCE JAN 1      6.16                      7.70  -1.54     4.57

..................................................................

THE MCCOOK NE CLIMATE NORMALS FOR TOMORROW
                         NORMAL    RECORD    YEAR
 MAXIMUM TEMPERATURE (F)   78       102      1928
 MINIMUM TEMPERATURE (F)   51        37      1992

-  INDICATES NEGATIVE NUMBERS.
R  INDICATES RECORD WAS SET OR TIED.
MM INDICATES DATA IS MISSING.
T  INDICATES TRACE AMOUNT.

$$
