907
CDUS43 KGLD 200042 RRA
CLIMCK

CLIMATE REPORT
NATIONAL WEATHER SERVICE GOODLAND
538 PM MST THU JAN 19 2017
...................................

...THE MCCOOK NE CLIMATE SUMMARY FOR JANUARY 19 2017...
VALID TODAY AS OF 0500 PM LOCAL TIME.

CLIMATE NORMAL PERIOD 1981 TO 2010
CLIMATE RECORD PERIOD 1896 TO 2017


WEATHER ITEM   OBSERVED TIME   RECORD YEAR NORMAL DEPARTURE LAST
                VALUE   (LST)  VALUE       VALUE  FROM      YEAR
                                                  NORMAL
..................................................................
TEMPERATURE (F)
 TODAY
  MAXIMUM         38   1205 PM  68    2014  41     -3       38
  MINIMUM         28    111 AM -24    1943  14     14       20
  AVERAGE         33                        27      6       29

PRECIPITATION (IN)
  TODAY            0.00                      0.01  -0.01     0.02
  MONTH TO DATE    0.69                      0.31   0.38     0.02
  SINCE DEC 1      1.12                      0.95   0.17     0.18
  SINCE JAN 1      0.69                      0.31   0.38     0.02

..................................................................


THE MCCOOK NE CLIMATE NORMALS FOR TOMORROW
                         NORMAL    RECORD    YEAR
 MAXIMUM TEMPERATURE (F)   41        71      1964
 MINIMUM TEMPERATURE (F)   14       -16      1984

-  INDICATES NEGATIVE NUMBERS.
R  INDICATES RECORD WAS SET OR TIED.
MM INDICATES DATA IS MISSING.
T  INDICATES TRACE AMOUNT.


$$
