000
CDUS43 KGLD 280743
CLIMCK

CLIMATE REPORT
NATIONAL WEATHER SERVICE GOODLAND
140 AM MDT THU AUG 28 2014
...................................

...THE MCCOOK NE CLIMATE SUMMARY FOR AUGUST 27 2014...

CLIMATE NORMAL PERIOD 1981 TO 2010
CLIMATE RECORD PERIOD 1896 TO 2014


WEATHER ITEM   OBSERVED TIME   RECORD YEAR NORMAL DEPARTURE LAST
                VALUE   (LST)  VALUE       VALUE  FROM      YEAR
                                                  NORMAL
..................................................................
TEMPERATURE (F)
 YESTERDAY
  MAXIMUM         80    256 PM 105    1960  86     -6      103
  MINIMUM         65   1159 PM  40    1922  58      7       68
  AVERAGE         73                        72      1       86

PRECIPITATION (IN)
  YESTERDAY        1.04                      0.08   0.96     0.00
  MONTH TO DATE    5.45                      2.85   2.60     1.04
  SINCE JUN 1     15.62                      9.48   6.14     3.83
  SINCE JAN 1     20.58                     17.42   3.16     8.72

..................................................................

THE MCCOOK NE CLIMATE NORMALS FOR TODAY
                         NORMAL    RECORD    YEAR
 MAXIMUM TEMPERATURE (F)   86       104      1970
 MINIMUM TEMPERATURE (F)   57        39      1911



-  INDICATES NEGATIVE NUMBERS.
R  INDICATES RECORD WAS SET OR TIED.
MM INDICATES DATA IS MISSING.
T  INDICATES TRACE AMOUNT.




$$
