000
CDUS43 KGLD 210049
CLIMCK

CLIMATE REPORT
NATIONAL WEATHER SERVICE GOODLAND
644 PM MDT SUN APR 20 2014

...................................

...THE MCCOOK NE CLIMATE SUMMARY FOR APRIL 20 2014...
VALID TODAY AS OF 0600 PM LOCAL TIME.

CLIMATE NORMAL PERIOD 1981 TO 2010
CLIMATE RECORD PERIOD 1896 TO 2014

WEATHER ITEM   OBSERVED TIME   RECORD YEAR NORMAL DEPARTURE LAST
                VALUE   (LST)  VALUE       VALUE  FROM      YEAR
                                                  NORMAL
..................................................................
TEMPERATURE (F)
 TODAY
  MAXIMUM         79    301 PM  92    1946  66     13       60
  MINIMUM         49    641 AM  20    1953  36     13       32
  AVERAGE         64                        51     13       46

PRECIPITATION (IN)
  TODAY            0.00                      0.09  -0.09     0.00
  MONTH TO DATE    0.84                      1.38  -0.54     0.93
  SINCE MAR 1      1.10                      2.74  -1.64     1.60
  SINCE JAN 1      1.59                      3.87  -2.28     2.77

..................................................................

THE MCCOOK NE CLIMATE NORMALS FOR TOMORROW
                         NORMAL    RECORD    YEAR
 MAXIMUM TEMPERATURE (F)   66        94      1989
 MINIMUM TEMPERATURE (F)   37        18      1927

-  INDICATES NEGATIVE NUMBERS.
R  INDICATES RECORD WAS SET OR TIED.
MM INDICATES DATA IS MISSING.
T  INDICATES TRACE AMOUNT.

$$
