000
CDUS42 KFFC 250022
CLIMCN


CLIMATE REPORT
NATIONAL WEATHER SERVICE PEACHTREE CITY GA
822 PM EDT FRI OCT 24 2014


...................................

...THE MACON CLIMATE SUMMARY FOR OCTOBER 24 2014...
VALID AS OF 0800 PM LOCAL TIME.

CLIMATE NORMAL PERIOD 1981 TO 2010
CLIMATE RECORD PERIOD 1899 TO 2014


WEATHER ITEM   OBSERVED TIME   RECORD YEAR NORMAL DEPARTURE LAST
                VALUE   (LST)  VALUE       VALUE  FROM      YEAR
                                                  NORMAL
..................................................................
TEMPERATURE (F)
 TODAY
  MAXIMUM         76    329 PM  88    1984  75      1       70
                                      1949
                                      1927
  MINIMUM         43    710 AM  32    2006  50     -7       37
                                      1937
  AVERAGE         60                        62     -2       54

PRECIPITATION (IN)
  TODAY            0.00          2.51 2008   0.08  -0.08     0.00
  MONTH TO DATE    1.57                      2.20  -0.63     0.54
  SINCE SEP 1      4.36                      5.79  -1.43     2.31
  SINCE JAN 1     38.29                     37.73   0.56    60.44

SNOWFALL (IN)
  TODAY            0.0           0.0  2002   0.0    0.0      0.0
                                      2001
  MONTH TO DATE    0.0                       0.0    0.0      0.0
  SINCE SEP 1      0.0                       0.0    0.0      0.0
  SINCE JUL 1      0.0                       0.0    0.0      0.0
  SNOW DEPTH       0

DEGREE DAYS
 HEATING
  TODAY            5                         4      1       11
  MONTH TO DATE   63                        59      4       22
  SINCE SEP 1     64                        65     -1       22
  SINCE JUL 1     64                        65     -1       22

 COOLING
  TODAY            0                         2     -2        0
  MONTH TO DATE   96                        84     12       75
  SINCE SEP 1    435                       390     45      365
  SINCE JAN 1   2033                      2134   -101     1840
..................................................................


WIND (MPH)
  HIGHEST WIND SPEED    12   HIGHEST WIND DIRECTION     N (20)
  HIGHEST GUST SPEED    53   HIGHEST GUST DIRECTION     E (90)
  AVERAGE WIND SPEED     1.4


SKY COVER
  AVERAGE SKY COVER 0.0


WEATHER CONDITIONS
 THE FOLLOWING WEATHER WAS RECORDED TODAY.
  FOG


RELATIVE HUMIDITY (PERCENT)
 HIGHEST   100          1200 AM
 LOWEST     29           300 PM

..........................................................


THE MACON CLIMATE NORMALS FOR TOMORROW
                         NORMAL    RECORD
 MAXIMUM TEMPERATURE (F)   75        86
 MINIMUM TEMPERATURE (F)   49        29


SUNRISE AND SUNSET
OCTOBER 24 2014.......SUNRISE   746 AM EDT   SUNSET   652 PM EDT
OCTOBER 25 2014.......SUNRISE   746 AM EDT   SUNSET   650 PM EDT


-  INDICATES NEGATIVE NUMBERS.
R  INDICATES RECORD WAS SET OR TIED.
MM INDICATES DATA IS MISSING.
T  INDICATES TRACE AMOUNT.




$$
