000
CDUS42 KFFC 070025
CLIMCN


CLIMATE REPORT
NATIONAL WEATHER SERVICE PEACHTREE CITY GA
725 PM EST FRI MAR 6 2015


...................................

...THE MACON CLIMATE SUMMARY FOR MARCH 6 2015...
VALID AS OF 0700 PM LOCAL TIME.

CLIMATE NORMAL PERIOD 1981 TO 2010
CLIMATE RECORD PERIOD 1899 TO 2015


WEATHER ITEM   OBSERVED TIME   RECORD YEAR NORMAL DEPARTURE LAST
                VALUE   (LST)  VALUE       VALUE  FROM      YEAR
                                                  NORMAL
..................................................................
TEMPERATURE (F)
 TODAY
  MAXIMUM         53    407 PM  86    1961  67    -14       43
  MINIMUM         33    704 AM  19    1960  42     -9       35
  AVERAGE         43                        54    -11       39

PRECIPITATION (IN)
  TODAY            0.01          3.73 1922   0.16  -0.15     0.46
  MONTH TO DATE    0.27                      0.95  -0.68     0.54
  SINCE MAR 1      0.27                      0.95  -0.68     0.54
  SINCE JAN 1      7.07                      9.55  -2.48     8.37

SNOWFALL (IN)
  TODAY           MM             0.0  2002   0.0   MM        0.0
                                      2000
                                      2001
  MONTH TO DATE    0.0                       0.0    0.0      0.0
  SINCE MAR 1      0.0                       0.0    0.0      0.0
  SINCE JUL 1      0.0                       0.5   -0.5      2.1
  SNOW DEPTH       0

DEGREE DAYS
 HEATING
  TODAY           22                        11     11       26
  MONTH TO DATE   59                        69    -10      102
  SINCE MAR 1     59                        69    -10      102
  SINCE JUL 1   2272                      1994    278     2235

 COOLING
  TODAY            0                         0      0        0
  MONTH TO DATE    1                         0      1        0
  SINCE MAR 1      1                         0      1        0
  SINCE JAN 1      1                         3     -2        1
..................................................................


WIND (MPH)
  HIGHEST WIND SPEED    14   HIGHEST WIND DIRECTION    NE (50)
  HIGHEST GUST SPEED    16   HIGHEST GUST DIRECTION    NE (50)
  AVERAGE WIND SPEED     6.8


SKY COVER
  AVERAGE SKY COVER 0.8


WEATHER CONDITIONS
 THE FOLLOWING WEATHER WAS RECORDED TODAY.
  FOG


RELATIVE HUMIDITY (PERCENT)
 HIGHEST   100           700 AM
 LOWEST     50           500 PM

..........................................................


THE MACON CLIMATE NORMALS FOR TOMORROW
                         NORMAL    RECORD
 MAXIMUM TEMPERATURE (F)   67        84
 MINIMUM TEMPERATURE (F)   42        20


SUNRISE AND SUNSET
MARCH  6 2015.........SUNRISE   657 AM EST   SUNSET   636 PM EST
MARCH  7 2015.........SUNRISE   655 AM EST   SUNSET   636 PM EST


-  INDICATES NEGATIVE NUMBERS.
R  INDICATES RECORD WAS SET OR TIED.
MM INDICATES DATA IS MISSING.
T  INDICATES TRACE AMOUNT.




$$
