000
CDUS42 KFFC 290816
CLIMCN


CLIMATE REPORT
NATIONAL WEATHER SERVICE PEACHTREE CITY GA
416 AM EDT SUN MAR 29 2015


...................................

...THE MACON CLIMATE SUMMARY FOR MARCH 28 2015...

CLIMATE NORMAL PERIOD 1981 TO 2010
CLIMATE RECORD PERIOD 1899 TO 2015


WEATHER ITEM   OBSERVED TIME   RECORD YEAR NORMAL DEPARTURE LAST
                VALUE   (LST)  VALUE       VALUE  FROM      YEAR
                                                  NORMAL
..................................................................
TEMPERATURE (F)
 YESTERDAY
  MAXIMUM         58    415 PM  89    1907  73    -15       61
  MINIMUM         35   1158 PM  30    2013  46    -11       52
                                      2001
  AVERAGE         47                        60    -13       57

PRECIPITATION (IN)
  YESTERDAY        0.00          3.08 2009   0.14  -0.14     1.10
  MONTH TO DATE    1.48                      4.13  -2.65     3.88
  SINCE MAR 1      1.48                      4.13  -2.65     3.88
  SINCE JAN 1      8.28                     12.73  -4.45    11.71

SNOWFALL (IN)
  YESTERDAY        0.0           0.0  2002   0.0    0.0      0.0
                                      2001
                                      2000
  MONTH TO DATE    0.0                       0.2   -0.2      0.0
  SINCE MAR 1      0.0                       0.2   -0.2      0.0
  SINCE JUL 1      0.0                       0.7   -0.7      2.1
  SNOW DEPTH       0

DEGREE DAYS
 HEATING
  YESTERDAY       18                         6     12        8
  MONTH TO DATE  177                       254    -77      352
  SINCE MAR 1    177                       254    -77      352
  SINCE JUL 1   2390                      2179    211     2485

 COOLING
  YESTERDAY        0                         1     -1        0
  MONTH TO DATE   12                        17     -5        0
  SINCE MAR 1     12                        17     -5        0
  SINCE JAN 1     12                        20     -8        1
..................................................................


WIND (MPH)
  RESULTANT WIND SPEED   7   RESULTANT WIND DIRECTION  NW (310)
  HIGHEST WIND SPEED    18   HIGHEST WIND DIRECTION    NW (320)
  HIGHEST GUST SPEED    26   HIGHEST GUST DIRECTION    NW (320)
  AVERAGE WIND SPEED     7.8


SKY COVER
  AVERAGE SKY COVER 0.0


WEATHER CONDITIONS
 THE FOLLOWING WEATHER WAS RECORDED YESTERDAY.
  NO SIGNIFICANT WEATHER WAS OBSERVED.


RELATIVE HUMIDITY (PERCENT)
 HIGHEST    85           500 AM
 LOWEST     19           400 PM
 AVERAGE    52

..........................................................


THE MACON CLIMATE NORMALS FOR TODAY
                         NORMAL    RECORD    YEAR
 MAXIMUM TEMPERATURE (F)   73        87      1907
 MINIMUM TEMPERATURE (F)   47        30      1966


SUNRISE AND SUNSET
MARCH 29 2015.........SUNRISE   727 AM EDT   SUNSET   752 PM EDT
MARCH 30 2015.........SUNRISE   726 AM EDT   SUNSET   753 PM EDT


-  INDICATES NEGATIVE NUMBERS.
R  INDICATES RECORD WAS SET OR TIED.
MM INDICATES DATA IS MISSING.
T  INDICATES TRACE AMOUNT.




$$
