000
CDUS42 KFFC 230021
CLIMCN


CLIMATE REPORT
NATIONAL WEATHER SERVICE PEACHTREE CITY GA
721 PM EST SAT NOV 22 2014


...................................

...THE MACON CLIMATE SUMMARY FOR NOVEMBER 22 2014...
VALID AS OF 0700 PM LOCAL TIME.

CLIMATE NORMAL PERIOD 1981 TO 2010
CLIMATE RECORD PERIOD 1899 TO 2014


WEATHER ITEM   OBSERVED TIME   RECORD YEAR NORMAL DEPARTURE LAST
                VALUE   (LST)  VALUE       VALUE  FROM      YEAR
                                                  NORMAL
..................................................................
TEMPERATURE (F)
 TODAY
  MAXIMUM         64    239 PM  80    1942  67     -3       71
  MINIMUM         31    438 AM  20    2008  41    -10       53
  AVERAGE         48                        54     -6       62

PRECIPITATION (IN)
  TODAY            T             1.27 1948   0.11  -0.11     0.00
  MONTH TO DATE    1.09                      2.31  -1.22     1.26
  SINCE SEP 1      5.45                      8.69  -3.24     3.63
  SINCE JAN 1     39.38                     40.63  -1.25    61.76

SNOWFALL (IN)
  TODAY           MM             0.0  2001   0.0   MM        0.0
  MONTH TO DATE    0.0                       0.0    0.0      0.0
  SINCE SEP 1      0.0                       0.0    0.0      0.0
  SINCE JUL 1      0.0                       0.0    0.0      0.0
  SNOW DEPTH       0

DEGREE DAYS
 HEATING
  TODAY           17                        11      6        3
  MONTH TO DATE  360                       190    170      207
  SINCE SEP 1    446                       293    153      274
  SINCE JUL 1    446                       293    153      274
..................................................................


WIND (MPH)
  HIGHEST WIND SPEED    13   HIGHEST WIND DIRECTION     E (100)
  HIGHEST GUST SPEED    30   HIGHEST GUST DIRECTION    SW (210)
  AVERAGE WIND SPEED     5.1


SKY COVER
  AVERAGE SKY COVER 0.5


WEATHER CONDITIONS
 THE FOLLOWING WEATHER WAS RECORDED TODAY.
  LIGHT RAIN
  FOG


RELATIVE HUMIDITY (PERCENT)
 HIGHEST   100           200 AM
 LOWEST     36           100 PM

..........................................................


THE MACON CLIMATE NORMALS FOR TOMORROW
                         NORMAL    RECORD
 MAXIMUM TEMPERATURE (F)   66        82
 MINIMUM TEMPERATURE (F)   41        24


SUNRISE AND SUNSET
NOVEMBER 22 2014......SUNRISE   711 AM EST   SUNSET   530 PM EST
NOVEMBER 23 2014......SUNRISE   712 AM EST   SUNSET   530 PM EST


-  INDICATES NEGATIVE NUMBERS.
R  INDICATES RECORD WAS SET OR TIED.
MM INDICATES DATA IS MISSING.
T  INDICATES TRACE AMOUNT.




$$
