000
CDUS42 KFFC 010042
CLIMCN


CLIMATE REPORT
NATIONAL WEATHER SERVICE PEACHTREE CITY GA
841 PM EDT WED AUG 31 2016


...................................

...THE MACON CLIMATE SUMMARY FOR AUGUST 31 2016...
VALID AS OF 0800 PM LOCAL TIME.

CLIMATE NORMAL PERIOD 1981 TO 2010
CLIMATE RECORD PERIOD 1899 TO 2016


WEATHER ITEM   OBSERVED TIME   RECORD YEAR NORMAL DEPARTURE LAST
                VALUE   (LST)  VALUE       VALUE  FROM      YEAR
                                                  NORMAL
..................................................................
TEMPERATURE (F)
 TODAY
  MAXIMUM         95    320 PM  99    1907  90      5       87
  MINIMUM         69    436 AM  59    1986  69      0       70
  AVERAGE         82                        79      3       79

PRECIPITATION (IN)
  TODAY            T             2.11 1893   0.13  -0.13     0.00
  MONTH TO DATE    2.03                      4.10  -2.07     5.07
  SINCE JUN 1      6.26                     13.11  -6.85    10.41
  SINCE JAN 1     24.22                     31.94  -7.72    26.91

DEGREE DAYS
 COOLING
  TODAY           17                        14      3       14
  MONTH TO DATE  569                       491     78      489
  SINCE JUN 1   1675                      1431    244     1561
  SINCE JAN 1   2027                      1744    283     1946
..................................................................


WIND (MPH)
  HIGHEST WIND SPEED    15   HIGHEST WIND DIRECTION    NE (50)
  HIGHEST GUST SPEED    23   HIGHEST GUST DIRECTION    NE (50)
  AVERAGE WIND SPEED     7.5


SKY COVER
  AVERAGE SKY COVER 0.4


WEATHER CONDITIONS
 THE FOLLOWING WEATHER WAS RECORDED TODAY.
  NO SIGNIFICANT WEATHER WAS OBSERVED.


RELATIVE HUMIDITY (PERCENT)
 HIGHEST    97           500 AM
 LOWEST     44           300 PM

..........................................................


THE MACON CLIMATE NORMALS FOR TOMORROW
                         NORMAL    RECORD
 MAXIMUM TEMPERATURE (F)   90       100
 MINIMUM TEMPERATURE (F)   68        56


SUNRISE AND SUNSET
AUGUST 31 2016........SUNRISE   709 AM EDT   SUNSET   800 PM EDT
SEPTEMBER  1 2016.....SUNRISE   710 AM EDT   SUNSET   759 PM EDT


-  INDICATES NEGATIVE NUMBERS.
R  INDICATES RECORD WAS SET OR TIED.
MM INDICATES DATA IS MISSING.
T  INDICATES TRACE AMOUNT.




$$
