000
CDUS42 KFFC 120817
CLIMCN


CLIMATE REPORT
NATIONAL WEATHER SERVICE PEACHTREE CITY GA
416 AM EDT SAT JUL 12 2014


...................................

...THE MACON CLIMATE SUMMARY FOR JULY 11 2014...

CLIMATE NORMAL PERIOD 1981 TO 2010
CLIMATE RECORD PERIOD 1899 TO 2014


WEATHER ITEM   OBSERVED TIME   RECORD YEAR NORMAL DEPARTURE LAST
                VALUE   (LST)  VALUE       VALUE  FROM      YEAR
                                                  NORMAL
..................................................................
TEMPERATURE (F)
 YESTERDAY
  MAXIMUM         89    253 PM 104    1980  93     -4       88
  MINIMUM         70    250 AM  61    1947  71     -1       72
  AVERAGE         80                        82     -2       80

PRECIPITATION (IN)
  YESTERDAY        0.00          2.18 1941   0.17  -0.17     0.78
  MONTH TO DATE    0.82                      1.76  -0.94     5.13
  SINCE JUN 1      6.47                      5.82   0.65    17.38
  SINCE JAN 1     28.66                     24.65   4.01    46.07

DEGREE DAYS
 HEATING
  YESTERDAY        0                         0      0        0
  MONTH TO DATE    0                         0      0        0
  SINCE JUN 1      0                         0      0        0
  SINCE JUL 1      0                         0      0        0

 COOLING
  YESTERDAY       15                        17     -2       15
  MONTH TO DATE  169                       181    -12      153
  SINCE JUN 1    584                       600    -16      549
  SINCE JAN 1    862                       913    -51      759
..................................................................


WIND (MPH)
  RESULTANT WIND SPEED   2   RESULTANT WIND DIRECTION   E (100)
  HIGHEST WIND SPEED    15   HIGHEST WIND DIRECTION    SE (140)
  HIGHEST GUST SPEED    21   HIGHEST GUST DIRECTION    SE (140)
  AVERAGE WIND SPEED     1.6


SKY COVER
  AVERAGE SKY COVER 0.3


WEATHER CONDITIONS
 THE FOLLOWING WEATHER WAS RECORDED YESTERDAY.
  FOG
  HAZE


RELATIVE HUMIDITY (PERCENT)
 HIGHEST   100          1100 PM
 LOWEST     52           300 PM
 AVERAGE    76

..........................................................


THE MACON CLIMATE NORMALS FOR TODAY
                         NORMAL    RECORD    YEAR
 MAXIMUM TEMPERATURE (F)   93       105      1980
 MINIMUM TEMPERATURE (F)   71        61      1953


SUNRISE AND SUNSET
JULY 12 2014..........SUNRISE   636 AM EDT   SUNSET   844 PM EDT
JULY 13 2014..........SUNRISE   636 AM EDT   SUNSET   844 PM EDT


-  INDICATES NEGATIVE NUMBERS.
R  INDICATES RECORD WAS SET OR TIED.
MM INDICATES DATA IS MISSING.
T  INDICATES TRACE AMOUNT.




$$
