000
CDUS42 KFFC 240026
CLIMCN


CLIMATE REPORT
NATIONAL WEATHER SERVICE PEACHTREE CITY GA
826 PM EDT TUE MAY 23 2017


...................................

...THE MACON CLIMATE SUMMARY FOR MAY 23 2017...
VALID AS OF 0800 PM LOCAL TIME.

CLIMATE NORMAL PERIOD 1981 TO 2010
CLIMATE RECORD PERIOD 1899 TO 2017


WEATHER ITEM   OBSERVED TIME   RECORD YEAR NORMAL DEPARTURE LAST
                VALUE   (LST)  VALUE       VALUE  FROM      YEAR
                                                  NORMAL
..................................................................
TEMPERATURE (F)
 TODAY
  MAXIMUM         72    444 PM  98    1956  86    -14       84
                                      1941
  MINIMUM         67    344 PM  42    2002  62      5       53
  AVERAGE         70                        74     -4       69

PRECIPITATION (IN)
  TODAY            1.50          3.47 1957   0.09   1.41     0.00
  MONTH TO DATE    4.94                      1.87   3.07     1.96
  SINCE MAR 1      9.40                      9.38   0.02    12.23
  SINCE JAN 1     22.60                     17.98   4.62    17.96

DEGREE DAYS
 COOLING
  TODAY            5                         9     -4        4
  MONTH TO DATE  161                       146     15      146
  SINCE MAR 1    361                       227    134      265
  SINCE JAN 1    372                       230    142      266
..................................................................


WIND (MPH)
  HIGHEST WIND SPEED     9   HIGHEST WIND DIRECTION    NW (330)
  HIGHEST GUST SPEED    11   HIGHEST GUST DIRECTION    NW (330)
  AVERAGE WIND SPEED     2.3


SKY COVER
  AVERAGE SKY COVER 0.9


WEATHER CONDITIONS
 THE FOLLOWING WEATHER WAS RECORDED TODAY.
  HEAVY RAIN
  RAIN
  LIGHT RAIN
  FOG


RELATIVE HUMIDITY (PERCENT)
 HIGHEST    97           700 AM
 LOWEST     84           600 PM

..........................................................


THE MACON CLIMATE NORMALS FOR TOMORROW
                         NORMAL    RECORD
 MAXIMUM TEMPERATURE (F)   87        97
 MINIMUM TEMPERATURE (F)   62        46


SUNRISE AND SUNSET
MAY 23 2017...........SUNRISE   631 AM EDT   SUNSET   832 PM EDT
MAY 24 2017...........SUNRISE   631 AM EDT   SUNSET   833 PM EDT


-  INDICATES NEGATIVE NUMBERS.
R  INDICATES RECORD WAS SET OR TIED.
MM INDICATES DATA IS MISSING.
T  INDICATES TRACE AMOUNT.




$$
