000
CDUS42 KMLB 202018
CLIMCO


CLIMATE REPORT
NATIONAL WEATHER SERVICE MELBOURNE FL
418 PM EDT THU JUL 20 2017


...................................

...THE ORLANDO  CLIMATE SUMMARY FOR JULY 20 2017...
VALID TODAY AS OF 0400 PM LOCAL TIME.

CLIMATE NORMAL PERIOD 1981 TO 2010
CLIMATE RECORD PERIOD 1892 TO 2017


WEATHER ITEM   OBSERVED TIME   RECORD YEAR NORMAL DEPARTURE LAST
                VALUE   (LST)  VALUE       VALUE  FROM      YEAR
                                                  NORMAL
..................................................................
TEMPERATURE (F)
 TODAY
  MAXIMUM         91    202 PM  99    1914  92     -1       94
  MINIMUM         72    451 AM  68    1893  74     -2       75
  AVERAGE         82                        83     -1       85

PRECIPITATION (IN)
  TODAY            0.00          3.08 1898   0.23  -0.23     0.01
  MONTH TO DATE    6.89                      4.62   2.27     1.93
  SINCE JUN 1     12.33                     12.20   0.13     9.64
  SINCE JAN 1     18.72                     26.83  -8.11    29.73

SNOWFALL (IN)
  TODAY            0.0
  MONTH TO DATE    0.0
  SINCE JUN 1      0.0
  SINCE JUL 1      0.0

DEGREE DAYS
 HEATING
  TODAY            0                         0      0        0
  MONTH TO DATE    0                         0      0        0
  SINCE JUN 1      0                         0      0        0
  SINCE JUL 1      0                         0      0        0

 COOLING
  TODAY           17                        18     -1       20
  MONTH TO DATE  359                       352      7      416
  SINCE JUN 1    808                       842    -34      955
  SINCE JAN 1   1844                      1643    201     1870
..................................................................


WIND (MPH)
  HIGHEST WIND SPEED     9   HIGHEST WIND DIRECTION    SE (120)
  HIGHEST GUST SPEED    12   HIGHEST GUST DIRECTION    SE (120)
  AVERAGE WIND SPEED     2.0


SKY COVER
  AVERAGE SKY COVER 0.5


WEATHER CONDITIONS
 THE FOLLOWING WEATHER WAS RECORDED TODAY.
  NO SIGNIFICANT WEATHER WAS OBSERVED.


RELATIVE HUMIDITY (PERCENT)
 HIGHEST   100          1200 AM
 LOWEST     56           200 PM
 AVERAGE    78

..........................................................


THE ORLANDO  CLIMATE NORMALS FOR TOMORROW
                         NORMAL    RECORD    YEAR
 MAXIMUM TEMPERATURE (F)   92        98      1892
 MINIMUM TEMPERATURE (F)   74        66      1899


SUNRISE AND SUNSET
JULY 20 2017..........SUNRISE   641 AM EDT   SUNSET   822 PM EDT
JULY 21 2017..........SUNRISE   641 AM EDT   SUNSET   822 PM EDT


-  INDICATES NEGATIVE NUMBERS.
R  INDICATES RECORD WAS SET OR TIED.
MM INDICATES DATA IS MISSING.
T  INDICATES TRACE AMOUNT.




$$
