000
CDUS42 KMLB 242018
CLIMCO


CLIMATE REPORT
NATIONAL WEATHER SERVICE MELBOURNE FL
417 PM EDT SUN SEP 24 2017


...................................

...THE ORLANDO  CLIMATE SUMMARY FOR SEPTEMBER 24 2017...
VALID TODAY AS OF 0400 PM LOCAL TIME.

CLIMATE NORMAL PERIOD 1981 TO 2010
CLIMATE RECORD PERIOD 1892 TO 2017


WEATHER ITEM   OBSERVED TIME   RECORD YEAR NORMAL DEPARTURE LAST
                VALUE   (LST)  VALUE       VALUE  FROM      YEAR
                                                  NORMAL
..................................................................
TEMPERATURE (F)
 TODAY
  MAXIMUM         89    240 PM  98    1919  89      0       94
  MINIMUM         74    602 AM  60    1916  72      2       75
  AVERAGE         82                        80      2       85

PRECIPITATION (IN)
  TODAY            0.00          1.73 1975   0.19  -0.19     0.00
  MONTH TO DATE   13.65                      4.97   8.68     5.89
  SINCE SEP 1     13.65                      4.97   8.68     5.89
  SINCE JAN 1     42.07                     41.58   0.49    47.58

SNOWFALL (IN)
  TODAY            0.0
  MONTH TO DATE    0.0
  SINCE SEP 1      0.0
  SINCE JUL 1      0.0

DEGREE DAYS
 HEATING
  TODAY            0                         0      0        0
  MONTH TO DATE    0                         0      0        0
  SINCE SEP 1      0                         0      0        0
  SINCE JUL 1      0                         0      0        0

 COOLING
  TODAY           17                        15      2       20
  MONTH TO DATE  384                       394    -10      426
  SINCE SEP 1    384                       394    -10      426
  SINCE JAN 1   2982                      2787    195     3099
..................................................................


WIND (MPH)
  HIGHEST WIND SPEED    17   HIGHEST WIND DIRECTION    NE (60)
  HIGHEST GUST SPEED    20   HIGHEST GUST DIRECTION    NE (60)
  AVERAGE WIND SPEED     8.2


SKY COVER
  AVERAGE SKY COVER 0.4


WEATHER CONDITIONS
 THE FOLLOWING WEATHER WAS RECORDED TODAY.
  NO SIGNIFICANT WEATHER WAS OBSERVED.


RELATIVE HUMIDITY (PERCENT)
 HIGHEST   100          1200 AM
 LOWEST     57           300 PM
 AVERAGE    79

..........................................................


THE ORLANDO  CLIMATE NORMALS FOR TOMORROW
                         NORMAL    RECORD    YEAR
 MAXIMUM TEMPERATURE (F)   89        98      1919
 MINIMUM TEMPERATURE (F)   72        62      1914


SUNRISE AND SUNSET
SEPTEMBER 24 2017.....SUNRISE   715 AM EDT   SUNSET   719 PM EDT
SEPTEMBER 25 2017.....SUNRISE   715 AM EDT   SUNSET   718 PM EDT


-  INDICATES NEGATIVE NUMBERS.
R  INDICATES RECORD WAS SET OR TIED.
MM INDICATES DATA IS MISSING.
T  INDICATES TRACE AMOUNT.




$$
