000
CDUS42 KMLB 010639
CLIMCO


CLIMATE REPORT
NATIONAL WEATHER SERVICE MELBOURNE FL
229 AM EDT WED OCT 1 2014


...................................

...THE ORLANDO  CLIMATE SUMMARY FOR SEPTEMBER 30 2014...

CLIMATE NORMAL PERIOD 1981 TO 2010
CLIMATE RECORD PERIOD 1892 TO 2014


WEATHER ITEM   OBSERVED TIME   RECORD YEAR NORMAL DEPARTURE LAST
                VALUE   (LST)  VALUE       VALUE  FROM      YEAR
                                                  NORMAL
..................................................................
TEMPERATURE (F)
 YESTERDAY
  MAXIMUM         84   1259 PM  96    1921  88     -4       89
  MINIMUM         70    641 AM  59    1896  71     -1       70
  AVERAGE         77                        79     -2       80

PRECIPITATION (IN)
  YESTERDAY        0.10          2.13 1987   0.18  -0.08     0.00
  MONTH TO DATE   10.45                      6.06   4.39     5.78
  SINCE SEP 1     10.45                      6.06   4.39     5.78
  SINCE JAN 1     48.24                     42.67   5.57    41.37

SNOWFALL (IN)
  YESTERDAY        0.0
  MONTH TO DATE    0.0
  SINCE SEP 1      0.0
  SINCE JUL 1      0.0

DEGREE DAYS
 HEATING
  YESTERDAY        0                         0      0        0
  MONTH TO DATE    0                         0      0        0
  SINCE SEP 1      0                         0      0        0
  SINCE JUL 1      0                         0      0        0

 COOLING
  YESTERDAY       12                        14     -2       15
  MONTH TO DATE  477                       483     -6      494
  SINCE SEP 1    477                       483     -6      494
  SINCE JAN 1   3075                      2876    199     2985
..................................................................


WIND (MPH)
  HIGHEST WIND SPEED    16   HIGHEST WIND DIRECTION     S (200)
  HIGHEST GUST SPEED    20   HIGHEST GUST DIRECTION    SW (210)
  AVERAGE WIND SPEED     4.6


SKY COVER
  AVERAGE SKY COVER 0.7


WEATHER CONDITIONS
 THE FOLLOWING WEATHER WAS RECORDED YESTERDAY.
  THUNDERSTORM
  LIGHT RAIN
  FOG


RELATIVE HUMIDITY (PERCENT)
 HIGHEST   100          1200 AM
 LOWEST     74          1200 PM
 AVERAGE    87

..........................................................


THE ORLANDO  CLIMATE NORMALS FOR TODAY
                         NORMAL    RECORD    YEAR
 MAXIMUM TEMPERATURE (F)   88        98      1904
 MINIMUM TEMPERATURE (F)   70        46      1920


SUNRISE AND SUNSET
OCTOBER  1 2014.......SUNRISE   718 AM EDT   SUNSET   711 PM EDT
OCTOBER  2 2014.......SUNRISE   719 AM EDT   SUNSET   710 PM EDT


-  INDICATES NEGATIVE NUMBERS.
R  INDICATES RECORD WAS SET OR TIED.
MM INDICATES DATA IS MISSING.
T  INDICATES TRACE AMOUNT.




$$
