000
CDUS42 KMLB 040631
CLIMCO


CLIMATE REPORT
NATIONAL WEATHER SERVICE MELBOURNE FL
230 AM EDT TUE AUG 4 2015


...................................

...THE ORLANDO  CLIMATE SUMMARY FOR AUGUST 3 2015...

CLIMATE NORMAL PERIOD 1981 TO 2010
CLIMATE RECORD PERIOD 1892 TO 2015


WEATHER ITEM   OBSERVED TIME   RECORD YEAR NORMAL DEPARTURE LAST
                VALUE   (LST)  VALUE       VALUE  FROM      YEAR
                                                  NORMAL
..................................................................
TEMPERATURE (F)
 YESTERDAY
  MAXIMUM         82    542 PM  99    1935  92    -10       96
                                      1908
  MINIMUM         74    539 AM  66    1893  74      0       74
  AVERAGE         78                        83     -5       85

PRECIPITATION (IN)
  YESTERDAY        T             2.55 1923   0.24  -0.24     2.25
  MONTH TO DATE    2.88                      0.72   2.16     2.28
  SINCE JUN 1     17.09                     15.57   1.52    15.71
  SINCE JAN 1     31.08                     30.20   0.88    33.06

SNOWFALL (IN)
  YESTERDAY        0.0
  MONTH TO DATE    0.0
  SINCE JUN 1      0.0
  SINCE JUL 1      0.0

DEGREE DAYS
 HEATING
  YESTERDAY        0                         0      0        0
  MONTH TO DATE    0                         0      0        0
  SINCE JUN 1      0                         0      0        0
  SINCE JUL 1      0                         0      0        0

 COOLING
  YESTERDAY       13                        18     -5       20
  MONTH TO DATE   44                        54    -10       59
  SINCE JUN 1   1173                      1093     80     1132
  SINCE JAN 1   2353                      1894    459     2066
..................................................................


WIND (MPH)
  HIGHEST WIND SPEED    20   HIGHEST WIND DIRECTION    SW (230)
  HIGHEST GUST SPEED    24   HIGHEST GUST DIRECTION    SW (230)
  AVERAGE WIND SPEED    10.1


SKY COVER
  AVERAGE SKY COVER 0.9


WEATHER CONDITIONS
 THE FOLLOWING WEATHER WAS RECORDED YESTERDAY.
  LIGHT RAIN


RELATIVE HUMIDITY (PERCENT)
 HIGHEST    94          1200 AM
 LOWEST     74           500 PM
 AVERAGE    84

..........................................................


THE ORLANDO  CLIMATE NORMALS FOR TODAY
                         NORMAL    RECORD    YEAR
 MAXIMUM TEMPERATURE (F)   92        98      1935
 MINIMUM TEMPERATURE (F)   74        66      1938


SUNRISE AND SUNSET
AUGUST  4 2015........SUNRISE   649 AM EDT   SUNSET   814 PM EDT
AUGUST  5 2015........SUNRISE   649 AM EDT   SUNSET   813 PM EDT


-  INDICATES NEGATIVE NUMBERS.
R  INDICATES RECORD WAS SET OR TIED.
MM INDICATES DATA IS MISSING.
T  INDICATES TRACE AMOUNT.




$$
