000
CDUS42 KMLB 032016
CLIMCO


CLIMATE REPORT
NATIONAL WEATHER SERVICE MELBOURNE FL
415 PM EDT FRI JUL 3 2015


...................................

...THE ORLANDO  CLIMATE SUMMARY FOR JULY 3 2015...
VALID TODAY AS OF 0400 PM LOCAL TIME.

CLIMATE NORMAL PERIOD 1981 TO 2010
CLIMATE RECORD PERIOD 1892 TO 2015


WEATHER ITEM   OBSERVED TIME   RECORD YEAR NORMAL DEPARTURE LAST
                VALUE   (LST)  VALUE       VALUE  FROM      YEAR
                                                  NORMAL
..................................................................
TEMPERATURE (F)
 TODAY
  MAXIMUM         95    218 PM 100    1998  91      4       94
  MINIMUM         73    557 AM  64    1937  73      0       76
  AVERAGE         84                        82      2       85

PRECIPITATION (IN)
  TODAY            0.00          4.10 1909   0.22  -0.22     0.34
  MONTH TO DATE    0.92                      0.69   0.23     0.43
  SINCE JUN 1      7.71                      8.27  -0.56     5.07
  SINCE JAN 1     21.70                     22.90  -1.20    22.42

SNOWFALL (IN)
  TODAY            0.0
  MONTH TO DATE    0.0
  SINCE JUN 1      0.0
  SINCE JUL 1      0.0

DEGREE DAYS
 HEATING
  TODAY            0                         0      0        0
  MONTH TO DATE    0                         0      0        0
  SINCE JUN 1      0                         0      0        0
  SINCE JUL 1      0                         0      0        0

 COOLING
  TODAY           19                        17      2       20
  MONTH TO DATE   58                        51      7       59
  SINCE JUN 1    604                       541     63      562
  SINCE JAN 1   1784                      1342    442     1496
..................................................................


WIND (MPH)
  HIGHEST WIND SPEED    14   HIGHEST WIND DIRECTION    NW (300)
  HIGHEST GUST SPEED    17   HIGHEST GUST DIRECTION    NW (310)
  AVERAGE WIND SPEED     2.2


SKY COVER
  AVERAGE SKY COVER 0.3


WEATHER CONDITIONS
 THE FOLLOWING WEATHER WAS RECORDED TODAY.
  THUNDERSTORM


RELATIVE HUMIDITY (PERCENT)
 HIGHEST    93          1200 AM
 LOWEST     46           200 PM
 AVERAGE    70

..........................................................


THE ORLANDO  CLIMATE NORMALS FOR TOMORROW
                         NORMAL    RECORD    YEAR
 MAXIMUM TEMPERATURE (F)   91        98      1936
                                             1927
 MINIMUM TEMPERATURE (F)   73        65      1975


SUNRISE AND SUNSET
JULY  3 2015..........SUNRISE   632 AM EDT   SUNSET   827 PM EDT
JULY  4 2015..........SUNRISE   633 AM EDT   SUNSET   827 PM EDT


-  INDICATES NEGATIVE NUMBERS.
R  INDICATES RECORD WAS SET OR TIED.
MM INDICATES DATA IS MISSING.
T  INDICATES TRACE AMOUNT.




$$
