000
CDUS42 KMLB 212025
CLIMCO


CLIMATE REPORT
NATIONAL WEATHER SERVICE MELBOURNE FL
424 PM EDT SUN SEP 21 2014


...................................

...THE ORLANDO  CLIMATE SUMMARY FOR SEPTEMBER 21 2014...
VALID TODAY AS OF 0400 PM LOCAL TIME.

CLIMATE NORMAL PERIOD 1981 TO 2010
CLIMATE RECORD PERIOD 1892 TO 2014


WEATHER ITEM   OBSERVED TIME   RECORD YEAR NORMAL DEPARTURE LAST
                VALUE   (LST)  VALUE       VALUE  FROM      YEAR
                                                  NORMAL
..................................................................
TEMPERATURE (F)
 TODAY
  MAXIMUM         87    259 PM  97    1933  89     -2       89
                                      1921
                                      1919
  MINIMUM         70    516 AM  52    1897  72     -2       70
  AVERAGE         79                        81     -2       80

PRECIPITATION (IN)
  TODAY            0.00          2.61 1969   0.19  -0.19      T
  MONTH TO DATE    4.92                      4.40   0.52     3.44
  SINCE SEP 1      4.92                      4.40   0.52     3.44
  SINCE JAN 1     42.71                     41.01   1.70    39.03

SNOWFALL (IN)
  TODAY            0.0
  MONTH TO DATE    0.0
  SINCE SEP 1      0.0
  SINCE JUL 1      0.0

DEGREE DAYS
 HEATING
  TODAY            0                         0      0        0
  MONTH TO DATE    0                         0      0        0
  SINCE SEP 1      0                         0      0        0
  SINCE JUL 1      0                         0      0        0

 COOLING
  TODAY           14                        16     -2       15
  MONTH TO DATE  349                       349      0      360
  SINCE SEP 1    349                       349      0      360
  SINCE JAN 1   2947                      2742    205     2851
..................................................................


WIND (MPH)
  HIGHEST WIND SPEED     7   HIGHEST WIND DIRECTION     E (80)
  HIGHEST GUST SPEED    11   HIGHEST GUST DIRECTION     E (100)
  AVERAGE WIND SPEED     3.1


SKY COVER
  AVERAGE SKY COVER 0.6


WEATHER CONDITIONS
 THE FOLLOWING WEATHER WAS RECORDED TODAY.
  FOG
  FOG W/VISIBILITY <= 1/4 MILE


RELATIVE HUMIDITY (PERCENT)
 HIGHEST   100           200 AM
 LOWEST     59           300 PM
 AVERAGE    80

..........................................................


THE ORLANDO  CLIMATE NORMALS FOR TOMORROW
                         NORMAL    RECORD    YEAR
 MAXIMUM TEMPERATURE (F)   89        96      1990
                                             1987
                                             1933
 MINIMUM TEMPERATURE (F)   72        57      1897


SUNRISE AND SUNSET
SEPTEMBER 21 2014.....SUNRISE   713 AM EDT   SUNSET   723 PM EDT
SEPTEMBER 22 2014.....SUNRISE   714 AM EDT   SUNSET   722 PM EDT


-  INDICATES NEGATIVE NUMBERS.
R  INDICATES RECORD WAS SET OR TIED.
MM INDICATES DATA IS MISSING.
T  INDICATES TRACE AMOUNT.




$$
