000
CDUS42 KMLB 022026
CLIMCO


CLIMATE REPORT
NATIONAL WEATHER SERVICE MELBOURNE FL
425 PM EDT TUE JUN 2 2015


...................................

...THE ORLANDO  CLIMATE SUMMARY FOR JUNE 2 2015...
VALID TODAY AS OF 0400 PM LOCAL TIME.

CLIMATE NORMAL PERIOD 1981 TO 2010
CLIMATE RECORD PERIOD 1892 TO 2015


WEATHER ITEM   OBSERVED TIME   RECORD YEAR NORMAL DEPARTURE LAST
                VALUE   (LST)  VALUE       VALUE  FROM      YEAR
                                                  NORMAL
..................................................................
TEMPERATURE (F)
 TODAY
  MAXIMUM         83    225 PM  98    1927  90     -7       84
                                      1924
  MINIMUM         71    606 AM  58    1984  70      1       71
  AVERAGE         77                        80     -3       78

PRECIPITATION (IN)
  TODAY            T             3.95 1978   0.23  -0.23     0.01
  MONTH TO DATE    0.21                      0.45  -0.24     0.16
  SINCE JUN 1      0.21                      0.45  -0.24     0.16
  SINCE JAN 1     14.20                     15.08  -0.88    17.51

SNOWFALL (IN)
  TODAY            0.0
  MONTH TO DATE    0.0
  SINCE JUN 1      0.0
  SINCE JUL 1      0.0

DEGREE DAYS
 HEATING
  TODAY            0                         0      0        0
  MONTH TO DATE    0                         0      0        0
  SINCE JUN 1      0                         0      0        0
  SINCE JUL 1    486                       571    -85      406

 COOLING
  TODAY           12                        15     -3       13
  MONTH TO DATE   29                        30     -1       28
  SINCE JUN 1     29                        30     -1       28
  SINCE JAN 1   1209                       831    378      962
..................................................................


WIND (MPH)
  HIGHEST WIND SPEED    20   HIGHEST WIND DIRECTION     E (110)
  HIGHEST GUST SPEED    24   HIGHEST GUST DIRECTION     E (110)
  AVERAGE WIND SPEED     3.5


SKY COVER
  AVERAGE SKY COVER 0.9


WEATHER CONDITIONS
 THE FOLLOWING WEATHER WAS RECORDED TODAY.
  LIGHT RAIN
  FOG


RELATIVE HUMIDITY (PERCENT)
 HIGHEST    93          1200 AM
 LOWEST     65           100 PM
 AVERAGE    79

..........................................................


THE ORLANDO  CLIMATE NORMALS FOR TOMORROW
                         NORMAL    RECORD    YEAR
 MAXIMUM TEMPERATURE (F)   90       100      1927
 MINIMUM TEMPERATURE (F)   70        57      1933


SUNRISE AND SUNSET
JUNE  2 2015..........SUNRISE   628 AM EDT   SUNSET   819 PM EDT
JUNE  3 2015..........SUNRISE   628 AM EDT   SUNSET   819 PM EDT


-  INDICATES NEGATIVE NUMBERS.
R  INDICATES RECORD WAS SET OR TIED.
MM INDICATES DATA IS MISSING.
T  INDICATES TRACE AMOUNT.




$$
