000
CDUS42 KMLB 290635
CLIMCO


CLIMATE REPORT
NATIONAL WEATHER SERVICE MELBOURNE FL
235 AM EDT WED MAR 29 2017


...................................

...THE ORLANDO  CLIMATE SUMMARY FOR MARCH 28 2017...

CLIMATE NORMAL PERIOD 1981 TO 2010
CLIMATE RECORD PERIOD 1892 TO 2017


WEATHER ITEM   OBSERVED TIME   RECORD YEAR NORMAL DEPARTURE LAST
                VALUE   (LST)  VALUE       VALUE  FROM      YEAR
                                                  NORMAL
..................................................................
TEMPERATURE (F)
 YESTERDAY
  MAXIMUM         88    455 PM  92    1994  80      8       80
                                      1923
  MINIMUM         60    237 AM  38    2013  57      3       72
  AVERAGE         74                        68      6       76

PRECIPITATION (IN)
  YESTERDAY        0.00          2.15 1964   0.13  -0.13     0.18
  MONTH TO DATE    0.09                      3.38  -3.29     5.00
  SINCE MAR 1      0.09                      3.38  -3.29     5.00
  SINCE JAN 1      3.02                      8.11  -5.09    12.34

SNOWFALL (IN)
  YESTERDAY        0.0
  MONTH TO DATE    0.0
  SINCE MAR 1      0.0
  SINCE JUL 1      0.0

DEGREE DAYS
 HEATING
  YESTERDAY        0                         1     -1        0
  MONTH TO DATE   37                        56    -19       16
  SINCE MAR 1     37                        56    -19       16
  SINCE JUL 1    206                       555   -349      370

 COOLING
  YESTERDAY        9                         4      5       11
  MONTH TO DATE  128                       103     25      188
  SINCE MAR 1    128                       103     25      188
  SINCE JAN 1    329                       207    122      250
..................................................................


WIND (MPH)
  HIGHEST WIND SPEED    15   HIGHEST WIND DIRECTION     E (100)
  HIGHEST GUST SPEED    19   HIGHEST GUST DIRECTION     E (110)
  AVERAGE WIND SPEED     3.5


SKY COVER
  AVERAGE SKY COVER 0.3


WEATHER CONDITIONS
 THE FOLLOWING WEATHER WAS RECORDED YESTERDAY.
  FOG


RELATIVE HUMIDITY (PERCENT)
 HIGHEST    93           200 AM
 LOWEST     29           400 PM
 AVERAGE    61

..........................................................


THE ORLANDO  CLIMATE NORMALS FOR TODAY
                         NORMAL    RECORD    YEAR
 MAXIMUM TEMPERATURE (F)   80        95      1920
 MINIMUM TEMPERATURE (F)   57        39      1955


SUNRISE AND SUNSET
MARCH 29 2017.........SUNRISE   718 AM EDT   SUNSET   742 PM EDT
MARCH 30 2017.........SUNRISE   717 AM EDT   SUNSET   742 PM EDT


-  INDICATES NEGATIVE NUMBERS.
R  INDICATES RECORD WAS SET OR TIED.
MM INDICATES DATA IS MISSING.
T  INDICATES TRACE AMOUNT.




$$
