000
CDUS42 KMLB 282150
CLIMCO


CLIMATE REPORT
NATIONAL WEATHER SERVICE MELBOURNE FL
448 PM EST FRI NOV 28 2014


...................................

...THE ORLANDO  CLIMATE SUMMARY FOR NOVEMBER 28 2014...
VALID TODAY AS OF 0400 PM LOCAL TIME.

CLIMATE NORMAL PERIOD 1981 TO 2010
CLIMATE RECORD PERIOD 1892 TO 2014


WEATHER ITEM   OBSERVED TIME   RECORD YEAR NORMAL DEPARTURE LAST
                VALUE   (LST)  VALUE       VALUE  FROM      YEAR
                                                  NORMAL
..................................................................
TEMPERATURE (F)
 TODAY
  MAXIMUM         63    301 PM  89    1948  76    -13       67
  MINIMUM         44    734 AM  28    1903  56    -12       39
  AVERAGE         54                        66    -12       53

PRECIPITATION (IN)
  TODAY            0.00          2.75 1911   0.07  -0.07     0.00
  MONTH TO DATE    4.83                      2.00   2.83     0.92
  SINCE SEP 1     15.97                     11.37   4.60     6.85
  SINCE JAN 1     53.76                     47.98   5.78    42.44

SNOWFALL (IN)
  TODAY            0.0
  MONTH TO DATE    0.0
  SINCE SEP 1      0.0
  SINCE JUL 1      0.0

DEGREE DAYS
 HEATING
  TODAY           11                         2      9       12
  MONTH TO DATE   77                        39     38       21
  SINCE SEP 1     77                        44     33       21
  SINCE JUL 1     77                        44     33       21

 COOLING
  TODAY            0                         3     -3        0
  MONTH TO DATE   94                       142    -48      198
  SINCE SEP 1    892                       956    -64     1067
  SINCE JAN 1   3490                      3349    141     3558
..................................................................


WIND (MPH)
  HIGHEST WIND SPEED    17   HIGHEST WIND DIRECTION    NE (30)
  HIGHEST GUST SPEED    22   HIGHEST GUST DIRECTION     N (350)
  AVERAGE WIND SPEED    11.9


SKY COVER
  AVERAGE SKY COVER 0.0


WEATHER CONDITIONS
 THE FOLLOWING WEATHER WAS RECORDED TODAY.
  NO SIGNIFICANT WEATHER WAS OBSERVED.


RELATIVE HUMIDITY (PERCENT)
 HIGHEST    70           800 AM
 LOWEST     46           100 PM
 AVERAGE    58

..........................................................


THE ORLANDO  CLIMATE NORMALS FOR TOMORROW
                         NORMAL    RECORD    YEAR
 MAXIMUM TEMPERATURE (F)   76        88      1978
                                             1919
 MINIMUM TEMPERATURE (F)   56        34      1936


SUNRISE AND SUNSET
NOVEMBER 28 2014......SUNRISE   658 AM EST   SUNSET   528 PM EST
NOVEMBER 29 2014......SUNRISE   659 AM EST   SUNSET   528 PM EST


-  INDICATES NEGATIVE NUMBERS.
R  INDICATES RECORD WAS SET OR TIED.
MM INDICATES DATA IS MISSING.
T  INDICATES TRACE AMOUNT.




$$
