000
CDUS42 KMLB 032017
CLIMCO


CLIMATE REPORT
NATIONAL WEATHER SERVICE MELBOURNE FL
416 PM EDT THU SEP 3 2015


...................................

...THE ORLANDO  CLIMATE SUMMARY FOR SEPTEMBER 3 2015...
VALID TODAY AS OF 0400 PM LOCAL TIME.

CLIMATE NORMAL PERIOD 1981 TO 2010
CLIMATE RECORD PERIOD 1892 TO 2015


WEATHER ITEM   OBSERVED TIME   RECORD YEAR NORMAL DEPARTURE LAST
                VALUE   (LST)  VALUE       VALUE  FROM      YEAR
                                                  NORMAL
..................................................................
TEMPERATURE (F)
 TODAY
  MAXIMUM         93   1213 PM  97    1944  91      2       91
                                      1921
                                      1912
  MINIMUM         76    449 AM  60    1934  74      2       73
  AVERAGE         85                        82      3       82

PRECIPITATION (IN)
  TODAY            T             3.62 1979   0.21  -0.21      T
  MONTH TO DATE    0.16                      0.65  -0.49      T
  SINCE SEP 1      0.16                      0.65  -0.49      T
  SINCE JAN 1     44.22                     37.26   6.96    37.79

SNOWFALL (IN)
  TODAY            0.0
  MONTH TO DATE    0.0
  SINCE SEP 1      0.0
  SINCE JUL 1      0.0

DEGREE DAYS
 HEATING
  TODAY            0                         0      0        0
  MONTH TO DATE    0                         0      0        0
  SINCE SEP 1      0                         0      0        0
  SINCE JUL 1      0                         0      0        0

 COOLING
  TODAY           20                        17      3       17
  MONTH TO DATE   60                        51      9       56
  SINCE SEP 1     60                        51      9       56
  SINCE JAN 1   2931                      2444    487     2654
..................................................................


WIND (MPH)
  HIGHEST WIND SPEED    22   HIGHEST WIND DIRECTION    NW (320)
  HIGHEST GUST SPEED    25   HIGHEST GUST DIRECTION    NW (320)
  AVERAGE WIND SPEED     5.1


SKY COVER
  AVERAGE SKY COVER 0.7


WEATHER CONDITIONS
 THE FOLLOWING WEATHER WAS RECORDED TODAY.
  LIGHT RAIN
  FOG
  HAZE


RELATIVE HUMIDITY (PERCENT)
 HIGHEST   100           400 AM
 LOWEST     52           100 PM
 AVERAGE    76

..........................................................


THE ORLANDO  CLIMATE NORMALS FOR TOMORROW
                         NORMAL    RECORD    YEAR
 MAXIMUM TEMPERATURE (F)   91        97      1944
                                             1921
                                             1904
 MINIMUM TEMPERATURE (F)   74        65      1909


SUNRISE AND SUNSET
SEPTEMBER  3 2015.....SUNRISE   704 AM EDT   SUNSET   744 PM EDT
SEPTEMBER  4 2015.....SUNRISE   705 AM EDT   SUNSET   743 PM EDT


-  INDICATES NEGATIVE NUMBERS.
R  INDICATES RECORD WAS SET OR TIED.
MM INDICATES DATA IS MISSING.
T  INDICATES TRACE AMOUNT.




$$
