000
CDUS43 KDMX 170635 RRA
CLIMCW

CLIMATE REPORT
NATIONAL WEATHER SERVICE DES MOINES IA
134 AM CDT WED SEP 17 2014


...................................

...THE MASON CITY IA CLIMATE SUMMARY FOR SEPTEMBER 16 2014...

CLIMATE NORMAL PERIOD 1981 TO 2010
CLIMATE RECORD PERIOD 1893 TO 2014


WEATHER ITEM   OBSERVED TIME   RECORD YEAR NORMAL DEPARTURE LAST
                VALUE   (LST)  VALUE       VALUE  FROM      YEAR
                                                  NORMAL
..................................................................
TEMPERATURE (F)
 YESTERDAY
  MAXIMUM         66    435 PM  94    1931  73     -7       67
  MINIMUM         36    622 AM  30    1937  48    -12       41
  AVERAGE         51                        61    -10       54

PRECIPITATION (IN)
  YESTERDAY        0.00          1.45 1925   0.11  -0.11     0.00
  MONTH TO DATE    1.87                      1.80   0.07     0.66
  SINCE SEP 1      1.87                      1.80   0.07     0.66
  SINCE JAN 1     30.52                     28.16   2.36    34.04

SNOWFALL (IN)
  YESTERDAY        0.0           0.0  2002   0.0    0.0      0.0
                                      2001
  MONTH TO DATE    0.0                       0.0    0.0      0.0
  SINCE SEP 1      0.0                       0.0    0.0      0.0
  SINCE JUL 1      0.0                       0.0    0.0      0.0
  SNOW DEPTH       0

DEGREE DAYS
 HEATING
  YESTERDAY       14                         6      8       11
  MONTH TO DATE  117                        59     58       47
  SINCE SEP 1    117                        59     58       47
  SINCE JUL 1    138                        95     43       85

 COOLING
  YESTERDAY        0                         2     -2        0
  MONTH TO DATE   26                        41    -15       92
  SINCE SEP 1     26                        41    -15       92
  SINCE JAN 1    537                       597    -60      684
..................................................................


WIND (MPH)
  HIGHEST WIND SPEED    15   HIGHEST WIND DIRECTION    SW (220)
  HIGHEST GUST SPEED    20   HIGHEST GUST DIRECTION    SW (240)
  AVERAGE WIND SPEED     5.4


SKY COVER
  POSSIBLE SUNSHINE  MM
  AVERAGE SKY COVER 0.0


WEATHER CONDITIONS
 THE FOLLOWING WEATHER WAS RECORDED YESTERDAY.
  FOG


RELATIVE HUMIDITY (PERCENT)
 HIGHEST   100           100 AM
 LOWEST     45           300 PM
 AVERAGE    73

..........................................................


THE MASON CITY IA CLIMATE NORMALS FOR TODAY
                         NORMAL    RECORD    YEAR
 MAXIMUM TEMPERATURE (F)   73        94      1925
 MINIMUM TEMPERATURE (F)   48        31      1943


SUNRISE AND SUNSET
SEPTEMBER 17 2014.....SUNRISE   655 AM CDT   SUNSET   720 PM CDT
SEPTEMBER 18 2014.....SUNRISE   656 AM CDT   SUNSET   718 PM CDT


-  INDICATES NEGATIVE NUMBERS.
R  INDICATES RECORD WAS SET OR TIED.
MM INDICATES DATA IS MISSING.
T  INDICATES TRACE AMOUNT.




$$
