000
CDUS43 KDMX 250940
CLIMCW

CLIMATE REPORT
NATIONAL WEATHER SERVICE DES MOINES IA
108 AM CST THU DEC 25 2014

...................................

...THE MASON CITY IA CLIMATE SUMMARY FOR DECEMBER 24 2014...

CLIMATE NORMAL PERIOD 1981 TO 2010
CLIMATE RECORD PERIOD 1893 TO 2014

WEATHER ITEM   OBSERVED TIME   RECORD YEAR NORMAL DEPARTURE LAST
                VALUE   (LST)  VALUE       VALUE  FROM      YEAR
                                                  NORMAL
..................................................................
TEMPERATURE (F)
 YESTERDAY
  MAXIMUM         34   1104 AM  44    1940  26      8       11
  MINIMUM         27   1128 PM -24    1983   9     18      -16
  AVERAGE         31                        17     14       -2

PRECIPITATION (IN)
  YESTERDAY        T             0.67 1932   0.03  -0.03     0.10
  MONTH TO DATE    0.81                      1.01  -0.20     0.76
  SINCE DEC 1      0.81                      1.01  -0.20     0.76
  SINCE JAN 1     34.92                     34.97  -0.05    38.59

SNOWFALL (IN)
  YESTERDAY        T            15.0  1926   0.3   -0.3      1.3
  MONTH TO DATE    1.6                       7.3   -5.7      8.6
  SINCE DEC 1      1.6                       7.3   -5.7      8.6
  SINCE JUL 1      9.6                      12.0   -2.4     10.1
  SNOW DEPTH       0

DEGREE DAYS
 HEATING
  YESTERDAY       34                        48    -14       67
  MONTH TO DATE  873                      1072   -199     1223
  SINCE DEC 1    873                      1072   -199     1223
  SINCE JUL 1   2772                      2752     20     2887

 COOLING
  YESTERDAY        0                         0      0        0
  MONTH TO DATE    0                         0      0        0
  SINCE DEC 1      0                         0      0        0
  SINCE JAN 1    544                       616    -72      718
..................................................................

WIND (MPH)
  HIGHEST WIND SPEED    21   HIGHEST WIND DIRECTION    NW (320)
  HIGHEST GUST SPEED    25   HIGHEST GUST DIRECTION    NW (330)
  AVERAGE WIND SPEED    14.6

SKY COVER
  POSSIBLE SUNSHINE  MM
  AVERAGE SKY COVER 1.0

WEATHER CONDITIONS
 THE FOLLOWING WEATHER WAS RECORDED YESTERDAY.
  LIGHT SNOW
  FOG

RELATIVE HUMIDITY (PERCENT)
 HIGHEST    96           400 AM
 LOWEST     82           400 PM
 AVERAGE    89
..........................................................

THE MASON CITY IA CLIMATE NORMALS FOR TODAY
                         NORMAL    RECORD    YEAR
 MAXIMUM TEMPERATURE (F)   25        52      1936
 MINIMUM TEMPERATURE (F)    9       -21      2000

SUNRISE AND SUNSET
DECEMBER 25 2014......SUNRISE   744 AM CST   SUNSET   443 PM CST
DECEMBER 26 2014......SUNRISE   744 AM CST   SUNSET   444 PM CST

-  INDICATES NEGATIVE NUMBERS.
R  INDICATES RECORD WAS SET OR TIED.
MM INDICATES DATA IS MISSING.
T  INDICATES TRACE AMOUNT.

$$

FAB
