634
CDUS43 KDMX 300639 RRA
CLIMCW

CLIMATE REPORT
NATIONAL WEATHER SERVICE DES MOINES IA
138 AM CDT SUN APR 30 2017


...................................

...THE MASON CITY IA CLIMATE SUMMARY FOR APRIL 29 2017...

CLIMATE NORMAL PERIOD 1981 TO 2010
CLIMATE RECORD PERIOD 1893 TO 2017


WEATHER ITEM   OBSERVED TIME   RECORD YEAR NORMAL DEPARTURE LAST
                VALUE   (LST)  VALUE       VALUE  FROM      YEAR
                                                  NORMAL
..................................................................
TEMPERATURE (F)
 YESTERDAY
  MAXIMUM         48    435 PM  91    2007  65    -17       49
  MINIMUM         35    435 AM  22    2008  40     -5       39
                                      1958
  AVERAGE         42                        52    -10       44

PRECIPITATION (IN)
  YESTERDAY        0.01          1.83 1984   0.14  -0.13     0.00
  MONTH TO DATE    3.63                      3.61   0.02     1.16
  SINCE MAR 1      5.54                      5.84  -0.30     4.38
  SINCE JAN 1      9.53                      7.66   1.87     5.67

SNOWFALL (IN)
  YESTERDAY        0.0          13.0  1917   0.0    0.0      0.0
  MONTH TO DATE    T                         2.7   -2.7       T
  SINCE MAR 1      8.5                       8.7   -0.2      8.2
  SINCE JUL 1     47.9                      41.2    6.7     50.9
  SNOW DEPTH       0

DEGREE DAYS
 HEATING
  YESTERDAY       23                        13     10       21
  MONTH TO DATE  451                       543    -92      488
  SINCE MAR 1   1469                      1537    -68     1279
  SINCE JUL 1   6381                      7388  -1007     6378

 COOLING
  YESTERDAY        0                         0      0        0
  MONTH TO DATE    0                         0      0        4
  SINCE MAR 1      0                         0      0        4
  SINCE JAN 1      0                         0      0        4
..................................................................


WIND (MPH)
  HIGHEST WIND SPEED    30   HIGHEST WIND DIRECTION    NE (40)
  HIGHEST GUST SPEED    38   HIGHEST GUST DIRECTION    NE (40)
  AVERAGE WIND SPEED    15.9


SKY COVER
  POSSIBLE SUNSHINE  MM
  AVERAGE SKY COVER 0.4


WEATHER CONDITIONS
 THE FOLLOWING WEATHER WAS RECORDED YESTERDAY.
  LIGHT RAIN


RELATIVE HUMIDITY (PERCENT)
 HIGHEST    89          1200 AM
 LOWEST     45           200 PM
 AVERAGE    67

..........................................................


THE MASON CITY IA CLIMATE NORMALS FOR TODAY
                         NORMAL    RECORD    YEAR
 MAXIMUM TEMPERATURE (F)   65        89      2007
 MINIMUM TEMPERATURE (F)   41        24      1908


SUNRISE AND SUNSET
APRIL 30 2017.........SUNRISE   608 AM CDT   SUNSET   814 PM CDT
MAY  1 2017...........SUNRISE   606 AM CDT   SUNSET   815 PM CDT


-  INDICATES NEGATIVE NUMBERS.
R  INDICATES RECORD WAS SET OR TIED.
MM INDICATES DATA IS MISSING.
T  INDICATES TRACE AMOUNT.




$$
