078
CDUS41 KCTP 220612
CLIMDT


CLIMATE REPORT
NATIONAL WEATHER SERVICE STATE COLLEGE PA
211 AM EDT FRI MAY 22 2015


...................................

...THE HARRISBURG PA CLIMATE SUMMARY FOR MAY 21 2015...

CLIMATE NORMAL PERIOD 1981 TO 2010
CLIMATE RECORD PERIOD 1888 TO 2015


WEATHER ITEM   OBSERVED TIME   RECORD YEAR NORMAL DEPARTURE LAST
                VALUE   (LST)  VALUE       VALUE  FROM      YEAR
                                                  NORMAL
..................................................................
TEMPERATURE (F)
 YESTERDAY
  MAXIMUM         59    337 PM  95    1941  73    -14       63
  MINIMUM         53   1159 PM  38    2002  54     -1       57
  AVERAGE         56                        64     -8       60

PRECIPITATION (IN)
  YESTERDAY        T             1.82 1919   0.12  -0.12     0.44
  MONTH TO DATE    1.85                      2.53  -0.68     3.78
  SINCE MAR 1      7.48                      9.00  -1.52    13.57
  SINCE JAN 1     11.07                     14.27  -3.20    20.28

SNOWFALL (IN)
  YESTERDAY        0.0           0.0  2002   0.0    0.0      0.0
                                      2001
  MONTH TO DATE    0.0                       0.0    0.0      0.0
  SINCE MAR 1     11.8                       5.6    6.2      1.4
  SINCE JUL 1     39.2                      30.6    8.6     44.0
  SNOW DEPTH       0

DEGREE DAYS
 HEATING
  YESTERDAY        9                         4      5        5
  MONTH TO DATE   36                       121    -85       97
  SINCE MAR 1   1275                      1236     39     1372
  SINCE JUL 1   5578                      5224    354     5716

 COOLING
  YESTERDAY        0                         2     -2        0
  MONTH TO DATE   93                        29     64       27
  SINCE MAR 1     93                        36     57       33
  SINCE JAN 1     93                        36     57       33
..................................................................


WIND (MPH)
  HIGHEST WIND SPEED    16   HIGHEST WIND DIRECTION    NW (300)
  HIGHEST GUST SPEED    19   HIGHEST GUST DIRECTION    NW (300)
  AVERAGE WIND SPEED     5.3


SKY COVER
  POSSIBLE SUNSHINE  MM
  AVERAGE SKY COVER 1.0


WEATHER CONDITIONS
 THE FOLLOWING WEATHER WAS RECORDED YESTERDAY.
  LIGHT RAIN


RELATIVE HUMIDITY (PERCENT)
 HIGHEST    77          1100 PM
 LOWEST     54           400 AM
 AVERAGE    66

..........................................................


THE HARRISBURG PA CLIMATE NORMALS FOR TODAY
                         NORMAL    RECORD    YEAR
 MAXIMUM TEMPERATURE (F)   74        96      1941
 MINIMUM TEMPERATURE (F)   54        38      1895


SUNRISE AND SUNSET
MAY 22 2015...........SUNRISE   546 AM EDT   SUNSET   822 PM EDT
MAY 23 2015...........SUNRISE   545 AM EDT   SUNSET   823 PM EDT


-  INDICATES NEGATIVE NUMBERS.
R  INDICATES RECORD WAS SET OR TIED.
MM INDICATES DATA IS MISSING.
T  INDICATES TRACE AMOUNT.




$$
