000
CDUS41 KCTP 262227
CLIMDT


CLIMATE REPORT
NATIONAL WEATHER SERVICE STATE COLLEGE PA
527 PM EST MON JAN 26 2015


...................................

...THE HARRISBURG PA CLIMATE SUMMARY FOR JANUARY 26 2015...
VALID TODAY AS OF 0500 PM LOCAL TIME.

CLIMATE NORMAL PERIOD 1981 TO 2010
CLIMATE RECORD PERIOD 1888 TO 2015


WEATHER ITEM   OBSERVED TIME   RECORD YEAR NORMAL DEPARTURE LAST
                VALUE   (LST)  VALUE       VALUE  FROM      YEAR
                                                  NORMAL
..................................................................
TEMPERATURE (F)
 TODAY
  MAXIMUM         31   1210 AM  73    1950  37     -6       25
  MINIMUM         23    159 PM  -2    1948  22      1       14
  AVERAGE         27                        30     -3       20

PRECIPITATION (IN)
  TODAY            0.11          1.84 1976   0.08   0.03      T
  MONTH TO DATE    2.40                      2.43  -0.03     2.44
  SINCE DEC 1      5.66                      5.66   0.00     6.18
  SINCE JAN 1      2.40                      2.43  -0.03     2.44

SNOWFALL (IN)
  TODAY            2.9           6.4  2011   0.4    2.5       T
  MONTH TO DATE   12.1                       7.1    5.0     11.8
  SINCE DEC 1     14.2                      12.2    2.0     21.0
  SINCE JUL 1     16.6                      12.8    3.8     21.0
  SNOW DEPTH       3

DEGREE DAYS
 HEATING
  TODAY           38                        35      3       45
  MONTH TO DATE  971                       907     64     1053
  SINCE DEC 1   1851                      1869    -18     2001
  SINCE JUL 1   2864                      2908    -44     3054

 COOLING
  TODAY            0                         0      0        0
  MONTH TO DATE    0                         0      0        0
  SINCE DEC 1      0                         0      0        0
  SINCE JAN 1      0                         0      0        0
..................................................................


WIND (MPH)
  HIGHEST WIND SPEED    13   HIGHEST WIND DIRECTION    NE (50)
  HIGHEST GUST SPEED    19   HIGHEST GUST DIRECTION    NE (50)
  AVERAGE WIND SPEED     8.3


SKY COVER
  POSSIBLE SUNSHINE  MM
  AVERAGE SKY COVER 1.0


WEATHER CONDITIONS
 THE FOLLOWING WEATHER WAS RECORDED TODAY.
  SNOW
  LIGHT SNOW
  FOG
  HAZE


RELATIVE HUMIDITY (PERCENT)
 HIGHEST    92          1200 AM
 LOWEST     74          1100 AM
 AVERAGE    83

..........................................................


THE HARRISBURG PA CLIMATE NORMALS FOR TOMORROW
                         NORMAL    RECORD    YEAR
 MAXIMUM TEMPERATURE (F)   37        69      1974
 MINIMUM TEMPERATURE (F)   22         2      1936
                                             1927


SUNRISE AND SUNSET
JANUARY 26 2015.......SUNRISE   721 AM EST   SUNSET   518 PM EST
JANUARY 27 2015.......SUNRISE   721 AM EST   SUNSET   520 PM EST


-  INDICATES NEGATIVE NUMBERS.
R  INDICATES RECORD WAS SET OR TIED.
MM INDICATES DATA IS MISSING.
T  INDICATES TRACE AMOUNT.




$$
