000
CDUS41 KCTP 190640
CLIMDT


CLIMATE REPORT
NATIONAL WEATHER SERVICE STATE COLLEGE PA
240 AM EDT FRI SEP 19 2014


...................................

...THE HARRISBURG PA CLIMATE SUMMARY FOR SEPTEMBER 18 2014...

CLIMATE NORMAL PERIOD 1981 TO 2010
CLIMATE RECORD PERIOD 1888 TO 2014


WEATHER ITEM   OBSERVED TIME   RECORD YEAR NORMAL DEPARTURE LAST
                VALUE   (LST)  VALUE       VALUE  FROM      YEAR
                                                  NORMAL
..................................................................
TEMPERATURE (F)
 YESTERDAY
  MAXIMUM         77    342 PM  92    1965  75      2       72
  MINIMUM         52    238 AM  40    1990  55     -3       44
                                      1959
  AVERAGE         65                        65      0       58

PRECIPITATION (IN)
  YESTERDAY        0.00          3.38 2004   0.14  -0.14     0.00
  MONTH TO DATE    0.34                      2.35  -2.01     0.38
  SINCE SEP 1      0.34                      2.35  -2.01     0.38
  SINCE JAN 1     34.01                     29.29   4.72    24.65

DEGREE DAYS
 HEATING
  YESTERDAY        0                         2     -2        7
  MONTH TO DATE   18                        18      0       36
  SINCE SEP 1     18                        18      0       36
  SINCE JUL 1     18                        20     -2       36

 COOLING
  YESTERDAY        0                         2     -2        0
  MONTH TO DATE  115                        79     36      103
  SINCE SEP 1    115                        79     36      103
  SINCE JAN 1   1016                       975     41     1055
..................................................................


WIND (MPH)
  HIGHEST WIND SPEED    15   HIGHEST WIND DIRECTION    NW (300)
  HIGHEST GUST SPEED    18   HIGHEST GUST DIRECTION    NW (310)
  AVERAGE WIND SPEED     4.0


SKY COVER
  POSSIBLE SUNSHINE  MM
  AVERAGE SKY COVER 0.4


WEATHER CONDITIONS
 THE FOLLOWING WEATHER WAS RECORDED YESTERDAY.
  NO SIGNIFICANT WEATHER WAS OBSERVED.


RELATIVE HUMIDITY (PERCENT)
 HIGHEST    89           200 AM
 LOWEST     31          1200 PM
 AVERAGE    60

..........................................................


THE HARRISBURG PA CLIMATE NORMALS FOR TODAY
                         NORMAL    RECORD    YEAR
 MAXIMUM TEMPERATURE (F)   74        92      1983
                                             1965
 MINIMUM TEMPERATURE (F)   55        37      1943


SUNRISE AND SUNSET
SEPTEMBER 19 2014.....SUNRISE   652 AM EDT   SUNSET   709 PM EDT
SEPTEMBER 20 2014.....SUNRISE   653 AM EDT   SUNSET   708 PM EDT


-  INDICATES NEGATIVE NUMBERS.
R  INDICATES RECORD WAS SET OR TIED.
MM INDICATES DATA IS MISSING.
T  INDICATES TRACE AMOUNT.




$$
