000
CDUS41 KCTP 310616
CLIMDT


CLIMATE REPORT
NATIONAL WEATHER SERVICE STATE COLLEGE PA
213 AM EDT WED AUG 31 2016


...................................

...THE HARRISBURG PA CLIMATE SUMMARY FOR AUGUST 30 2016...

CLIMATE NORMAL PERIOD 1981 TO 2010
CLIMATE RECORD PERIOD 1888 TO 2016


WEATHER ITEM   OBSERVED TIME   RECORD YEAR NORMAL DEPARTURE LAST
                VALUE   (LST)  VALUE       VALUE  FROM      YEAR
                                                  NORMAL
..................................................................
TEMPERATURE (F)
 YESTERDAY
  MAXIMUM         87    501 PM  98    1953  81      6       89
  MINIMUM         65    549 AM  47    1986  62      3       67
  AVERAGE         76                        72      4       78

PRECIPITATION (IN)
  YESTERDAY        0.00          1.85 1947   0.10  -0.10     0.00
  MONTH TO DATE    3.76                      3.10   0.66     2.36
  SINCE JUN 1     13.32                     11.31   2.01    11.89
  SINCE JAN 1     30.51                     26.84   3.67    24.63

DEGREE DAYS
 HEATING
  YESTERDAY        0                         0      0        0
  MONTH TO DATE    0                         0      0        0
  SINCE JUN 1      5                        18    -13       13
  SINCE JUL 1      0                         0      0        0

 COOLING
  YESTERDAY       11                         7      4       13
  MONTH TO DATE  433                       271    162      322
  SINCE JUN 1   1154                       822    332      931
  SINCE JAN 1   1251                       887    364     1105
..................................................................


WIND (MPH)
  HIGHEST WIND SPEED     8   HIGHEST WIND DIRECTION    SE (140)
  HIGHEST GUST SPEED    10   HIGHEST GUST DIRECTION    NW (330)
  AVERAGE WIND SPEED     2.3


SKY COVER
  POSSIBLE SUNSHINE  MM
  AVERAGE SKY COVER 0.3


WEATHER CONDITIONS
 THE FOLLOWING WEATHER WAS RECORDED YESTERDAY.
  NO SIGNIFICANT WEATHER WAS OBSERVED.


RELATIVE HUMIDITY (PERCENT)
 HIGHEST    87           500 AM
 LOWEST     39           300 PM
 AVERAGE    63

..........................................................


THE HARRISBURG PA CLIMATE NORMALS FOR TODAY
                         NORMAL    RECORD    YEAR
 MAXIMUM TEMPERATURE (F)   81        98      1953
                                             1932
 MINIMUM TEMPERATURE (F)   62        45      1976


SUNRISE AND SUNSET
AUGUST 31 2016........SUNRISE   634 AM EDT   SUNSET   740 PM EDT
SEPTEMBER  1 2016.....SUNRISE   635 AM EDT   SUNSET   738 PM EDT


-  INDICATES NEGATIVE NUMBERS.
R  INDICATES RECORD WAS SET OR TIED.
MM INDICATES DATA IS MISSING.
T  INDICATES TRACE AMOUNT.




$$
