000
CDUS41 KCTP 060633
CLIMDT


CLIMATE REPORT
NATIONAL WEATHER SERVICE STATE COLLEGE PA
232 AM EDT FRI MAY 6 2016


...................................

...THE HARRISBURG PA CLIMATE SUMMARY FOR MAY 5 2016...

CLIMATE NORMAL PERIOD 1981 TO 2010
CLIMATE RECORD PERIOD 1888 TO 2016


WEATHER ITEM   OBSERVED TIME   RECORD YEAR NORMAL DEPARTURE LAST
                VALUE   (LST)  VALUE       VALUE  FROM      YEAR
                                                  NORMAL
..................................................................
TEMPERATURE (F)
 YESTERDAY
  MAXIMUM         58    658 PM  93    1949  69    -11       79
  MINIMUM         49    543 AM  34    1966  48      1       59
  AVERAGE         54                        59     -5       69

PRECIPITATION (IN)
  YESTERDAY        T             2.23 1989   0.13  -0.13     0.02
  MONTH TO DATE    1.08                      0.63   0.45     0.02
  SINCE MAR 1      4.89                      7.10  -2.21     5.65
  SINCE JAN 1     14.81                     12.37   2.44     9.24

SNOWFALL (IN)
  YESTERDAY        0.0           0.0  2002   0.0    0.0      0.0
                                      2001
  MONTH TO DATE    0.0                       0.0    0.0      0.0
  SINCE MAR 1      1.4                       5.6   -4.2     11.8
  SINCE JUL 1     39.1                      30.6    8.5     39.2
  SNOW DEPTH       0

DEGREE DAYS
 HEATING
  YESTERDAY       11                         7      4        0
  MONTH TO DATE   47                        38      9       11
  SINCE MAR 1    958                      1153   -195     1250
  SINCE JUL 1   4330                      5141   -811     5553

 COOLING
  YESTERDAY        0                         1     -1        4
  MONTH TO DATE    0                         5     -5        7
  SINCE MAR 1     12                        12      0        7
  SINCE JAN 1     12                        12      0        7
..................................................................


WIND (MPH)
  HIGHEST WIND SPEED    10   HIGHEST WIND DIRECTION     N (360)
  HIGHEST GUST SPEED    17   HIGHEST GUST DIRECTION    NE (40)
  AVERAGE WIND SPEED     4.9


SKY COVER
  POSSIBLE SUNSHINE  MM
  AVERAGE SKY COVER 1.0


WEATHER CONDITIONS
 THE FOLLOWING WEATHER WAS RECORDED YESTERDAY.
  LIGHT RAIN
  FOG


RELATIVE HUMIDITY (PERCENT)
 HIGHEST    86          1200 AM
 LOWEST     62           200 PM
 AVERAGE    74

..........................................................


THE HARRISBURG PA CLIMATE NORMALS FOR TODAY
                         NORMAL    RECORD    YEAR
 MAXIMUM TEMPERATURE (F)   70        91      1949
 MINIMUM TEMPERATURE (F)   49        36      1891


SUNRISE AND SUNSET
MAY  6 2016...........SUNRISE   600 AM EDT   SUNSET   808 PM EDT
MAY  7 2016...........SUNRISE   559 AM EDT   SUNSET   809 PM EDT


-  INDICATES NEGATIVE NUMBERS.
R  INDICATES RECORD WAS SET OR TIED.
MM INDICATES DATA IS MISSING.
T  INDICATES TRACE AMOUNT.




$$
