000
CDUS41 KCTP 020621
CLIMDT


CLIMATE REPORT
NATIONAL WEATHER SERVICE STATE COLLEGE PA
221 AM EDT THU JUL 2 2015


...................................

...THE HARRISBURG PA CLIMATE SUMMARY FOR JULY 1 2015...

CLIMATE NORMAL PERIOD 1981 TO 2010
CLIMATE RECORD PERIOD 1888 TO 2015


WEATHER ITEM   OBSERVED TIME   RECORD YEAR NORMAL DEPARTURE LAST
                VALUE   (LST)  VALUE       VALUE  FROM      YEAR
                                                  NORMAL
..................................................................
TEMPERATURE (F)
 YESTERDAY
  MAXIMUM         81    356 PM 100    1931  85     -4       92
                                      1901
  MINIMUM         66   1044 PM  50    1943  66      0       73
  AVERAGE         74                        75     -1       83

PRECIPITATION (IN)
  YESTERDAY        T             1.28 1995   0.15  -0.15      T
  MONTH TO DATE    T                         0.15  -0.15      T
  SINCE JUN 1      6.84                      3.75   3.09     3.78
  SINCE JAN 1     19.58                     19.28   0.30    25.42

DEGREE DAYS
 HEATING
  YESTERDAY        0                         0      0        0
  MONTH TO DATE    0                         0      0        0
  SINCE JUN 1     13                        18     -5        1
  SINCE JUL 1      0                         0      0        0

 COOLING
  YESTERDAY        9                        10     -1       18
  MONTH TO DATE    9                        10     -1       18
  SINCE JUN 1    270                       223     47      265
  SINCE JAN 1    444                       288    156      325
..................................................................


WIND (MPH)
  HIGHEST WIND SPEED    18   HIGHEST WIND DIRECTION    NW (310)
  HIGHEST GUST SPEED    26   HIGHEST GUST DIRECTION     W (290)
  AVERAGE WIND SPEED     6.2


SKY COVER
  POSSIBLE SUNSHINE  MM
  AVERAGE SKY COVER 0.5


WEATHER CONDITIONS
 THE FOLLOWING WEATHER WAS RECORDED YESTERDAY.
  LIGHT RAIN
  FOG


RELATIVE HUMIDITY (PERCENT)
 HIGHEST    84           100 AM
 LOWEST     45           300 PM
 AVERAGE    65

..........................................................


THE HARRISBURG PA CLIMATE NORMALS FOR TODAY
                         NORMAL    RECORD    YEAR
 MAXIMUM TEMPERATURE (F)   85       104      1966
 MINIMUM TEMPERATURE (F)   66        50      1982


SUNRISE AND SUNSET
JULY  2 2015..........SUNRISE   542 AM EDT   SUNSET   840 PM EDT
JULY  3 2015..........SUNRISE   542 AM EDT   SUNSET   840 PM EDT


-  INDICATES NEGATIVE NUMBERS.
R  INDICATES RECORD WAS SET OR TIED.
MM INDICATES DATA IS MISSING.
T  INDICATES TRACE AMOUNT.




$$
