000
CDUS41 KCTP 262119
CLIMDT


CLIMATE REPORT
NATIONAL WEATHER SERVICE STATE COLLEGE PA
519 PM EDT THU MAY 26 2016


...................................

...THE HARRISBURG PA CLIMATE SUMMARY FOR MAY 26 2016...
VALID TODAY AS OF 0500 PM LOCAL TIME.

CLIMATE NORMAL PERIOD 1981 TO 2010
CLIMATE RECORD PERIOD 1888 TO 2016


WEATHER ITEM   OBSERVED TIME   RECORD YEAR NORMAL DEPARTURE LAST
                VALUE   (LST)  VALUE       VALUE  FROM      YEAR
                                                  NORMAL
..................................................................
TEMPERATURE (F)
 TODAY
  MAXIMUM         90    221 PM  93    1991  75     15       88
  MINIMUM         59    501 AM  41    1972  56      3       64
                                      1907
  AVERAGE         75                        65     10       76

PRECIPITATION (IN)
  TODAY            0.00          2.37 1953   0.12  -0.12     0.00
  MONTH TO DATE    3.08                      3.15  -0.07     1.85
  SINCE MAR 1      6.89                      9.62  -2.73     7.48
  SINCE JAN 1     16.81                     14.89   1.92    11.07

SNOWFALL (IN)
  TODAY            0.0           0.0  2002   0.0    0.0      0.0
                                      2001
  MONTH TO DATE    0.0                       0.0    0.0      0.0
  SINCE MAR 1      1.4                       5.6   -4.2     11.8
  SINCE JUL 1     39.1                      30.6    8.5     39.2
  SNOW DEPTH       0

DEGREE DAYS
 HEATING
  TODAY            0                         3     -3        0
  MONTH TO DATE  173                       136     37       45
  SINCE MAR 1   1084                      1251   -167     1284
  SINCE JUL 1   4456                      5239   -783     5587

 COOLING
  TODAY           10                         3      7       11
  MONTH TO DATE   22                        43    -21      112
  SINCE MAR 1     34                        50    -16      112
  SINCE JAN 1     34                        50    -16      112
..................................................................


WIND (MPH)
  HIGHEST WIND SPEED     9   HIGHEST WIND DIRECTION    SW (220)
  HIGHEST GUST SPEED    13   HIGHEST GUST DIRECTION     S (200)
  AVERAGE WIND SPEED     1.6


SKY COVER
  POSSIBLE SUNSHINE  MM
  AVERAGE SKY COVER 0.7


WEATHER CONDITIONS
 THE FOLLOWING WEATHER WAS RECORDED TODAY.
  HAZE


RELATIVE HUMIDITY (PERCENT)
 HIGHEST    84           300 AM
 LOWEST     39           100 PM
 AVERAGE    62

..........................................................


THE HARRISBURG PA CLIMATE NORMALS FOR TOMORROW
                         NORMAL    RECORD    YEAR
 MAXIMUM TEMPERATURE (F)   75        92      1991
                                             1965
 MINIMUM TEMPERATURE (F)   56        41      1915


SUNRISE AND SUNSET
MAY 26 2016...........SUNRISE   543 AM EDT   SUNSET   826 PM EDT
MAY 27 2016...........SUNRISE   542 AM EDT   SUNSET   827 PM EDT


-  INDICATES NEGATIVE NUMBERS.
R  INDICATES RECORD WAS SET OR TIED.
MM INDICATES DATA IS MISSING.
T  INDICATES TRACE AMOUNT.




$$
