000
CDUS41 KCTP 250708
CLIMDT


CLIMATE REPORT
NATIONAL WEATHER SERVICE STATE COLLEGE PA
308 AM EDT THU MAY 25 2017


...................................

...THE HARRISBURG PA CLIMATE SUMMARY FOR MAY 24 2017...

CLIMATE NORMAL PERIOD 1981 TO 2010
CLIMATE RECORD PERIOD 1888 TO 2017


WEATHER ITEM   OBSERVED TIME   RECORD YEAR NORMAL DEPARTURE LAST
                VALUE   (LST)  VALUE       VALUE  FROM      YEAR
                                                  NORMAL
..................................................................
TEMPERATURE (F)
 YESTERDAY
  MAXIMUM         72    233 PM  91    1964  74     -2       83
  MINIMUM         56    519 AM  35    1963  55      1       57
  AVERAGE         64                        64      0       70

PRECIPITATION (IN)
  YESTERDAY        0.08          1.91 1910   0.13  -0.05     0.00
  MONTH TO DATE    2.92                      2.91   0.01     3.08
  SINCE MAR 1     11.06                      9.38   1.68     6.89
  SINCE JAN 1     15.44                     14.65   0.79    16.81

SNOWFALL (IN)
  YESTERDAY        0.0           0.0  2002   0.0    0.0      0.0
                                      2001
  MONTH TO DATE    0.0                       0.0    0.0      0.0
  SINCE MAR 1     18.4                       5.6   12.8      1.4
  SINCE JUL 1     23.9                      30.6   -6.7     39.1
  SNOW DEPTH       0

DEGREE DAYS
 HEATING
  YESTERDAY        1                         3     -2        0
  MONTH TO DATE  137                       130      7      173
  SINCE MAR 1   1115                      1245   -130     1084
  SINCE JUL 1   4353                      5233   -880     4456

 COOLING
  YESTERDAY        0                         3     -3        5
  MONTH TO DATE   40                        37      3        7
  SINCE MAR 1     67                        44     23       19
  SINCE JAN 1     67                        44     23       19
..................................................................


WIND (MPH)
  HIGHEST WIND SPEED    21   HIGHEST WIND DIRECTION     E (110)
  HIGHEST GUST SPEED    29   HIGHEST GUST DIRECTION     E (110)
  AVERAGE WIND SPEED     7.7


SKY COVER
  POSSIBLE SUNSHINE  MM
  AVERAGE SKY COVER 0.9


WEATHER CONDITIONS
 THE FOLLOWING WEATHER WAS RECORDED YESTERDAY.
  LIGHT RAIN
  FOG
  HAZE


RELATIVE HUMIDITY (PERCENT)
 HIGHEST   100           200 AM
 LOWEST     53           200 PM
 AVERAGE    77

..........................................................


THE HARRISBURG PA CLIMATE NORMALS FOR TODAY
                         NORMAL    RECORD    YEAR
 MAXIMUM TEMPERATURE (F)   75        92      1991
 MINIMUM TEMPERATURE (F)   55        35      1956


SUNRISE AND SUNSET
MAY 25 2017...........SUNRISE   543 AM EDT   SUNSET   825 PM EDT
MAY 26 2017...........SUNRISE   543 AM EDT   SUNSET   826 PM EDT


-  INDICATES NEGATIVE NUMBERS.
R  INDICATES RECORD WAS SET OR TIED.
MM INDICATES DATA IS MISSING.
T  INDICATES TRACE AMOUNT.




$$
