000
CDUS43 KLOT 310635
CLIMDW


CLIMATE REPORT
NATIONAL WEATHER SERVICE CHICAGO IL
132 AM CDT THU JUL 31 2014


...................................

...THE CHICAGO-MIDWAY CLIMATE SUMMARY FOR JULY 30 2014...

CLIMATE NORMAL PERIOD 1981 TO 2010
CLIMATE RECORD PERIOD 1928 TO 2014


WEATHER ITEM   OBSERVED TIME   RECORD YEAR NORMAL DEPARTURE LAST
                VALUE   (LST)  VALUE       VALUE  FROM      YEAR
                                                  NORMAL
..................................................................
TEMPERATURE (F)
 YESTERDAY
  MAXIMUM         80   1256 PM 104    1999  84     -4       74
  MINIMUM         61    255 AM  51    1936  68     -7       61
  AVERAGE         71                        76     -5       68

PRECIPITATION (IN)
  YESTERDAY        0.00          2.43 1979   0.14  -0.14      T
  MONTH TO DATE    5.18                      3.86   1.32     0.95
  SINCE JUN 1     12.90                      7.92   4.98     4.23
  SINCE JAN 1     24.19                     22.41   1.78    21.82

DEGREE DAYS
 HEATING
  YESTERDAY        0                         0      0        0
  MONTH TO DATE    1                         0      1        4
  SINCE JUN 1      3                        31    -28       40
  SINCE JUL 1      1                         0      1        4

 COOLING
  YESTERDAY        6                        11     -5        3
  MONTH TO DATE  230                       328    -98      306
  SINCE JUN 1    481                       538    -57      487
  SINCE JAN 1    592                       612    -20      593
..................................................................


WIND (MPH)
  RESULTANT WIND SPEED   1   RESULTANT WIND DIRECTION   E (70)
  HIGHEST WIND SPEED    14   HIGHEST WIND DIRECTION     E (70)
  HIGHEST GUST SPEED    19   HIGHEST GUST DIRECTION     E (70)
  AVERAGE WIND SPEED     5.4



WEATHER CONDITIONS
 THE FOLLOWING WEATHER WAS RECORDED YESTERDAY.
  NO SIGNIFICANT WEATHER WAS OBSERVED.


..........................................................


THE CHICAGO-MIDWAY CLIMATE NORMALS FOR TODAY
                         NORMAL    RECORD    YEAR
 MAXIMUM TEMPERATURE (F)   83        99      2006
                                             1945
 MINIMUM TEMPERATURE (F)   67        50      1936


SUNRISE AND SUNSET
JULY 31 2014..........SUNRISE   544 AM CDT   SUNSET   810 PM CDT
AUGUST  1 2014........SUNRISE   545 AM CDT   SUNSET   809 PM CDT


-  INDICATES NEGATIVE NUMBERS.
R  INDICATES RECORD WAS SET OR TIED.
MM INDICATES DATA IS MISSING.
T  INDICATES TRACE AMOUNT.




$$
