000
CDUS43 KLOT 120632
CLIMDW


CLIMATE REPORT
NATIONAL WEATHER SERVICE CHICAGO IL
131 AM CDT SAT JUL 12 2014


...................................

...THE CHICAGO-MIDWAY CLIMATE SUMMARY FOR JULY 11 2014...

CLIMATE NORMAL PERIOD 1981 TO 2010
CLIMATE RECORD PERIOD 1928 TO 2014


WEATHER ITEM   OBSERVED TIME   RECORD YEAR NORMAL DEPARTURE LAST
                VALUE   (LST)  VALUE       VALUE  FROM      YEAR
                                                  NORMAL
..................................................................
TEMPERATURE (F)
 YESTERDAY
  MAXIMUM         83    229 PM 107    1936  85     -2       80
  MINIMUM         63    453 AM  51    1978  68     -5       63
  AVERAGE         73                        76     -3       72

PRECIPITATION (IN)
  YESTERDAY        T             6.16 1957   0.13  -0.13     0.00
  MONTH TO DATE    1.18                      1.32  -0.14     0.92
  SINCE JUN 1      8.90                      5.38   3.52     4.20
  SINCE JAN 1     20.19                     19.87   0.32    21.79

DEGREE DAYS
 HEATING
  YESTERDAY        0                         0      0        0
  MONTH TO DATE    0                         0      0        0
  SINCE JUN 1      2                        31    -29       36
  SINCE JUL 1      0                         0      0        0

 COOLING
  YESTERDAY        8                        11     -3        7
  MONTH TO DATE   87                       119    -32       98
  SINCE JUN 1    338                       329      9      279
  SINCE JAN 1    449                       403     46      385
..................................................................


WIND (MPH)
  RESULTANT WIND SPEED   5   RESULTANT WIND DIRECTION   S (170)
  HIGHEST WIND SPEED    14   HIGHEST WIND DIRECTION     S (170)
  HIGHEST GUST SPEED    20   HIGHEST GUST DIRECTION     S (160)
  AVERAGE WIND SPEED     6.5



WEATHER CONDITIONS
 THE FOLLOWING WEATHER WAS RECORDED YESTERDAY.
  NO SIGNIFICANT WEATHER WAS OBSERVED.


..........................................................


THE CHICAGO-MIDWAY CLIMATE NORMALS FOR TODAY
                         NORMAL    RECORD    YEAR
 MAXIMUM TEMPERATURE (F)   85       100      1936
 MINIMUM TEMPERATURE (F)   68        55      1975
                                             1945


SUNRISE AND SUNSET
JULY 12 2014..........SUNRISE   527 AM CDT   SUNSET   826 PM CDT
JULY 13 2014..........SUNRISE   528 AM CDT   SUNSET   825 PM CDT


-  INDICATES NEGATIVE NUMBERS.
R  INDICATES RECORD WAS SET OR TIED.
MM INDICATES DATA IS MISSING.
T  INDICATES TRACE AMOUNT.




$$
