000
CDUS43 KLOT 270633
CLIMDW


CLIMATE REPORT
NATIONAL WEATHER SERVICE CHICAGO IL
133 AM CDT FRI MAY 27 2016


...................................

...THE CHICAGO-MIDWAY CLIMATE SUMMARY FOR MAY 26 2016...

CLIMATE NORMAL PERIOD 1981 TO 2010
CLIMATE RECORD PERIOD 1928 TO 2016


WEATHER ITEM   OBSERVED TIME   RECORD YEAR NORMAL DEPARTURE LAST
                VALUE   (LST)  VALUE       VALUE  FROM      YEAR
                                                  NORMAL
..................................................................
TEMPERATURE (F)
 YESTERDAY
  MAXIMUM         85    529 PM  93    1967  73     12       77
  MINIMUM         65   1251 AM  34    1934  55     10       69
  AVERAGE         75                        64     11       73

PRECIPITATION (IN)
  YESTERDAY        T             1.49 2001   0.14  -0.14     0.42
  MONTH TO DATE    4.45                      3.42   1.03     3.05
  SINCE MAR 1      9.83                      9.78   0.05     6.47
  SINCE JAN 1     10.61                     13.78  -3.17     7.81

DEGREE DAYS
 HEATING
  YESTERDAY        0                         4     -4        0
  MONTH TO DATE  180                       172      8      125
  SINCE MAR 1   1237                      1432   -195     1321
  SINCE JUL 1   4875                      5943  -1068     6043

 COOLING
  YESTERDAY       10                         3      7        8
  MONTH TO DATE   41                        45     -4       80
  SINCE MAR 1     54                        58     -4       80
  SINCE JAN 1     54                        58     -4       80
..................................................................


WIND (MPH)
  RESULTANT WIND SPEED   8   RESULTANT WIND DIRECTION   S (200)
  HIGHEST WIND SPEED    16   HIGHEST WIND DIRECTION    SW (240)
  HIGHEST GUST SPEED    22   HIGHEST GUST DIRECTION    SW (220)
  AVERAGE WIND SPEED     9.3



WEATHER CONDITIONS
 THE FOLLOWING WEATHER WAS RECORDED YESTERDAY.
  LIGHT RAIN


..........................................................


THE CHICAGO-MIDWAY CLIMATE NORMALS FOR TODAY
                         NORMAL    RECORD    YEAR
 MAXIMUM TEMPERATURE (F)   74        97      2012
 MINIMUM TEMPERATURE (F)   55        35      1961


SUNRISE AND SUNSET
MAY 27 2016...........SUNRISE   521 AM CDT   SUNSET   816 PM CDT
MAY 28 2016...........SUNRISE   520 AM CDT   SUNSET   817 PM CDT


-  INDICATES NEGATIVE NUMBERS.
R  INDICATES RECORD WAS SET OR TIED.
MM INDICATES DATA IS MISSING.
T  INDICATES TRACE AMOUNT.




$$
