000
CDUS43 KLOT 240636
CLIMDW


CLIMATE REPORT
NATIONAL WEATHER SERVICE CHICAGO IL
136 AM CDT MON APR 24 2017


...................................

...THE CHICAGO-MIDWAY CLIMATE SUMMARY FOR APRIL 23 2017...

CLIMATE NORMAL PERIOD 1981 TO 2010
CLIMATE RECORD PERIOD 1928 TO 2017


WEATHER ITEM   OBSERVED TIME   RECORD YEAR NORMAL DEPARTURE LAST
                VALUE   (LST)  VALUE       VALUE  FROM      YEAR
                                                  NORMAL
..................................................................
TEMPERATURE (F)
 YESTERDAY
  MAXIMUM         69    319 PM  88    1960  62      7       60
  MINIMUM         39    447 AM  28    1936  44     -5       42
  AVERAGE         54                        53      1       51

PRECIPITATION (IN)
  YESTERDAY        0.00          0.83 1944   0.12  -0.12     0.00
  MONTH TO DATE    2.97                      2.76   0.21     1.15
  SINCE MAR 1      7.14                      5.48   1.66     4.03
  SINCE JAN 1     12.25                      9.48   2.77     4.81

DEGREE DAYS
 HEATING
  YESTERDAY       11                        12     -1       14
  MONTH TO DATE  253                       373   -120      375
  SINCE MAR 1   1027                      1185   -158      979
  SINCE JUL 1   4673                      5696  -1023     4617

 COOLING
  YESTERDAY        0                         1     -1        0
  MONTH TO DATE   11                         5      6        4
  SINCE MAR 1     11                         6      5        5
  SINCE JAN 1     11                         6      5        5
..................................................................


WIND (MPH)
  RESULTANT WIND SPEED   4   RESULTANT WIND DIRECTION   E (70)
  HIGHEST WIND SPEED    16   HIGHEST WIND DIRECTION     E (110)
  HIGHEST GUST SPEED    23   HIGHEST GUST DIRECTION     E (80)
  AVERAGE WIND SPEED     5.3



WEATHER CONDITIONS
 THE FOLLOWING WEATHER WAS RECORDED YESTERDAY.
  NO SIGNIFICANT WEATHER WAS OBSERVED.


..........................................................


THE CHICAGO-MIDWAY CLIMATE NORMALS FOR TODAY
                         NORMAL    RECORD    YEAR
 MAXIMUM TEMPERATURE (F)   63        89      1990
 MINIMUM TEMPERATURE (F)   45        29      1930


SUNRISE AND SUNSET
APRIL 24 2017.........SUNRISE   557 AM CDT   SUNSET   742 PM CDT
APRIL 25 2017.........SUNRISE   555 AM CDT   SUNSET   743 PM CDT


-  INDICATES NEGATIVE NUMBERS.
R  INDICATES RECORD WAS SET OR TIED.
MM INDICATES DATA IS MISSING.
T  INDICATES TRACE AMOUNT.




$$
