000
CDUS43 KLOT 260632
CLIMDW


CLIMATE REPORT
NATIONAL WEATHER SERVICE CHICAGO IL
1232 AM CST WED NOV 26 2014


...................................

...THE CHICAGO-MIDWAY CLIMATE SUMMARY FOR NOVEMBER 25 2014...

CLIMATE NORMAL PERIOD 1981 TO 2010
CLIMATE RECORD PERIOD 1928 TO 2014


WEATHER ITEM   OBSERVED TIME   RECORD YEAR NORMAL DEPARTURE LAST
                VALUE   (LST)  VALUE       VALUE  FROM      YEAR
                                                  NORMAL
..................................................................
TEMPERATURE (F)
 YESTERDAY
  MAXIMUM         30    114 PM  61    2006  43    -13       32
  MINIMUM         22    735 PM   0    1950  30     -8       22
  AVERAGE         26                        37    -11       27

PRECIPITATION (IN)
  YESTERDAY        T             0.76 1979   0.10  -0.10    MM
  MONTH TO DATE    1.27                      2.87  -1.60     2.45
  SINCE SEP 1      7.42                      9.42  -2.00     8.63
  SINCE JAN 1     40.92                     35.97   4.95    33.57

DEGREE DAYS
 HEATING
  YESTERDAY       39                        28     11       38
  MONTH TO DATE  694                       558    136      619
  SINCE SEP 1   1098                       984    114     1016
  SINCE JUL 1   1099                       989    110     1020

 COOLING
  YESTERDAY        0                         0      0        0
  MONTH TO DATE    0                         0      0        0
  SINCE SEP 1    134                       135     -1      195
  SINCE JAN 1   1066                      1045     21     1091
..................................................................


WIND (MPH)
  RESULTANT WIND SPEED  11   RESULTANT WIND DIRECTION   W (250)
  HIGHEST WIND SPEED    22   HIGHEST WIND DIRECTION     W (250)
  HIGHEST GUST SPEED    29   HIGHEST GUST DIRECTION     W (290)
  AVERAGE WIND SPEED    11.8



WEATHER CONDITIONS
 THE FOLLOWING WEATHER WAS RECORDED YESTERDAY.
  LIGHT SNOW


..........................................................


THE CHICAGO-MIDWAY CLIMATE NORMALS FOR TODAY
                         NORMAL    RECORD    YEAR
 MAXIMUM TEMPERATURE (F)   43        68      1990
 MINIMUM TEMPERATURE (F)   30         2      1930


SUNRISE AND SUNSET
NOVEMBER 26 2014......SUNRISE   653 AM CST   SUNSET   423 PM CST
NOVEMBER 27 2014......SUNRISE   654 AM CST   SUNSET   423 PM CST


-  INDICATES NEGATIVE NUMBERS.
R  INDICATES RECORD WAS SET OR TIED.
MM INDICATES DATA IS MISSING.
T  INDICATES TRACE AMOUNT.




$$
