000
CDUS44 KMEG 230650
CLIMEG


CLIMATE REPORT
NATIONAL WEATHER SERVICE MEMPHIS TN
149 AM CDT THU MAR 23 2017


...................................

...THE MEMPHIS/GERMANTOWN WFO CLIMATE SUMMARY FOR MARCH 22 2017...

CLIMATE NORMAL PERIOD 1981 TO 2010
CLIMATE RECORD PERIOD 1988 TO 2017


WEATHER ITEM   OBSERVED TIME   RECORD YEAR NORMAL DEPARTURE LAST
                VALUE   (LST)  VALUE       VALUE  FROM      YEAR
                                                  NORMAL
..................................................................
TEMPERATURE (F)
 YESTERDAY
  MAXIMUM         64        MM  83    2007  65     -1       68
  MINIMUM         46        MM  24    2002  42      4       42
  AVERAGE         55                        53      2       55

PRECIPITATION (IN)
  YESTERDAY        0.36          0.68 2012   0.17   0.19     0.00
  MONTH TO DATE    3.48                      3.45   0.03    13.36
  SINCE MAR 1      3.48                      3.45   0.03    13.36
  SINCE JAN 1      8.69                     12.08  -3.39    22.31

SNOWFALL (IN)
  YESTERDAY        0.0           0.0    MM                   0.0
  MONTH TO DATE    0.4                                        T
  SINCE MAR 1      0.4                                        T
  SINCE JUL 1      1.4                                       0.9
  SNOW DEPTH       0

DEGREE DAYS
 HEATING
  YESTERDAY       10                        12     -2       10
  MONTH TO DATE  300                       336    -36      198
  SINCE MAR 1    300                       336    -36      198
  SINCE JUL 1   2141                      3082   -941     2285

 COOLING
  YESTERDAY        0                         0      0        0
  MONTH TO DATE    9                         0      9        9
  SINCE MAR 1      9                         0      9        9
  SINCE JAN 1     23                         1     22        9
..................................................................







THE MEMPHIS/GERMANTOWN WFO CLIMATE NORMALS FOR TODAY
                         NORMAL    RECORD    YEAR
 MAXIMUM TEMPERATURE (F)   65        83      2007
 MINIMUM TEMPERATURE (F)   42        26      2002


SUNRISE AND SUNSET
MARCH 23 2017.........SUNRISE   658 AM CDT   SUNSET   714 PM CDT
MARCH 24 2017.........SUNRISE   657 AM CDT   SUNSET   714 PM CDT


-  INDICATES NEGATIVE NUMBERS.
R  INDICATES RECORD WAS SET OR TIED.
MM INDICATES DATA IS MISSING.
T  INDICATES TRACE AMOUNT.




$$
