000
CDUS44 KMEG 292200
CLIMEG


CLIMATE REPORT
NATIONAL WEATHER SERVICE MEMPHIS TN
459 PM CDT MON JUN 29 2015


...................................

...THE MEMPHIS/GERMANTOWN WFO CLIMATE SUMMARY FOR JUNE 29 2015...
VALID TODAY AS OF 0400 PM LOCAL TIME.

CLIMATE NORMAL PERIOD 1981 TO 2010
CLIMATE RECORD PERIOD 1988 TO 2015


WEATHER ITEM   OBSERVED TIME   RECORD YEAR NORMAL DEPARTURE LAST
                VALUE   (LST)  VALUE       VALUE  FROM      YEAR
                                                  NORMAL
..................................................................
TEMPERATURE (F)
 TODAY
  MAXIMUM         89    200 PM 102    2012  90     -1       86
  MINIMUM         71    530 AM  62    1992  70      1       68
  AVERAGE         80                        80      0       77

PRECIPITATION (IN)
  TODAY            0.00          6.13 2014   0.13  -0.13     6.13
  MONTH TO DATE    1.90                      3.55  -1.65    13.09
  SINCE JUN 1      1.90                      3.55  -1.65    13.09
  SINCE JAN 1     23.58                     28.04  -4.46    38.67

SNOWFALL (IN)
  TODAY            0.0

DEGREE DAYS
 HEATING
  TODAY            0                         0      0        0
  MONTH TO DATE    0                         0      0        0
  SINCE JUN 1      0                         0      0        0
  SINCE JUL 1   3459                      3412     47     3743

 COOLING
  TODAY           15                        15      0       12
  MONTH TO DATE  440                       365     75      398
  SINCE JUN 1    440                       365     75      398
  SINCE JAN 1    740                       616    124      697
..................................................................







THE MEMPHIS/GERMANTOWN WFO CLIMATE NORMALS FOR TOMORROW
                         NORMAL    RECORD    YEAR
 MAXIMUM TEMPERATURE (F)   90       101      2012
 MINIMUM TEMPERATURE (F)   70        62      2008
                                             2000


SUNRISE AND SUNSET
JUNE 29 2015..........SUNRISE   548 AM CDT   SUNSET   818 PM CDT
JUNE 30 2015..........SUNRISE   548 AM CDT   SUNSET   818 PM CDT


-  INDICATES NEGATIVE NUMBERS.
R  INDICATES RECORD WAS SET OR TIED.
MM INDICATES DATA IS MISSING.
T  INDICATES TRACE AMOUNT.




$$
