000
CDUS44 KMEG 160621
CLIMEG


CLIMATE REPORT
NATIONAL WEATHER SERVICE MEMPHIS TN
121 AM CDT MON OCT 16 2017


...................................

...THE MEMPHIS/GERMANTOWN WFO CLIMATE SUMMARY FOR OCTOBER 15 2017...

CLIMATE NORMAL PERIOD 1981 TO 2010
CLIMATE RECORD PERIOD 1988 TO 2017


WEATHER ITEM   OBSERVED TIME   RECORD YEAR NORMAL DEPARTURE LAST
                VALUE   (LST)  VALUE       VALUE  FROM      YEAR
                                                  NORMAL
..................................................................
TEMPERATURE (F)
 YESTERDAY
  MAXIMUM         79   1005 AM  91    2015  74      5       85
  MINIMUM         56   1159 PM  36    1987  50      6       61
  AVERAGE         68                        62      6       73

PRECIPITATION (IN)
  YESTERDAY        0.14          1.05 2007   0.14   0.00     0.00
  MONTH TO DATE    2.27                      2.00   0.27     1.62
  SINCE SEP 1      3.64                      5.28  -1.64     2.18
  SINCE JAN 1     42.83                     41.29   1.54    53.42

SNOWFALL (IN)
  YESTERDAY        0.0          MM      MM                   0.0
  MONTH TO DATE    0.0                                       0.0
  SINCE SEP 1      0.0                                       0.0
  SINCE JUL 1      0.0                                       0.0
  SNOW DEPTH       0

DEGREE DAYS
 HEATING
  YESTERDAY        0                         5     -5        0
  MONTH TO DATE    6                        54    -48        5
  SINCE SEP 1     10                        72    -62        7
  SINCE JUL 1     10                        72    -62        7

 COOLING
  YESTERDAY        3                         2      1        8
  MONTH TO DATE  124                        44     80       80
  SINCE SEP 1    406                       301    105      473
  SINCE JAN 1   2098                      1896    202     2309
..................................................................







THE MEMPHIS/GERMANTOWN WFO CLIMATE NORMALS FOR TODAY
                         NORMAL    RECORD    YEAR
 MAXIMUM TEMPERATURE (F)   74        86      2016
                                             2011
 MINIMUM TEMPERATURE (F)   49        35      1991


SUNRISE AND SUNSET
OCTOBER 16 2017.......SUNRISE   706 AM CDT   SUNSET   623 PM CDT
OCTOBER 17 2017.......SUNRISE   707 AM CDT   SUNSET   621 PM CDT


-  INDICATES NEGATIVE NUMBERS.
R  INDICATES RECORD WAS SET OR TIED.
MM INDICATES DATA IS MISSING.
T  INDICATES TRACE AMOUNT.




$$
