000
CDUS44 KMEG 140738
CLIMEG


CLIMATE REPORT
NATIONAL WEATHER SERVICE MEMPHIS TN
137 AM CST THU DEC 14 2017


...................................

...THE MEMPHIS/GERMANTOWN WFO CLIMATE SUMMARY FOR DECEMBER 13 2017...

CLIMATE NORMAL PERIOD 1981 TO 2010
CLIMATE RECORD PERIOD 1988 TO 2017


WEATHER ITEM   OBSERVED TIME   RECORD YEAR NORMAL DEPARTURE LAST
                VALUE   (LST)  VALUE       VALUE  FROM      YEAR
                                                  NORMAL
..................................................................
TEMPERATURE (F)
 YESTERDAY
  MAXIMUM         58    413 PM  73    2015  52      6       48
  MINIMUM         26    424 AM  12    1989  32     -6       36
  AVERAGE         42                        42      0       42

PRECIPITATION (IN)
  YESTERDAY        0.00          1.53 1991   0.20  -0.20     0.03
  MONTH TO DATE    0.98                      2.67  -1.69     2.41
  SINCE DEC 1      0.98                      2.67  -1.69     2.41
  SINCE JAN 1     47.11                     51.62  -4.51    58.97

SNOWFALL (IN)
  YESTERDAY       MM             0.2  2002                   0.0
  MONTH TO DATE    0.0                                       0.0
  SINCE DEC 1      0.0                                       0.0
  SINCE JUL 1      0.0                                       0.0
  SNOW DEPTH       0

DEGREE DAYS
 HEATING
  YESTERDAY       23                        23      0       23
  MONTH TO DATE  255                       277    -22      296
  SINCE DEC 1    255                       277    -22      296
  SINCE JUL 1    760                       876   -116      618

 COOLING
  YESTERDAY        0                         0      0        0
  MONTH TO DATE    0                         0      0        0
  SINCE DEC 1      0                         0      0        0
  SINCE JAN 1   2124                      1926    198     2423
..................................................................







THE MEMPHIS/GERMANTOWN WFO CLIMATE NORMALS FOR TODAY
                         NORMAL    RECORD    YEAR
 MAXIMUM TEMPERATURE (F)   51        69      2011
                                             1995
 MINIMUM TEMPERATURE (F)   32        15      2010
                                             1989


SUNRISE AND SUNSET
DECEMBER 14 2017......SUNRISE   700 AM CST   SUNSET   448 PM CST
DECEMBER 15 2017......SUNRISE   700 AM CST   SUNSET   449 PM CST


-  INDICATES NEGATIVE NUMBERS.
R  INDICATES RECORD WAS SET OR TIED.
MM INDICATES DATA IS MISSING.
T  INDICATES TRACE AMOUNT.




$$
