000
CDUS44 KJAN 190757
CLIMEI


CLIMATE REPORT
NATIONAL WEATHER SERVICE JACKSON MS
154 AM CST SUN FEB 19 2017


...................................

...THE MERIDIAN CLIMATE SUMMARY FOR FEBRUARY 18 2017...

CLIMATE NORMAL PERIOD 1981 TO 2010
CLIMATE RECORD PERIOD 1889 TO 2017


WEATHER ITEM   OBSERVED TIME   RECORD YEAR NORMAL DEPARTURE LAST
                VALUE   (LST)  VALUE       VALUE  FROM      YEAR
                                                  NORMAL
..................................................................
TEMPERATURE (F)
 YESTERDAY
  MAXIMUM         70    303 PM  82    2000  62      8       69
  MINIMUM         50   1159 PM  14    1900  37     13       33
  AVERAGE         60                        49     11       51

PRECIPITATION (IN)
  YESTERDAY        T             2.44 1927   0.20  -0.20     0.00
  MONTH TO DATE    0.91                      3.66  -2.75     1.89
  SINCE DEC 1     12.18                     13.85  -1.67    11.21
  SINCE JAN 1      8.28                      8.79  -0.51     5.13

SNOWFALL (IN)
  YESTERDAY        0.0           T    2006   0.0    0.0      0.0
                                      1960
  MONTH TO DATE    0.0                       0.0    0.0      0.0
  SINCE DEC 1      0.8                       0.3    0.5       T
  SINCE JUL 1      0.8                       0.3    0.5       T

DEGREE DAYS
 HEATING
  YESTERDAY        5                        16    -11       14
  MONTH TO DATE  148                       317   -169      300
  SINCE DEC 1    878                      1504   -626     1206
  SINCE JUL 1   1087                      1954   -867     1457

 COOLING
  YESTERDAY        0                         0      0        0
  MONTH TO DATE   12                         0     12        4
  SINCE DEC 1     54                         9     45       47
  SINCE JAN 1     36                         3     33        4
..................................................................


WIND (MPH)
  HIGHEST WIND SPEED    13   HIGHEST WIND DIRECTION    SW (240)
  HIGHEST GUST SPEED    16   HIGHEST GUST DIRECTION     W (260)
  AVERAGE WIND SPEED     3.3


SKY COVER
  POSSIBLE SUNSHINE  MM
  AVERAGE SKY COVER 0.6


WEATHER CONDITIONS
 THE FOLLOWING WEATHER WAS RECORDED YESTERDAY.
  LIGHT RAIN
  FOG


RELATIVE HUMIDITY (PERCENT)
 HIGHEST   100           800 AM
 LOWEST     61           200 PM
 AVERAGE    81

..........................................................


THE MERIDIAN CLIMATE NORMALS FOR TODAY
                         NORMAL    RECORD    YEAR
 MAXIMUM TEMPERATURE (F)   62        81      1986
 MINIMUM TEMPERATURE (F)   37        19      2015
                                             1978


SUNRISE AND SUNSET
FEBRUARY 19 2017......SUNRISE   633 AM CST   SUNSET   545 PM CST
FEBRUARY 20 2017......SUNRISE   632 AM CST   SUNSET   546 PM CST


-  INDICATES NEGATIVE NUMBERS.
R  INDICATES RECORD WAS SET OR TIED.
MM INDICATES DATA IS MISSING.
T  INDICATES TRACE AMOUNT.




$$
