000
CDUS44 KJAN 240720
CLIMEI


CLIMATE REPORT
NATIONAL WEATHER SERVICE JACKSON MS
216 AM CDT FRI MAR 24 2017


...................................

...THE MERIDIAN CLIMATE SUMMARY FOR MARCH 23 2017...

CLIMATE NORMAL PERIOD 1981 TO 2010
CLIMATE RECORD PERIOD 1889 TO 2017


WEATHER ITEM   OBSERVED TIME   RECORD YEAR NORMAL DEPARTURE LAST
                VALUE   (LST)  VALUE       VALUE  FROM      YEAR
                                                  NORMAL
..................................................................
TEMPERATURE (F)
 YESTERDAY
  MAXIMUM         85    253 PM  89    1995  71     14       78
  MINIMUM         50    615 AM  26    1986  44      6       49
  AVERAGE         68                        57     11       64

PRECIPITATION (IN)
  YESTERDAY        0.00          2.30 1969   0.17  -0.17     0.00
  MONTH TO DATE    3.81                      4.05  -0.24     8.22
  SINCE MAR 1      3.81                      4.05  -0.24     8.22
  SINCE JAN 1     13.38                     14.78  -1.40    15.71

SNOWFALL (IN)
  YESTERDAY        0.0           0.0  2002   0.1   -0.1      0.0
                                      2001
  MONTH TO DATE    0.0                       0.2   -0.2      0.0
  SINCE MAR 1      0.0                       0.2   -0.2      0.0
  SINCE JUL 1      0.8                       0.5    0.3       T

DEGREE DAYS
 HEATING
  YESTERDAY        0                         8     -8        1
  MONTH TO DATE  189                       247    -58      153
  SINCE MAR 1    189                       247    -58      153
  SINCE JUL 1   1317                      2344  -1027     1715

 COOLING
  YESTERDAY        3                         1      2        0
  MONTH TO DATE   26                        15     11       25
  SINCE MAR 1     26                        15     11       25
  SINCE JAN 1     72                        22     50       30
..................................................................


WIND (MPH)
  HIGHEST WIND SPEED    22   HIGHEST WIND DIRECTION     S (170)
  HIGHEST GUST SPEED    27   HIGHEST GUST DIRECTION     S (170)
  AVERAGE WIND SPEED     7.1


SKY COVER
  POSSIBLE SUNSHINE  MM
  AVERAGE SKY COVER 0.2


WEATHER CONDITIONS
 THE FOLLOWING WEATHER WAS RECORDED YESTERDAY.
  NO SIGNIFICANT WEATHER WAS OBSERVED.


RELATIVE HUMIDITY (PERCENT)
 HIGHEST    78          1100 PM
 LOWEST     34           300 PM
 AVERAGE    56

..........................................................


THE MERIDIAN CLIMATE NORMALS FOR TODAY
                         NORMAL    RECORD    YEAR
 MAXIMUM TEMPERATURE (F)   71        93      1929
 MINIMUM TEMPERATURE (F)   44        22      1968


SUNRISE AND SUNSET
MARCH 24 2017.........SUNRISE   653 AM CDT   SUNSET   710 PM CDT
MARCH 25 2017.........SUNRISE   652 AM CDT   SUNSET   710 PM CDT


-  INDICATES NEGATIVE NUMBERS.
R  INDICATES RECORD WAS SET OR TIED.
MM INDICATES DATA IS MISSING.
T  INDICATES TRACE AMOUNT.




$$
