000
CDUS44 KJAN 230817
CLIMEI


CLIMATE REPORT
NATIONAL WEATHER SERVICE JACKSON MS
314 AM CDT SUN APR 23 2017


...................................

...THE MERIDIAN CLIMATE SUMMARY FOR APRIL 22 2017...

CLIMATE NORMAL PERIOD 1981 TO 2010
CLIMATE RECORD PERIOD 1889 TO 2017


WEATHER ITEM   OBSERVED TIME   RECORD YEAR NORMAL DEPARTURE LAST
                VALUE   (LST)  VALUE       VALUE  FROM      YEAR
                                                  NORMAL
..................................................................
TEMPERATURE (F)
 YESTERDAY
  MAXIMUM         86    108 PM  91    1955  78      8       80
  MINIMUM         60    510 AM  35    1993  51      9       56
  AVERAGE         73                        64      9       68

PRECIPITATION (IN)
  YESTERDAY        1.68R         1.21 1995   0.14   1.54     0.26
  MONTH TO DATE    6.69                      3.60   3.09     3.85
  SINCE MAR 1     12.46                      9.02   3.44    16.23
  SINCE JAN 1     22.03                     19.75   2.28    23.72

SNOWFALL (IN)
  YESTERDAY        0.0           0.0    MM   0.0    0.0      0.0
  MONTH TO DATE    0.0                       0.1   -0.1      0.0
  SINCE MAR 1      0.0                       0.3   -0.3      0.0
  SINCE JUL 1      0.8                       0.6    0.2       T

DEGREE DAYS
 HEATING
  YESTERDAY        0                         3     -3        0
  MONTH TO DATE   22                       111    -89       63
  SINCE MAR 1    212                       418   -206      245
  SINCE JUL 1   1340                      2515  -1175     1807

 COOLING
  YESTERDAY        8                         2      6        3
  MONTH TO DATE  101                        35     66       18
  SINCE MAR 1    175                        52    123       50
  SINCE JAN 1    221                        59    162       55
..................................................................


WIND (MPH)
  HIGHEST WIND SPEED    26   HIGHEST WIND DIRECTION     N (360)
  HIGHEST GUST SPEED    32   HIGHEST GUST DIRECTION     N (10)
  AVERAGE WIND SPEED     7.6


SKY COVER
  POSSIBLE SUNSHINE  MM
  AVERAGE SKY COVER 0.5


WEATHER CONDITIONS
 THE FOLLOWING WEATHER WAS RECORDED YESTERDAY.
  THUNDERSTORM
  HEAVY RAIN
  RAIN
  LIGHT RAIN
  FOG


RELATIVE HUMIDITY (PERCENT)
 HIGHEST   100           600 PM
 LOWEST     48           100 PM
 AVERAGE    74

..........................................................


THE MERIDIAN CLIMATE NORMALS FOR TODAY
                         NORMAL    RECORD    YEAR
 MAXIMUM TEMPERATURE (F)   78        90      1960
 MINIMUM TEMPERATURE (F)   51        33      1986


SUNRISE AND SUNSET
APRIL 23 2017.........SUNRISE   616 AM CDT   SUNSET   730 PM CDT
APRIL 24 2017.........SUNRISE   615 AM CDT   SUNSET   731 PM CDT


-  INDICATES NEGATIVE NUMBERS.
R  INDICATES RECORD WAS SET OR TIED.
MM INDICATES DATA IS MISSING.
T  INDICATES TRACE AMOUNT.




$$
