000
CDUS44 KJAN 222108
CLIMEI


CLIMATE REPORT
NATIONAL WEATHER SERVICE JACKSON MS
407 PM CDT SAT JUL 22 2017


...................................

...THE MERIDIAN CLIMATE SUMMARY FOR JULY 22 2017...
VALID TODAY AS OF 0400 PM LOCAL TIME.

CLIMATE NORMAL PERIOD 1981 TO 2010
CLIMATE RECORD PERIOD 1889 TO 2017


WEATHER ITEM   OBSERVED TIME   RECORD YEAR NORMAL DEPARTURE LAST
                VALUE   (LST)  VALUE       VALUE  FROM      YEAR
                                                  NORMAL
..................................................................
TEMPERATURE (F)
 TODAY
  MAXIMUM         94    250 PM 104    1981  92      2      100
  MINIMUM         72    535 AM  58    1947  70      2       75
  AVERAGE         83                        81      2       88

PRECIPITATION (IN)
  TODAY            0.00          1.85 1982   0.17  -0.17     0.18
  MONTH TO DATE    4.14                      3.68   0.46     1.38
  SINCE JUN 1     15.23                      8.08   7.15     6.29
  SINCE JAN 1     43.87                     33.51  10.36    31.28

SNOWFALL (IN)
  TODAY            0.0           0.0    MM   0.0    0.0      0.0
  MONTH TO DATE    0.0                       0.0    0.0      0.0
  SINCE JUN 1      0.0                       0.0    0.0      0.0
  SINCE JUL 1      0.0                       0.0    0.0      0.0

DEGREE DAYS
 HEATING
  TODAY            0                         0      0        0
  MONTH TO DATE    0                         0      0        0
  SINCE JUN 1      0                         0      0        0
  SINCE JUL 1      0                         0      0        0

 COOLING
  TODAY           18                        16      2       23
  MONTH TO DATE  402                       343     59      454
  SINCE JUN 1    801                       723     78      998
  SINCE JAN 1   1294                      1006    288     1310
..................................................................


WIND (MPH)
  HIGHEST WIND SPEED     8   HIGHEST WIND DIRECTION     S (170)
  HIGHEST GUST SPEED    11   HIGHEST GUST DIRECTION     S (170)
  AVERAGE WIND SPEED     3.1


SKY COVER
  POSSIBLE SUNSHINE  MM
  AVERAGE SKY COVER 0.0


WEATHER CONDITIONS
 THE FOLLOWING WEATHER WAS RECORDED TODAY.
  NO SIGNIFICANT WEATHER WAS OBSERVED.


RELATIVE HUMIDITY (PERCENT)
 HIGHEST   100          1200 AM
 LOWEST     56          1200 PM
 AVERAGE    78

..........................................................


THE MERIDIAN CLIMATE NORMALS FOR TOMORROW
                         NORMAL    RECORD    YEAR
 MAXIMUM TEMPERATURE (F)   92       104      1981
 MINIMUM TEMPERATURE (F)   70        54      1947


SUNRISE AND SUNSET
JULY 22 2017..........SUNRISE   603 AM CDT   SUNSET   759 PM CDT
JULY 23 2017..........SUNRISE   604 AM CDT   SUNSET   759 PM CDT


-  INDICATES NEGATIVE NUMBERS.
R  INDICATES RECORD WAS SET OR TIED.
MM INDICATES DATA IS MISSING.
T  INDICATES TRACE AMOUNT.




$$
