000
CDUS44 KJAN 012115
CLIMEI


CLIMATE REPORT
NATIONAL WEATHER SERVICE JACKSON MS
414 PM CDT SAT AUG 1 2015


...................................

...THE MERIDIAN CLIMATE SUMMARY FOR AUGUST 1 2015...
VALID TODAY AS OF 0400 PM LOCAL TIME.

CLIMATE NORMAL PERIOD 1981 TO 2010
CLIMATE RECORD PERIOD 1889 TO 2015


WEATHER ITEM   OBSERVED TIME   RECORD YEAR NORMAL DEPARTURE LAST
                VALUE   (LST)  VALUE       VALUE  FROM      YEAR
                                                  NORMAL
..................................................................
TEMPERATURE (F)
 TODAY
  MAXIMUM         94    257 PM 102    1999  92      2       85
  MINIMUM         66    423 AM  62    1936  70     -4       64
                                      1925
  AVERAGE         80                        81     -1       75

PRECIPITATION (IN)
  TODAY            0.00          2.67 1931   0.15  -0.15      T
  MONTH TO DATE    0.00                      0.15  -0.15      T
  SINCE JUN 1      8.54                      9.69  -1.15     4.34
  SINCE JAN 1     31.60                     35.12  -3.52    36.06

SNOWFALL (IN)
  TODAY            0.0           0.0  2002   0.0    0.0      0.0
                                      2001
  MONTH TO DATE    0.0                       0.0    0.0      0.0
  SINCE JUN 1      0.0                       0.0    0.0      0.0
  SINCE JUL 1      0.0                       0.0    0.0      0.0

DEGREE DAYS
 HEATING
  TODAY            0                         0      0        0
  MONTH TO DATE    0                         0      0        0
  SINCE JUN 1      0                         0      0        0
  SINCE JUL 1      0                         0      0        0

 COOLING
  TODAY           15                        16     -1       10
  MONTH TO DATE   15                        16     -1       10
  SINCE JUN 1    978                       880     98      845
  SINCE JAN 1   1343                      1163    180     1115
..................................................................


WIND (MPH)
  HIGHEST WIND SPEED    22   HIGHEST WIND DIRECTION    NE (40)
  HIGHEST GUST SPEED    29   HIGHEST GUST DIRECTION    NE (60)
  AVERAGE WIND SPEED     9.1


SKY COVER
  POSSIBLE SUNSHINE  MM
  AVERAGE SKY COVER 0.0


WEATHER CONDITIONS
 THE FOLLOWING WEATHER WAS RECORDED TODAY.
  NO SIGNIFICANT WEATHER WAS OBSERVED.


RELATIVE HUMIDITY (PERCENT)
 HIGHEST    87           300 AM
 LOWEST     28           300 PM
 AVERAGE    58

..........................................................


THE MERIDIAN CLIMATE NORMALS FOR TOMORROW
                         NORMAL    RECORD    YEAR
 MAXIMUM TEMPERATURE (F)   92       102      2010
                                             1999
 MINIMUM TEMPERATURE (F)   70        60      1965


SUNRISE AND SUNSET
AUGUST  1 2015........SUNRISE   610 AM CDT   SUNSET   753 PM CDT
AUGUST  2 2015........SUNRISE   610 AM CDT   SUNSET   752 PM CDT


-  INDICATES NEGATIVE NUMBERS.
R  INDICATES RECORD WAS SET OR TIED.
MM INDICATES DATA IS MISSING.
T  INDICATES TRACE AMOUNT.




$$
