000
CDUS44 KJAN 140814
CLIMEI


CLIMATE REPORT
NATIONAL WEATHER SERVICE JACKSON MS
311 AM CDT MON JUL 14 2014


...................................

...THE MERIDIAN CLIMATE SUMMARY FOR JULY 13 2014...

CLIMATE NORMAL PERIOD 1981 TO 2010
CLIMATE RECORD PERIOD 1889 TO 2014


WEATHER ITEM   OBSERVED TIME   RECORD YEAR NORMAL DEPARTURE LAST
                VALUE   (LST)  VALUE       VALUE  FROM      YEAR
                                                  NORMAL
..................................................................
TEMPERATURE (F)
 YESTERDAY
  MAXIMUM         94    411 PM 105    1930  92      2       89
  MINIMUM         69    517 AM  58    1897  70     -1       67
  AVERAGE         82                        81      1       78

PRECIPITATION (IN)
  YESTERDAY        0.00          3.51 1973   0.17  -0.17      T
  MONTH TO DATE    0.05                      2.16  -2.11     1.65
  SINCE JUN 1      2.59                      6.56  -3.97     8.24
  SINCE JAN 1     34.31                     31.99   2.32    42.87

SNOWFALL (IN)
  YESTERDAY        0.0           0.0    MM   0.0    0.0      0.0
  MONTH TO DATE    0.0                       0.0    0.0      0.0
  SINCE JUN 1      0.0                       0.0    0.0      0.0
  SINCE JUL 1      0.0                       0.0    0.0      0.0

DEGREE DAYS
 HEATING
  YESTERDAY        0                         0      0        0
  MONTH TO DATE    0                         0      0        0
  SINCE JUN 1      0                         0      0        0
  SINCE JUL 1      0                         0      0        0

 COOLING
  YESTERDAY       17                        16      1       13
  MONTH TO DATE  189                       199    -10      167
  SINCE JUN 1    599                       579     20      587
  SINCE JAN 1    869                       862      7      847
..................................................................


WIND (MPH)
  HIGHEST WIND SPEED    13   HIGHEST WIND DIRECTION     S (200)
  HIGHEST GUST SPEED    16   HIGHEST GUST DIRECTION     S (200)
  AVERAGE WIND SPEED     2.5


SKY COVER
  POSSIBLE SUNSHINE  MM
  AVERAGE SKY COVER 0.2


WEATHER CONDITIONS
 THE FOLLOWING WEATHER WAS RECORDED YESTERDAY.
  FOG


RELATIVE HUMIDITY (PERCENT)
 HIGHEST   100           200 AM
 LOWEST     46           200 PM
 AVERAGE    73

..........................................................


THE MERIDIAN CLIMATE NORMALS FOR TODAY
                         NORMAL    RECORD    YEAR
 MAXIMUM TEMPERATURE (F)   92       107      1980
 MINIMUM TEMPERATURE (F)   70        59      1918


SUNRISE AND SUNSET
JULY 14 2014..........SUNRISE   558 AM CDT   SUNSET   803 PM CDT
JULY 15 2014..........SUNRISE   559 AM CDT   SUNSET   803 PM CDT


-  INDICATES NEGATIVE NUMBERS.
R  INDICATES RECORD WAS SET OR TIED.
MM INDICATES DATA IS MISSING.
T  INDICATES TRACE AMOUNT.




$$
