000
CDUS44 KJAN 300914
CLIMEI


CLIMATE REPORT
NATIONAL WEATHER SERVICE JACKSON MS
405 AM CDT MON MAR 30 2015


...................................

...THE MERIDIAN CLIMATE SUMMARY FOR MARCH 29 2015...

CLIMATE NORMAL PERIOD 1981 TO 2010
CLIMATE RECORD PERIOD 1889 TO 2015


WEATHER ITEM   OBSERVED TIME   RECORD YEAR NORMAL DEPARTURE LAST
                VALUE   (LST)  VALUE       VALUE  FROM      YEAR
                                                  NORMAL
..................................................................
TEMPERATURE (F)
 YESTERDAY
  MAXIMUM         74    403 PM  88    1974  72      2       67
  MINIMUM         37    147 AM  27    1955  45     -8       44
  AVERAGE         56                        58     -2       56

PRECIPITATION (IN)
  YESTERDAY        0.00          3.12 1989   0.17  -0.17     0.40
  MONTH TO DATE    4.86                      5.08  -0.22     5.74
  SINCE MAR 1      4.86                      5.08  -0.22     5.74
  SINCE JAN 1     15.70                     15.81  -0.11    15.09

SNOWFALL (IN)
  YESTERDAY        0.0           0.0  2002   0.0    0.0      0.0
                                      2001
  MONTH TO DATE    T                         0.2   -0.2      0.0
  SINCE MAR 1      T                         0.2   -0.2      0.0
  SINCE JUL 1      T                         0.5   -0.5      2.5

DEGREE DAYS
 HEATING
  YESTERDAY        9                         7      2        9
  MONTH TO DATE  210                       293    -83      331
  SINCE MAR 1    210                       293    -83      331
  SINCE JUL 1   2451                      2390     61     2707

 COOLING
  YESTERDAY        0                         1     -1        0
  MONTH TO DATE   24                        21      3        2
  SINCE MAR 1     24                        21      3        2
  SINCE JAN 1     24                        28     -4        9
..................................................................


WIND (MPH)
  HIGHEST WIND SPEED    23   HIGHEST WIND DIRECTION     S (180)
  HIGHEST GUST SPEED    28   HIGHEST GUST DIRECTION     S (180)
  AVERAGE WIND SPEED     9.5


SKY COVER
  POSSIBLE SUNSHINE  MM
  AVERAGE SKY COVER 0.5


WEATHER CONDITIONS
 THE FOLLOWING WEATHER WAS RECORDED YESTERDAY.
  FOG
  HAZE


RELATIVE HUMIDITY (PERCENT)
 HIGHEST    92           200 AM
 LOWEST     37          1200 PM
 AVERAGE    65

..........................................................


THE MERIDIAN CLIMATE NORMALS FOR TODAY
                         NORMAL    RECORD    YEAR
 MAXIMUM TEMPERATURE (F)   73        88      1946
 MINIMUM TEMPERATURE (F)   45        27      1894


SUNRISE AND SUNSET
MARCH 30 2015.........SUNRISE   646 AM CDT   SUNSET   713 PM CDT
MARCH 31 2015.........SUNRISE   645 AM CDT   SUNSET   714 PM CDT


-  INDICATES NEGATIVE NUMBERS.
R  INDICATES RECORD WAS SET OR TIED.
MM INDICATES DATA IS MISSING.
T  INDICATES TRACE AMOUNT.




$$
