000
CDUS44 KJAN 250748
CLIMEI


CLIMATE REPORT
NATIONAL WEATHER SERVICE JACKSON MS
145 AM CST THU DEC 25 2014


...................................

...THE MERIDIAN CLIMATE SUMMARY FOR DECEMBER 24 2014...

CLIMATE NORMAL PERIOD 1981 TO 2010
CLIMATE RECORD PERIOD 1889 TO 2014


WEATHER ITEM   OBSERVED TIME   RECORD YEAR NORMAL DEPARTURE LAST
                VALUE   (LST)  VALUE       VALUE  FROM      YEAR
                                                  NORMAL
..................................................................
TEMPERATURE (F)
 YESTERDAY
  MAXIMUM         59    224 AM  78    1964  57      2       46
                                      1955
  MINIMUM         38    917 PM   6    1989  34      4       26
  AVERAGE         49                        46      3       36

PRECIPITATION (IN)
  YESTERDAY        0.23          2.38 1926   0.16   0.07     0.00
  MONTH TO DATE    4.77                      4.04   0.73     6.13
  SINCE DEC 1      4.77                      4.04   0.73     6.13
  SINCE JAN 1     50.29                     55.14  -4.85    66.05

SNOWFALL (IN)
  YESTERDAY        0.0           0.0  2001   0.0    0.0      0.0
  MONTH TO DATE    0.0                       0.1   -0.1      0.0
  SINCE DEC 1      0.0                       0.1   -0.1      0.0
  SINCE JUL 1      0.0                       0.1   -0.1      0.0

DEGREE DAYS
 HEATING
  YESTERDAY       16                        19     -3       29
  MONTH TO DATE  319                       418    -99      382
  SINCE DEC 1    319                       418    -99      382
  SINCE JUL 1    868                       868      0      883

 COOLING
  YESTERDAY        0                         0      0        0
  MONTH TO DATE    0                         0      0       25
  SINCE DEC 1      0                         0      0       25
  SINCE JAN 1   2085                      2029     56     2066
..................................................................


WIND (MPH)
  HIGHEST WIND SPEED    17   HIGHEST WIND DIRECTION     W (280)
  HIGHEST GUST SPEED    23   HIGHEST GUST DIRECTION     W (280)
  AVERAGE WIND SPEED     8.3


SKY COVER
  POSSIBLE SUNSHINE  MM
  AVERAGE SKY COVER 0.9


WEATHER CONDITIONS
 THE FOLLOWING WEATHER WAS RECORDED YESTERDAY.
  THUNDERSTORM
  HEAVY RAIN
  LIGHT RAIN
  FOG


RELATIVE HUMIDITY (PERCENT)
 HIGHEST    93          1200 AM
 LOWEST     59           300 PM
 AVERAGE    76

..........................................................


THE MERIDIAN CLIMATE NORMALS FOR TODAY
                         NORMAL    RECORD    YEAR
 MAXIMUM TEMPERATURE (F)   57        80      1987
 MINIMUM TEMPERATURE (F)   34         8      1983


SUNRISE AND SUNSET
DECEMBER 25 2014......SUNRISE   654 AM CST   SUNSET   456 PM CST
DECEMBER 26 2014......SUNRISE   654 AM CST   SUNSET   457 PM CST


-  INDICATES NEGATIVE NUMBERS.
R  INDICATES RECORD WAS SET OR TIED.
MM INDICATES DATA IS MISSING.
T  INDICATES TRACE AMOUNT.




$$
