000
CDUS44 KJAN 252115
CLIMEI


CLIMATE REPORT
NATIONAL WEATHER SERVICE JACKSON MS
411 PM CDT SAT OCT 25 2014


...................................

...THE MERIDIAN CLIMATE SUMMARY FOR OCTOBER 25 2014...
VALID TODAY AS OF 0400 PM LOCAL TIME.

CLIMATE NORMAL PERIOD 1981 TO 2010
CLIMATE RECORD PERIOD 1889 TO 2014


WEATHER ITEM   OBSERVED TIME   RECORD YEAR NORMAL DEPARTURE LAST
                VALUE   (LST)  VALUE       VALUE  FROM      YEAR
                                                  NORMAL
..................................................................
TEMPERATURE (F)
 TODAY
  MAXIMUM         81    249 PM  86    1936  75      6       61
                                      1927
                                      1919
  MINIMUM         43    628 AM  29    1965  48     -5       37
  AVERAGE         62                        61      1       49

PRECIPITATION (IN)
  TODAY            0.00          2.39 1977   0.12  -0.12     0.00
  MONTH TO DATE    2.29                      2.99  -0.70     2.30
  SINCE SEP 1      3.98                      6.42  -2.44     5.03
  SINCE JAN 1     42.34                     45.38  -3.04    54.55

SNOWFALL (IN)
  TODAY            0.0           0.0  2002   0.0    0.0      0.0
                                      2001
  MONTH TO DATE    0.0                       0.0    0.0      0.0
  SINCE SEP 1      0.0                       0.0    0.0      0.0
  SINCE JUL 1      0.0                       0.0    0.0      0.0

DEGREE DAYS
 HEATING
  TODAY            3                         6     -3       16
  MONTH TO DATE   60                        78    -18       65
  SINCE SEP 1     60                        85    -25       65
  SINCE JUL 1     60                        85    -25       65

 COOLING
  TODAY            0                         2     -2        0
  MONTH TO DATE  111                        82     29      106
  SINCE SEP 1    480                       385     95      446
  SINCE JAN 1   2073                      2005     68     2026
..................................................................


WIND (MPH)
  HIGHEST WIND SPEED    12   HIGHEST WIND DIRECTION     N (350)
  HIGHEST GUST SPEED    15   HIGHEST GUST DIRECTION     N (360)
  AVERAGE WIND SPEED     2.1


SKY COVER
  POSSIBLE SUNSHINE  MM
  AVERAGE SKY COVER 0.0


WEATHER CONDITIONS
 THE FOLLOWING WEATHER WAS RECORDED TODAY.
  NO SIGNIFICANT WEATHER WAS OBSERVED.


RELATIVE HUMIDITY (PERCENT)
 HIGHEST    93           700 AM
 LOWEST     47          1200 PM
 AVERAGE    70

..........................................................


THE MERIDIAN CLIMATE NORMALS FOR TOMORROW
                         NORMAL    RECORD    YEAR
 MAXIMUM TEMPERATURE (F)   74        89      2010
 MINIMUM TEMPERATURE (F)   47        28      1955


SUNRISE AND SUNSET
OCTOBER 25 2014.......SUNRISE   706 AM CDT   SUNSET   611 PM CDT
OCTOBER 26 2014.......SUNRISE   707 AM CDT   SUNSET   610 PM CDT


-  INDICATES NEGATIVE NUMBERS.
R  INDICATES RECORD WAS SET OR TIED.
MM INDICATES DATA IS MISSING.
T  INDICATES TRACE AMOUNT.




$$
