000
CDUS44 KMEG 050741
CLIMEM


CLIMATE REPORT
NATIONAL WEATHER SERVICE MEMPHIS TN
141 AM CST THU MAR 5 2015


...................................

...THE MEMPHIS CLIMATE SUMMARY FOR MARCH 4 2015...

CLIMATE NORMAL PERIOD 1981 TO 2010
CLIMATE RECORD PERIOD 1872 TO 2015


WEATHER ITEM   OBSERVED TIME   RECORD YEAR NORMAL DEPARTURE LAST
                VALUE   (LST)  VALUE       VALUE  FROM      YEAR
                                                  NORMAL
..................................................................
TEMPERATURE (F)
 YESTERDAY
  MAXIMUM         64   1249 AM  81    1976  60      4       34
                                      1963
  MINIMUM         24   1159 PM  16    1893  41    -17       19
  AVERAGE         44                        50     -6       27

PRECIPITATION (IN)
  YESTERDAY        1.36          2.37 1964   0.16   1.20     0.00
  MONTH TO DATE    1.95                      0.62   1.33     2.40
  SINCE MAR 1      1.95                      0.62   1.33     2.40
  SINCE JAN 1      7.60                      8.99  -1.39    10.52

SNOWFALL (IN)
  YESTERDAY       MM             2.6  1917   0.0   MM        0.0
  MONTH TO DATE    0.0                       0.1   -0.1      0.5
  SINCE MAR 1      0.0                       0.1   -0.1      0.5
  SINCE JUL 1      2.5                       3.5   -1.0      0.8
  SNOW DEPTH      MM

DEGREE DAYS
 HEATING
  YESTERDAY       21                        15      6       38
  MONTH TO DATE   82                        61     21      103
  SINCE MAR 1     82                        61     21      103
  SINCE JUL 1   2805                      2511    294     2929

 COOLING
  YESTERDAY        0                         0      0        0
  MONTH TO DATE    0                         0      0        0
  SINCE MAR 1      0                         0      0        0
  SINCE JAN 1      0                         3     -3        0
..................................................................


WIND (MPH)
  HIGHEST WIND SPEED    25   HIGHEST WIND DIRECTION     N (10)
  HIGHEST GUST SPEED    36   HIGHEST GUST DIRECTION     N (20)
  AVERAGE WIND SPEED    11.9


SKY COVER
  POSSIBLE SUNSHINE  MM
  AVERAGE SKY COVER 1.0


WEATHER CONDITIONS
 THE FOLLOWING WEATHER WAS RECORDED YESTERDAY.
  HEAVY RAIN
  RAIN
  LIGHT RAIN
  LT FREEZING RAIN
  LIGHT SNOW
  SLEET
  FOG


RELATIVE HUMIDITY (PERCENT)
 HIGHEST    97           200 AM
 LOWEST     85           100 PM
 AVERAGE    91

..........................................................


THE MEMPHIS CLIMATE NORMALS FOR TODAY
                         NORMAL    RECORD    YEAR
 MAXIMUM TEMPERATURE (F)   60        80      1918
 MINIMUM TEMPERATURE (F)   41        15      1960


SUNRISE AND SUNSET
MARCH  5 2015.........SUNRISE   625 AM CST   SUNSET   559 PM CST
MARCH  6 2015.........SUNRISE   623 AM CST   SUNSET   600 PM CST


-  INDICATES NEGATIVE NUMBERS.
R  INDICATES RECORD WAS SET OR TIED.
MM INDICATES DATA IS MISSING.
T  INDICATES TRACE AMOUNT.




$$
