061
CDUS44 KMEG 100734
CLIMEM


CLIMATE REPORT
NATIONAL WEATHER SERVICE MEMPHIS TN
133 AM CST SAT DEC 10 2016


...................................

...THE MEMPHIS CLIMATE SUMMARY FOR DECEMBER 9 2016...

CLIMATE NORMAL PERIOD 1981 TO 2010
CLIMATE RECORD PERIOD 1872 TO 2016


WEATHER ITEM   OBSERVED TIME   RECORD YEAR NORMAL DEPARTURE LAST
                VALUE   (LST)  VALUE       VALUE  FROM      YEAR
                                                  NORMAL
..................................................................
TEMPERATURE (F)
 YESTERDAY
  MAXIMUM         39    218 PM  77    2007  53    -14       67
  MINIMUM         23    707 AM   2    1917  36    -13       50
  AVERAGE         31                        45    -14       59

PRECIPITATION (IN)
  YESTERDAY        0.00          3.48 2008   0.20  -0.20     0.00
  MONTH TO DATE    2.32                      1.77   0.55     0.07
  SINCE DEC 1      2.32                      1.77   0.55     0.07
  SINCE JAN 1     56.58                     49.71   6.87    47.96

SNOWFALL (IN)
  YESTERDAY        0.0           0.8  1901   0.0    0.0      0.0
  MONTH TO DATE    0.0                       0.0    0.0      0.0
  SINCE DEC 1      0.0                       0.0    0.0      0.0
  SINCE JUL 1      0.0                       T      0.0      0.0
  SNOW DEPTH       0

DEGREE DAYS
 HEATING
  YESTERDAY       34                        20     14        6
  MONTH TO DATE  196                       172     24      138
  SINCE DEC 1    196                       172     24      138
  SINCE JUL 1    466                       671   -205      439

 COOLING
  YESTERDAY        0                         0      0        0
  MONTH TO DATE    0                         0      0        0
  SINCE DEC 1      0                         0      0        0
  SINCE JAN 1   2804                      2256    548     2460
..................................................................


WIND (MPH)
  HIGHEST WIND SPEED    12   HIGHEST WIND DIRECTION    NW (330)
  HIGHEST GUST SPEED    18   HIGHEST GUST DIRECTION     N (20)
  AVERAGE WIND SPEED     5.6


SKY COVER
  POSSIBLE SUNSHINE  MM
  AVERAGE SKY COVER 0.1


WEATHER CONDITIONS
 THE FOLLOWING WEATHER WAS RECORDED YESTERDAY.
  NO SIGNIFICANT WEATHER WAS OBSERVED.


RELATIVE HUMIDITY (PERCENT)
 HIGHEST    74           700 AM
 LOWEST     44          1200 PM
 AVERAGE    59

..........................................................


THE MEMPHIS CLIMATE NORMALS FOR TODAY
                         NORMAL    RECORD    YEAR
 MAXIMUM TEMPERATURE (F)   53        75      1918
 MINIMUM TEMPERATURE (F)   36         8      1917


SUNRISE AND SUNSET
DECEMBER 10 2016......SUNRISE   657 AM CST   SUNSET   448 PM CST
DECEMBER 11 2016......SUNRISE   658 AM CST   SUNSET   449 PM CST


-  INDICATES NEGATIVE NUMBERS.
R  INDICATES RECORD WAS SET OR TIED.
MM INDICATES DATA IS MISSING.
T  INDICATES TRACE AMOUNT.




$$
