000
CDUS44 KMEG 242151
CLIMEM


CLIMATE REPORT
NATIONAL WEATHER SERVICE MEMPHIS TN
450 PM CDT THU APR 24 2014


...................................

...THE MEMPHIS CLIMATE SUMMARY FOR APRIL 24 2014...
VALID TODAY AS OF 0400 PM LOCAL TIME.

CLIMATE NORMAL PERIOD 1981 TO 2010
CLIMATE RECORD PERIOD 1872 TO 2014


WEATHER ITEM   OBSERVED TIME   RECORD YEAR NORMAL DEPARTURE LAST
                VALUE   (LST)  VALUE       VALUE  FROM      YEAR
                                                  NORMAL
..................................................................
TEMPERATURE (F)
 TODAY
  MAXIMUM         83    317 PM  88    1990  75      8       67
                                      1989
                                      1965
  MINIMUM         54    446 AM  32    1910  56     -2       44
  AVERAGE         69                        66      3       56

PRECIPITATION (IN)
  TODAY            0.00          2.94 2010   0.19  -0.19     0.72
  MONTH TO DATE    2.56                      4.39  -1.83     6.72
  SINCE MAR 1      9.94                      9.55   0.39    10.10
  SINCE JAN 1     18.06                     17.92   0.14    23.67

SNOWFALL (IN)
  TODAY            0.0

DEGREE DAYS
 HEATING
  TODAY            0                         3     -3        9
  MONTH TO DATE  120                       124     -4      151
  SINCE MAR 1    595                       482    113      657
  SINCE JUL 1   3421                      2932    489     2855

 COOLING
  TODAY            4                         3      1        0
  MONTH TO DATE   44                        54    -10       59
  SINCE MAR 1     46                        71    -25       61
  SINCE JAN 1     46                        74    -28       70
..................................................................


WIND (MPH)
  HIGHEST WIND SPEED    22   HIGHEST WIND DIRECTION     S (180)
  HIGHEST GUST SPEED    29   HIGHEST GUST DIRECTION     S (180)
  AVERAGE WIND SPEED     8.2


SKY COVER
  POSSIBLE SUNSHINE  MM
  AVERAGE SKY COVER 0.5


WEATHER CONDITIONS
 THE FOLLOWING WEATHER WAS RECORDED TODAY.
  NO SIGNIFICANT WEATHER WAS OBSERVED.


RELATIVE HUMIDITY (PERCENT)
 HIGHEST    55           200 AM
 LOWEST     39          1200 PM
 AVERAGE    47

..........................................................


THE MEMPHIS CLIMATE NORMALS FOR TOMORROW
                         NORMAL    RECORD    YEAR
 MAXIMUM TEMPERATURE (F)   76        87      1915
 MINIMUM TEMPERATURE (F)   56        32      1910


SUNRISE AND SUNSET
APRIL 24 2014.........SUNRISE   617 AM CDT   SUNSET   740 PM CDT
APRIL 25 2014.........SUNRISE   616 AM CDT   SUNSET   741 PM CDT


-  INDICATES NEGATIVE NUMBERS.
R  INDICATES RECORD WAS SET OR TIED.
MM INDICATES DATA IS MISSING.
T  INDICATES TRACE AMOUNT.




$$
