000
CDUS44 KMEG 250622
CLIMEM


CLIMATE REPORT
NATIONAL WEATHER SERVICE MEMPHIS TN
122 AM CDT SAT OCT 25 2014


...................................

...THE MEMPHIS CLIMATE SUMMARY FOR OCTOBER 24 2014...

CLIMATE NORMAL PERIOD 1981 TO 2010
CLIMATE RECORD PERIOD 1872 TO 2014


WEATHER ITEM   OBSERVED TIME   RECORD YEAR NORMAL DEPARTURE LAST
                VALUE   (LST)  VALUE       VALUE  FROM      YEAR
                                                  NORMAL
..................................................................
TEMPERATURE (F)
 YESTERDAY
  MAXIMUM         75    354 PM  86    2003  72      3       65
  MINIMUM         47    555 AM  30    1981  51     -4       45
  AVERAGE         61                        61      0       55

PRECIPITATION (IN)
  YESTERDAY        0.00          2.56 1986   0.13  -0.13     0.00
  MONTH TO DATE    3.35                      3.02   0.33     2.08
  SINCE SEP 1      8.10                      6.11   1.99     4.77
  SINCE JAN 1     51.82                     41.49  10.33    50.72

SNOWFALL (IN)
  YESTERDAY        0.0           0.0  2002   0.0    0.0      0.0
                                      2001
  MONTH TO DATE    0.0                       0.0    0.0      0.0
  SINCE SEP 1      0.0                       0.0    0.0      0.0
  SINCE JUL 1      0.0                       0.0    0.0      0.0
  SNOW DEPTH       0

DEGREE DAYS
 HEATING
  YESTERDAY        4                         5     -1       10
  MONTH TO DATE   53                        74    -21       75
  SINCE SEP 1     54                        85    -31       75
  SINCE JUL 1     54                        85    -31       75

 COOLING
  YESTERDAY        0                         2     -2        0
  MONTH TO DATE   89                        81      8      103
  SINCE SEP 1    434                       397     37      504
  SINCE JAN 1   2140                      2232    -92     2230
..................................................................


WIND (MPH)
  HIGHEST WIND SPEED     9   HIGHEST WIND DIRECTION    NW (330)
  HIGHEST GUST SPEED    15   HIGHEST GUST DIRECTION     W (280)
  AVERAGE WIND SPEED     1.5


SKY COVER
  POSSIBLE SUNSHINE  MM
  AVERAGE SKY COVER 0.2


WEATHER CONDITIONS
 THE FOLLOWING WEATHER WAS RECORDED YESTERDAY.
  NO SIGNIFICANT WEATHER WAS OBSERVED.


RELATIVE HUMIDITY (PERCENT)
 HIGHEST    93           300 AM
 LOWEST     43           300 PM
 AVERAGE    68

..........................................................


THE MEMPHIS CLIMATE NORMALS FOR TODAY
                         NORMAL    RECORD    YEAR
 MAXIMUM TEMPERATURE (F)   71        86      2000
                                             1927
 MINIMUM TEMPERATURE (F)   51        31      1965


SUNRISE AND SUNSET
OCTOBER 25 2014.......SUNRISE   715 AM CDT   SUNSET   613 PM CDT
OCTOBER 26 2014.......SUNRISE   715 AM CDT   SUNSET   612 PM CDT


-  INDICATES NEGATIVE NUMBERS.
R  INDICATES RECORD WAS SET OR TIED.
MM INDICATES DATA IS MISSING.
T  INDICATES TRACE AMOUNT.




$$
