000
CDUS44 KMEG 260628
CLIMEM


CLIMATE REPORT
NATIONAL WEATHER SERVICE MEMPHIS TN
127 AM CDT MON SEP 26 2016


...................................

...THE MEMPHIS CLIMATE SUMMARY FOR SEPTEMBER 25 2016...

CLIMATE NORMAL PERIOD 1981 TO 2010
CLIMATE RECORD PERIOD 1872 TO 2016


WEATHER ITEM   OBSERVED TIME   RECORD YEAR NORMAL DEPARTURE LAST
                VALUE   (LST)  VALUE       VALUE  FROM      YEAR
                                                  NORMAL
..................................................................
TEMPERATURE (F)
 YESTERDAY
  MAXIMUM         98R   323 PM  95    1931  82     16       89
  MINIMUM         75    628 AM  43    1965  62     13       66
  AVERAGE         87                        72     15       78

PRECIPITATION (IN)
  YESTERDAY        0.00          1.88 1872   0.12  -0.12     0.00
  MONTH TO DATE    0.67                      2.49  -1.82     1.20
  SINCE SEP 1      0.67                      2.49  -1.82     1.20
  SINCE JAN 1     50.48                     37.87  12.61    35.17

SNOWFALL (IN)
  YESTERDAY        0.0           0.0  2002   0.0    0.0      0.0
                                      2001
  MONTH TO DATE    0.0                       0.0    0.0      0.0
  SINCE SEP 1      0.0                       0.0    0.0      0.0
  SINCE JUL 1      0.0                       0.0    0.0      0.0
  SNOW DEPTH       0

DEGREE DAYS
 HEATING
  YESTERDAY        0                         1     -1        0
  MONTH TO DATE    0                         5     -5        0
  SINCE SEP 1      0                         5     -5        0
  SINCE JUL 1      0                         5     -5        0

 COOLING
  YESTERDAY       22                         7     15       13
  MONTH TO DATE  445                       282    163      332
  SINCE SEP 1    445                       282    163      332
  SINCE JAN 1   2546                      2117    429     2271
..................................................................


WIND (MPH)
  HIGHEST WIND SPEED    10   HIGHEST WIND DIRECTION    NE (30)
  HIGHEST GUST SPEED    15   HIGHEST GUST DIRECTION     N (360)
  AVERAGE WIND SPEED     3.6


SKY COVER
  POSSIBLE SUNSHINE  MM
  AVERAGE SKY COVER 0.3


WEATHER CONDITIONS
 THE FOLLOWING WEATHER WAS RECORDED YESTERDAY.
  NO SIGNIFICANT WEATHER WAS OBSERVED.


RELATIVE HUMIDITY (PERCENT)
 HIGHEST    74           400 AM
 LOWEST     33           400 PM
 AVERAGE    54

..........................................................


THE MEMPHIS CLIMATE NORMALS FOR TODAY
                         NORMAL    RECORD    YEAR
 MAXIMUM TEMPERATURE (F)   81        95      1954
 MINIMUM TEMPERATURE (F)   61        46      2001
                                             2000
                                             1942


SUNRISE AND SUNSET
SEPTEMBER 26 2016.....SUNRISE   651 AM CDT   SUNSET   650 PM CDT
SEPTEMBER 27 2016.....SUNRISE   652 AM CDT   SUNSET   649 PM CDT


-  INDICATES NEGATIVE NUMBERS.
R  INDICATES RECORD WAS SET OR TIED.
MM INDICATES DATA IS MISSING.
T  INDICATES TRACE AMOUNT.




$$
