000
CDUS44 KMEG 160637
CLIMEM


CLIMATE REPORT
NATIONAL WEATHER SERVICE MEMPHIS TN
137 AM CDT TUE SEP 16 2014


...................................

...THE MEMPHIS CLIMATE SUMMARY FOR SEPTEMBER 15 2014...

CLIMATE NORMAL PERIOD 1981 TO 2010
CLIMATE RECORD PERIOD 1872 TO 2014


WEATHER ITEM   OBSERVED TIME   RECORD YEAR NORMAL DEPARTURE LAST
                VALUE   (LST)  VALUE       VALUE  FROM      YEAR
                                                  NORMAL
..................................................................
TEMPERATURE (F)
 YESTERDAY
  MAXIMUM         84    154 PM  98    1954  86     -2       87
  MINIMUM         66    456 AM  50    1904  66      0       59
  AVERAGE         75                        76     -1       73

PRECIPITATION (IN)
  YESTERDAY        T             2.51 1881   0.10  -0.10     0.00
  MONTH TO DATE    4.75                      1.44   3.31     0.11
  SINCE SEP 1      4.75                      1.44   3.31     0.11
  SINCE JAN 1     48.47                     36.82  11.65    46.06

SNOWFALL (IN)
  YESTERDAY        0.0          MM      MM   0.0    0.0      0.0
  MONTH TO DATE    0.0                       0.0    0.0      0.0
  SINCE SEP 1      0.0                       0.0    0.0      0.0
  SINCE JUL 1      0.0                       0.0    0.0      0.0
  SNOW DEPTH       0

DEGREE DAYS
 HEATING
  YESTERDAY        0                         0      0        0
  MONTH TO DATE    1                         0      1        0
  SINCE SEP 1      1                         0      1        0
  SINCE JUL 1      1                         0      1        0

 COOLING
  YESTERDAY       10                        11     -1        8
  MONTH TO DATE  195                       194      1      249
  SINCE SEP 1    195                       194      1      249
  SINCE JAN 1   1901                      2029   -128     1975
..................................................................


WIND (MPH)
  HIGHEST WIND SPEED     8   HIGHEST WIND DIRECTION     N (10)
  HIGHEST GUST SPEED     9   HIGHEST GUST DIRECTION     N (340)
  AVERAGE WIND SPEED     2.8


SKY COVER
  POSSIBLE SUNSHINE  MM
  AVERAGE SKY COVER 0.8


WEATHER CONDITIONS
 THE FOLLOWING WEATHER WAS RECORDED YESTERDAY.
  LIGHT RAIN


RELATIVE HUMIDITY (PERCENT)
 HIGHEST    73          1200 AM
 LOWEST     44           200 PM
 AVERAGE    59

..........................................................


THE MEMPHIS CLIMATE NORMALS FOR TODAY
                         NORMAL    RECORD    YEAR
 MAXIMUM TEMPERATURE (F)   85       102      1980
 MINIMUM TEMPERATURE (F)   65        47      1961


SUNRISE AND SUNSET
SEPTEMBER 16 2014.....SUNRISE   643 AM CDT   SUNSET   705 PM CDT
SEPTEMBER 17 2014.....SUNRISE   644 AM CDT   SUNSET   704 PM CDT


-  INDICATES NEGATIVE NUMBERS.
R  INDICATES RECORD WAS SET OR TIED.
MM INDICATES DATA IS MISSING.
T  INDICATES TRACE AMOUNT.




$$
