000
CDUS44 KMEG 210742
CLIMEM


CLIMATE REPORT
NATIONAL WEATHER SERVICE MEMPHIS TN
142 AM CST SAT JAN 21 2017


...................................

...THE MEMPHIS CLIMATE SUMMARY FOR JANUARY 20 2017...

CLIMATE NORMAL PERIOD 1981 TO 2010
CLIMATE RECORD PERIOD 1872 TO 2017


WEATHER ITEM   OBSERVED TIME   RECORD YEAR NORMAL DEPARTURE LAST
                VALUE   (LST)  VALUE       VALUE  FROM      YEAR
                                                  NORMAL
..................................................................
TEMPERATURE (F)
 YESTERDAY
  MAXIMUM         68    339 PM  74    1906  50     18       39
  MINIMUM         56    320 AM  -4    1985  32     24       33
  AVERAGE         62                        41     21       36

PRECIPITATION (IN)
  YESTERDAY        0.00          3.74 1935   0.13  -0.13     0.28
  MONTH TO DATE    3.61                      2.57   1.04     1.75
  SINCE DEC 1     10.94                      8.31   2.63     6.52
  SINCE JAN 1      3.61                      2.57   1.04     1.75

SNOWFALL (IN)
  YESTERDAY        0.0           5.3  1983   0.0    0.0      0.0
  MONTH TO DATE    2.0                       1.2    0.8       T
  SINCE DEC 1      2.0                       1.4    0.6       T
  SINCE JUL 1      2.0                       1.4    0.6       T
  SNOW DEPTH       0

DEGREE DAYS
 HEATING
  YESTERDAY        3                        24    -21       29
  MONTH TO DATE  341                       480   -139      506
  SINCE DEC 1    971                      1145   -174      854
  SINCE JUL 1   1241                      1644   -403     1155

 COOLING
  YESTERDAY        0                         0      0        0
  MONTH TO DATE    1                         0      1        0
  SINCE DEC 1      4                         2      2       19
  SINCE JAN 1      1                         0      1        0
..................................................................


WIND (MPH)
  HIGHEST WIND SPEED    25   HIGHEST WIND DIRECTION     S (190)
  HIGHEST GUST SPEED    31   HIGHEST GUST DIRECTION     S (200)
  AVERAGE WIND SPEED    10.8


SKY COVER
  POSSIBLE SUNSHINE  MM
  AVERAGE SKY COVER 0.9


WEATHER CONDITIONS
 THE FOLLOWING WEATHER WAS RECORDED YESTERDAY.
  NO SIGNIFICANT WEATHER WAS OBSERVED.


RELATIVE HUMIDITY (PERCENT)
 HIGHEST   100           200 AM
 LOWEST     63           300 PM
 AVERAGE    82

..........................................................


THE MEMPHIS CLIMATE NORMALS FOR TODAY
                         NORMAL    RECORD    YEAR
 MAXIMUM TEMPERATURE (F)   50        75      1999
 MINIMUM TEMPERATURE (F)   33         1      1985


SUNRISE AND SUNSET
JANUARY 21 2017.......SUNRISE   705 AM CST   SUNSET   518 PM CST
JANUARY 22 2017.......SUNRISE   705 AM CST   SUNSET   519 PM CST


-  INDICATES NEGATIVE NUMBERS.
R  INDICATES RECORD WAS SET OR TIED.
MM INDICATES DATA IS MISSING.
T  INDICATES TRACE AMOUNT.




$$
