966
CDUS44 KMEG 280636
CLIMEM


CLIMATE REPORT
NATIONAL WEATHER SERVICE MEMPHIS TN
134 AM CDT FRI APR 28 2017


...................................

...THE MEMPHIS CLIMATE SUMMARY FOR APRIL 27 2017...

CLIMATE NORMAL PERIOD 1981 TO 2010
CLIMATE RECORD PERIOD 1872 TO 2017


WEATHER ITEM   OBSERVED TIME   RECORD YEAR NORMAL DEPARTURE LAST
                VALUE   (LST)  VALUE       VALUE  FROM      YEAR
                                                  NORMAL
..................................................................
TEMPERATURE (F)
 YESTERDAY
  MAXIMUM         69    437 PM  92    1987  76     -7       78
  MINIMUM         51    618 AM  40    1953  57     -6       69
  AVERAGE         60                        66     -6       74

PRECIPITATION (IN)
  YESTERDAY        T             2.82 1991   0.18  -0.18      T
  MONTH TO DATE    3.95                      4.95  -1.00     3.80
  SINCE MAR 1      7.56                     10.11  -2.55    20.00
  SINCE JAN 1     13.22                     18.48  -5.26    27.85

SNOWFALL (IN)
  YESTERDAY        0.0          MM      MM   0.0    0.0      0.0
  MONTH TO DATE    0.0                       0.0    0.0      0.0
  SINCE MAR 1      T                         0.4   -0.4      0.0
  SINCE JUL 1      2.0                       3.8   -1.8      0.3
  SNOW DEPTH       0

DEGREE DAYS
 HEATING
  YESTERDAY        5                         2      3        0
  MONTH TO DATE   57                       131    -74       80
  SINCE MAR 1    337                       489   -152      293
  SINCE JUL 1   2036                      2939   -903     2164

 COOLING
  YESTERDAY        0                         4     -4        9
  MONTH TO DATE   92                        64     28       64
  SINCE MAR 1    130                        81     49       85
  SINCE JAN 1    152                        84     68       88
..................................................................


WIND (MPH)
  HIGHEST WIND SPEED    23   HIGHEST WIND DIRECTION    NW (310)
  HIGHEST GUST SPEED    28   HIGHEST GUST DIRECTION    NW (310)
  AVERAGE WIND SPEED     7.1


SKY COVER
  POSSIBLE SUNSHINE  MM
  AVERAGE SKY COVER 0.5


WEATHER CONDITIONS
 THE FOLLOWING WEATHER WAS RECORDED YESTERDAY.
  LIGHT RAIN
  FOG


RELATIVE HUMIDITY (PERCENT)
 HIGHEST    89           200 AM
 LOWEST     49           400 PM
 AVERAGE    69

..........................................................


THE MEMPHIS CLIMATE NORMALS FOR TODAY
                         NORMAL    RECORD    YEAR
 MAXIMUM TEMPERATURE (F)   76        87      2002
                                             1981
                                             1899
 MINIMUM TEMPERATURE (F)   57        39      1992


SUNRISE AND SUNSET
APRIL 28 2017.........SUNRISE   612 AM CDT   SUNSET   743 PM CDT
APRIL 29 2017.........SUNRISE   611 AM CDT   SUNSET   744 PM CDT


-  INDICATES NEGATIVE NUMBERS.
R  INDICATES RECORD WAS SET OR TIED.
MM INDICATES DATA IS MISSING.
T  INDICATES TRACE AMOUNT.




$$
