000
CDUS44 KMEG 170638
CLIMEM


CLIMATE REPORT
NATIONAL WEATHER SERVICE MEMPHIS TN
138 AM CDT THU APR 17 2014


...................................

...THE MEMPHIS CLIMATE SUMMARY FOR APRIL 16 2014...

CLIMATE NORMAL PERIOD 1981 TO 2010
CLIMATE RECORD PERIOD 1872 TO 2014


WEATHER ITEM   OBSERVED TIME   RECORD YEAR NORMAL DEPARTURE LAST
                VALUE   (LST)  VALUE       VALUE  FROM      YEAR
                                                  NORMAL
..................................................................
TEMPERATURE (F)
 YESTERDAY
  MAXIMUM         63    436 PM  89    1977  73    -10       85
  MINIMUM         37    549 AM  32    1962  53    -16       69
  AVERAGE         50                        63    -13       77

PRECIPITATION (IN)
  YESTERDAY        0.00          2.77 1939   0.19  -0.19      T
  MONTH TO DATE    2.51                      2.87  -0.36     3.50
  SINCE MAR 1      9.89                      8.03   1.86     6.88
  SINCE JAN 1     18.01                     16.40   1.61    20.45

SNOWFALL (IN)
  YESTERDAY        0.0          MM      MM   0.0    0.0      0.0
  MONTH TO DATE    0.0                       0.0    0.0      0.0
  SINCE MAR 1      0.5                       0.4    0.1       T
  SINCE JUL 1      0.8                       3.8   -3.0      0.9
  SNOW DEPTH       0

DEGREE DAYS
 HEATING
  YESTERDAY       15                         4     11        0
  MONTH TO DATE  113                        96     17      105
  SINCE MAR 1    588                       454    134      611
  SINCE JUL 1   3414                      2904    510     2809

 COOLING
  YESTERDAY        0                         2     -2       12
  MONTH TO DATE   32                        30      2       43
  SINCE MAR 1     34                        47    -13       45
  SINCE JAN 1     34                        50    -16       54
..................................................................


WIND (MPH)
  HIGHEST WIND SPEED    15   HIGHEST WIND DIRECTION    SE (120)
  HIGHEST GUST SPEED    20   HIGHEST GUST DIRECTION     E (110)
  AVERAGE WIND SPEED     5.8


SKY COVER
  POSSIBLE SUNSHINE  MM
  AVERAGE SKY COVER 0.5


WEATHER CONDITIONS
 THE FOLLOWING WEATHER WAS RECORDED YESTERDAY.
  NO SIGNIFICANT WEATHER WAS OBSERVED.


RELATIVE HUMIDITY (PERCENT)
 HIGHEST    64           200 AM
 LOWEST     20           500 PM
 AVERAGE    42

..........................................................


THE MEMPHIS CLIMATE NORMALS FOR TODAY
                         NORMAL    RECORD    YEAR
 MAXIMUM TEMPERATURE (F)   74        91      2006
 MINIMUM TEMPERATURE (F)   53        35      1921
                                             1875


SUNRISE AND SUNSET
APRIL 17 2014.........SUNRISE   625 AM CDT   SUNSET   734 PM CDT
APRIL 18 2014.........SUNRISE   624 AM CDT   SUNSET   735 PM CDT


-  INDICATES NEGATIVE NUMBERS.
R  INDICATES RECORD WAS SET OR TIED.
MM INDICATES DATA IS MISSING.
T  INDICATES TRACE AMOUNT.




$$
