878
CDUS41 KCLE 210545
CLIMFD


CLIMATE REPORT
NATIONAL WEATHER SERVICE CLEVELAND OH
145 AM EDT SAT OCT 21 2017


...................................

...THE MANSFIELD OH CLIMATE SUMMARY FOR OCTOBER 20 2017...

CLIMATE NORMAL PERIOD 1981 TO 2010
CLIMATE RECORD PERIOD 1916 TO 2017


WEATHER ITEM   OBSERVED TIME   RECORD YEAR NORMAL DEPARTURE LAST
                VALUE   (LST)  VALUE       VALUE  FROM      YEAR
                                                  NORMAL
..................................................................
TEMPERATURE (F)
 YESTERDAY
  MAXIMUM         75    240 PM  79    1953  60     15       59
  MINIMUM         41    659 AM  21    1930  41      0       53
  AVERAGE         58                        50      8       56

PRECIPITATION (IN)
  YESTERDAY        0.00                      0.09  -0.09     1.48
  MONTH TO DATE    2.21                      1.87   0.34     2.19
  SINCE SEP 1      3.81                      5.19  -1.38     5.90
  SINCE JAN 1     40.39                     36.02   4.37    29.53

SNOWFALL (IN)
  YESTERDAY        0.0                       0.0    0.0      0.0
  MONTH TO DATE    0.0                       0.1   -0.1      0.0
  SINCE SEP 1      0.0                       0.1   -0.1      0.0
  SINCE JUL 1      0.0                       0.1   -0.1      0.0
  SNOW DEPTH       0

DEGREE DAYS
 HEATING
  YESTERDAY        7                        15     -8        9
  MONTH TO DATE   79                       237   -158      109
  SINCE SEP 1    169                       362   -193      143
  SINCE JUL 1    183                       387   -204      144

 COOLING
  YESTERDAY        0                         0      0        0
  MONTH TO DATE   19                         5     14       28
  SINCE SEP 1    131                        68     63      174
  SINCE JAN 1    748                       630    118     1078
..................................................................


WIND (MPH)
  HIGHEST WIND SPEED    12   HIGHEST WIND DIRECTION     S (160)
  HIGHEST GUST SPEED    13   HIGHEST GUST DIRECTION     S (160)
  AVERAGE WIND SPEED     5.8


SKY COVER
  POSSIBLE SUNSHINE  MM
  AVERAGE SKY COVER 0.0


WEATHER CONDITIONS
 THE FOLLOWING WEATHER WAS RECORDED YESTERDAY.
  NO SIGNIFICANT WEATHER WAS OBSERVED.


RELATIVE HUMIDITY (PERCENT)
 HIGHEST   100           300 AM
 LOWEST     26          1200 PM
 AVERAGE    63

..........................................................


THE MANSFIELD OH CLIMATE NORMALS FOR TODAY
                         NORMAL    RECORD    YEAR
 MAXIMUM TEMPERATURE (F)   60        80      2007
 MINIMUM TEMPERATURE (F)   40        21      1952


SUNRISE AND SUNSET
OCTOBER 21 2017.......SUNRISE   748 AM EDT   SUNSET   640 PM EDT
OCTOBER 22 2017.......SUNRISE   749 AM EDT   SUNSET   639 PM EDT


-  INDICATES NEGATIVE NUMBERS.
R  INDICATES RECORD WAS SET OR TIED.
MM INDICATES DATA IS MISSING.
T  INDICATES TRACE AMOUNT.




$$
