298
CDUS44 KBRO 232142
CLIMFE


CLIMATE REPORT
NATIONAL WEATHER SERVICE BROWNSVILLE TX
442 PM CDT WED AUG 23 2017


...................................

...THE MCALLEN CLIMATE SUMMARY FOR AUGUST 23 2017...
VALID TODAY AS OF 0400 PM LOCAL TIME.

CLIMATE NORMAL PERIOD 1981 TO 2010
CLIMATE RECORD PERIOD 1961 TO 2017


WEATHER ITEM   OBSERVED TIME   RECORD YEAR NORMAL DEPARTURE LAST
                VALUE   (LST)  VALUE       VALUE  FROM      YEAR
                                                  NORMAL
..................................................................
TEMPERATURE (F)
 TODAY
  MAXIMUM        101    208 PM 106    2009  98      3      102
  MINIMUM         78    442 AM  69    1961  77      1       79
  AVERAGE         90                        87      3       91

PRECIPITATION (IN)
  TODAY            0.00          1.98 1999   0.09  -0.09     0.00
  MONTH TO DATE    0.55                      1.35  -0.80     0.79
  SINCE JUN 1      0.91                      5.93  -5.02     1.28
  SINCE JAN 1      6.78                     12.71  -5.93     9.25

SNOWFALL (IN)
  TODAY            0.0
  MONTH TO DATE    0.0
  SINCE JUN 1      0.0
  SINCE JUL 1      0.0
  SNOW DEPTH       0

DEGREE DAYS
 HEATING
  TODAY            0                         0      0        0
  MONTH TO DATE    0                         0      0        0
  SINCE JUN 1      0                         0      0        0
  SINCE JUL 1      0                         0      0        0

 COOLING
  TODAY           25                        22      3       26
  MONTH TO DATE  602                       524     78      607
  SINCE JUN 1   2125                      1826    299     2085
  SINCE JAN 1   4064                      3081    983     3703
..................................................................


WIND (MPH)
  HIGHEST WIND SPEED    17   HIGHEST WIND DIRECTION     E (80)
  HIGHEST GUST SPEED    23   HIGHEST GUST DIRECTION     E (90)
  AVERAGE WIND SPEED     4.3



WEATHER CONDITIONS
 THE FOLLOWING WEATHER WAS RECORDED TODAY.
  HAZE


..........................................................


THE MCALLEN CLIMATE NORMALS FOR TOMORROW
                         NORMAL    RECORD    YEAR
 MAXIMUM TEMPERATURE (F)   98       104      2009
 MINIMUM TEMPERATURE (F)   77        69      1976
                                             1973


SUNRISE AND SUNSET
AUGUST 23 2017........SUNRISE   709 AM CDT   SUNSET   801 PM CDT
AUGUST 24 2017........SUNRISE   710 AM CDT   SUNSET   800 PM CDT


-  INDICATES NEGATIVE NUMBERS.
R  INDICATES RECORD WAS SET OR TIED.
MM INDICATES DATA IS MISSING.
T  INDICATES TRACE AMOUNT.




$$
