000
CDUS44 KBRO 210626
CLIMFE


CLIMATE REPORT
NATIONAL WEATHER SERVICE BROWNSVILLE TX
125 AM CDT SUN SEP 21 2014


...................................

...THE MCALLEN CLIMATE SUMMARY FOR SEPTEMBER 20 2014...

CLIMATE NORMAL PERIOD 1981 TO 2010
CLIMATE RECORD PERIOD 1941 TO 2014


WEATHER ITEM   OBSERVED TIME   RECORD YEAR NORMAL DEPARTURE LAST
                VALUE   (LST)  VALUE       VALUE  FROM      YEAR
                                                  NORMAL
..................................................................
TEMPERATURE (F)
 YESTERDAY
  MAXIMUM         88    138 PM 102    1947  92     -4       90
  MINIMUM         77   1100 PM  57    1981  73      4       78
  AVERAGE         83                        82      1

PRECIPITATION (IN)
  YESTERDAY        0.18          3.48 1963   0.14   0.04      T
  MONTH TO DATE    8.61                      3.21   5.40     6.19
  SINCE SEP 1      8.61                      3.21   5.40     6.19
  SINCE JAN 1     15.47                     16.78  -1.31    12.13

SNOWFALL (IN)
  YESTERDAY        0.0
  MONTH TO DATE    0.0
  SINCE SEP 1      0.0
  SINCE JUL 1      0.0

DEGREE DAYS
 HEATING
  YESTERDAY        0                         0      0        0
  MONTH TO DATE    0                         0      0        0
  SINCE SEP 1      0                         0      0        0
  SINCE JUL 1      0                         0      0        0

 COOLING
  YESTERDAY       18                        17      1       19
  MONTH TO DATE  368                       386    -18      374
  SINCE SEP 1    368                       386    -18      374
  SINCE JAN 1   3563                      3637    -74     3761
..................................................................


WIND (MPH)
  HIGHEST WIND SPEED    13   HIGHEST WIND DIRECTION     E (70)
  HIGHEST GUST SPEED    15   HIGHEST GUST DIRECTION     E (70)
  AVERAGE WIND SPEED     4.7



WEATHER CONDITIONS
 THE FOLLOWING WEATHER WAS RECORDED YESTERDAY.
  HEAVY RAIN
  LIGHT RAIN
  FOG


RELATIVE HUMIDITY (PERCENT)
 HIGHEST    94
 LOWEST     74
 AVERAGE    84

..........................................................


THE MCALLEN CLIMATE NORMALS FOR TODAY
                         NORMAL    RECORD    YEAR
 MAXIMUM TEMPERATURE (F)   92       102      1947
 MINIMUM TEMPERATURE (F)   72        58      1991


SUNRISE AND SUNSET
SEPTEMBER 21 2014.....SUNRISE   721 AM CDT   SUNSET   730 PM CDT
SEPTEMBER 22 2014.....SUNRISE   721 AM CDT   SUNSET   729 PM CDT


-  INDICATES NEGATIVE NUMBERS.
R  INDICATES RECORD WAS SET OR TIED.
MM INDICATES DATA IS MISSING.
T  INDICATES TRACE AMOUNT.




$$
