000
CDUS44 KBRO 190725
CLIMFE


CLIMATE REPORT
NATIONAL WEATHER SERVICE BROWNSVILLE TX
125 AM CST THU JAN 19 2017


...................................

...THE MCALLEN CLIMATE SUMMARY FOR JANUARY 18 2017...

CLIMATE NORMAL PERIOD 1981 TO 2010
CLIMATE RECORD PERIOD 1961 TO 2017


WEATHER ITEM   OBSERVED TIME   RECORD YEAR NORMAL DEPARTURE LAST
                VALUE   (LST)  VALUE       VALUE  FROM      YEAR
                                                  NORMAL
..................................................................
TEMPERATURE (F)
 YESTERDAY
  MAXIMUM         76    310 AM  89    2011  71      5       73
  MINIMUM         60    939 AM  34    1977  51      9       45
  AVERAGE         68                        61      7

PRECIPITATION (IN)
  YESTERDAY        0.11          2.53 1978   0.03   0.08     0.00
  MONTH TO DATE    0.27                      0.59  -0.32     0.40
  SINCE DEC 1      0.90                      1.78  -0.88     0.44
  SINCE JAN 1      0.27                      0.59  -0.32     0.40

SNOWFALL (IN)
  YESTERDAY        0.0
  MONTH TO DATE    0.0
  SINCE DEC 1      0.0
  SINCE JUL 1      0.0

DEGREE DAYS
 HEATING
  YESTERDAY        0                         6     -6        6
  MONTH TO DATE   60                       119    -59      125
  SINCE DEC 1    146                       296   -150      194
  SINCE JUL 1    153                       356   -203      228

 COOLING
  YESTERDAY        3                         2      1        0
  MONTH TO DATE  131                        36     95       12
  SINCE DEC 1    314                       119    195      156
  SINCE JAN 1    131                        36     95       12
..................................................................


WIND (MPH)
  HIGHEST WIND SPEED    15   HIGHEST WIND DIRECTION    NW (300)
  HIGHEST GUST SPEED    22   HIGHEST GUST DIRECTION     W (260)
  AVERAGE WIND SPEED     8.9



WEATHER CONDITIONS
 THE FOLLOWING WEATHER WAS RECORDED YESTERDAY.
  RAIN
  LIGHT RAIN
  FOG


RELATIVE HUMIDITY (PERCENT)
 HIGHEST    90
 LOWEST     63
 AVERAGE    77

..........................................................


THE MCALLEN CLIMATE NORMALS FOR TODAY
                         NORMAL    RECORD    YEAR
 MAXIMUM TEMPERATURE (F)   71        89      1990
 MINIMUM TEMPERATURE (F)   51        29      1977


SUNRISE AND SUNSET
JANUARY 19 2017.......SUNRISE   721 AM CST   SUNSET   606 PM CST
JANUARY 20 2017.......SUNRISE   721 AM CST   SUNSET   607 PM CST


-  INDICATES NEGATIVE NUMBERS.
R  INDICATES RECORD WAS SET OR TIED.
MM INDICATES DATA IS MISSING.
T  INDICATES TRACE AMOUNT.




$$
