000
CDUS44 KBRO 292131
CLIMFE


CLIMATE REPORT
NATIONAL WEATHER SERVICE BROWNSVILLE TX
431 PM CDT FRI JUL 29 2016


...................................

...THE MCALLEN CLIMATE SUMMARY FOR JULY 29 2016...
VALID TODAY AS OF 0400 PM LOCAL TIME.

CLIMATE NORMAL PERIOD 1981 TO 2010
CLIMATE RECORD PERIOD 1961 TO 2016


WEATHER ITEM   OBSERVED TIME   RECORD YEAR NORMAL DEPARTURE LAST
                VALUE   (LST)  VALUE       VALUE  FROM      YEAR
                                                  NORMAL
..................................................................
TEMPERATURE (F)
 TODAY
  MAXIMUM        102    152 PM 103    2015  98      4      103
                                      1995
                                      1991
  MINIMUM         80    608 AM  70    1965  77      3       82
  AVERAGE         91                        87      4       93

PRECIPITATION (IN)
  TODAY            T             0.04 1988   0.05  -0.05     0.00
  MONTH TO DATE    0.25                      1.91  -1.66     0.25
  SINCE JUN 1      0.49                      4.49  -4.00     5.64
  SINCE JAN 1      8.46                     11.27  -2.81    17.11

SNOWFALL (IN)
  TODAY            0.0
  MONTH TO DATE    0.0
  SINCE JUN 1      0.0
  SINCE JUL 1      0.0
  SNOW DEPTH       0

DEGREE DAYS
 HEATING
  TODAY            0                         0      0        0
  MONTH TO DATE    0                         0      0        0
  SINCE JUN 1      0                         0      0        0
  SINCE JUL 1      0                         0      0        0

 COOLING
  TODAY           26                        22      4       28
  MONTH TO DATE  768                       628    140      704
  SINCE JUN 1   1425                      1256    169     1345
  SINCE JAN 1   3043                      2511    532     2590
..................................................................


WIND (MPH)
  HIGHEST WIND SPEED    23   HIGHEST WIND DIRECTION     E (110)
  HIGHEST GUST SPEED    27   HIGHEST GUST DIRECTION     E (110)
  AVERAGE WIND SPEED    10.0



WEATHER CONDITIONS
 THE FOLLOWING WEATHER WAS RECORDED TODAY.
  THUNDERSTORM
  LIGHT RAIN


..........................................................


THE MCALLEN CLIMATE NORMALS FOR TOMORROW
                         NORMAL    RECORD    YEAR
 MAXIMUM TEMPERATURE (F)   98       106      2009
 MINIMUM TEMPERATURE (F)   77        72      1977


SUNRISE AND SUNSET
JULY 29 2016..........SUNRISE   657 AM CDT   SUNSET   821 PM CDT
JULY 30 2016..........SUNRISE   658 AM CDT   SUNSET   820 PM CDT


-  INDICATES NEGATIVE NUMBERS.
R  INDICATES RECORD WAS SET OR TIED.
MM INDICATES DATA IS MISSING.
T  INDICATES TRACE AMOUNT.




$$
