000
CDUS44 KBRO 060745
CLIMFE


CLIMATE REPORT
NATIONAL WEATHER SERVICE BROWNSVILLE TX
145 AM CST TUE DEC 6 2016


...................................

...THE MCALLEN CLIMATE SUMMARY FOR DECEMBER 5 2016...

CLIMATE NORMAL PERIOD 1981 TO 2010
CLIMATE RECORD PERIOD 1961 TO 2016


WEATHER ITEM   OBSERVED TIME   RECORD YEAR NORMAL DEPARTURE LAST
                VALUE   (LST)  VALUE       VALUE  FROM      YEAR
                                                  NORMAL
..................................................................
TEMPERATURE (F)
 YESTERDAY
  MAXIMUM         67    426 PM  96    1977  74     -7       75
  MINIMUM         51   1149 PM  33    2009  54     -3       50
  AVERAGE         59                        64     -5

PRECIPITATION (IN)
  YESTERDAY        0.01          0.26 1992   0.04  -0.03     0.00
  MONTH TO DATE    0.36                      0.16   0.20     0.00
  SINCE DEC 1      0.36                      0.16   0.20     0.00
  SINCE JAN 1     13.51                     21.17  -7.66    26.36

SNOWFALL (IN)
  YESTERDAY        0.0
  MONTH TO DATE    0.0
  SINCE DEC 1      0.0
  SINCE JUL 1      0.0

DEGREE DAYS
 HEATING
  YESTERDAY        6                         4      2        2
  MONTH TO DATE   10                        20    -10       21
  SINCE DEC 1     10                        20    -10       21
  SINCE JUL 1     17                        80    -63       55

 COOLING
  YESTERDAY        0                         3     -3        0
  MONTH TO DATE   25                        17      8        0
  SINCE DEC 1     25                        17      8        0
  SINCE JAN 1   5539                      4386   1153     4800
..................................................................


WIND (MPH)
  HIGHEST WIND SPEED    16   HIGHEST WIND DIRECTION    NW (320)
  HIGHEST GUST SPEED    20   HIGHEST GUST DIRECTION    NW (320)
  AVERAGE WIND SPEED     7.0



WEATHER CONDITIONS
 THE FOLLOWING WEATHER WAS RECORDED YESTERDAY.
  LIGHT RAIN
  FOG


RELATIVE HUMIDITY (PERCENT)
 HIGHEST    93
 LOWEST     58
 AVERAGE    76

..........................................................


THE MCALLEN CLIMATE NORMALS FOR TODAY
                         NORMAL    RECORD    YEAR
 MAXIMUM TEMPERATURE (F)   74        91      1978
 MINIMUM TEMPERATURE (F)   53        39      2002


SUNRISE AND SUNSET
DECEMBER  6 2016......SUNRISE   707 AM CST   SUNSET   541 PM CST
DECEMBER  7 2016......SUNRISE   708 AM CST   SUNSET   541 PM CST


-  INDICATES NEGATIVE NUMBERS.
R  INDICATES RECORD WAS SET OR TIED.
MM INDICATES DATA IS MISSING.
T  INDICATES TRACE AMOUNT.




$$
