000
CDUS44 KBRO 240729
CLIMFE


CLIMATE REPORT
NATIONAL WEATHER SERVICE BROWNSVILLE TX
129 AM CST FRI FEB 24 2017


...................................

...THE MCALLEN CLIMATE SUMMARY FOR FEBRUARY 23 2017...

CLIMATE NORMAL PERIOD 1981 TO 2010
CLIMATE RECORD PERIOD 1961 TO 2017


WEATHER ITEM   OBSERVED TIME   RECORD YEAR NORMAL DEPARTURE LAST
                VALUE   (LST)  VALUE       VALUE  FROM      YEAR
                                                  NORMAL
..................................................................
TEMPERATURE (F)
 YESTERDAY
  MAXIMUM        101R   234 PM  98    1996  77     24       93
  MINIMUM         54    532 AM  33    1964  56     -2       59
  AVERAGE         78                        66     12

PRECIPITATION (IN)
  YESTERDAY        0.00          0.51 1970   0.03  -0.03     0.00
  MONTH TO DATE    0.65                      0.94  -0.29     0.00
  SINCE DEC 1      2.26                      3.18  -0.92     0.44
  SINCE JAN 1      1.63                      1.99  -0.36     0.40

SNOWFALL (IN)
  YESTERDAY        0.0
  MONTH TO DATE    0.0
  SINCE DEC 1      0.0
  SINCE JUL 1      0.0

DEGREE DAYS
 HEATING
  YESTERDAY        0                         3     -3        0
  MONTH TO DATE    8                        94    -86       38
  SINCE DEC 1    181                       461   -280      273
  SINCE JUL 1    188                       521   -333      307

 COOLING
  YESTERDAY       13                         4      9       11
  MONTH TO DATE  231                        74    157      139
  SINCE DEC 1    593                       219    374      328
  SINCE JAN 1    410                       136    274      184
..................................................................


WIND (MPH)
  HIGHEST WIND SPEED    23   HIGHEST WIND DIRECTION    SE (140)
  HIGHEST GUST SPEED    30   HIGHEST GUST DIRECTION    SE (150)
  AVERAGE WIND SPEED    12.8



WEATHER CONDITIONS
 THE FOLLOWING WEATHER WAS RECORDED YESTERDAY.
  NO SIGNIFICANT WEATHER WAS OBSERVED.


RELATIVE HUMIDITY (PERCENT)
 HIGHEST    84
 LOWEST     14
 AVERAGE    49

..........................................................


THE MCALLEN CLIMATE NORMALS FOR TODAY
                         NORMAL    RECORD    YEAR
 MAXIMUM TEMPERATURE (F)   77        97      2011
 MINIMUM TEMPERATURE (F)   56        33      1968


SUNRISE AND SUNSET
FEBRUARY 24 2017......SUNRISE   701 AM CST   SUNSET   632 PM CST
FEBRUARY 25 2017......SUNRISE   700 AM CST   SUNSET   632 PM CST


-  INDICATES NEGATIVE NUMBERS.
R  INDICATES RECORD WAS SET OR TIED.
MM INDICATES DATA IS MISSING.
T  INDICATES TRACE AMOUNT.




$$
