000
CDUS44 KBRO 100626
CLIMFE


CLIMATE REPORT
NATIONAL WEATHER SERVICE BROWNSVILLE TX
126 AM CDT THU JUL 10 2014


...................................

...THE MCALLEN CLIMATE SUMMARY FOR JULY 9 2014...

CLIMATE NORMAL PERIOD 1981 TO 2010
CLIMATE RECORD PERIOD 1941 TO 2014


WEATHER ITEM   OBSERVED TIME   RECORD YEAR NORMAL DEPARTURE LAST
                VALUE   (LST)  VALUE       VALUE  FROM      YEAR
                                                  NORMAL
..................................................................
TEMPERATURE (F)
 YESTERDAY
  MAXIMUM         94    200 PM 104    2009  97     -3       95
  MINIMUM         75   1151 PM  67    1974  76     -1       78
  AVERAGE         85                        86     -1

PRECIPITATION (IN)
  YESTERDAY        T             2.45 1976   0.08  -0.08     0.18
  MONTH TO DATE    0.32                      0.68  -0.36     0.80
  SINCE JUN 1      0.62                      3.26  -2.64     1.68
  SINCE JAN 1      3.50                     10.04  -6.54     5.10

SNOWFALL (IN)
  YESTERDAY        0.0
  MONTH TO DATE    0.0
  SINCE JUN 1      0.0
  SINCE JUL 1      0.0

DEGREE DAYS
 HEATING
  YESTERDAY        0                         0      0        0
  MONTH TO DATE    0                         0      0        0
  SINCE JUN 1      0                         0      0        0
  SINCE JUL 1      0                         0      0        0

 COOLING
  YESTERDAY       20                        21     -1       22
  MONTH TO DATE  189                       189      0      187
  SINCE JUN 1    859                       817     42      864
  SINCE JAN 1   1915                      2072   -157     2160
..................................................................


WIND (MPH)
  HIGHEST WIND SPEED    23   HIGHEST WIND DIRECTION    SE (150)
  HIGHEST GUST SPEED    31   HIGHEST GUST DIRECTION    SE (150)
  AVERAGE WIND SPEED    11.5



WEATHER CONDITIONS
 THE FOLLOWING WEATHER WAS RECORDED YESTERDAY.
  LIGHT RAIN


RELATIVE HUMIDITY (PERCENT)
 HIGHEST    97
 LOWEST     41
 AVERAGE    69

..........................................................


THE MCALLEN CLIMATE NORMALS FOR TODAY
                         NORMAL    RECORD    YEAR
 MAXIMUM TEMPERATURE (F)   97       103      2009
                                             2005
 MINIMUM TEMPERATURE (F)   76        67      1974


SUNRISE AND SUNSET
JULY 10 2014..........SUNRISE   648 AM CDT   SUNSET   829 PM CDT
JULY 11 2014..........SUNRISE   648 AM CDT   SUNSET   828 PM CDT


-  INDICATES NEGATIVE NUMBERS.
R  INDICATES RECORD WAS SET OR TIED.
MM INDICATES DATA IS MISSING.
T  INDICATES TRACE AMOUNT.




$$
