000
CDUS44 KBRO 260631
CLIMFE


CLIMATE REPORT
NATIONAL WEATHER SERVICE BROWNSVILLE TX
131 AM CDT MON JUN 26 2017


...................................

...THE MCALLEN CLIMATE SUMMARY FOR JUNE 25 2017...

CLIMATE NORMAL PERIOD 1981 TO 2010
CLIMATE RECORD PERIOD 1961 TO 2017


WEATHER ITEM   OBSERVED TIME   RECORD YEAR NORMAL DEPARTURE LAST
                VALUE   (LST)  VALUE       VALUE  FROM      YEAR
                                                  NORMAL
..................................................................
TEMPERATURE (F)
 YESTERDAY
  MAXIMUM         91    533 PM 103    2012  97     -6       96
  MINIMUM         78    336 AM  68    1974  76      2       80
  AVERAGE         85                        86     -1

PRECIPITATION (IN)
  YESTERDAY        0.06          1.58 1973   0.10  -0.04     0.02
  MONTH TO DATE    0.13                      2.16  -2.03     0.24
  SINCE JUN 1      0.13                      2.16  -2.03     0.24
  SINCE JAN 1      6.00                      8.94  -2.94     8.21

SNOWFALL (IN)
  YESTERDAY        0.0
  MONTH TO DATE    0.0
  SINCE JUN 1      0.0
  SINCE JUL 1      0.0

DEGREE DAYS
 HEATING
  YESTERDAY        0                         0      0        0
  MONTH TO DATE    0                         0      0        0
  SINCE JUN 1      0                         0      0        0
  SINCE JUL 1    189                       579   -390      318

 COOLING
  YESTERDAY       20                        21     -1       23
  MONTH TO DATE  623                       519    104      538
  SINCE JUN 1    623                       519    104      538
  SINCE JAN 1   2562                      1774    788     2156
..................................................................


WIND (MPH)
  HIGHEST WIND SPEED    14   HIGHEST WIND DIRECTION    NW (320)
  HIGHEST GUST SPEED    18   HIGHEST GUST DIRECTION    SE (130)
  AVERAGE WIND SPEED     6.4



WEATHER CONDITIONS
 THE FOLLOWING WEATHER WAS RECORDED YESTERDAY.
  THUNDERSTORM
  LIGHT RAIN
  HAZE


RELATIVE HUMIDITY (PERCENT)
 HIGHEST    79
 LOWEST     56
 AVERAGE    68

..........................................................


THE MCALLEN CLIMATE NORMALS FOR TODAY
                         NORMAL    RECORD    YEAR
 MAXIMUM TEMPERATURE (F)   97       105      1980
 MINIMUM TEMPERATURE (F)   76        62      1974


SUNRISE AND SUNSET
JUNE 26 2017..........SUNRISE   643 AM CDT   SUNSET   829 PM CDT
JUNE 27 2017..........SUNRISE   643 AM CDT   SUNSET   829 PM CDT


-  INDICATES NEGATIVE NUMBERS.
R  INDICATES RECORD WAS SET OR TIED.
MM INDICATES DATA IS MISSING.
T  INDICATES TRACE AMOUNT.




$$
