000
CDUS46 KMFR 310842
CLIMFR


CLIMATE REPORT
NATIONAL WEATHER SERVICE MEDFORD, OR
1242 AM PST SAT JAN 31 2015


...................................

...THE MEDFORD OR CLIMATE SUMMARY FOR JANUARY 30 2015...

CLIMATE NORMAL PERIOD 1981 TO 2010
CLIMATE RECORD PERIOD 1911 TO 2015


WEATHER ITEM   OBSERVED TIME   RECORD YEAR NORMAL DEPARTURE LAST
                VALUE   (LST)  VALUE       VALUE  FROM      YEAR
                                                  NORMAL
..................................................................
TEMPERATURE (F)
 YESTERDAY
  MAXIMUM         56    434 PM  63    1995  51      5       51
                                      1940
                                      1924
  MINIMUM         31    420 AM  13    1957  33     -2       31
                                      1950
                                      1937
  AVERAGE         44                        42      2       41

PRECIPITATION (IN)
  YESTERDAY        0.00          0.74 1921   0.07  -0.07      T
  MONTH TO DATE    1.25                      2.37  -1.12     0.78
  SINCE OCT 1      8.10                     10.01  -1.91     2.46
  SINCE JAN 1      1.25                      2.37  -1.12     0.78

SNOWFALL (IN)
  YESTERDAY        0.0                       0.1   -0.1      0.0
  MONTH TO DATE    T                         1.3   -1.3       T
  SINCE JUL 1      T                         3.0   -3.0      3.4
  SNOW DEPTH       0

DEGREE DAYS
 HEATING
  YESTERDAY       21                        23     -2       24
  MONTH TO DATE  680                       743    -63      736
  SINCE DEC 1   1272                      1540   -268     1776
  SINCE JUL 1   1946                      2509   -563     2827

 COOLING
  YESTERDAY        0                         0      0        0
  MONTH TO DATE    0                         0      0        0
  SINCE DEC 1      0                         0      0        0
  SINCE JAN 1      0                         0      0        0
..................................................................


WIND (MPH)
  HIGHEST WIND SPEED     9   HIGHEST WIND DIRECTION    NW (320)
  HIGHEST GUST SPEED    12   HIGHEST GUST DIRECTION    NW (310)
  AVERAGE WIND SPEED     2.0


SKY COVER
  POSSIBLE SUNSHINE  MM
  AVERAGE SKY COVER 0.4


WEATHER CONDITIONS
 THE FOLLOWING WEATHER WAS RECORDED YESTERDAY.
  FOG
  FOG W/VISIBILITY <= 1/4 MILE
  HAZE


RELATIVE HUMIDITY (PERCENT)
 HIGHEST   100           600 AM
 LOWEST     64           500 PM
 AVERAGE    82

..........................................................


THE MEDFORD OR CLIMATE NORMALS FOR TODAY
                         NORMAL    RECORD    YEAR
 MAXIMUM TEMPERATURE (F)   51        68      1924
 MINIMUM TEMPERATURE (F)   33         1      1950


SUNRISE AND SUNSET
JANUARY 31 2015.......SUNRISE   726 AM PST   SUNSET   524 PM PST
FEBRUARY  1 2015......SUNRISE   725 AM PST   SUNSET   525 PM PST


-  INDICATES NEGATIVE NUMBERS.
R  INDICATES RECORD WAS SET OR TIED.
MM INDICATES DATA IS MISSING.
T  INDICATES TRACE AMOUNT.




$$
