000
CDUS46 KMFR 280835
CLIMFR


CLIMATE REPORT
NATIONAL WEATHER SERVICE MEDFORD, OR
135 AM PDT SUN MAY 28 2017


...................................

...THE MEDFORD OR CLIMATE SUMMARY FOR MAY 27 2017...

CLIMATE NORMAL PERIOD 1981 TO 2010
CLIMATE RECORD PERIOD 1911 TO 2017


WEATHER ITEM   OBSERVED TIME   RECORD YEAR NORMAL DEPARTURE LAST
                VALUE   (LST)  VALUE       VALUE  FROM      YEAR
                                                  NORMAL
..................................................................
TEMPERATURE (F)
 YESTERDAY
  MAXIMUM         91    511 PM  99    1983  76     15       73
  MINIMUM         53    519 AM  34    1977  48      5       43
                                      1961
                                      1922
  AVERAGE         72                        62     10       58

PRECIPITATION (IN)
  YESTERDAY        0.00          0.41 2008   0.04  -0.04     0.00
  MONTH TO DATE    0.58                      1.15  -0.57     0.33
  SINCE OCT 1     24.27                     16.32   7.95    18.75
  SINCE JAN 1     12.58                      8.68   3.90     8.99

SNOWFALL (IN)
  YESTERDAY        0.0                       0.0    0.0      0.0
  MONTH TO DATE    0.0                       0.0    0.0      0.0
  SINCE JUL 1     11.8                       4.1    7.7      1.9
  SNOW DEPTH       0

DEGREE DAYS
 HEATING
  YESTERDAY        0                         4     -4        7
  MONTH TO DATE  130                       181    -51       88
  SINCE MAR 1    973                      1066    -93      743
  SINCE JUL 1   4018                      4180   -162     3417

 COOLING
  YESTERDAY        7                         2      5        0
  MONTH TO DATE   62                        30     32       31
  SINCE MAR 1     62                        33     29       48
  SINCE JAN 1     62                        33     29       48
..................................................................


WIND (MPH)
  HIGHEST WIND SPEED    13   HIGHEST WIND DIRECTION    NW (330)
  HIGHEST GUST SPEED    17   HIGHEST GUST DIRECTION    NW (330)
  AVERAGE WIND SPEED     4.1


SKY COVER
  POSSIBLE SUNSHINE  MM
  AVERAGE SKY COVER 0.0


WEATHER CONDITIONS
 THE FOLLOWING WEATHER WAS RECORDED YESTERDAY.
  NO SIGNIFICANT WEATHER WAS OBSERVED.


RELATIVE HUMIDITY (PERCENT)
 HIGHEST    77           300 AM
 LOWEST     15           200 PM
 AVERAGE    46

..........................................................


THE MEDFORD OR CLIMATE NORMALS FOR TODAY
                         NORMAL    RECORD    YEAR
 MAXIMUM TEMPERATURE (F)   77        99      1983
 MINIMUM TEMPERATURE (F)   49        34      1929
                                             1920


SUNRISE AND SUNSET
MAY 28 2017...........SUNRISE   539 AM PDT   SUNSET   839 PM PDT
MAY 29 2017...........SUNRISE   539 AM PDT   SUNSET   840 PM PDT


-  INDICATES NEGATIVE NUMBERS.
R  INDICATES RECORD WAS SET OR TIED.
MM INDICATES DATA IS MISSING.
T  INDICATES TRACE AMOUNT.




$$
