000
CDUS46 KMFR 261209
CLIMFR

CLIMATE REPORT
NATIONAL WEATHER SERVICE MEDFORD, OR
509 AM PDT MON SEP 26 2016


...................................

...THE MEDFORD OR CLIMATE SUMMARY FOR SEPTEMBER 25 2016...

CLIMATE NORMAL PERIOD 1981 TO 2010
CLIMATE RECORD PERIOD 1911 TO 2016


WEATHER ITEM   OBSERVED TIME   RECORD YEAR NORMAL DEPARTURE LAST
                VALUE   (LST)  VALUE       VALUE  FROM      YEAR
                                                  NORMAL
..................................................................
TEMPERATURE (F)
 YESTERDAY
  MAXIMUM         95    420 PM 100    1991  81     14       89
  MINIMUM         48    634 AM  34    1929  47      1       50
  AVERAGE         72                        64      8       70

PRECIPITATION (IN)
  YESTERDAY        0.00          0.22 1923   0.03  -0.03     0.00
  MONTH TO DATE    0.01                      0.46  -0.45     0.25
  SINCE OCT 1     19.78                     18.24   1.54    14.57
  SINCE JAN 1     10.02                     10.60  -0.58     7.72

SNOWFALL (IN)
  YESTERDAY        0.0                       0.0    0.0      0.0
  MONTH TO DATE    0.0                       0.0    0.0      0.0
  SINCE JUL 1      0.0                       0.0    0.0      0.0
  SNOW DEPTH       0

DEGREE DAYS
 HEATING
  YESTERDAY        0                         3     -3        0
  MONTH TO DATE   34                        41     -7       40
  SINCE SEP 1     34                        41     -7       40
  SINCE JUL 1     36                        51    -15       40

 COOLING
  YESTERDAY        7                         2      5        5
  MONTH TO DATE   82                       103    -21      117
  SINCE SEP 1     82                       103    -21      117
  SINCE JAN 1   1027                       810    217     1247
..................................................................


WIND (MPH)
  HIGHEST WIND SPEED     9   HIGHEST WIND DIRECTION     S (180)
  HIGHEST GUST SPEED    12   HIGHEST GUST DIRECTION     S (170)
  AVERAGE WIND SPEED     1.5


SKY COVER
  POSSIBLE SUNSHINE  MM
  AVERAGE SKY COVER 0.0


WEATHER CONDITIONS
 THE FOLLOWING WEATHER WAS RECORDED YESTERDAY.
  NO SIGNIFICANT WEATHER WAS OBSERVED.


RELATIVE HUMIDITY (PERCENT)
 HIGHEST    80           600 AM
 LOWEST     18           300 PM
 AVERAGE    49

..........................................................


THE MEDFORD OR CLIMATE NORMALS FOR TODAY
                         NORMAL    RECORD    YEAR
 MAXIMUM TEMPERATURE (F)   80       104      1963
 MINIMUM TEMPERATURE (F)   47        29      1926


SUNRISE AND SUNSET
SEPTEMBER 26 2016.....SUNRISE   704 AM PDT   SUNSET   701 PM PDT
SEPTEMBER 27 2016.....SUNRISE   705 AM PDT   SUNSET   659 PM PDT


-  INDICATES NEGATIVE NUMBERS.
R  INDICATES RECORD WAS SET OR TIED.
MM INDICATES DATA IS MISSING.
T  INDICATES TRACE AMOUNT.

&&

LOW TEMPERATURE THIS MORNING...56 DEGREES
24-HOUR PRECIPITATION..........0

$$
