000
CDUS46 KMFR 231211
CLIMFR

CLIMATE REPORT
NATIONAL WEATHER SERVICE MEDFORD, OR
500 AM PDT WED APR 23 2014


...................................

...THE MEDFORD OR CLIMATE SUMMARY FOR APRIL 22 2014...

CLIMATE NORMAL PERIOD 1981 TO 2010
CLIMATE RECORD PERIOD 1911 TO 2014


WEATHER ITEM   OBSERVED TIME   RECORD YEAR NORMAL DEPARTURE LAST
                VALUE   (LST)  VALUE       VALUE  FROM      YEAR
                                                  NORMAL
..................................................................
TEMPERATURE (F)
 YESTERDAY
  MAXIMUM         58    254 PM  89    2012  66     -8       75
  MINIMUM         43    621 AM  28    1920  42      1       40
  AVERAGE         51                        54     -3       58

PRECIPITATION (IN)
  YESTERDAY        0.17          0.41 1997   0.05   0.12     0.00
  MONTH TO DATE    0.58                      1.03  -0.45     1.04
  SINCE SEP 1     13.85                     15.39  -1.54    15.80
  SINCE JAN 1      9.41                      7.18   2.23     3.05

SNOWFALL (IN)
  YESTERDAY        0.0                       0.0    0.0      0.0
  MONTH TO DATE    0.0                       0.1   -0.1      0.0
  SINCE JUL 1      3.4                       4.2   -0.8      1.7
  SNOW DEPTH       0

DEGREE DAYS
 HEATING
  YESTERDAY       14                        11      3        7
  MONTH TO DATE  180                       285   -105      279
  SINCE MAR 1    601                       803   -202      755
  SINCE JUL 1   3971                      3917     54     3830

 COOLING
  YESTERDAY        0                         0      0        0
  MONTH TO DATE    0                         0      0        0
  SINCE MAR 1      0                         0      0        0
  SINCE JAN 1      0                         0      0        0
..................................................................


WIND (MPH)
  HIGHEST WIND SPEED    22   HIGHEST WIND DIRECTION     W (270)
  HIGHEST GUST SPEED    27   HIGHEST GUST DIRECTION     W (280)
  AVERAGE WIND SPEED     6.4


SKY COVER
  POSSIBLE SUNSHINE  MM
  AVERAGE SKY COVER 0.7


WEATHER CONDITIONS
 THE FOLLOWING WEATHER WAS RECORDED YESTERDAY.

  RAIN
  LIGHT RAIN
  FOG


RELATIVE HUMIDITY (PERCENT)
 HIGHEST    83           300 AM
 LOWEST     36           300 PM
 AVERAGE    60

..........................................................


THE MEDFORD OR CLIMATE NORMALS FOR TODAY
                         NORMAL    RECORD    YEAR
 MAXIMUM TEMPERATURE (F)   67        88      2012
 MINIMUM TEMPERATURE (F)   42        26      1920


SUNRISE AND SUNSET
APRIL 23 2014.........SUNRISE   618 AM PDT   SUNSET   802 PM PDT
APRIL 24 2014.........SUNRISE   616 AM PDT   SUNSET   803 PM PDT


-  INDICATES NEGATIVE NUMBERS.
R  INDICATES RECORD WAS SET OR TIED.
MM INDICATES DATA IS MISSING.
T  INDICATES TRACE AMOUNT.

&&

MORNING LOW SINCE MIDNIGHT...45
24-HOUR PRECIPITATION........0.12 INCHES

$$
