000
CDUS46 KMFR 260038
CLIMFR


CLIMATE REPORT
NATIONAL WEATHER SERVICE MEDFORD, OR
538 PM PDT SAT OCT 25 2014


...................................

...THE MEDFORD OR CLIMATE SUMMARY FOR OCTOBER 25 2014...
VALID TODAY AS OF 0500 PM LOCAL TIME.

CLIMATE NORMAL PERIOD 1981 TO 2010
CLIMATE RECORD PERIOD 1911 TO 2014


WEATHER ITEM   OBSERVED TIME   RECORD YEAR NORMAL DEPARTURE LAST
                VALUE   (LST)  VALUE       VALUE  FROM      YEAR
                                                  NORMAL
..................................................................
TEMPERATURE (F)
 TODAY
  MAXIMUM         68    947 AM  83    2003  65      3       75
                                      1988
  MINIMUM         50   1242 AM  26    1919  40     10       37
  AVERAGE         59                        52      7       56

PRECIPITATION (IN)
  TODAY            0.14          1.15 1956   0.05   0.09     0.00
  MONTH TO DATE    1.72                      0.78   0.94     0.19
  SINCE SEP 1      3.76                      1.35   2.41     2.95
  SINCE JAN 1     15.15                     11.49   3.66     7.50

SNOWFALL (IN)
  TODAY            0.0                       0.0    0.0      0.0
  MONTH TO DATE    0.0                       0.0    0.0      0.0
  SINCE JUL 1      0.0                       0.0    0.0      0.0
  SNOW DEPTH       0

DEGREE DAYS
 HEATING
  TODAY            6                        13     -7        9
  MONTH TO DATE   89                       206   -117      270
  SINCE SEP 1    101                       265   -164      354
  SINCE JUL 1    101                       275   -174      354

 COOLING
  TODAY            0                         0      0        0
  MONTH TO DATE   21                         8     13        0
  SINCE SEP 1    224                       120    104      142
  SINCE JAN 1   1238                       827    411     1057
..................................................................


WIND (MPH)
  HIGHEST WIND SPEED    31   HIGHEST WIND DIRECTION    SE (150)
  HIGHEST GUST SPEED    38   HIGHEST GUST DIRECTION     S (180)
  AVERAGE WIND SPEED    12.9


SKY COVER
  POSSIBLE SUNSHINE  MM
  AVERAGE SKY COVER 0.7


WEATHER CONDITIONS
 THE FOLLOWING WEATHER WAS RECORDED TODAY.
  RAIN
  LIGHT RAIN
  FOG


RELATIVE HUMIDITY (PERCENT)
 HIGHEST    96
 LOWEST     37           900 AM
 AVERAGE    67

..........................................................


THE MEDFORD OR CLIMATE NORMALS FOR TOMORROW
                         NORMAL    RECORD    YEAR
 MAXIMUM TEMPERATURE (F)   64        88      2003
 MINIMUM TEMPERATURE (F)   40        25      1954


SUNRISE AND SUNSET
OCTOBER 25 2014.......SUNRISE   736 AM PDT   SUNSET   614 PM PDT
OCTOBER 26 2014.......SUNRISE   738 AM PDT   SUNSET   613 PM PDT


-  INDICATES NEGATIVE NUMBERS.
R  INDICATES RECORD WAS SET OR TIED.
MM INDICATES DATA IS MISSING.
T  INDICATES TRACE AMOUNT.




$$
