000
CDUS46 KMFR 060847
CLIMFR


CLIMATE REPORT
NATIONAL WEATHER SERVICE MEDFORD, OR
1246 AM PST TUE DEC 6 2016


...................................

...THE MEDFORD OR CLIMATE SUMMARY FOR DECEMBER 5 2016...

CLIMATE NORMAL PERIOD 1981 TO 2010
CLIMATE RECORD PERIOD 1911 TO 2016


WEATHER ITEM   OBSERVED TIME   RECORD YEAR NORMAL DEPARTURE LAST
                VALUE   (LST)  VALUE       VALUE  FROM      YEAR
                                                  NORMAL
..................................................................
TEMPERATURE (F)
 YESTERDAY
  MAXIMUM         38    408 PM  63    2014  47     -9       57
                                      1989
  MINIMUM         31    816 AM  14    2013  34     -3       36
  AVERAGE         35                        40     -5       47

PRECIPITATION (IN)
  YESTERDAY        0.02          0.74 1922   0.13  -0.11      T
  MONTH TO DATE    0.21                      0.62  -0.41     0.58
  SINCE OCT 1      7.34                      4.77   2.57     2.61
  SINCE JAN 1     17.36                     15.48   1.88    10.33

SNOWFALL (IN)
  YESTERDAY        T                         0.0    0.0      0.0
  MONTH TO DATE    T                         0.1   -0.1      0.0
  SINCE JUL 1      T                         0.3   -0.3      0.0
  SNOW DEPTH       T

DEGREE DAYS
 HEATING
  YESTERDAY       30                        25      5       18
  MONTH TO DATE  126                       123      3       95
  SINCE DEC 1    126                       123      3       95
  SINCE JUL 1    899                      1092   -193      899

 COOLING
  YESTERDAY        0                         0      0        0
  MONTH TO DATE    0                         0      0        0
  SINCE DEC 1      0                         0      0        0
  SINCE JAN 1   1058                       829    229     1297
..................................................................


WIND (MPH)
  HIGHEST WIND SPEED     8   HIGHEST WIND DIRECTION     N (20)
  HIGHEST GUST SPEED     9   HIGHEST GUST DIRECTION    NE (40)
  AVERAGE WIND SPEED     2.5


SKY COVER
  POSSIBLE SUNSHINE  MM
  AVERAGE SKY COVER 0.9


WEATHER CONDITIONS
 THE FOLLOWING WEATHER WAS RECORDED YESTERDAY.
  LIGHT SNOW
  FOG
  FOG W/VISIBILITY <= 1/4 MILE


RELATIVE HUMIDITY (PERCENT)
 HIGHEST   100           200 AM
 LOWEST     82          1200 PM
 AVERAGE    91

..........................................................


THE MEDFORD OR CLIMATE NORMALS FOR TODAY
                         NORMAL    RECORD    YEAR
 MAXIMUM TEMPERATURE (F)   47        62      1981
 MINIMUM TEMPERATURE (F)   33        18      1959
                                             1929


SUNRISE AND SUNSET
DECEMBER  6 2016......SUNRISE   727 AM PST   SUNSET   439 PM PST
DECEMBER  7 2016......SUNRISE   728 AM PST   SUNSET   439 PM PST


-  INDICATES NEGATIVE NUMBERS.
R  INDICATES RECORD WAS SET OR TIED.
MM INDICATES DATA IS MISSING.
T  INDICATES TRACE AMOUNT.




$$
