000
CDUS46 KMFR 241209
CLIMFR

CLIMATE REPORT
NATIONAL WEATHER SERVICE MEDFORD, OR
1242 AM PST WED DEC 24 2014


...................................

...THE MEDFORD OR CLIMATE SUMMARY FOR DECEMBER 23 2014...

CLIMATE NORMAL PERIOD 1981 TO 2010
CLIMATE RECORD PERIOD 1911 TO 2014


WEATHER ITEM   OBSERVED TIME   RECORD YEAR NORMAL DEPARTURE LAST
                VALUE   (LST)  VALUE       VALUE  FROM      YEAR
                                                  NORMAL
..................................................................
TEMPERATURE (F)
 YESTERDAY
  MAXIMUM         62R   335 PM  62    1964  45     17       46
                                      1919
  MINIMUM         45    741 AM   7    1998  32     13       35
                                      1990
  AVERAGE         54                        39     15       41

PRECIPITATION (IN)
  YESTERDAY        0.00          0.93 1964   0.10  -0.10      T
  MONTH TO DATE    1.67                      2.66  -0.99     0.35
  SINCE SEP 1      8.25                      7.38   0.87     4.43
  SINCE JAN 1     19.64                     17.52   2.12     8.98

SNOWFALL (IN)
  YESTERDAY        0.0                       0.1   -0.1      0.0
  MONTH TO DATE    0.0                       1.0   -1.0      3.4
  SINCE JUL 1      0.0                       1.2   -1.2      3.4
  SNOW DEPTH       0

DEGREE DAYS
 HEATING
  YESTERDAY       11                        26    -15       24
  MONTH TO DATE  381                       586   -205      791
  SINCE DEC 1    381                       586   -205      791
  SINCE JUL 1   1055                      1555   -500     1842

 COOLING
  YESTERDAY        0                         0      0        0
  MONTH TO DATE    0                         0      0        0
  SINCE DEC 1      0                         0      0        0
  SINCE JAN 1   1238                       829    409     1057
..................................................................


WIND (MPH)
  HIGHEST WIND SPEED     8   HIGHEST WIND DIRECTION     S (170)
  HIGHEST GUST SPEED     9   HIGHEST GUST DIRECTION     S (170)
  AVERAGE WIND SPEED     2.3


SKY COVER
  POSSIBLE SUNSHINE  MM
  AVERAGE SKY COVER 0.7


WEATHER CONDITIONS
 THE FOLLOWING WEATHER WAS RECORDED YESTERDAY.
  FOG


RELATIVE HUMIDITY (PERCENT)
 HIGHEST    93          1200 AM
 LOWEST     60           300 PM
 AVERAGE    77

..........................................................


THE MEDFORD OR CLIMATE NORMALS FOR TODAY
                         NORMAL    RECORD    YEAR
 MAXIMUM TEMPERATURE (F)   45        62      1919
 MINIMUM TEMPERATURE (F)   32        10      1990


SUNRISE AND SUNSET
DECEMBER 24 2014......SUNRISE   739 AM PST   SUNSET   444 PM PST
DECEMBER 25 2014......SUNRISE   739 AM PST   SUNSET   444 PM PST


-  INDICATES NEGATIVE NUMBERS.
R  INDICATES RECORD WAS SET OR TIED.
MM INDICATES DATA IS MISSING.
T  INDICATES TRACE AMOUNT.

LOW TEMPERATURE THIS MORNING.......49
24-HOUR PRECIPITATION............NONE

$$
