000
CDUS46 KMFR 260036
CLIMFR


CLIMATE REPORT
NATIONAL WEATHER SERVICE MEDFORD, OR
536 PM PDT WED MAY 25 2016


...................................

...THE MEDFORD OR CLIMATE SUMMARY FOR MAY 25 2016...
VALID TODAY AS OF 0500 PM LOCAL TIME.

CLIMATE NORMAL PERIOD 1981 TO 2010
CLIMATE RECORD PERIOD 1911 TO 2016


WEATHER ITEM   OBSERVED TIME   RECORD YEAR NORMAL DEPARTURE LAST
                VALUE   (LST)  VALUE       VALUE  FROM      YEAR
                                                  NORMAL
..................................................................
TEMPERATURE (F)
 TODAY
  MAXIMUM         77    359 PM  97    1936  76      1       83
  MINIMUM         51    403 AM  30    1920  48      3       53
  AVERAGE         64                        62      2       68

PRECIPITATION (IN)
  TODAY            0.00          0.78 1942   0.04  -0.04     0.00
  MONTH TO DATE    0.33                      1.07  -0.74     0.31
  SINCE OCT 1     18.75                     16.24   2.51    13.66
  SINCE JAN 1      8.99                      8.60   0.39     6.81

SNOWFALL (IN)
  TODAY            0.0                       0.0    0.0      0.0
  MONTH TO DATE    0.0                       0.0    0.0      0.0
  SINCE JUL 1      1.9                       4.1   -2.2       T
  SNOW DEPTH       0

DEGREE DAYS
 HEATING
  TODAY            1                         5     -4        0
  MONTH TO DATE   77                       172    -95      107
  SINCE MAR 1    732                      1057   -325      796
  SINCE JUL 1   3406                      4171   -765     3236

 COOLING
  TODAY            0                         2     -2        3
  MONTH TO DATE   31                        26      5        6
  SINCE MAR 1     48                        29     19        6
  SINCE JAN 1     48                        29     19        6
..................................................................


WIND (MPH)
  HIGHEST WIND SPEED    18   HIGHEST WIND DIRECTION     W (270)
  HIGHEST GUST SPEED    25   HIGHEST GUST DIRECTION     W (260)
  AVERAGE WIND SPEED     4.9


SKY COVER
  POSSIBLE SUNSHINE  MM
  AVERAGE SKY COVER 0.5


WEATHER CONDITIONS
 THE FOLLOWING WEATHER WAS RECORDED TODAY.
  NO SIGNIFICANT WEATHER WAS OBSERVED.


RELATIVE HUMIDITY (PERCENT)
 HIGHEST    83           400 AM
 LOWEST     31           400 PM
 AVERAGE    57

..........................................................


THE MEDFORD OR CLIMATE NORMALS FOR TOMORROW
                         NORMAL    RECORD    YEAR
 MAXIMUM TEMPERATURE (F)   76        95      2005
 MINIMUM TEMPERATURE (F)   48        32      1922


SUNRISE AND SUNSET
MAY 25 2016...........SUNRISE   541 AM PDT   SUNSET   836 PM PDT
MAY 26 2016...........SUNRISE   540 AM PDT   SUNSET   837 PM PDT


-  INDICATES NEGATIVE NUMBERS.
R  INDICATES RECORD WAS SET OR TIED.
MM INDICATES DATA IS MISSING.
T  INDICATES TRACE AMOUNT.




$$
