000
CDUS46 KMFR 161805
CLIMFR

CLIMATE REPORT
NATIONAL WEATHER SERVICE MEDFORD, OR
500 AM PDT WED APR 16 2014


...................................

...THE MEDFORD OR CLIMATE SUMMARY FOR APRIL 15 2014...

CLIMATE NORMAL PERIOD 1981 TO 2010
CLIMATE RECORD PERIOD 1911 TO 2014


WEATHER ITEM   OBSERVED TIME   RECORD YEAR NORMAL DEPARTURE LAST
                VALUE   (LST)  VALUE       VALUE  FROM      YEAR
                                                  NORMAL
..................................................................
TEMPERATURE (F)
 YESTERDAY
  MAXIMUM         68    339 PM  92    1947  65      3       50
  MINIMUM         45    412 AM  25    1911  41      4       38
  AVERAGE         57                        53      4       44

PRECIPITATION (IN)
  YESTERDAY        0.00          0.50 2000   0.04  -0.04     0.08
  MONTH TO DATE    0.27                      0.71  -0.44     0.98
  SINCE SEP 1     13.54                     15.07  -1.53    15.74
  SINCE JAN 1      9.10                      6.86   2.24     2.99

SNOWFALL (IN)
  YESTERDAY        0.0                       0.0    0.0      0.0
  MONTH TO DATE    0.0                       0.1   -0.1      0.0
  SINCE JUL 1      3.4                       4.2   -0.8      1.7
  SNOW DEPTH       0

DEGREE DAYS
 HEATING
  YESTERDAY        8                        12     -4       21
  MONTH TO DATE  114                       204    -90      196
  SINCE MAR 1    535                       722   -187      672
  SINCE JUL 1   3905                      3836     69     3747

 COOLING
  YESTERDAY        0                         0      0        0
  MONTH TO DATE    0                         0      0        0
  SINCE MAR 1      0                         0      0        0
  SINCE JAN 1      0                         0      0        0
..................................................................


WIND (MPH)
  HIGHEST WIND SPEED    14   HIGHEST WIND DIRECTION     N (350)
  HIGHEST GUST SPEED    17   HIGHEST GUST DIRECTION    NW (300)
  AVERAGE WIND SPEED     5.1


SKY COVER
  POSSIBLE SUNSHINE  MM
  AVERAGE SKY COVER 0.4


WEATHER CONDITIONS
 THE FOLLOWING WEATHER WAS RECORDED YESTERDAY.

  NO SIGNIFICANT WEATHER WAS OBSERVED.


RELATIVE HUMIDITY (PERCENT)
 HIGHEST    71           400 AM
 LOWEST     27           100 PM
 AVERAGE    49

..........................................................


THE MEDFORD OR CLIMATE NORMALS FOR TODAY
                         NORMAL    RECORD    YEAR
 MAXIMUM TEMPERATURE (F)   65        87      1954
 MINIMUM TEMPERATURE (F)   41        28      2009
                                             1975
                                             1963


SUNRISE AND SUNSET
APRIL 16 2014.........SUNRISE   629 AM PDT   SUNSET   754 PM PDT
APRIL 17 2014.........SUNRISE   627 AM PDT   SUNSET   756 PM PDT


-  INDICATES NEGATIVE NUMBERS.
R  INDICATES RECORD WAS SET OR TIED.
MM INDICATES DATA IS MISSING.
T  INDICATES TRACE AMOUNT.

&&

LOW TEMPERATURE THIS MORNING........40
24-HOUR PRECIPITATION...............0.00

$$
