000
CDUS44 KBMX 270734
CLIMGM


CLIMATE REPORT
NATIONAL WEATHER SERVICE BIRMINGHAM, AL
233 AM CDT TUE JUN 27 2017


...................................

...THE MONTGOMERY CLIMATE SUMMARY FOR JUNE 26 2017...

CLIMATE NORMAL PERIOD 1981 TO 2010
CLIMATE RECORD PERIOD 1872 TO 2017


WEATHER ITEM   OBSERVED TIME   RECORD YEAR NORMAL DEPARTURE LAST
                VALUE   (LST)  VALUE       VALUE  FROM      YEAR
                                                  NORMAL
..................................................................
TEMPERATURE (F)
 YESTERDAY
  MAXIMUM         89    407 PM 104    1914  91     -2      100
  MINIMUM         65    243 AM  59    1990  70     -5       74
                                      1974
  AVERAGE         77                        80     -3       87

PRECIPITATION (IN)
  YESTERDAY        0.00          1.62 1988   0.16  -0.16     0.00
  MONTH TO DATE   11.48                      3.39   8.09     2.42
  SINCE JUN 1     11.48                      3.39   8.09     2.42
  SINCE JAN 1     45.40                     26.83  18.57    24.65

DEGREE DAYS
 COOLING
  YESTERDAY       12                        16     -4       22
  MONTH TO DATE  373                       355     18      441
  SINCE JUN 1    373                       355     18      441
  SINCE JAN 1    955                       694    261      902
..................................................................


WIND (MPH)
  HIGHEST WIND SPEED    15   HIGHEST WIND DIRECTION     N (10)
  HIGHEST GUST SPEED    20   HIGHEST GUST DIRECTION    NE (30)
  AVERAGE WIND SPEED     5.5


SKY COVER
  AVERAGE SKY COVER 0.0


WEATHER CONDITIONS
 THE FOLLOWING WEATHER WAS RECORDED YESTERDAY.
  NO SIGNIFICANT WEATHER WAS OBSERVED.


RELATIVE HUMIDITY (PERCENT)
 HIGHEST    81           300 AM
 LOWEST     34           500 PM
 AVERAGE    58

..........................................................


THE MONTGOMERY CLIMATE NORMALS FOR TODAY
                         NORMAL    RECORD    YEAR
 MAXIMUM TEMPERATURE (F)   91       106      1881
 MINIMUM TEMPERATURE (F)   70        59      1974


SUNRISE AND SUNSET
JUNE 27 2017..........SUNRISE   541 AM CDT   SUNSET   756 PM CDT
JUNE 28 2017..........SUNRISE   541 AM CDT   SUNSET   756 PM CDT


-  INDICATES NEGATIVE NUMBERS.
R  INDICATES RECORD WAS SET OR TIED.
MM INDICATES DATA IS MISSING.
T  INDICATES TRACE AMOUNT.




$$
