000
CDUS44 KBMX 250734
CLIMGM


CLIMATE REPORT
NATIONAL WEATHER SERVICE BIRMINGHAM, AL
233 AM CDT MON JUL 25 2016


...................................

...THE MONTGOMERY CLIMATE SUMMARY FOR JULY 24 2016...

CLIMATE NORMAL PERIOD 1981 TO 2010
CLIMATE RECORD PERIOD 1872 TO 2016


WEATHER ITEM   OBSERVED TIME   RECORD YEAR NORMAL DEPARTURE LAST
                VALUE   (LST)  VALUE       VALUE  FROM      YEAR
                                                  NORMAL
..................................................................
TEMPERATURE (F)
 YESTERDAY
  MAXIMUM         96    335 PM 105    1952  92      4       93
  MINIMUM         76    504 AM  66    1966  72      4       75
                                      1906
                                      1882
  AVERAGE         86                        82      4       84

PRECIPITATION (IN)
  YESTERDAY        0.00          4.75 1910   0.17  -0.17     0.01
  MONTH TO DATE    5.07                      4.21   0.86     4.50
  SINCE JUN 1      7.80                      8.28  -0.48     8.49
  SINCE JAN 1     30.03                     31.72  -1.69    28.99

DEGREE DAYS
 COOLING
  YESTERDAY       21                        17      4       19
  MONTH TO DATE  480                       402     78      467
  SINCE JUN 1    998                       821    177      964
  SINCE JAN 1   1459                      1160    299     1502
..................................................................


WIND (MPH)
  HIGHEST WIND SPEED    12   HIGHEST WIND DIRECTION     S (160)
  HIGHEST GUST SPEED    15   HIGHEST GUST DIRECTION     S (170)
  AVERAGE WIND SPEED     2.9


SKY COVER
  AVERAGE SKY COVER 0.0


WEATHER CONDITIONS
 THE FOLLOWING WEATHER WAS RECORDED YESTERDAY.
  NO SIGNIFICANT WEATHER WAS OBSERVED.


RELATIVE HUMIDITY (PERCENT)
 HIGHEST    87           500 AM
 LOWEST     43           400 PM
 AVERAGE    65

..........................................................


THE MONTGOMERY CLIMATE NORMALS FOR TODAY
                         NORMAL    RECORD    YEAR
 MAXIMUM TEMPERATURE (F)   92       105      1952
 MINIMUM TEMPERATURE (F)   72        64      1882


SUNRISE AND SUNSET
JULY 25 2016..........SUNRISE   556 AM CDT   SUNSET   748 PM CDT
JULY 26 2016..........SUNRISE   557 AM CDT   SUNSET   747 PM CDT


-  INDICATES NEGATIVE NUMBERS.
R  INDICATES RECORD WAS SET OR TIED.
MM INDICATES DATA IS MISSING.
T  INDICATES TRACE AMOUNT.




$$
