000
CDUS44 KBMX 310037
CLIMGM


CLIMATE REPORT
NATIONAL WEATHER SERVICE BIRMINGHAM, AL
736 PM CDT TUE AUG 30 2016


...................................

...THE MONTGOMERY CLIMATE SUMMARY FOR AUGUST 30 2016...
VALID TODAY AS OF 0700 PM LOCAL TIME.

CLIMATE NORMAL PERIOD 1981 TO 2010
CLIMATE RECORD PERIOD 1872 TO 2016


WEATHER ITEM   OBSERVED TIME   RECORD YEAR NORMAL DEPARTURE LAST
                VALUE   (LST)  VALUE       VALUE  FROM      YEAR
                                                  NORMAL
..................................................................
TEMPERATURE (F)
 TODAY
  MAXIMUM         95    242 PM 103    1948  91      4       89
  MINIMUM         74    546 AM  57    1968  70      4       72
  AVERAGE         85                        80      5       81

PRECIPITATION (IN)
  TODAY            T             2.30 1888   0.13  -0.13      T
  MONTH TO DATE    2.47                      3.84  -1.37     1.64
  SINCE JUN 1     10.81                     13.15  -2.34    10.60
  SINCE JAN 1     33.04                     36.59  -3.55    31.10

DEGREE DAYS
 COOLING
  TODAY           20                        15      5       16
  MONTH TO DATE  607                       496    111      551
  SINCE JUN 1   1748                      1436    312     1666
  SINCE JAN 1   2209                      1775    434     2204
..................................................................


WIND (MPH)
  HIGHEST WIND SPEED    18   HIGHEST WIND DIRECTION    NE (30)
  HIGHEST GUST SPEED    26   HIGHEST GUST DIRECTION    NE (40)
  AVERAGE WIND SPEED     7.6


SKY COVER
  AVERAGE SKY COVER 0.2


WEATHER CONDITIONS
 THE FOLLOWING WEATHER WAS RECORDED TODAY.
  THUNDERSTORM
  RAIN


RELATIVE HUMIDITY (PERCENT)
 HIGHEST    84           500 AM
 LOWEST     39           300 PM
 AVERAGE    62

..........................................................


THE MONTGOMERY CLIMATE NORMALS FOR TOMORROW
                         NORMAL    RECORD    YEAR
 MAXIMUM TEMPERATURE (F)   91        98      1951
                                             1948
                                             1907
 MINIMUM TEMPERATURE (F)   70        59      1887


SUNRISE AND SUNSET
AUGUST 30 2016........SUNRISE   620 AM CDT   SUNSET   712 PM CDT
AUGUST 31 2016........SUNRISE   620 AM CDT   SUNSET   711 PM CDT


-  INDICATES NEGATIVE NUMBERS.
R  INDICATES RECORD WAS SET OR TIED.
MM INDICATES DATA IS MISSING.
T  INDICATES TRACE AMOUNT.




$$
