000
CDUS44 KBMX 240735
CLIMGM


CLIMATE REPORT
NATIONAL WEATHER SERVICE BIRMINGHAM, AL
235 AM CDT WED MAY 24 2017


...................................

...THE MONTGOMERY CLIMATE SUMMARY FOR MAY 23 2017...

CLIMATE NORMAL PERIOD 1981 TO 2010
CLIMATE RECORD PERIOD 1872 TO 2017


WEATHER ITEM   OBSERVED TIME   RECORD YEAR NORMAL DEPARTURE LAST
                VALUE   (LST)  VALUE       VALUE  FROM      YEAR
                                                  NORMAL
..................................................................
TEMPERATURE (F)
 YESTERDAY
  MAXIMUM         78    151 PM  96    1941  86     -8       86
  MINIMUM         68   1159 PM  44    1883  63      5       56
  AVERAGE         73                        74     -1       71

PRECIPITATION (IN)
  YESTERDAY        1.24          1.89 1955   0.11   1.13     0.00
  MONTH TO DATE   12.05                      2.66   9.39     0.73
  SINCE MAR 1     18.53                     12.63   5.90    11.57
  SINCE JAN 1     33.23                     22.56  10.67    22.23

DEGREE DAYS
 COOLING
  YESTERDAY        8                         9     -1        6
  MONTH TO DATE  186                       153     33      164
  SINCE MAR 1    455                       248    207      337
  SINCE JAN 1    501                       254    247      350
..................................................................


WIND (MPH)
  HIGHEST WIND SPEED    13   HIGHEST WIND DIRECTION    NW (310)
  HIGHEST GUST SPEED    17   HIGHEST GUST DIRECTION    NW (310)
  AVERAGE WIND SPEED     3.7


SKY COVER
  AVERAGE SKY COVER 0.8


WEATHER CONDITIONS
 THE FOLLOWING WEATHER WAS RECORDED YESTERDAY.
  THUNDERSTORM
  HEAVY RAIN
  RAIN
  LIGHT RAIN
  FOG


RELATIVE HUMIDITY (PERCENT)
 HIGHEST    90           400 AM
 LOWEST     64           100 PM
 AVERAGE    77

..........................................................


THE MONTGOMERY CLIMATE NORMALS FOR TODAY
                         NORMAL    RECORD    YEAR
 MAXIMUM TEMPERATURE (F)   86        96      1996
 MINIMUM TEMPERATURE (F)   63        47      1892


SUNRISE AND SUNSET
MAY 24 2017...........SUNRISE   542 AM CDT   SUNSET   743 PM CDT
MAY 25 2017...........SUNRISE   542 AM CDT   SUNSET   743 PM CDT


-  INDICATES NEGATIVE NUMBERS.
R  INDICATES RECORD WAS SET OR TIED.
MM INDICATES DATA IS MISSING.
T  INDICATES TRACE AMOUNT.




$$
