000
CDUS44 KBMX 210018
CLIMGM


CLIMATE REPORT
NATIONAL WEATHER SERVICE BIRMINGHAM, AL
718 PM CDT SUN AUG 20 2017


...................................

...THE MONTGOMERY CLIMATE SUMMARY FOR AUGUST 20 2017...
VALID TODAY AS OF 0700 PM LOCAL TIME.

CLIMATE NORMAL PERIOD 1981 TO 2010
CLIMATE RECORD PERIOD 1872 TO 2017


WEATHER ITEM   OBSERVED TIME   RECORD YEAR NORMAL DEPARTURE LAST
                VALUE   (LST)  VALUE       VALUE  FROM      YEAR
                                                  NORMAL
..................................................................
TEMPERATURE (F)
 TODAY
  MAXIMUM         98    311 PM 103    1983  92      6       92
  MINIMUM         75    459 AM  63    1889  71      4       76
  AVERAGE         87                        81      6       84

PRECIPITATION (IN)
  TODAY            0.00          1.12 1963   0.12  -0.12     0.02
  MONTH TO DATE    6.48                      2.57   3.91     2.27
  SINCE JUN 1     23.02                     11.88  11.14    10.61
  SINCE JAN 1     56.94                     35.32  21.62    32.84

DEGREE DAYS
 COOLING
  TODAY           22                        16      6       19
  MONTH TO DATE  372                       338     34      402
  SINCE JUN 1   1399                      1278    121     1543
  SINCE JAN 1   1981                      1617    364     2004
..................................................................


WIND (MPH)
  HIGHEST WIND SPEED     9   HIGHEST WIND DIRECTION    NE (30)
  HIGHEST GUST SPEED    14   HIGHEST GUST DIRECTION    NE (40)
  AVERAGE WIND SPEED     2.2


SKY COVER
  AVERAGE SKY COVER 0.1


WEATHER CONDITIONS
 THE FOLLOWING WEATHER WAS RECORDED TODAY.
  FOG
  HAZE


RELATIVE HUMIDITY (PERCENT)
 HIGHEST    87           200 AM
 LOWEST     38           200 PM
 AVERAGE    63

..........................................................


THE MONTGOMERY CLIMATE NORMALS FOR TOMORROW
                         NORMAL    RECORD    YEAR
 MAXIMUM TEMPERATURE (F)   92       103      1983
 MINIMUM TEMPERATURE (F)   71        59      1991


SUNRISE AND SUNSET
AUGUST 20 2017........SUNRISE   613 AM CDT   SUNSET   724 PM CDT
AUGUST 21 2017........SUNRISE   614 AM CDT   SUNSET   723 PM CDT


-  INDICATES NEGATIVE NUMBERS.
R  INDICATES RECORD WAS SET OR TIED.
MM INDICATES DATA IS MISSING.
T  INDICATES TRACE AMOUNT.




$$
