100
CDUS44 KBMX 230933
CLIMGM


CLIMATE REPORT
NATIONAL WEATHER SERVICE BIRMINGHAM, AL
333 AM CST THU FEB 23 2017


...................................

...THE MONTGOMERY CLIMATE SUMMARY FOR FEBRUARY 22 2017...

CLIMATE NORMAL PERIOD 1981 TO 2010
CLIMATE RECORD PERIOD 1872 TO 2017


WEATHER ITEM   OBSERVED TIME   RECORD YEAR NORMAL DEPARTURE LAST
                VALUE   (LST)  VALUE       VALUE  FROM      YEAR
                                                  NORMAL
..................................................................
TEMPERATURE (F)
 YESTERDAY
  MAXIMUM         76    354 PM  80    1897  64     12       72
  MINIMUM         60    516 AM  17    1963  41     19       61
  AVERAGE         68                        52     16       67

PRECIPITATION (IN)
  YESTERDAY        0.06          1.96 2016   0.19  -0.13     1.96
  MONTH TO DATE    2.92                      4.15  -1.23     4.79
  SINCE DEC 1     18.20                     13.66   4.54    24.17
  SINCE JAN 1     14.09                      8.80   5.29    10.04

SNOWFALL (IN)
  YESTERDAY        0.0                       0.0    0.0      0.0
  MONTH TO DATE    0.0                       0.0    0.0      0.0
  SINCE DEC 1      0.0                       0.1   -0.1       T
  SINCE JUL 1      0.0                       0.1   -0.1       T
  SNOW DEPTH       0

DEGREE DAYS
 HEATING
  YESTERDAY        0                        13    -13        0
  MONTH TO DATE  144                       337   -193      277
  SINCE DEC 1    792                      1428   -636     1065
  SINCE JUL 1    967                      1799   -832     1252
..................................................................


WIND (MPH)
  HIGHEST WIND SPEED    15   HIGHEST WIND DIRECTION     E (100)
  HIGHEST GUST SPEED    19   HIGHEST GUST DIRECTION     E (110)
  AVERAGE WIND SPEED     5.5


SKY COVER
  AVERAGE SKY COVER 0.6


WEATHER CONDITIONS
 THE FOLLOWING WEATHER WAS RECORDED YESTERDAY.
  LIGHT RAIN
  FOG
  HAZE


RELATIVE HUMIDITY (PERCENT)
 HIGHEST    90          1200 AM
 LOWEST     54           400 PM
 AVERAGE    72

..........................................................


THE MONTGOMERY CLIMATE NORMALS FOR TODAY
                         NORMAL    RECORD    YEAR
 MAXIMUM TEMPERATURE (F)   64        83      1996
 MINIMUM TEMPERATURE (F)   41        21      1963


SUNRISE AND SUNSET
FEBRUARY 23 2017......SUNRISE   620 AM CST   SUNSET   539 PM CST
FEBRUARY 24 2017......SUNRISE   618 AM CST   SUNSET   539 PM CST


-  INDICATES NEGATIVE NUMBERS.
R  INDICATES RECORD WAS SET OR TIED.
MM INDICATES DATA IS MISSING.
T  INDICATES TRACE AMOUNT.




$$
