000
CDUS44 KBMX 312125
CLIMGM


CLIMATE REPORT
NATIONAL WEATHER SERVICE BIRMINGHAM, AL
425 PM CDT TUE MAY 31 2016


...................................

...THE MONTGOMERY CLIMATE SUMMARY FOR MAY 31 2016...
VALID TODAY AS OF 0400 PM LOCAL TIME.

CLIMATE NORMAL PERIOD 1981 TO 2010
CLIMATE RECORD PERIOD 1872 TO 2016


WEATHER ITEM   OBSERVED TIME   RECORD YEAR NORMAL DEPARTURE LAST
                VALUE   (LST)  VALUE       VALUE  FROM      YEAR
                                                  NORMAL
..................................................................
TEMPERATURE (F)
 TODAY
  MAXIMUM         96    316 PM  98    1911  88      8       89
                                      1875
  MINIMUM         68    431 AM  44    1889  65      3       69
  AVERAGE         82                        76      6       79

PRECIPITATION (IN)
  TODAY            0.00          2.39 1901   0.12  -0.12     0.49
  MONTH TO DATE    0.73                      3.54  -2.81     4.34
  SINCE MAR 1     11.57                     13.51  -1.94    12.84
  SINCE JAN 1     22.23                     23.44  -1.21    20.50

DEGREE DAYS
 COOLING
  TODAY           17                        11      6       14
  MONTH TO DATE  275                       238     37      317
  SINCE MAR 1    448                       333    115      538
  SINCE JAN 1    461                       339    122      538
..................................................................


WIND (MPH)
  HIGHEST WIND SPEED    14   HIGHEST WIND DIRECTION     N (360)
  HIGHEST GUST SPEED    MM   HIGHEST GUST DIRECTION    MM
  AVERAGE WIND SPEED     2.5


SKY COVER
  AVERAGE SKY COVER 0.1


WEATHER CONDITIONS
 THE FOLLOWING WEATHER WAS RECORDED TODAY.
  NO SIGNIFICANT WEATHER WAS OBSERVED.


RELATIVE HUMIDITY (PERCENT)
 HIGHEST    90           500 AM
 LOWEST     31           100 PM
 AVERAGE    61

..........................................................


THE MONTGOMERY CLIMATE NORMALS FOR TOMORROW
                         NORMAL    RECORD    YEAR
 MAXIMUM TEMPERATURE (F)   88       100      2011
 MINIMUM TEMPERATURE (F)   65        48      1889


SUNRISE AND SUNSET
MAY 31 2016...........SUNRISE   540 AM CDT   SUNSET   747 PM CDT
JUNE  1 2016..........SUNRISE   539 AM CDT   SUNSET   748 PM CDT


-  INDICATES NEGATIVE NUMBERS.
R  INDICATES RECORD WAS SET OR TIED.
MM INDICATES DATA IS MISSING.
T  INDICATES TRACE AMOUNT.




$$
