000
CDUS44 KBMX 022155
CLIMGM


CLIMATE REPORT
NATIONAL WEATHER SERVICE BIRMINGHAM, AL
455 PM CDT MON MAY 2 2016


...................................

...THE MONTGOMERY CLIMATE SUMMARY FOR MAY 2 2016...
VALID AS OF 0400 PM LOCAL TIME.

CLIMATE NORMAL PERIOD 1981 TO 2010
CLIMATE RECORD PERIOD 1872 TO 2016


WEATHER ITEM   OBSERVED TIME   RECORD YEAR NORMAL DEPARTURE LAST
                VALUE   (LST)  VALUE       VALUE  FROM      YEAR
                                                  NORMAL
..................................................................
TEMPERATURE (F)
 TODAY
  MAXIMUM         83   1124 AM  93    1948  81      2       80
  MINIMUM         64    506 AM  44    2005  56      8       47
                                      1963
                                      1909
  AVERAGE         74                        68      6       64

PRECIPITATION (IN)
  TODAY            0.02          1.54 1985   0.11  -0.09     0.00
  MONTH TO DATE    0.02                      0.22  -0.20     0.00
  SINCE MAR 1     10.86                     10.19   0.67     8.50
  SINCE JAN 1     21.52                     20.12   1.40    16.16

DEGREE DAYS
 COOLING
  TODAY            9                         4      5        0
  MONTH TO DATE   21                         8     13        0
  SINCE MAR 1    194                       103     91      221
  SINCE JAN 1    207                       109     98      221
..................................................................


WIND (MPH)
  HIGHEST WIND SPEED    12   HIGHEST WIND DIRECTION     W (270)
  HIGHEST GUST SPEED    14   HIGHEST GUST DIRECTION     W (270)
  AVERAGE WIND SPEED     3.3


SKY COVER
  AVERAGE SKY COVER 0.4


WEATHER CONDITIONS
 THE FOLLOWING WEATHER WAS RECORDED TODAY.
  THUNDERSTORM
  LIGHT RAIN
  FOG


RELATIVE HUMIDITY (PERCENT)
 HIGHEST    93           200 AM
 LOWEST     67          1100 AM
 AVERAGE    80

..........................................................


THE MONTGOMERY CLIMATE NORMALS FOR TOMORROW
                         NORMAL    RECORD    YEAR
 MAXIMUM TEMPERATURE (F)   81        94      1990
 MINIMUM TEMPERATURE (F)   57        46      1995
                                             1876


SUNRISE AND SUNSET
MAY  2 2016...........SUNRISE   558 AM CDT   SUNSET   728 PM CDT
MAY  3 2016...........SUNRISE   557 AM CDT   SUNSET   728 PM CDT


-  INDICATES NEGATIVE NUMBERS.
R  INDICATES RECORD WAS SET OR TIED.
MM INDICATES DATA IS MISSING.
T  INDICATES TRACE AMOUNT.




$$
