000
CDUS44 KBMX 292127
CLIMGM


CLIMATE REPORT
NATIONAL WEATHER SERVICE BIRMINGHAM, AL
427 PM CDT TUE JUL 29 2014


...................................

...THE MONTGOMERY CLIMATE SUMMARY FOR JULY 29 2014...
VALID AS OF 0400 PM LOCAL TIME.

CLIMATE NORMAL PERIOD 1981 TO 2010
CLIMATE RECORD PERIOD 1872 TO 2014


WEATHER ITEM   OBSERVED TIME   RECORD YEAR NORMAL DEPARTURE LAST
                VALUE   (LST)  VALUE       VALUE  FROM      YEAR
                                                  NORMAL
..................................................................
TEMPERATURE (F)
 TODAY
  MAXIMUM         90    238 PM 100    2012  92     -2       93
                                      1987
                                      1959
  MINIMUM         65R   519 AM  65    1994  72     -7       72
                                      1911
  AVERAGE         78                        82     -4       83

PRECIPITATION (IN)
  TODAY            0.00          2.11 1977   0.15  -0.15     0.00
  MONTH TO DATE    2.28                      4.95  -2.67     8.26
  SINCE JUN 1      7.45                      9.02  -1.57    12.11
  SINCE JAN 1     36.34                     32.46   3.88    37.82

DEGREE DAYS
 COOLING
  TODAY           13                        17     -4       18
  MONTH TO DATE  487                       487      0      440
  SINCE JUN 1    959                       906     53      931
  SINCE JAN 1   1325                      1245     80     1290
..................................................................


WIND (MPH)
  HIGHEST WIND SPEED    16   HIGHEST WIND DIRECTION    NW (300)
  HIGHEST GUST SPEED    23   HIGHEST GUST DIRECTION     N (340)
  AVERAGE WIND SPEED     6.4


SKY COVER
  AVERAGE SKY COVER 0.2


WEATHER CONDITIONS
 THE FOLLOWING WEATHER WAS RECORDED TODAY.
  NO SIGNIFICANT WEATHER WAS OBSERVED.


RELATIVE HUMIDITY (PERCENT)
 HIGHEST    87           400 AM
 LOWEST     37           200 PM
 AVERAGE    62

..........................................................


THE MONTGOMERY CLIMATE NORMALS FOR TOMORROW
                         NORMAL    RECORD    YEAR
 MAXIMUM TEMPERATURE (F)   92       102      2012
 MINIMUM TEMPERATURE (F)   72        66      1889


SUNRISE AND SUNSET
JULY 29 2014..........SUNRISE   558 AM CDT   SUNSET   745 PM CDT
JULY 30 2014..........SUNRISE   559 AM CDT   SUNSET   745 PM CDT


-  INDICATES NEGATIVE NUMBERS.
R  INDICATES RECORD WAS SET OR TIED.
MM INDICATES DATA IS MISSING.
T  INDICATES TRACE AMOUNT.




$$
