000
CDUS41 KPBZ 280706
CLIMGW


CLIMATE REPORT
NATIONAL WEATHER SERVICE PITTSBURGH PA
306 AM EDT FRI AUG 28 2015


...................................

...THE MORGANTOWN WV CLIMATE SUMMARY FOR AUGUST 27 2015...

CLIMATE NORMAL PERIOD 1981 TO 2010
CLIMATE RECORD PERIOD 1948 TO 2015


WEATHER ITEM   OBSERVED TIME   RECORD YEAR NORMAL DEPARTURE LAST
                VALUE   (LST)  VALUE       VALUE  FROM      YEAR
                                                  NORMAL
..................................................................
TEMPERATURE (F)
 YESTERDAY
  MAXIMUM         76    457 PM  98    1948  82     -6       87
  MINIMUM         56    617 AM  46    1969  61     -5       63
  AVERAGE         66                        71     -5       75

PRECIPITATION (IN)
  YESTERDAY        0.00         MM      MM   0.10  -0.10     0.67
  MONTH TO DATE    2.00                      3.11  -1.11     4.87
  SINCE JUN 1     11.75                     11.84  -0.09    14.83
  SINCE JAN 1     29.00                     29.03  -0.03    30.32

DEGREE DAYS
 HEATING
  YESTERDAY        0                         0      0        0
  MONTH TO DATE    1                         0      1        3
  SINCE JUN 1     14                        34    -20        8
  SINCE JUL 1      1                         3     -2        6

 COOLING
  YESTERDAY        1                         6     -5       10
  MONTH TO DATE  227                       202     25      213
  SINCE JUN 1    781                       619    162      691
  SINCE JAN 1    965                       686    279      800
..................................................................


WIND (MPH)
  HIGHEST WIND SPEED    10   HIGHEST WIND DIRECTION     N (350)
  HIGHEST GUST SPEED    12   HIGHEST GUST DIRECTION     N (350)
  AVERAGE WIND SPEED     1.8


SKY COVER
  POSSIBLE SUNSHINE  MM
  AVERAGE SKY COVER 0.5


WEATHER CONDITIONS
 THE FOLLOWING WEATHER WAS RECORDED YESTERDAY.
  NO SIGNIFICANT WEATHER WAS OBSERVED.


RELATIVE HUMIDITY (PERCENT)
 HIGHEST    86           500 AM
 LOWEST     38           200 PM
 AVERAGE    62

..........................................................


THE MORGANTOWN WV CLIMATE NORMALS FOR TODAY
                         NORMAL    RECORD    YEAR
 MAXIMUM TEMPERATURE (F)   81        95      1953
 MINIMUM TEMPERATURE (F)   60        45      1986


SUNRISE AND SUNSET
AUGUST 28 2015........SUNRISE   644 AM EDT   SUNSET   757 PM EDT
AUGUST 29 2015........SUNRISE   645 AM EDT   SUNSET   756 PM EDT


-  INDICATES NEGATIVE NUMBERS.
R  INDICATES RECORD WAS SET OR TIED.
MM INDICATES DATA IS MISSING.
T  INDICATES TRACE AMOUNT.




$$
