000
CDUS41 KPBZ 270707
CLIMGW


CLIMATE REPORT
NATIONAL WEATHER SERVICE PITTSBURGH PA
307 AM EDT MON MAR 27 2017


...................................

...THE MORGANTOWN WV CLIMATE SUMMARY FOR MARCH 26 2017...

CLIMATE NORMAL PERIOD 1981 TO 2010
CLIMATE RECORD PERIOD 1948 TO 2017


WEATHER ITEM   OBSERVED TIME   RECORD YEAR NORMAL DEPARTURE LAST
                VALUE   (LST)  VALUE       VALUE  FROM      YEAR
                                                  NORMAL
..................................................................
TEMPERATURE (F)
 YESTERDAY
  MAXIMUM         69    100 PM  81    1967  56     13       65
  MINIMUM         54   1052 PM  14    1955  35     19       35
  AVERAGE         62                        46     16       50

PRECIPITATION (IN)
  YESTERDAY        0.85         MM      MM   0.12   0.73     0.00
  MONTH TO DATE    4.04                      3.02   1.02     2.61
  SINCE JUN 1     40.35                     33.07   7.28    30.28
  SINCE JAN 1     10.94                      8.43   2.51     6.74

DEGREE DAYS
 HEATING
  YESTERDAY        3                        20    -17       15
  MONTH TO DATE  624                       619      5      400
  SINCE MAR 1    624                       619      5      400
  SINCE JUL 1   3637                      4508   -871     3494

 COOLING
  YESTERDAY        0                         0      0        0
  MONTH TO DATE    2                         0      2        0
  SINCE MAR 1      2                         0      2        0
  SINCE JAN 1      5                         0      5        0
..................................................................


WIND (MPH)
  HIGHEST WIND SPEED    17   HIGHEST WIND DIRECTION    SE (140)
  HIGHEST GUST SPEED    26   HIGHEST GUST DIRECTION    SW (210)
  AVERAGE WIND SPEED     9.2


SKY COVER
  POSSIBLE SUNSHINE  MM
  AVERAGE SKY COVER 0.6


WEATHER CONDITIONS
 THE FOLLOWING WEATHER WAS RECORDED YESTERDAY.
  HEAVY RAIN
  RAIN
  LIGHT RAIN
  FOG


RELATIVE HUMIDITY (PERCENT)
 HIGHEST    93           800 PM
 LOWEST     37           100 PM
 AVERAGE    65

..........................................................


THE MORGANTOWN WV CLIMATE NORMALS FOR TODAY
                         NORMAL    RECORD    YEAR
 MAXIMUM TEMPERATURE (F)   56        85      1950
 MINIMUM TEMPERATURE (F)   36        15      2001


SUNRISE AND SUNSET
MARCH 27 2017.........SUNRISE   711 AM EDT   SUNSET   739 PM EDT
MARCH 28 2017.........SUNRISE   710 AM EDT   SUNSET   740 PM EDT


-  INDICATES NEGATIVE NUMBERS.
R  INDICATES RECORD WAS SET OR TIED.
MM INDICATES DATA IS MISSING.
T  INDICATES TRACE AMOUNT.




$$
