000
CDUS41 KPBZ 142140
CLIMGW


CLIMATE REPORT
NATIONAL WEATHER SERVICE PITTSBURGH PA
540 PM EDT SUN SEP 14 2014


...................................

...THE MORGANTOWN WV CLIMATE SUMMARY FOR SEPTEMBER 14 2014...
VALID TODAY AS OF 0500 PM LOCAL TIME.

CLIMATE NORMAL PERIOD 1981 TO 2010
CLIMATE RECORD PERIOD 1948 TO 2014


WEATHER ITEM   OBSERVED TIME   RECORD YEAR NORMAL DEPARTURE LAST
                VALUE   (LST)  VALUE       VALUE  FROM      YEAR
                                                  NORMAL
..................................................................
TEMPERATURE (F)
 TODAY
  MAXIMUM         68    356 PM  95    1998  77     -9       65
  MINIMUM         46    653 AM  34    1964  56    -10       47
  AVERAGE         57                        66     -9       56

PRECIPITATION (IN)
  TODAY            0.00         MM      MM   0.11  -0.11     0.00
  MONTH TO DATE    1.42                      1.48  -0.06     0.57
  SINCE JUN 1     16.40                     13.76   2.64    17.12
  SINCE JAN 1     31.89                     30.95   0.94    29.76

DEGREE DAYS
 HEATING
  TODAY            8                         2      6        9
  MONTH TO DATE   18                        18      0       17
  SINCE SEP 1     18                        18      0       17
  SINCE JUL 1     24                        29     -5       26

 COOLING
  TODAY            0                         3     -3        0
  MONTH TO DATE  108                        60     48       75
  SINCE SEP 1    108                        60     48       75
  SINCE JAN 1    941                       769    172      861
..................................................................


WIND (MPH)
  RESULTANT WIND SPEED   2   RESULTANT WIND DIRECTION   E (80)
  HIGHEST WIND SPEED     9   HIGHEST WIND DIRECTION    NE (60)
  HIGHEST GUST SPEED    13   HIGHEST GUST DIRECTION     E (80)
  AVERAGE WIND SPEED     2.7


SKY COVER
  POSSIBLE SUNSHINE  MM
  AVERAGE SKY COVER 0.5


WEATHER CONDITIONS
 THE FOLLOWING WEATHER WAS RECORDED TODAY.
  FOG
  FOG W/VISIBILITY <= 1/4 MILE


RELATIVE HUMIDITY (PERCENT)
 HIGHEST    93           300 AM
 LOWEST     45           400 PM
 AVERAGE    69

..........................................................


THE MORGANTOWN WV CLIMATE NORMALS FOR TOMORROW
                         NORMAL    RECORD    YEAR
 MAXIMUM TEMPERATURE (F)   76        91      1998
 MINIMUM TEMPERATURE (F)   55        38      1985


SUNRISE AND SUNSET
SEPTEMBER 14 2014.....SUNRISE   700 AM EDT   SUNSET   730 PM EDT
SEPTEMBER 15 2014.....SUNRISE   701 AM EDT   SUNSET   728 PM EDT


-  INDICATES NEGATIVE NUMBERS.
R  INDICATES RECORD WAS SET OR TIED.
MM INDICATES DATA IS MISSING.
T  INDICATES TRACE AMOUNT.




$$
