000
CDUS41 KPBZ 281249
CLIMGW


CLIMATE REPORT
NATIONAL WEATHER SERVICE PITTSBURGH PA
849 AM EDT SUN AUG 28 2016


...................................

...THE MORGANTOWN WV CLIMATE SUMMARY FOR AUGUST 28 2016...
VALID AS OF 0800 AM LOCAL TIME.

CLIMATE NORMAL PERIOD 1981 TO 2010
CLIMATE RECORD PERIOD 1948 TO 2016


WEATHER ITEM   OBSERVED TIME   RECORD YEAR NORMAL DEPARTURE LAST
                VALUE   (LST)  VALUE       VALUE  FROM      YEAR
                                                  NORMAL
..................................................................
TEMPERATURE (F)
 TODAY
  MAXIMUM         76   1204 AM  95    1953
  MINIMUM         70    411 AM  45    1986  60     10       55

PRECIPITATION (IN)
  TODAY            0.00         MM      MM   0.11  -0.11     0.00
  MONTH TO DATE    3.56                      3.22   0.34     2.00
  SINCE JUN 1     14.93                     11.95   2.98    11.75
  SINCE JAN 1     30.97                     29.14   1.83    29.00

DEGREE DAYS
 HEATING
  TODAY            0

 COOLING
  TODAY            8
..................................................................





WEATHER CONDITIONS
 THE FOLLOWING WEATHER WAS RECORDED TODAY.
  NO SIGNIFICANT WEATHER WAS OBSERVED.


RELATIVE HUMIDITY (PERCENT)
 HIGHEST    93           300 AM

..........................................................


THE MORGANTOWN WV CLIMATE NORMALS FOR TOMORROW
                         NORMAL    RECORD    YEAR
 MAXIMUM TEMPERATURE (F)   81        96      1991
 MINIMUM TEMPERATURE (F)   60        38      1982


SUNRISE AND SUNSET
AUGUST 28 2016........SUNRISE   645 AM EDT   SUNSET   756 PM EDT
AUGUST 29 2016........SUNRISE   645 AM EDT   SUNSET   755 PM EDT


-  INDICATES NEGATIVE NUMBERS.
R  INDICATES RECORD WAS SET OR TIED.
MM INDICATES DATA IS MISSING.
T  INDICATES TRACE AMOUNT.




$$
