000
CDUS41 KPBZ 132214
CLIMGW


CLIMATE REPORT
NATIONAL WEATHER SERVICE PITTSBURGH PA
514 PM EST SAT FEB 13 2016


...................................

...THE MORGANTOWN WV CLIMATE SUMMARY FOR FEBRUARY 13 2016...
VALID TODAY AS OF 0500 PM LOCAL TIME.

CLIMATE NORMAL PERIOD 1981 TO 2010
CLIMATE RECORD PERIOD 1948 TO 2016


WEATHER ITEM   OBSERVED TIME   RECORD YEAR NORMAL DEPARTURE LAST
                VALUE   (LST)  VALUE       VALUE  FROM      YEAR
                                                  NORMAL
..................................................................
TEMPERATURE (F)
 TODAY
  MAXIMUM         18   1200 AM  65    1984  42    -24       20
  MINIMUM          8    800 AM   0    1981  25    -17        3
  AVERAGE         13                        34    -21       12

PRECIPITATION (IN)
  TODAY            0.00         MM      MM   0.09  -0.09     0.00
  MONTH TO DATE    1.09                      1.18  -0.09     1.02
  SINCE JUN 1     26.67                     28.63  -1.96    29.81
  SINCE JAN 1      3.13                      3.99  -0.86     3.58

DEGREE DAYS
 HEATING
  TODAY           52                        31     21       53
  MONTH TO DATE  438                       418     20      462
  SINCE DEC 1   2073                      2397   -324     2415
  SINCE JUL 1   2792                      3445   -653     3445

 COOLING
  TODAY            0                         0      0        0
  MONTH TO DATE    0                         0      0        0
  SINCE DEC 1      0                         0      0        0
  SINCE JAN 1      0                         0      0        0
..................................................................


WIND (MPH)
  RESULTANT WIND SPEED   8   RESULTANT WIND DIRECTION   W (290)
  HIGHEST WIND SPEED    14   HIGHEST WIND DIRECTION     W (270)
  HIGHEST GUST SPEED    22   HIGHEST GUST DIRECTION     W (280)
  AVERAGE WIND SPEED     9.5


SKY COVER
  POSSIBLE SUNSHINE  MM
  AVERAGE SKY COVER 0.7


WEATHER CONDITIONS
 THE FOLLOWING WEATHER WAS RECORDED TODAY.
  HAZE


RELATIVE HUMIDITY (PERCENT)
 HIGHEST    67           500 AM
 LOWEST     53           200 AM
 AVERAGE    60

..........................................................


THE MORGANTOWN WV CLIMATE NORMALS FOR TOMORROW
                         NORMAL    RECORD    YEAR
 MAXIMUM TEMPERATURE (F)   43        68      1954
 MINIMUM TEMPERATURE (F)   25         4      1979


SUNRISE AND SUNSET
FEBRUARY 13 2016......SUNRISE   715 AM EST   SUNSET   553 PM EST
FEBRUARY 14 2016......SUNRISE   714 AM EST   SUNSET   554 PM EST


-  INDICATES NEGATIVE NUMBERS.
R  INDICATES RECORD WAS SET OR TIED.
MM INDICATES DATA IS MISSING.
T  INDICATES TRACE AMOUNT.




$$
