000
CDUS43 KFSD 280642
CLIMHE


CLIMATE REPORT
NATIONAL WEATHER SERVICE SIOUX FALLS SD
140 AM CDT MON JUL 28 2014


...................................

...THE MITCHELL SD CLIMATE SUMMARY FOR JULY 27 2014...

CLIMATE NORMAL PERIOD 1981 TO 2010
CLIMATE RECORD PERIOD 1893 TO 2014


WEATHER ITEM   OBSERVED TIME   RECORD YEAR NORMAL DEPARTURE LAST
                VALUE   (LST)  VALUE       VALUE  FROM      YEAR
                                                  NORMAL
..................................................................
TEMPERATURE (F)
 YESTERDAY
  MAXIMUM         75    201 PM 111    1935  86    -11       71
  MINIMUM         57   1159 PM  45    2013  63     -6       45
  AVERAGE         66                        74     -8       58

PRECIPITATION (IN)
  YESTERDAY        0.00          1.81 1963   0.09  -0.09     0.00
  MONTH TO DATE    1.22                      2.73  -1.51     3.80
  SINCE JUN 1      5.41                      6.86  -1.45     5.94
  SINCE JAN 1     10.14                     13.59  -3.45    15.89

SNOWFALL (IN)
  YESTERDAY        0.0           0.0    MM  MM     MM        0.0
  MONTH TO DATE    0.0                      MM     MM        0.0
  SINCE JUN 1      0.0                      MM     MM        0.0
  SINCE JUL 1      0.0                      MM     MM        0.0
  SNOW DEPTH       0

DEGREE DAYS
 HEATING
  YESTERDAY        0                         0      0        7
  MONTH TO DATE    9                         0      9       10
  SINCE JUN 1     35                        35      0       60
  SINCE JUL 1      9                         0      9       10

 COOLING
  YESTERDAY        1                        10     -9        0
  MONTH TO DATE  204                       268    -64      279
  SINCE JUN 1    362                       438    -76      446
  SINCE JAN 1    440                       478    -38      503
..................................................................


WIND (MPH)
  HIGHEST WIND SPEED    23   HIGHEST WIND DIRECTION    NW (320)
  HIGHEST GUST SPEED    29   HIGHEST GUST DIRECTION     N (340)
  AVERAGE WIND SPEED    12.8


SKY COVER
  POSSIBLE SUNSHINE  MM
  AVERAGE SKY COVER 0.2


WEATHER CONDITIONS
 THE FOLLOWING WEATHER WAS RECORDED YESTERDAY.
  NO SIGNIFICANT WEATHER WAS OBSERVED.


RELATIVE HUMIDITY (PERCENT)
 HIGHEST    87          1100 PM
 LOWEST     57           100 PM
 AVERAGE    72

..........................................................


THE MITCHELL SD CLIMATE NORMALS FOR TODAY
                         NORMAL    RECORD    YEAR
 MAXIMUM TEMPERATURE (F)   86       109      1935
 MINIMUM TEMPERATURE (F)   63        43      2013


SUNRISE AND SUNSET
JULY 28 2014..........SUNRISE   617 AM CDT   SUNSET   900 PM CDT
JULY 29 2014..........SUNRISE   618 AM CDT   SUNSET   859 PM CDT


-  INDICATES NEGATIVE NUMBERS.
R  INDICATES RECORD WAS SET OR TIED.
MM INDICATES DATA IS MISSING.
T  INDICATES TRACE AMOUNT.




$$
