000
CDUS43 KFSD 270646
CLIMHE


CLIMATE REPORT
NATIONAL WEATHER SERVICE SIOUX FALLS SD
1245 AM CST SAT DEC 27 2014


...................................

...THE MITCHELL SD CLIMATE SUMMARY FOR DECEMBER 26 2014...

CLIMATE NORMAL PERIOD 1981 TO 2010
CLIMATE RECORD PERIOD 1893 TO 2014


WEATHER ITEM   OBSERVED TIME   RECORD YEAR NORMAL DEPARTURE LAST
                VALUE   (LST)  VALUE       VALUE  FROM      YEAR
                                                  NORMAL
..................................................................
TEMPERATURE (F)
 YESTERDAY
  MAXIMUM         28   1258 AM  57    2011  28      0       37
  MINIMUM         19   1159 PM -25    1996  10      9       15
                                      1902
  AVERAGE         24                        19      5       26

PRECIPITATION (IN)
  YESTERDAY        0.17          0.21 1988   0.01   0.16     0.00
                                      1988
                                      2009
  MONTH TO DATE    1.10                      0.38   0.72     0.55
  SINCE DEC 1      1.10                      0.38   0.72     0.55
  SINCE JAN 1     19.08                     21.45  -2.37    26.21

SNOWFALL (IN)
  YESTERDAY        1.8           3.4  1960  MM     MM        0.0
  MONTH TO DATE    6.3                      MM     MM        9.8
  SINCE DEC 1      6.3                      MM     MM        9.8
  SINCE JUL 1     11.9                      MM     MM       13.8
  SNOW DEPTH       2

DEGREE DAYS
 HEATING
  YESTERDAY       41                        46     -5       39
  MONTH TO DATE  932                      1136   -204     1351
  SINCE DEC 1    932                      1136   -204     1351
  SINCE JUL 1   2588                      2704   -116     2859

 COOLING
  YESTERDAY        0                         0      0        0
  MONTH TO DATE    0                         0      0        0
  SINCE DEC 1      0                         0      0        0
  SINCE JAN 1    724                       824   -100      946
..................................................................


WIND (MPH)
  HIGHEST WIND SPEED    21   HIGHEST WIND DIRECTION     N (20)
  HIGHEST GUST SPEED    24   HIGHEST GUST DIRECTION     N (350)
  AVERAGE WIND SPEED    14.7


SKY COVER
  POSSIBLE SUNSHINE  MM
  AVERAGE SKY COVER 1.0


WEATHER CONDITIONS
 THE FOLLOWING WEATHER WAS RECORDED YESTERDAY.
  LT FREEZING RAIN
  LIGHT SNOW
  FOG


RELATIVE HUMIDITY (PERCENT)
 HIGHEST    96           700 PM
 LOWEST     81          1100 AM
 AVERAGE    89

..........................................................


THE MITCHELL SD CLIMATE NORMALS FOR TODAY
                         NORMAL    RECORD    YEAR
 MAXIMUM TEMPERATURE (F)   28        63      1928
 MINIMUM TEMPERATURE (F)   10       -25      1996


SUNRISE AND SUNSET
DECEMBER 27 2014......SUNRISE   805 AM CST   SUNSET   501 PM CST
DECEMBER 28 2014......SUNRISE   805 AM CST   SUNSET   502 PM CST


-  INDICATES NEGATIVE NUMBERS.
R  INDICATES RECORD WAS SET OR TIED.
MM INDICATES DATA IS MISSING.
T  INDICATES TRACE AMOUNT.




$$
