000
CDUS43 KTOP 160634
CLIMHK


CLIMATE REPORT
NATIONAL WEATHER SERVICE TOPEKA KS
1233 AM CST SAT DEC 16 2017


...................................

...THE MANHATTAN KS CLIMATE SUMMARY FOR DECEMBER 15 2017...

CLIMATE NORMAL PERIOD 1981 TO 2010
CLIMATE RECORD PERIOD 9999 TO 9999


WEATHER ITEM   OBSERVED NORMAL DEPARTURE LAST
                VALUE   VALUE  FROM      YEAR
                               NORMAL
...............................................
TEMPERATURE (F)
 YESTERDAY
  MAXIMUM         52     41     11       30
  MINIMUM         24     19      5       22
  AVERAGE         38     30      8       26

PRECIPITATION (IN)
  YESTERDAY        0.00   0.03  -0.03     0.00
  MONTH TO DATE    0.00   0.55  -0.55     0.65
  SINCE DEC 1      0.00   0.55  -0.55     0.65
  SINCE JAN 1     27.94  32.08  -4.14    34.17

DEGREE DAYS
 HEATING
  YESTERDAY       27     35     -8       39
  MONTH TO DATE  387    487   -100      540
  SINCE DEC 1    387    487   -100      540
  SINCE JUL 1   1269   1562   -293     1150

 COOLING
  YESTERDAY        0      0      0        0
  MONTH TO DATE    0      0      0        0
  SINCE DEC 1      0      0      0        0
  SINCE JAN 1   1566   1362    204     1749
...............................................


WIND (MPH)
  HIGHEST WIND SPEED    21   HIGHEST WIND DIRECTION    SW (220)
  HIGHEST GUST SPEED    27   HIGHEST GUST DIRECTION    SW (220)
  AVERAGE WIND SPEED    10.4


SKY COVER
  AVERAGE SKY COVER 0.2


WEATHER CONDITIONS
 THE FOLLOWING WEATHER WAS RECORDED YESTERDAY.
  NO SIGNIFICANT WEATHER WAS OBSERVED.


RELATIVE HUMIDITY (PERCENT)
 HIGHEST    85
 LOWEST     35
 AVERAGE    60

..........................................................


THE MANHATTAN KS CLIMATE NORMALS FOR TODAY
                         NORMAL
 MAXIMUM TEMPERATURE (F)   41
 MINIMUM TEMPERATURE (F)   19


SUNRISE AND SUNSET
DECEMBER 16 2017......SUNRISE   740 AM CST   SUNSET   505 PM CST
DECEMBER 17 2017......SUNRISE   740 AM CST   SUNSET   506 PM CST


-  INDICATES NEGATIVE NUMBERS.
R  INDICATES RECORD WAS SET OR TIED.
MM INDICATES DATA IS MISSING.
T  INDICATES TRACE AMOUNT.




$$
