898
CDUS43 KTOP 272135
CLIMHK


CLIMATE REPORT
NATIONAL WEATHER SERVICE TOPEKA KS
434 PM CDT FRI MAY 27 2016


...................................

...THE MANHATTAN KS CLIMATE SUMMARY FOR MAY 27 2016...
VALID TODAY AS OF 430 PM LOCAL TIME.

CLIMATE NORMAL PERIOD 1981 TO 2010
CLIMATE RECORD PERIOD 9999 TO 9999


WEATHER ITEM   OBSERVED NORMAL DEPARTURE LAST
                VALUE   VALUE  FROM      YEAR
                               NORMAL
...............................................
TEMPERATURE (F)
 TODAY
  MAXIMUM         79     80     -1       82
  MINIMUM         60     55      5       51
  AVERAGE         70     67      3       67

PRECIPITATION (IN)
  TODAY            0.31   0.17   0.14     0.00
  MONTH TO DATE    5.26   3.78   1.48     9.03
  SINCE MAR 1     13.68   8.78   4.90    11.81
  SINCE JAN 1     14.66  10.50   4.16    13.27

DEGREE DAYS
 HEATING
  TODAY            0      2     -2        0
  MONTH TO DATE  114    118     -4      101
  SINCE MAR 1    818   1139   -321      926
  SINCE JUL 1   4115   5299  -1184     5120

 COOLING
  TODAY            5      4      1        2
  MONTH TO DATE   59     64     -5       63
  SINCE MAR 1     87     81      6       71
  SINCE JAN 1     87     81      6       71
...............................................


WIND (MPH)
  HIGHEST WIND SPEED    17   HIGHEST WIND DIRECTION     E (90)
  HIGHEST GUST SPEED    22   HIGHEST GUST DIRECTION     E (80)
  AVERAGE WIND SPEED     6.6



WEATHER CONDITIONS
 THE FOLLOWING WEATHER WAS RECORDED TODAY.
  THUNDERSTORM
  RAIN
  LIGHT RAIN
  FOG


RELATIVE HUMIDITY (PERCENT)
 HIGHEST    90
 LOWEST     61
 AVERAGE    76

..........................................................


THE MANHATTAN KS CLIMATE NORMALS FOR TOMORROW
                         NORMAL
 MAXIMUM TEMPERATURE (F)   80
 MINIMUM TEMPERATURE (F)   56


SUNRISE AND SUNSET
MAY 27 2016...........SUNRISE   605 AM CDT   SUNSET   844 PM CDT
MAY 28 2016...........SUNRISE   604 AM CDT   SUNSET   844 PM CDT


-  INDICATES NEGATIVE NUMBERS.
R  INDICATES RECORD WAS SET OR TIED.
MM INDICATES DATA IS MISSING.
T  INDICATES TRACE AMOUNT.




$$
