000
CDUS43 KTOP 160634
CLIMHK


CLIMATE REPORT
NATIONAL WEATHER SERVICE TOPEKA KS
133 AM CDT TUE SEP 16 2014


...................................

...THE MANHATTAN KS CLIMATE SUMMARY FOR SEPTEMBER 15 2014...

CLIMATE NORMAL PERIOD 1981 TO 2010
CLIMATE RECORD PERIOD 9999 TO 9999


WEATHER ITEM   OBSERVED NORMAL DEPARTURE LAST
                VALUE   VALUE  FROM      YEAR
                               NORMAL
...............................................
TEMPERATURE (F)
 YESTERDAY
  MAXIMUM         74     82     -8       83
  MINIMUM         51     55     -4       61
  AVERAGE         63     68     -5       72

PRECIPITATION (IN)
  YESTERDAY        0.00   0.08  -0.08     1.05
  MONTH TO DATE    0.74   1.83  -1.09     2.04
  SINCE SEP 1      0.74   1.83  -1.09     2.04
  SINCE JAN 1     17.64  26.37  -8.73    23.26

DEGREE DAYS
 HEATING
  YESTERDAY        2      2      0        0
  MONTH TO DATE   47     12     35        0
  SINCE SEP 1     47     12     35        0
  SINCE JUL 1     48     15     33        3

 COOLING
  YESTERDAY        0      5     -5        7
  MONTH TO DATE   93    103    -10      183
  SINCE SEP 1     93    103    -10      183
  SINCE JAN 1   1471   1286    185     1411
...............................................


WIND (MPH)
  HIGHEST WIND SPEED    16   HIGHEST WIND DIRECTION    NE (30)
  HIGHEST GUST SPEED    23   HIGHEST GUST DIRECTION    NE (30)
  AVERAGE WIND SPEED     6.8


SKY COVER
  AVERAGE SKY COVER 0.3


WEATHER CONDITIONS
 THE FOLLOWING WEATHER WAS RECORDED YESTERDAY.
  NO SIGNIFICANT WEATHER WAS OBSERVED.


RELATIVE HUMIDITY (PERCENT)
 HIGHEST   100
 LOWEST     53
 AVERAGE    77

..........................................................


THE MANHATTAN KS CLIMATE NORMALS FOR TODAY
                         NORMAL
 MAXIMUM TEMPERATURE (F)   81
 MINIMUM TEMPERATURE (F)   55


SUNRISE AND SUNSET
SEPTEMBER 16 2014.....SUNRISE   709 AM CDT   SUNSET   733 PM CDT
SEPTEMBER 17 2014.....SUNRISE   710 AM CDT   SUNSET   732 PM CDT


-  INDICATES NEGATIVE NUMBERS.
R  INDICATES RECORD WAS SET OR TIED.
MM INDICATES DATA IS MISSING.
T  INDICATES TRACE AMOUNT.




$$
