000
CDUS43 KTOP 300634
CLIMHK


CLIMATE REPORT
NATIONAL WEATHER SERVICE TOPEKA KS
133 AM CDT WED JUL 30 2014


...................................

...THE MANHATTAN KS CLIMATE SUMMARY FOR JULY 29 2014...

CLIMATE NORMAL PERIOD 1981 TO 2010
CLIMATE RECORD PERIOD 9999 TO 9999


WEATHER ITEM   OBSERVED NORMAL DEPARTURE LAST
                VALUE   VALUE  FROM      YEAR
                               NORMAL
...............................................
TEMPERATURE (F)
 YESTERDAY
  MAXIMUM         84     92     -8       70
  MINIMUM         63     67     -4       63
  AVERAGE         74     79     -5       67

PRECIPITATION (IN)
  YESTERDAY        T      0.11  -0.11     2.08
  MONTH TO DATE    0.45   3.74  -3.29     4.33
  SINCE JUN 1      7.27   8.83  -1.56     7.51
  SINCE JAN 1     13.12  20.03  -6.91    17.12

DEGREE DAYS
 HEATING
  YESTERDAY        0      0      0        0
  MONTH TO DATE    1      0      1        3
  SINCE JUN 1      1     11    -10       12
  SINCE JUL 1      1      0      1        3

 COOLING
  YESTERDAY        9     14     -5        2
  MONTH TO DATE  376    407    -31      373
  SINCE JUN 1    681    677      4      691
  SINCE JAN 1    884    777    107      827
...............................................


WIND (MPH)
  HIGHEST WIND SPEED    10   HIGHEST WIND DIRECTION    NE (60)
  HIGHEST GUST SPEED    14   HIGHEST GUST DIRECTION    NW (330)
  AVERAGE WIND SPEED     3.5


SKY COVER
  AVERAGE SKY COVER 0.7


WEATHER CONDITIONS
 THE FOLLOWING WEATHER WAS RECORDED YESTERDAY.
  LIGHT RAIN


RELATIVE HUMIDITY (PERCENT)
 HIGHEST    78
 LOWEST     43
 AVERAGE    61

..........................................................


THE MANHATTAN KS CLIMATE NORMALS FOR TODAY
                         NORMAL
 MAXIMUM TEMPERATURE (F)   91
 MINIMUM TEMPERATURE (F)   67


SUNRISE AND SUNSET
JULY 30 2014..........SUNRISE   625 AM CDT   SUNSET   840 PM CDT
JULY 31 2014..........SUNRISE   626 AM CDT   SUNSET   839 PM CDT


-  INDICATES NEGATIVE NUMBERS.
R  INDICATES RECORD WAS SET OR TIED.
MM INDICATES DATA IS MISSING.
T  INDICATES TRACE AMOUNT.




$$
