000
CDUS46 KMFR 190855
CLIMHS


CLIMATE REPORT
NATIONAL WEATHER SERVICE MEDFORD, OR
1255 AM PST SUN NOV 19 2017


...................................

...THE MT SHASTA CITY CA CLIMATE SUMMARY FOR NOVEMBER 18 2017...

CLIMATE NORMAL PERIOD 1981 TO 2010
CLIMATE RECORD PERIOD 1908 TO 2017


WEATHER ITEM   OBSERVED TIME   RECORD YEAR NORMAL DEPARTURE LAST
                VALUE   (LST)  VALUE       VALUE  FROM      YEAR
                                                  NORMAL
..................................................................
TEMPERATURE (F)
 YESTERDAY
  MAXIMUM         51    209 PM  77    1914  50      1       51
  MINIMUM         21    738 AM  16    1928  29     -8       31
  AVERAGE         36                        40     -4       41

PRECIPITATION (IN)
  YESTERDAY        0.00          2.04 1965   0.17  -0.17     0.17
  MONTH TO DATE    3.23                      2.81   0.42     0.81
  SINCE OCT 1      3.88                      5.09  -1.21    12.68
  SINCE JAN 1     42.87                     33.09   9.78    45.58

SNOWFALL (IN)
  YESTERDAY       MM                         0.3   MM       MM
  MONTH TO DATE   MM                         3.1   MM       MM
  SINCE JUL 1     MM                         3.3   MM       MM
  SNOW DEPTH      MM

DEGREE DAYS
 HEATING
  YESTERDAY       29                        25      4       24
  MONTH TO DATE  443                       409     34      292
  SINCE SEP 1    994                       998     -4      857
  SINCE JUL 1    994                      1073    -79      872

 COOLING
  YESTERDAY        0                         0      0        0
  MONTH TO DATE    0                         0      0        0
  SINCE SEP 1    100                        28     72       35
  SINCE JAN 1    700                       288    412      513
..................................................................


WIND (MPH)
  HIGHEST WIND SPEED     5   HIGHEST WIND DIRECTION    NE (50)
  HIGHEST GUST SPEED     8   HIGHEST GUST DIRECTION    SE (140)
  AVERAGE WIND SPEED     0.6


SKY COVER
  POSSIBLE SUNSHINE  MM
  AVERAGE SKY COVER 0.0


WEATHER CONDITIONS
 THE FOLLOWING WEATHER WAS RECORDED YESTERDAY.
  FOG
  HAZE


RELATIVE HUMIDITY (PERCENT)
 HIGHEST    92          1200 AM
 LOWEST     33           100 PM

..........................................................


THE MT SHASTA CITY CA CLIMATE NORMALS FOR TODAY
                         NORMAL    RECORD    YEAR
 MAXIMUM TEMPERATURE (F)   50        78      1914
 MINIMUM TEMPERATURE (F)   29        11      1985


SUNRISE AND SUNSET
NOVEMBER 19 2017......SUNRISE   703 AM PST   SUNSET   446 PM PST
NOVEMBER 20 2017......SUNRISE   704 AM PST   SUNSET   446 PM PST


-  INDICATES NEGATIVE NUMBERS.
R  INDICATES RECORD WAS SET OR TIED.
MM INDICATES DATA IS MISSING.
T  INDICATES TRACE AMOUNT.




$$
