000
CDUS46 KMFR 300837
CLIMHS


CLIMATE REPORT
NATIONAL WEATHER SERVICE MEDFORD, OR
137 AM PDT SAT AUG 30 2014


...................................

...THE MT SHASTA CITY CA CLIMATE SUMMARY FOR AUGUST 29 2014...

CLIMATE NORMAL PERIOD 1981 TO 2010
CLIMATE RECORD PERIOD 1908 TO 2014


WEATHER ITEM   OBSERVED TIME   RECORD YEAR NORMAL DEPARTURE LAST
                VALUE   (LST)  VALUE       VALUE  FROM      YEAR
                                                  NORMAL
..................................................................
TEMPERATURE (F)
 YESTERDAY
  MAXIMUM         90    237 PM  99    1950  82      8       82
  MINIMUM         51    611 AM  34    1927  46      5       52
  AVERAGE         71                        64      7       67

PRECIPITATION (IN)
  YESTERDAY        0.00          0.36 1982   0.01  -0.01     0.00
  MONTH TO DATE    0.21                      0.31  -0.10      T
  SINCE SEP 1     15.10                     43.18 -28.08    27.88
  SINCE JAN 1     12.28                     27.30 -15.02     7.18

SNOWFALL (IN)
  YESTERDAY       MM                         0.0   MM       MM
  MONTH TO DATE   MM                         0.0   MM       MM
  SINCE JUL 1     MM                         0.0   MM       MM
  SNOW DEPTH      MM

DEGREE DAYS
 HEATING
  YESTERDAY        0                         3     -3        0
  MONTH TO DATE    1                        39    -38       12
  SINCE JUN 1     58                       214   -156       99
  SINCE JUL 1      2                        72    -70       12

 COOLING
  YESTERDAY        6                         2      4        2
  MONTH TO DATE  141                        87     54       88
  SINCE JUN 1    489                       247    242      410
  SINCE JAN 1    498                       255    243      419
..................................................................


WIND (MPH)
  HIGHEST WIND SPEED     9   HIGHEST WIND DIRECTION     E (90)
  HIGHEST GUST SPEED    16   HIGHEST GUST DIRECTION     E (90)
  AVERAGE WIND SPEED     1.9


SKY COVER
  POSSIBLE SUNSHINE  MM
  AVERAGE SKY COVER 0.3


WEATHER CONDITIONS
 THE FOLLOWING WEATHER WAS RECORDED YESTERDAY.
  HAZE


RELATIVE HUMIDITY (PERCENT)
 HIGHEST    71           500 AM
 LOWEST     21          1200 PM

..........................................................


THE MT SHASTA CITY CA CLIMATE NORMALS FOR TODAY
                         NORMAL    RECORD    YEAR
 MAXIMUM TEMPERATURE (F)   82        97      1915
 MINIMUM TEMPERATURE (F)   46        32      1927


SUNRISE AND SUNSET
AUGUST 30 2014........SUNRISE   634 AM PDT   SUNSET   745 PM PDT
AUGUST 31 2014........SUNRISE   635 AM PDT   SUNSET   744 PM PDT


-  INDICATES NEGATIVE NUMBERS.
R  INDICATES RECORD WAS SET OR TIED.
MM INDICATES DATA IS MISSING.
T  INDICATES TRACE AMOUNT.




$$
