349
CDUS42 KMFL 110936
CLIMIA


CLIMATE REPORT
NATIONAL WEATHER SERVICE MIAMI, FL
436 AM EST SUN DEC 11 2016


...................................

...THE MIAMI CLIMATE SUMMARY FOR DECEMBER 10 2016...

CLIMATE NORMAL PERIOD 1981 TO 2010
CLIMATE RECORD PERIOD 1895 TO 2016


WEATHER ITEM   OBSERVED TIME   RECORD YEAR NORMAL DEPARTURE LAST
                VALUE   (LST)  VALUE       VALUE  FROM      YEAR
                                                  NORMAL
..................................................................
TEMPERATURE (F)
 YESTERDAY
  MAXIMUM         72   1020 PM  89    2009  79     -7       81
  MINIMUM         62   1243 AM  37    1917  64     -2       71
  AVERAGE         67                        71     -4       76

PRECIPITATION (IN)
  YESTERDAY        0.80          5.06 2000   0.07   0.73     0.00
  MONTH TO DATE    1.91                      0.70   1.21     9.25
  SINCE NOV 1      2.85                      3.97  -1.12    16.80
  SINCE JAN 1     65.51                     60.56   4.95    61.50

SNOWFALL (IN)
  YESTERDAY        0.0
  MONTH TO DATE    0.0
  SINCE DEC 1      0.0
  SINCE JUL 1      0.0
  SNOW DEPTH       0

DEGREE DAYS
 HEATING
  YESTERDAY        0                         1     -1        0
  MONTH TO DATE    0                         6     -6        0
  SINCE DEC 1      0                         6     -6        0
  SINCE JUL 1      0                         9     -9        0

 COOLING
  YESTERDAY        2                         7     -5       11
  MONTH TO DATE  119                        75     44      105
  SINCE DEC 1    119                        75     44      105
  SINCE JAN 1   4702                      4447    255     5038
..................................................................


WIND (MPH)
  HIGHEST WIND SPEED    17   HIGHEST WIND DIRECTION    NE (40)
  HIGHEST GUST SPEED    26   HIGHEST GUST DIRECTION    NE (40)
  AVERAGE WIND SPEED     8.9


SKY COVER
  POSSIBLE SUNSHINE  MM
  AVERAGE SKY COVER 0.8


WEATHER CONDITIONS
 THE FOLLOWING WEATHER WAS RECORDED YESTERDAY.
  HEAVY RAIN
  RAIN
  LIGHT RAIN
  FOG


RELATIVE HUMIDITY (PERCENT)
 HIGHEST   100
 LOWEST     84
 AVERAGE    92

..........................................................


THE MIAMI CLIMATE NORMALS FOR TODAY
                         NORMAL    RECORD    YEAR
 MAXIMUM TEMPERATURE (F)   78        85      2012
                                             1997
                                             1986
 MINIMUM TEMPERATURE (F)   64        32      1934


SUNRISE AND SUNSET
DECEMBER 11 2016......SUNRISE   658 AM EST   SUNSET   531 PM EST
DECEMBER 12 2016......SUNRISE   659 AM EST   SUNSET   532 PM EST


-  INDICATES NEGATIVE NUMBERS.
R  INDICATES RECORD WAS SET OR TIED.
MM INDICATES DATA IS MISSING.
T  INDICATES TRACE AMOUNT.




$$
