000
CDUS42 KMFL 030936
CLIMIA


CLIMATE REPORT
NATIONAL WEATHER SERVICE MIAMI, FL
436 AM EST TUE MAR 3 2015


...................................

...THE MIAMI CLIMATE SUMMARY FOR MARCH 2 2015...

CLIMATE NORMAL PERIOD 1981 TO 2010
CLIMATE RECORD PERIOD 1895 TO 2015


WEATHER ITEM   OBSERVED TIME   RECORD YEAR NORMAL DEPARTURE LAST
                VALUE   (LST)  VALUE       VALUE  FROM      YEAR
                                                  NORMAL
..................................................................
TEMPERATURE (F)
 YESTERDAY
  MAXIMUM         82    131 PM  90    2003  79      3       80
  MINIMUM         71    424 AM  33    1941  64      7       64
  AVERAGE         77                        72      5       72

PRECIPITATION (IN)
  YESTERDAY        0.00          3.10 1931   0.08  -0.08     0.00
  MONTH TO DATE    T                         0.16  -0.16     0.00
  SINCE NOV 1      7.74                      9.34  -1.60    13.47
  SINCE JAN 1      3.76                      4.03  -0.27     3.07

SNOWFALL (IN)
  YESTERDAY        0.0
  MONTH TO DATE    0.0
  SINCE MAR 1      0.0
  SINCE JUL 1      0.0
  SNOW DEPTH       0

DEGREE DAYS
 HEATING
  YESTERDAY        0                         1     -1        0
  MONTH TO DATE    0                         2     -2        0
  SINCE MAR 1      0                         2     -2        0
  SINCE JUL 1     76                       118    -42       61

 COOLING
  YESTERDAY       12                         7      5        7
  MONTH TO DATE   25                        14     11       13
  SINCE MAR 1     25                        14     11       13
  SINCE JAN 1    364                       336     28      434
..................................................................


WIND (MPH)
  HIGHEST WIND SPEED    15   HIGHEST WIND DIRECTION     E (110)
  HIGHEST GUST SPEED    21   HIGHEST GUST DIRECTION     E (100)
  AVERAGE WIND SPEED     8.9


SKY COVER
  POSSIBLE SUNSHINE  88 PERCENT
  AVERAGE SKY COVER 0.4


WEATHER CONDITIONS
 THE FOLLOWING WEATHER WAS RECORDED YESTERDAY.
  NO SIGNIFICANT WEATHER WAS OBSERVED.


RELATIVE HUMIDITY (PERCENT)
 HIGHEST    84
 LOWEST     51
 AVERAGE    68

..........................................................


THE MIAMI CLIMATE NORMALS FOR TODAY
                         NORMAL    RECORD    YEAR
 MAXIMUM TEMPERATURE (F)   79        90      2007
 MINIMUM TEMPERATURE (F)   64        32      1980


SUNRISE AND SUNSET
MARCH  3 2015.........SUNRISE   643 AM EST   SUNSET   624 PM EST
MARCH  4 2015.........SUNRISE   642 AM EST   SUNSET   624 PM EST


-  INDICATES NEGATIVE NUMBERS.
R  INDICATES RECORD WAS SET OR TIED.
MM INDICATES DATA IS MISSING.
T  INDICATES TRACE AMOUNT.




$$
