000
CDUS42 KMFL 010939
CLIMIA


CLIMATE REPORT
NATIONAL WEATHER SERVICE MIAMI, FL
439 AM EST SUN FEB 1 2015


...................................

...THE MIAMI CLIMATE SUMMARY FOR JANUARY 31 2015...

CLIMATE NORMAL PERIOD 1981 TO 2010
CLIMATE RECORD PERIOD 1895 TO 2015


WEATHER ITEM   OBSERVED TIME   RECORD YEAR NORMAL DEPARTURE LAST
                VALUE   (LST)  VALUE       VALUE  FROM      YEAR
                                                  NORMAL
..................................................................
TEMPERATURE (F)
 YESTERDAY
  MAXIMUM         75    205 PM  86    1991  77     -2       82
  MINIMUM         61    746 AM  35    1966  61      0       68
  AVERAGE         68                        69     -1       75

PRECIPITATION (IN)
  YESTERDAY        0.00          1.19 1953   0.06  -0.06     0.08
  MONTH TO DATE    0.95                      1.62  -0.67     1.91
  SINCE NOV 1      4.93                      6.93  -2.00    12.31
  SINCE JAN 1      0.95                      1.62  -0.67     1.91

SNOWFALL (IN)
  YESTERDAY        0.0
  MONTH TO DATE    0.0
  SINCE DEC 1      0.0
  SINCE JUL 1      0.0
  SNOW DEPTH       0

DEGREE DAYS
 HEATING
  YESTERDAY        0                         1     -1
  MONTH TO DATE   12                        56    -44
  SINCE DEC 1     30                        87    -57
  SINCE JUL 1     41                        90    -49

 COOLING
  YESTERDAY        3                         5     -2
  MONTH TO DATE  202                       151     51
  SINCE DEC 1    422                       354     68
  SINCE JAN 1    202                       151     51
..................................................................


WIND (MPH)
  HIGHEST WIND SPEED    22   HIGHEST WIND DIRECTION     E (80)
  HIGHEST GUST SPEED    26   HIGHEST GUST DIRECTION     E (90)
  AVERAGE WIND SPEED     9.4


SKY COVER
  POSSIBLE SUNSHINE  73 PERCENT
  AVERAGE SKY COVER 0.6


WEATHER CONDITIONS
 THE FOLLOWING WEATHER WAS RECORDED YESTERDAY.
  NO SIGNIFICANT WEATHER WAS OBSERVED.


RELATIVE HUMIDITY (PERCENT)
 HIGHEST    84
 LOWEST     46
 AVERAGE    65

..........................................................


THE MIAMI CLIMATE NORMALS FOR TODAY
                         NORMAL    RECORD    YEAR
 MAXIMUM TEMPERATURE (F)   77        84      1990
                                             1989
                                             1947
 MINIMUM TEMPERATURE (F)   61        36      1909


SUNRISE AND SUNSET
FEBRUARY  1 2015......SUNRISE   705 AM EST   SUNSET   605 PM EST
FEBRUARY  2 2015......SUNRISE   705 AM EST   SUNSET   605 PM EST


-  INDICATES NEGATIVE NUMBERS.
R  INDICATES RECORD WAS SET OR TIED.
MM INDICATES DATA IS MISSING.
T  INDICATES TRACE AMOUNT.




$$
