000
CDUS42 KMFL 250828
CLIMIA


CLIMATE REPORT
NATIONAL WEATHER SERVICE MIAMI, FL
428 AM EDT SUN SEP 25 2016


...................................

...THE MIAMI CLIMATE SUMMARY FOR SEPTEMBER 24 2016...

CLIMATE NORMAL PERIOD 1981 TO 2010
CLIMATE RECORD PERIOD 1895 TO 2016


WEATHER ITEM   OBSERVED TIME   RECORD YEAR NORMAL DEPARTURE LAST
                VALUE   (LST)  VALUE       VALUE  FROM      YEAR
                                                  NORMAL
..................................................................
TEMPERATURE (F)
 YESTERDAY
  MAXIMUM         89   1023 AM  92    2013  89      0       85
                                      2011
  MINIMUM         76   1207 PM  70    1943  76      0       74
                                      1918
                                      1897
  AVERAGE         83                        82      1       80

PRECIPITATION (IN)
  YESTERDAY        0.71          2.83 1918   0.34   0.37     0.22
  MONTH TO DATE    4.74                      7.94  -3.20     9.44
  SINCE JUN 1     31.34                     32.99  -1.65    27.97
  SINCE JAN 1     51.73                     48.34   3.39    39.47

SNOWFALL (IN)
  YESTERDAY       MM
  MONTH TO DATE    0.0
  SINCE SEP 1      0.0
  SINCE JUL 1      0.0
  SNOW DEPTH       0

DEGREE DAYS
 HEATING
  YESTERDAY        0                         0      0        0
  MONTH TO DATE    0                         0      0        0
  SINCE SEP 1      0                         0      0        0
  SINCE JUL 1      0                         0      0        0

 COOLING
  YESTERDAY       18                        18      0       15
  MONTH TO DATE  458                       434     24      449
  SINCE SEP 1    458                       434     24      449
  SINCE JAN 1   3690                      3509    181     3927
..................................................................


WIND (MPH)
  HIGHEST WIND SPEED    24   HIGHEST WIND DIRECTION     E (70)
  HIGHEST GUST SPEED    34   HIGHEST GUST DIRECTION    NE (60)
  AVERAGE WIND SPEED     3.3


SKY COVER
  POSSIBLE SUNSHINE  31 PERCENT
  AVERAGE SKY COVER 0.8


WEATHER CONDITIONS
 THE FOLLOWING WEATHER WAS RECORDED YESTERDAY.
  THUNDERSTORM
  HEAVY RAIN
  LIGHT RAIN
  FOG
  HAZE


RELATIVE HUMIDITY (PERCENT)
 HIGHEST   100
 LOWEST     72
 AVERAGE    86

..........................................................


THE MIAMI CLIMATE NORMALS FOR TODAY
                         NORMAL    RECORD    YEAR
 MAXIMUM TEMPERATURE (F)   89        92      1987
                                             1940
                                             1908
 MINIMUM TEMPERATURE (F)   76        65      1903


SUNRISE AND SUNSET
SEPTEMBER 25 2016.....SUNRISE   711 AM EDT   SUNSET   714 PM EDT
SEPTEMBER 26 2016.....SUNRISE   712 AM EDT   SUNSET   713 PM EDT


-  INDICATES NEGATIVE NUMBERS.
R  INDICATES RECORD WAS SET OR TIED.
MM INDICATES DATA IS MISSING.
T  INDICATES TRACE AMOUNT.




$$
