536
CDUS42 KMFL 240936
CLIMIA


CLIMATE REPORT
NATIONAL WEATHER SERVICE MIAMI, FL
435 AM EST TUE JAN 24 2017


...................................

...THE MIAMI CLIMATE SUMMARY FOR JANUARY 23 2017...

CLIMATE NORMAL PERIOD 1981 TO 2010
CLIMATE RECORD PERIOD 1895 TO 2017


WEATHER ITEM   OBSERVED TIME   RECORD YEAR NORMAL DEPARTURE LAST
                VALUE   (LST)  VALUE       VALUE  FROM      YEAR
                                                  NORMAL
..................................................................
TEMPERATURE (F)
 YESTERDAY
  MAXIMUM         80   1231 PM  85    2007  77      3       67
  MINIMUM         68   1159 PM  36    1985  60      8       54
  AVERAGE         74                        68      6       61

PRECIPITATION (IN)
  YESTERDAY        1.20          1.79 1983   0.06   1.14     0.00
  MONTH TO DATE    2.74                      1.18   1.56     4.93
  SINCE NOV 1      6.01                      6.49  -0.48    22.30
  SINCE JAN 1      2.74                      1.18   1.56     4.93

SNOWFALL (IN)
  YESTERDAY        0.0
  MONTH TO DATE    0.0
  SINCE DEC 1      0.0
  SINCE JUL 1      0.0
  SNOW DEPTH      MM

DEGREE DAYS
 HEATING
  YESTERDAY        0                         2     -2        4
  MONTH TO DATE    6                        46    -40       20
  SINCE DEC 1      6                        80    -74       20
  SINCE JUL 1      6                        83    -77       20

 COOLING
  YESTERDAY        9                         5      4        0
  MONTH TO DATE  223                       115    108       94
  SINCE DEC 1    594                       318    276      482
  SINCE JAN 1    223                       115    108       94
..................................................................


WIND (MPH)
  HIGHEST WIND SPEED    31   HIGHEST WIND DIRECTION    SW (230)
  HIGHEST GUST SPEED    48   HIGHEST GUST DIRECTION     W (250)
  AVERAGE WIND SPEED    14.3


SKY COVER
  POSSIBLE SUNSHINE  MM
  AVERAGE SKY COVER  MM


WEATHER CONDITIONS
 THE FOLLOWING WEATHER WAS RECORDED YESTERDAY.
  THUNDERSTORM
  FOG


RELATIVE HUMIDITY (PERCENT)
 HIGHEST    MM
 LOWEST     MM
 AVERAGE    MM

..........................................................


THE MIAMI CLIMATE NORMALS FOR TODAY
                         NORMAL    RECORD    YEAR
 MAXIMUM TEMPERATURE (F)   77        85      1898
 MINIMUM TEMPERATURE (F)   60        36      2003


SUNRISE AND SUNSET
JANUARY 24 2017.......SUNRISE   708 AM EST   SUNSET   559 PM EST
JANUARY 25 2017.......SUNRISE   708 AM EST   SUNSET   600 PM EST


-  INDICATES NEGATIVE NUMBERS.
R  INDICATES RECORD WAS SET OR TIED.
MM INDICATES DATA IS MISSING.
T  INDICATES TRACE AMOUNT.




$$
