000
CDUS42 KMFL 210828
CLIMIA


CLIMATE REPORT
NATIONAL WEATHER SERVICE MIAMI, FL
427 AM EDT SUN SEP 21 2014


...................................

...THE MIAMI CLIMATE SUMMARY FOR SEPTEMBER 20 2014...

CLIMATE NORMAL PERIOD 1981 TO 2010
CLIMATE RECORD PERIOD 1839 TO 2014


WEATHER ITEM   OBSERVED TIME   RECORD YEAR NORMAL DEPARTURE LAST
                VALUE   (LST)  VALUE       VALUE  FROM      YEAR
                                                  NORMAL
..................................................................
TEMPERATURE (F)
 YESTERDAY
  MAXIMUM         90   1234 PM  94    1992  89      1       88
                                      1987
  MINIMUM         74    308 PM  69    1907  77     -3       76
  AVERAGE         82                        83     -1       82

PRECIPITATION (IN)
  YESTERDAY        0.27          3.74 1963   0.35  -0.08     0.08
  MONTH TO DATE    5.42                      6.59  -1.17     7.87
  SINCE JUN 1     44.40                     31.64  12.76    31.18
  SINCE JAN 1     54.55                     46.99   7.56    50.55

SNOWFALL (IN)
  YESTERDAY        0.0
  MONTH TO DATE    0.0
  SINCE SEP 1      0.0
  SINCE JUL 1      0.0
  SNOW DEPTH       0

DEGREE DAYS
 HEATING
  YESTERDAY        0                         0      0
  MONTH TO DATE    0                         0      0
  SINCE SEP 1      0                         0      0
  SINCE JUL 1      0                         0      0

 COOLING
  YESTERDAY       17                        18     -1
  MONTH TO DATE  362                       362      0
  SINCE SEP 1    362                       362      0
  SINCE JAN 1   3657                      3437    220
..................................................................


WIND (MPH)
  HIGHEST WIND SPEED    20   HIGHEST WIND DIRECTION     W (250)
  HIGHEST GUST SPEED    27   HIGHEST GUST DIRECTION     W (250)
  AVERAGE WIND SPEED     3.5


SKY COVER
  POSSIBLE SUNSHINE  38 PERCENT
  AVERAGE SKY COVER 0.8


WEATHER CONDITIONS
 THE FOLLOWING WEATHER WAS RECORDED YESTERDAY.
  THUNDERSTORM
  HEAVY RAIN
  LIGHT RAIN
  FOG


RELATIVE HUMIDITY (PERCENT)
 HIGHEST    94
 LOWEST     64
 AVERAGE    79

..........................................................


THE MIAMI CLIMATE NORMALS FOR TODAY
                         NORMAL    RECORD    YEAR
 MAXIMUM TEMPERATURE (F)   89        93      1989
                                             1987
 MINIMUM TEMPERATURE (F)   76        69      1938


SUNRISE AND SUNSET
SEPTEMBER 21 2014.....SUNRISE   709 AM EDT   SUNSET   719 PM EDT
SEPTEMBER 22 2014.....SUNRISE   710 AM EDT   SUNSET   718 PM EDT


-  INDICATES NEGATIVE NUMBERS.
R  INDICATES RECORD WAS SET OR TIED.
MM INDICATES DATA IS MISSING.
T  INDICATES TRACE AMOUNT.




$$
