000
CDUS42 KMFL 280821
CLIMIA


CLIMATE REPORT
NATIONAL WEATHER SERVICE MIAMI, FL
420 AM EDT FRI JUL 28 2017


...................................

...THE MIAMI CLIMATE SUMMARY FOR JULY 27 2017...

CLIMATE NORMAL PERIOD 1981 TO 2010
CLIMATE RECORD PERIOD 1895 TO 2017


WEATHER ITEM   OBSERVED TIME   RECORD YEAR NORMAL DEPARTURE LAST
                VALUE   (LST)  VALUE       VALUE  FROM      YEAR
                                                  NORMAL
..................................................................
TEMPERATURE (F)
 YESTERDAY
  MAXIMUM         94    135 PM  95    1993  91      3       91
                                      1990
  MINIMUM         80    602 AM  71    1946  78      2       76
                                      1940
                                      1937
  AVERAGE         87                        84      3       84

PRECIPITATION (IN)
  YESTERDAY        0.06          1.64 1947   0.20  -0.14     0.11
  MONTH TO DATE   11.15                      5.68   5.47     4.04
  SINCE JUN 1     27.12                     15.35  11.77    12.76
  SINCE JAN 1     40.60                     30.70   9.90    33.15

SNOWFALL (IN)
  YESTERDAY        0.0
  MONTH TO DATE    0.0
  SINCE JUN 1      0.0
  SINCE JUL 1      0.0
  SNOW DEPTH       0

DEGREE DAYS
 HEATING
  YESTERDAY        0                         0      0        0
  MONTH TO DATE    0                         0      0        0
  SINCE JUN 1      0                         0      0        0
  SINCE JUL 1      0                         0      0        0

 COOLING
  YESTERDAY       22                        20      2       19
  MONTH TO DATE  569                       513     56      537
  SINCE JUN 1   1138                      1045     93     1098
  SINCE JAN 1   2842                      2401    441     2560
..................................................................


WIND (MPH)
  HIGHEST WIND SPEED    15   HIGHEST WIND DIRECTION     E (90)
  HIGHEST GUST SPEED    26   HIGHEST GUST DIRECTION    SE (120)
  AVERAGE WIND SPEED     6.6


SKY COVER
  POSSIBLE SUNSHINE  81 PERCENT
  AVERAGE SKY COVER 0.6


WEATHER CONDITIONS
 THE FOLLOWING WEATHER WAS RECORDED YESTERDAY.
  THUNDERSTORM


RELATIVE HUMIDITY (PERCENT)
 HIGHEST    85
 LOWEST     52
 AVERAGE    69

..........................................................


THE MIAMI CLIMATE NORMALS FOR TODAY
                         NORMAL    RECORD    YEAR
 MAXIMUM TEMPERATURE (F)   91        96      1999
                                             1990
 MINIMUM TEMPERATURE (F)   78        68      1939


SUNRISE AND SUNSET
JULY 28 2017..........SUNRISE   646 AM EDT   SUNSET   809 PM EDT
JULY 29 2017..........SUNRISE   646 AM EDT   SUNSET   809 PM EDT


-  INDICATES NEGATIVE NUMBERS.
R  INDICATES RECORD WAS SET OR TIED.
MM INDICATES DATA IS MISSING.
T  INDICATES TRACE AMOUNT.




$$
