000
CDUS42 KMFL 062016
CLIMIA


CLIMATE REPORT
NATIONAL WEATHER SERVICE MIAMI, FL
416 PM EDT FRI MAY 6 2016


...................................

...THE MIAMI CLIMATE SUMMARY FOR MAY 6 2016...
VALID TODAY AS OF 0400 PM LOCAL TIME.

CLIMATE NORMAL PERIOD 1981 TO 2010
CLIMATE RECORD PERIOD 1895 TO 2016


WEATHER ITEM   OBSERVED TIME   RECORD YEAR NORMAL DEPARTURE LAST
                VALUE   (LST)  VALUE       VALUE  FROM      YEAR
                                                  NORMAL
..................................................................
TEMPERATURE (F)
 TODAY
  MAXIMUM         81    259 PM  93    2010  86     -5       86
  MINIMUM         68    534 AM  53    1945  71     -3       69
  AVERAGE         75                        79     -4       78

PRECIPITATION (IN)
  TODAY            0.00          3.19 1925   0.11  -0.11      T
  MONTH TO DATE    4.06                      0.64   3.42     0.38
  SINCE NOV 1     33.55                     15.96  17.59    13.47
  SINCE JAN 1     16.18                     10.65   5.53     9.49

SNOWFALL (IN)
  TODAY            0.0
  MONTH TO DATE    0.0
  SINCE MAR 1      0.0
  SINCE JUL 1      0.0
  SNOW DEPTH       0

DEGREE DAYS
 HEATING
  TODAY            0                         0      0        0
  MONTH TO DATE    0                         0      0        0
  SINCE MAR 1      0                        12    -12        0
  SINCE JUL 1     67                       128    -61       76

 COOLING
  TODAY           10                        14     -4       13
  MONTH TO DATE   84                        79      5       68
  SINCE MAR 1    815                       650    165      908
  SINCE JAN 1   1072                       972    100     1247
..................................................................


WIND (MPH)
  HIGHEST WIND SPEED    13   HIGHEST WIND DIRECTION     W (250)
  HIGHEST GUST SPEED    19   HIGHEST GUST DIRECTION    NW (300)
  AVERAGE WIND SPEED     7.3


SKY COVER
  AVERAGE SKY COVER 0.5


WEATHER CONDITIONS
 THE FOLLOWING WEATHER WAS RECORDED TODAY.
  NO SIGNIFICANT WEATHER WAS OBSERVED.


RELATIVE HUMIDITY (PERCENT)
 HIGHEST    68
 LOWEST     35
 AVERAGE    52

..........................................................


THE MIAMI CLIMATE NORMALS FOR TOMORROW
                         NORMAL    RECORD    YEAR
 MAXIMUM TEMPERATURE (F)   86        92      1989
                                             1955
                                             1948
 MINIMUM TEMPERATURE (F)   72        53      1945


SUNRISE AND SUNSET
MAY  6 2016...........SUNRISE   640 AM EDT   SUNSET   755 PM EDT
MAY  7 2016...........SUNRISE   640 AM EDT   SUNSET   756 PM EDT


-  INDICATES NEGATIVE NUMBERS.
R  INDICATES RECORD WAS SET OR TIED.
MM INDICATES DATA IS MISSING.
T  INDICATES TRACE AMOUNT.




$$
