000
CDUS42 KMFL 070925
CLIMIA


CLIMATE REPORT
NATIONAL WEATHER SERVICE MIAMI, FL
425 AM EST SUN FEB 7 2016


...................................

...THE MIAMI CLIMATE SUMMARY FOR FEBRUARY 6 2016...

CLIMATE NORMAL PERIOD 1981 TO 2010
CLIMATE RECORD PERIOD 1895 TO 2016


WEATHER ITEM   OBSERVED TIME   RECORD YEAR NORMAL DEPARTURE LAST
                VALUE   (LST)  VALUE       VALUE  FROM      YEAR
                                                  NORMAL
..................................................................
TEMPERATURE (F)
 YESTERDAY
  MAXIMUM         79    250 PM  87    1985  77      2       75
  MINIMUM         60    333 AM  32    1947  61     -1       57
                                      1917
  AVERAGE         70                        69      1       66

PRECIPITATION (IN)
  YESTERDAY        0.41          0.94 1912   0.08   0.33     0.01
  MONTH TO DATE    1.40                      0.46   0.94     0.63
  SINCE NOV 1     26.34                      7.39  18.95     5.56
  SINCE JAN 1      8.97                      2.08   6.89     1.58

SNOWFALL (IN)
  YESTERDAY        0.0
  MONTH TO DATE    0.0
  SINCE DEC 1      0.0
  SINCE JUL 1      0.0
  SNOW DEPTH       0

DEGREE DAYS
 HEATING
  YESTERDAY        0                         1     -1        0
  MONTH TO DATE    0                         6     -6        0
  SINCE DEC 1     40                        93    -53       30
  SINCE JUL 1     40                        96    -56       41

 COOLING
  YESTERDAY        5                         5      0        1
  MONTH TO DATE   51                        30     21       29
  SINCE DEC 1    560                       384    176      451
  SINCE JAN 1    172                       181     -9      231
..................................................................


WIND (MPH)
  HIGHEST WIND SPEED    16   HIGHEST WIND DIRECTION     W (270)
  HIGHEST GUST SPEED    23   HIGHEST GUST DIRECTION     W (270)
  AVERAGE WIND SPEED     6.4


SKY COVER
  POSSIBLE SUNSHINE  72 PERCENT
  AVERAGE SKY COVER 0.8


WEATHER CONDITIONS
 THE FOLLOWING WEATHER WAS RECORDED YESTERDAY.
  HEAVY RAIN
  RAIN
  LIGHT RAIN
  FOG


RELATIVE HUMIDITY (PERCENT)
 HIGHEST    93
 LOWEST     62
 AVERAGE    78

..........................................................


THE MIAMI CLIMATE NORMALS FOR TODAY
                         NORMAL    RECORD    YEAR
 MAXIMUM TEMPERATURE (F)   78        87      2003
                                             1939
 MINIMUM TEMPERATURE (F)   62        40      1978


SUNRISE AND SUNSET
FEBRUARY  7 2016......SUNRISE   702 AM EST   SUNSET   609 PM EST
FEBRUARY  8 2016......SUNRISE   701 AM EST   SUNSET   609 PM EST


-  INDICATES NEGATIVE NUMBERS.
R  INDICATES RECORD WAS SET OR TIED.
MM INDICATES DATA IS MISSING.
T  INDICATES TRACE AMOUNT.




$$
