000
CDUS42 KMFL 252018
CLIMIA


CLIMATE REPORT
NATIONAL WEATHER SERVICE MIAMI, FL
417 PM EDT TUE APR 25 2017


...................................

...THE MIAMI CLIMATE SUMMARY FOR APRIL 25 2017...
VALID TODAY AS OF 0400 PM LOCAL TIME.

CLIMATE NORMAL PERIOD 1981 TO 2010
CLIMATE RECORD PERIOD 1895 TO 2017


WEATHER ITEM   OBSERVED TIME   RECORD YEAR NORMAL DEPARTURE LAST
                VALUE   (LST)  VALUE       VALUE  FROM      YEAR
                                                  NORMAL
..................................................................
TEMPERATURE (F)
 TODAY
  MAXIMUM         86    247 PM  93    1971  84      2       85
  MINIMUM         68    620 AM  54    1943  70     -2       73
  AVERAGE         77                        77      0       79

PRECIPITATION (IN)
  TODAY            0.00         14.85 1979   0.10  -0.10     0.00
  MONTH TO DATE    2.16                      2.65  -0.49     1.09
  SINCE NOV 1     14.06                     14.83  -0.77    29.49
  SINCE JAN 1     10.79                      9.52   1.27    12.12

SNOWFALL (IN)
  TODAY            0.0
  MONTH TO DATE    0.0
  SINCE MAR 1      0.0
  SINCE JUL 1      0.0
  SNOW DEPTH       0

DEGREE DAYS
 HEATING
  TODAY            0                         0      0        0
  MONTH TO DATE    0                         0      0        0
  SINCE MAR 1      3                        11     -8        0
  SINCE JUL 1     17                       127   -110       67

 COOLING
  TODAY           12                        12      0       14
  MONTH TO DATE  310                       262     48      297
  SINCE MAR 1    581                       509     72      661
  SINCE JAN 1   1075                       831    244      918
..................................................................


WIND (MPH)
  HIGHEST WIND SPEED    16   HIGHEST WIND DIRECTION     W (250)
  HIGHEST GUST SPEED    22   HIGHEST GUST DIRECTION     W (260)
  AVERAGE WIND SPEED     6.3


SKY COVER
  AVERAGE SKY COVER 0.2


WEATHER CONDITIONS
 THE FOLLOWING WEATHER WAS RECORDED TODAY.
  NO SIGNIFICANT WEATHER WAS OBSERVED.


RELATIVE HUMIDITY (PERCENT)
 HIGHEST    78
 LOWEST     37
 AVERAGE    58

..........................................................


THE MIAMI CLIMATE NORMALS FOR TOMORROW
                         NORMAL    RECORD    YEAR
 MAXIMUM TEMPERATURE (F)   85        96      2015
 MINIMUM TEMPERATURE (F)   70        55      1983
                                             1910


SUNRISE AND SUNSET
APRIL 25 2017.........SUNRISE   649 AM EDT   SUNSET   749 PM EDT
APRIL 26 2017.........SUNRISE   648 AM EDT   SUNSET   750 PM EDT


-  INDICATES NEGATIVE NUMBERS.
R  INDICATES RECORD WAS SET OR TIED.
MM INDICATES DATA IS MISSING.
T  INDICATES TRACE AMOUNT.




$$
