000
CDUS43 KIND 230531
CLIMIE


CLIMATE REPORT
NATIONAL WEATHER SERVICE INDIANAPOLIS IN
130 AM EDT SAT MAY 23 2015


...................................

...THE MUNCIE IN CLIMATE SUMMARY FOR MAY 22 2015...

CLIMATE NORMAL PERIOD 1981 TO 2010
CLIMATE RECORD PERIOD 9999 TO 9999


WEATHER ITEM   OBSERVED TIME   NORMAL DEPARTURE LAST
                VALUE   (LST)  VALUE  FROM      YEAR
                                      NORMAL
......................................................
TEMPERATURE (F)
 YESTERDAY
  MAXIMUM         75    335 PM  74      1       77
  MINIMUM         48    548 AM  54     -6       56
  AVERAGE         62            64     -2       67

PRECIPITATION (IN)
  YESTERDAY        0.00          0.15  -0.15     0.00
  MONTH TO DATE    2.73          3.01  -0.28     3.35
  SINCE MAR 1      9.89          9.63   0.26    11.02
  SINCE JAN 1     12.83         14.17  -1.34    13.98

DEGREE DAYS
 HEATING
  YESTERDAY        3             4     -1        0
  MONTH TO DATE   84           139    -55      146
  SINCE MAR 1   1319          1348    -29     1495
  SINCE JUL 1   6184          5731    453     6405

 COOLING
  YESTERDAY        0             3     -3        2
  MONTH TO DATE   80            37     43       55
  SINCE MAR 1     83            52     31       61
  SINCE JAN 1     83            52     31       61
......................................................


WIND (MPH)
  HIGHEST WIND SPEED    14   HIGHEST WIND DIRECTION    NW (320)
  HIGHEST GUST SPEED    17   HIGHEST GUST DIRECTION    NW (330)
  AVERAGE WIND SPEED     6.7


SKY COVER
  AVERAGE SKY COVER 0.1


WEATHER CONDITIONS
 THE FOLLOWING WEATHER WAS RECORDED YESTERDAY.
  NO SIGNIFICANT WEATHER WAS OBSERVED.


RELATIVE HUMIDITY (PERCENT)
 HIGHEST    77           600 AM
 LOWEST     31           500 PM
 AVERAGE    54

..........................................................


THE MUNCIE IN CLIMATE NORMALS FOR TODAY
                         NORMAL
 MAXIMUM TEMPERATURE (F)   74
 MINIMUM TEMPERATURE (F)   54


SUNRISE AND SUNSET
MAY 23 2015...........SUNRISE   619 AM EDT   SUNSET   858 PM EDT
MAY 24 2015...........SUNRISE   619 AM EDT   SUNSET   859 PM EDT


-  INDICATES NEGATIVE NUMBERS.
R  INDICATES RECORD WAS SET OR TIED.
MM INDICATES DATA IS MISSING.
T  INDICATES TRACE AMOUNT.




$$
