000
CDUS43 KIND 230532
CLIMIE


CLIMATE REPORT
NATIONAL WEATHER SERVICE INDIANAPOLIS IN
131 AM EDT WED JUL 23 2014


...................................

...THE MUNCIE IN CLIMATE SUMMARY FOR JULY 22 2014...

CLIMATE NORMAL PERIOD 1981 TO 2010
CLIMATE RECORD PERIOD 9999 TO 9999


WEATHER ITEM   OBSERVED TIME   NORMAL DEPARTURE LAST
                VALUE   (LST)  VALUE  FROM      YEAR
                                      NORMAL
......................................................
TEMPERATURE (F)
 YESTERDAY
  MAXIMUM         88    446 PM  84      4       81
  MINIMUM         63    529 AM  64     -1       67
  AVERAGE         76            74      2       74

PRECIPITATION (IN)
  YESTERDAY        0.00          0.14  -0.14     0.11
  MONTH TO DATE    1.91          3.22  -1.31     1.56
  SINCE JUN 1      7.37          7.88  -0.51     6.54
  SINCE JAN 1     22.14         23.45  -1.31    22.35

DEGREE DAYS
 HEATING
  YESTERDAY        0             0      0        0
  MONTH TO DATE    9             0      9        0
  SINCE JUN 1     17            24     -7       14
  SINCE JUL 1      9             0      9        0

 COOLING
  YESTERDAY       11             9      2        9
  MONTH TO DATE  121           216    -95      212
  SINCE JUN 1    366           432    -66      418
  SINCE JAN 1    481           515    -34      586
......................................................


WIND (MPH)
  HIGHEST WIND SPEED    14   HIGHEST WIND DIRECTION     S (190)
  HIGHEST GUST SPEED    20   HIGHEST GUST DIRECTION     S (180)
  AVERAGE WIND SPEED     5.4


SKY COVER
  AVERAGE SKY COVER 0.1


WEATHER CONDITIONS
 THE FOLLOWING WEATHER WAS RECORDED YESTERDAY.
  NO SIGNIFICANT WEATHER WAS OBSERVED.


RELATIVE HUMIDITY (PERCENT)
 HIGHEST    93           300 AM
 LOWEST     43           200 PM
 AVERAGE    68

..........................................................


THE MUNCIE IN CLIMATE NORMALS FOR TODAY
                         NORMAL
 MAXIMUM TEMPERATURE (F)   84
 MINIMUM TEMPERATURE (F)   64


SUNRISE AND SUNSET
JULY 23 2014..........SUNRISE   631 AM EDT   SUNSET   904 PM EDT
JULY 24 2014..........SUNRISE   632 AM EDT   SUNSET   903 PM EDT


-  INDICATES NEGATIVE NUMBERS.
R  INDICATES RECORD WAS SET OR TIED.
MM INDICATES DATA IS MISSING.
T  INDICATES TRACE AMOUNT.




$$
