000
CDUS43 KIND 060534
CLIMIE


CLIMATE REPORT
NATIONAL WEATHER SERVICE INDIANAPOLIS IN
1232 AM EST TUE DEC 6 2016


...................................

...THE MUNCIE IN CLIMATE SUMMARY FOR DECEMBER 5 2016...

CLIMATE NORMAL PERIOD 1981 TO 2010
CLIMATE RECORD PERIOD 9999 TO 9999


WEATHER ITEM   OBSERVED TIME   NORMAL DEPARTURE LAST
                VALUE   (LST)  VALUE  FROM      YEAR
                                      NORMAL
......................................................
TEMPERATURE (F)
 YESTERDAY
  MAXIMUM         43    405 PM  41      2       50
  MINIMUM         31   1159 PM  27      4       27
  AVERAGE         37            34      3       39

PRECIPITATION (IN)
  YESTERDAY        0.00          0.10  -0.10     0.00
  MONTH TO DATE    0.22          0.50  -0.28     0.07
  SINCE DEC 1      0.22          0.50  -0.28     0.07
  SINCE JAN 1     39.03         37.74   1.29    38.15

DEGREE DAYS
 HEATING
  YESTERDAY       28            31     -3       26
  MONTH TO DATE  139           151    -12      140
  SINCE DEC 1    139           151    -12      140
  SINCE JUL 1    841          1286   -445     1099

 COOLING
  YESTERDAY        0             0      0        0
  MONTH TO DATE    0             0      0        0
  SINCE DEC 1      0             0      0        0
  SINCE JAN 1   1355           956    399      881
......................................................


WIND (MPH)
  HIGHEST WIND SPEED    23   HIGHEST WIND DIRECTION     W (280)
  HIGHEST GUST SPEED    28   HIGHEST GUST DIRECTION     W (280)
  AVERAGE WIND SPEED     7.3


SKY COVER
  AVERAGE SKY COVER 0.6


WEATHER CONDITIONS
 THE FOLLOWING WEATHER WAS RECORDED YESTERDAY.
  NO SIGNIFICANT WEATHER WAS OBSERVED.


RELATIVE HUMIDITY (PERCENT)
 HIGHEST    89           600 PM
 LOWEST     67           300 PM
 AVERAGE    78

..........................................................


THE MUNCIE IN CLIMATE NORMALS FOR TODAY
                         NORMAL
 MAXIMUM TEMPERATURE (F)   41
 MINIMUM TEMPERATURE (F)   26


SUNRISE AND SUNSET
DECEMBER  6 2016......SUNRISE   750 AM EST   SUNSET   515 PM EST
DECEMBER  7 2016......SUNRISE   751 AM EST   SUNSET   515 PM EST


-  INDICATES NEGATIVE NUMBERS.
R  INDICATES RECORD WAS SET OR TIED.
MM INDICATES DATA IS MISSING.
T  INDICATES TRACE AMOUNT.




$$
