000
CDUS43 KIND 020532
CLIMIE


CLIMATE REPORT
NATIONAL WEATHER SERVICE INDIANAPOLIS IN
131 AM EDT THU JUL 2 2015


...................................

...THE MUNCIE IN CLIMATE SUMMARY FOR JULY 1 2015...

CLIMATE NORMAL PERIOD 1981 TO 2010
CLIMATE RECORD PERIOD 9999 TO 9999


WEATHER ITEM   OBSERVED TIME   NORMAL DEPARTURE LAST
                VALUE   (LST)  VALUE  FROM      YEAR
                                      NORMAL
......................................................
TEMPERATURE (F)
 YESTERDAY
  MAXIMUM         77    244 PM  85     -8       85
  MINIMUM         59    559 AM  65     -6       66
  AVERAGE         68            75     -7       76

PRECIPITATION (IN)
  YESTERDAY        0.00          0.15  -0.15     0.25
  MONTH TO DATE    0.00          0.15  -0.15     0.25
  SINCE JUN 1      7.69          4.81   2.88     5.71
  SINCE JAN 1     22.49         20.38   2.11    20.48

DEGREE DAYS
 HEATING
  YESTERDAY        0             0      0        0
  MONTH TO DATE    0             0      0        0
  SINCE JUN 1     28            24      4        8
  SINCE JUL 1      0             0      0        0

 COOLING
  YESTERDAY        3            10     -7       11
  MONTH TO DATE    3            10     -7       11
  SINCE JUN 1    223           226     -3      256
  SINCE JAN 1    367           309     58      371
......................................................


WIND (MPH)
  HIGHEST WIND SPEED    12   HIGHEST WIND DIRECTION     W (270)
  HIGHEST GUST SPEED    14   HIGHEST GUST DIRECTION     W (280)
  AVERAGE WIND SPEED     4.7


SKY COVER
  AVERAGE SKY COVER 0.4


WEATHER CONDITIONS
 THE FOLLOWING WEATHER WAS RECORDED YESTERDAY.
  FOG


RELATIVE HUMIDITY (PERCENT)
 HIGHEST    93           500 AM
 LOWEST     60           200 PM
 AVERAGE    77

..........................................................


THE MUNCIE IN CLIMATE NORMALS FOR TODAY
                         NORMAL
 MAXIMUM TEMPERATURE (F)   85
 MINIMUM TEMPERATURE (F)   65


SUNRISE AND SUNSET
JULY  2 2015..........SUNRISE   616 AM EDT   SUNSET   915 PM EDT
JULY  3 2015..........SUNRISE   617 AM EDT   SUNSET   915 PM EDT


-  INDICATES NEGATIVE NUMBERS.
R  INDICATES RECORD WAS SET OR TIED.
MM INDICATES DATA IS MISSING.
T  INDICATES TRACE AMOUNT.




$$
