000
CDUS43 KMKX 172234
CLIMKE


CLIMATE REPORT
NATIONAL WEATHER SERVICE IN MILWAUKEE
432 PM CST WED JAN 17 2018


...................................

...THE MILWAUKEE WI CLIMATE SUMMARY FOR JANUARY 17 2018...
VALID TODAY AS OF 0400 PM LOCAL TIME.

CLIMATE NORMAL PERIOD 1981 TO 2010
CLIMATE RECORD PERIOD 1871 TO 2018


WEATHER ITEM   OBSERVED TIME   RECORD YEAR NORMAL DEPARTURE LAST
                VALUE   (LST)  VALUE       VALUE  FROM      YEAR
                                                  NORMAL
..................................................................
TEMPERATURE (F)
 TODAY
  MAXIMUM         25    120 PM  54    1894  29     -4       40
  MINIMUM          5    747 AM -26    1982  15    -10       36
  AVERAGE         15                        22     -7       38

PRECIPITATION (IN)
  TODAY            0.00          0.77 1897   0.05  -0.05     0.11
  MONTH TO DATE    0.35                      1.01  -0.66     1.19
  SINCE DEC 1      0.81                      3.05  -2.24     3.12
  SINCE JAN 1      0.35                      1.01  -0.66     1.19

SNOWFALL (IN)
  TODAY            0.0           4.8  2011   0.5   -0.5      0.0
  MONTH TO DATE    8.1                       8.3   -0.2      1.0
  SINCE DEC 1     12.7                      18.9   -6.2     19.8
  SINCE JUL 1     12.9                      21.6   -8.7     19.8
  SNOW DEPTH       5

DEGREE DAYS
 HEATING
  TODAY           50                        43      7       27
  MONTH TO DATE  794                       726     68      716
  SINCE DEC 1   2000                      1921     79     1923
  SINCE JUL 1   3105                      3286   -181     2753

 COOLING
  TODAY            0                         0      0        0
  MONTH TO DATE    0                         0      0        0
  SINCE DEC 1      0                         0      0        0
  SINCE JAN 1      0                         0      0        0
..................................................................


WIND (MPH)
  HIGHEST WIND SPEED    26   HIGHEST WIND DIRECTION     W (250)
  HIGHEST GUST SPEED    39   HIGHEST GUST DIRECTION     W (260)
  AVERAGE WIND SPEED    11.0


SKY COVER
  POSSIBLE SUNSHINE  MM
  AVERAGE SKY COVER 0.3


WEATHER CONDITIONS
 THE FOLLOWING WEATHER WAS RECORDED TODAY.
  HAZE
  BLOWING SNOW


RELATIVE HUMIDITY (PERCENT)
 HIGHEST    88           600 AM
 LOWEST     50           100 PM
 AVERAGE    69

..........................................................


THE MILWAUKEE WI CLIMATE NORMALS FOR TOMORROW
                         NORMAL    RECORD    YEAR
 MAXIMUM TEMPERATURE (F)   29        53      1996
 MINIMUM TEMPERATURE (F)   15       -21      1994
                                             1930


SUNRISE AND SUNSET
JANUARY 17 2018.......SUNRISE   719 AM CST   SUNSET   445 PM CST
JANUARY 18 2018.......SUNRISE   718 AM CST   SUNSET   446 PM CST


-  INDICATES NEGATIVE NUMBERS.
R  INDICATES RECORD WAS SET OR TIED.
MM INDICATES DATA IS MISSING.
T  INDICATES TRACE AMOUNT.




$$
