000
CDUS43 KMKX 060653
CLIMKE


CLIMATE REPORT
NATIONAL WEATHER SERVICE IN MILWAUKEE
153 AM CDT FRI MAY 6 2016


...................................

...THE MILWAUKEE WI CLIMATE SUMMARY FOR MAY 5 2016...

CLIMATE NORMAL PERIOD 1981 TO 2010
CLIMATE RECORD PERIOD 1871 TO 2016


WEATHER ITEM   OBSERVED TIME   RECORD YEAR NORMAL DEPARTURE LAST
                VALUE   (LST)  VALUE       VALUE  FROM      YEAR
                                                  NORMAL
..................................................................
TEMPERATURE (F)
 YESTERDAY
  MAXIMUM         55    301 PM  89    1949  61     -6       53
  MINIMUM         40    351 AM  30    1973  43     -3       44
  AVERAGE         48                        52     -4       49

PRECIPITATION (IN)
  YESTERDAY        0.00          2.02 1976   0.10  -0.10     0.44
  MONTH TO DATE    0.17                      0.53  -0.36     0.44
  SINCE MAR 1      5.31                      6.36  -1.05     6.49
  SINCE JAN 1      6.62                      9.77  -3.15     8.21

SNOWFALL (IN)
  YESTERDAY        0.0           0.5  1893   0.0    0.0      0.0
  MONTH TO DATE    0.0                       0.0    0.0      0.0
  SINCE MAR 1     10.0                       9.0    1.0      4.9
  SINCE JUL 1     39.1                      46.8   -7.7     43.0
  SNOW DEPTH       0

DEGREE DAYS
 HEATING
  YESTERDAY       17                        13      4       16
  MONTH TO DATE   86                        68     18       38
  SINCE MAR 1   1483                      1585   -102     1537
  SINCE JUL 1   5702                      6565   -863     6869

 COOLING
  YESTERDAY        0                         0      0        0
  MONTH TO DATE    0                         0      0        4
  SINCE MAR 1      0                         5     -5        4
  SINCE JAN 1      0                         5     -5        4
..................................................................


WIND (MPH)
  HIGHEST WIND SPEED    21   HIGHEST WIND DIRECTION     N (10)
  HIGHEST GUST SPEED    30   HIGHEST GUST DIRECTION     N (360)
  AVERAGE WIND SPEED     9.2


SKY COVER
  POSSIBLE SUNSHINE  MM
  AVERAGE SKY COVER 0.4


WEATHER CONDITIONS
 THE FOLLOWING WEATHER WAS RECORDED YESTERDAY.
  NO SIGNIFICANT WEATHER WAS OBSERVED.


RELATIVE HUMIDITY (PERCENT)
 HIGHEST    71          1000 PM
 LOWEST     56           700 PM
 AVERAGE    64

..........................................................


THE MILWAUKEE WI CLIMATE NORMALS FOR TODAY
                         NORMAL    RECORD    YEAR
 MAXIMUM TEMPERATURE (F)   62        91      1934
 MINIMUM TEMPERATURE (F)   44        28      1967


SUNRISE AND SUNSET
MAY  6 2016...........SUNRISE   538 AM CDT   SUNSET   759 PM CDT
MAY  7 2016...........SUNRISE   537 AM CDT   SUNSET   800 PM CDT


-  INDICATES NEGATIVE NUMBERS.
R  INDICATES RECORD WAS SET OR TIED.
MM INDICATES DATA IS MISSING.
T  INDICATES TRACE AMOUNT.




$$
