000
CDUS43 KMKX 230719
CLIMKE


CLIMATE REPORT
NATIONAL WEATHER SERVICE IN MILWAUKEE
218 AM CDT MON OCT 23 2017


...................................

...THE MILWAUKEE WI CLIMATE SUMMARY FOR OCTOBER 22 2017...

CLIMATE NORMAL PERIOD 1981 TO 2010
CLIMATE RECORD PERIOD 1871 TO 2017


WEATHER ITEM   OBSERVED TIME   RECORD YEAR NORMAL DEPARTURE LAST
                VALUE   (LST)  VALUE       VALUE  FROM      YEAR
                                                  NORMAL
..................................................................
TEMPERATURE (F)
 YESTERDAY
  MAXIMUM         69    228 AM  83    1953  57     12       62
  MINIMUM         52   1159 PM  24    1887  41     11       38
  AVERAGE         61                        49     12       50

PRECIPITATION (IN)
  YESTERDAY        0.51          1.84 1959   0.08   0.43     0.00
  MONTH TO DATE    3.57                      1.87   1.70     1.75
  SINCE SEP 1      4.42                      5.05  -0.63     6.05
  SINCE JAN 1     31.74                     29.23   2.51    23.71

SNOWFALL (IN)
  YESTERDAY        0.0           0.4  1987   0.1   -0.1      0.0
  MONTH TO DATE    0.0                       0.2   -0.2      0.0
  SINCE SEP 1      0.0                       0.2   -0.2      0.0
  SINCE JUL 1      0.0                       0.2   -0.2      0.0
  SNOW DEPTH       0

DEGREE DAYS
 HEATING
  YESTERDAY        4                        16    -12       15
  MONTH TO DATE   79                       275   -196      149
  SINCE SEP 1    142                       401   -259      174
  SINCE JUL 1    151                       427   -276      176

 COOLING
  YESTERDAY        0                         0      0        0
  MONTH TO DATE   27                         3     24       11
  SINCE SEP 1    162                        72     90      152
  SINCE JAN 1    772                       637    135      988
..................................................................


WIND (MPH)
  HIGHEST WIND SPEED    25   HIGHEST WIND DIRECTION    NW (320)
  HIGHEST GUST SPEED    32   HIGHEST GUST DIRECTION    NW (320)
  AVERAGE WIND SPEED     7.5


SKY COVER
  POSSIBLE SUNSHINE  MM
  AVERAGE SKY COVER 0.9


WEATHER CONDITIONS
 THE FOLLOWING WEATHER WAS RECORDED YESTERDAY.
  RAIN
  LIGHT RAIN
  FOG


RELATIVE HUMIDITY (PERCENT)
 HIGHEST   100           900 PM
 LOWEST     61           200 AM
 AVERAGE    81

..........................................................


THE MILWAUKEE WI CLIMATE NORMALS FOR TODAY
                         NORMAL    RECORD    YEAR
 MAXIMUM TEMPERATURE (F)   57        84      1963
                                             1899
 MINIMUM TEMPERATURE (F)   41        21      1981


SUNRISE AND SUNSET
OCTOBER 23 2017.......SUNRISE   715 AM CDT   SUNSET   556 PM CDT
OCTOBER 24 2017.......SUNRISE   716 AM CDT   SUNSET   555 PM CDT


-  INDICATES NEGATIVE NUMBERS.
R  INDICATES RECORD WAS SET OR TIED.
MM INDICATES DATA IS MISSING.
T  INDICATES TRACE AMOUNT.




$$
