000
CDUS43 KMKX 300649
CLIMKE


CLIMATE REPORT
NATIONAL WEATHER SERVICE IN MILWAUKEE
148 AM CDT TUE SEP 30 2014


...................................

...THE MILWAUKEE WI CLIMATE SUMMARY FOR SEPTEMBER 29 2014...

CLIMATE NORMAL PERIOD 1981 TO 2010
CLIMATE RECORD PERIOD 1871 TO 2014


WEATHER ITEM   OBSERVED TIME   RECORD YEAR NORMAL DEPARTURE LAST
                VALUE   (LST)  VALUE       VALUE  FROM      YEAR
                                                  NORMAL
..................................................................
TEMPERATURE (F)
 YESTERDAY
  MAXIMUM         82    127 PM  91    1953  66     16       66
  MINIMUM         49   1159 PM  31    1961  49      0       50
                                      1942
  AVERAGE         66                        58      8       58

PRECIPITATION (IN)
  YESTERDAY        0.05          1.40 1872   0.09  -0.04      T
  MONTH TO DATE    1.12                      3.08  -1.96     1.54
  SINCE SEP 1      1.12                      3.08  -1.96     1.54
  SINCE JAN 1     26.41                     27.26  -0.85    31.67

SNOWFALL (IN)
  YESTERDAY        0.0           T    1993   0.0    0.0      0.0
                                      1899
  MONTH TO DATE    0.0                       0.0    0.0      0.0
  SINCE SEP 1      0.0                       0.0    0.0      0.0
  SINCE JUL 1      0.0                       0.0    0.0      0.0
  SNOW DEPTH       0

DEGREE DAYS
 HEATING
  YESTERDAY        0                         8     -8        7
  MONTH TO DATE  134                       117     17      101
  SINCE SEP 1    134                       117     17      101
  SINCE JUL 1    160                       143     17      123

 COOLING
  YESTERDAY        1                         1      0        0
  MONTH TO DATE   59                        69    -10      101
  SINCE SEP 1     59                        69    -10      101
  SINCE JAN 1    460                       634   -174      678
..................................................................


WIND (MPH)
  HIGHEST WIND SPEED    30   HIGHEST WIND DIRECTION     N (20)
  HIGHEST GUST SPEED    36   HIGHEST GUST DIRECTION     N (20)
  AVERAGE WIND SPEED     9.6


SKY COVER
  POSSIBLE SUNSHINE  MM
  AVERAGE SKY COVER 0.5


WEATHER CONDITIONS
 THE FOLLOWING WEATHER WAS RECORDED YESTERDAY.
  RAIN
  LIGHT RAIN
  FOG


RELATIVE HUMIDITY (PERCENT)
 HIGHEST    89           700 PM
 LOWEST     39          1200 PM
 AVERAGE    64

..........................................................


THE MILWAUKEE WI CLIMATE NORMALS FOR TODAY
                         NORMAL    RECORD    YEAR
 MAXIMUM TEMPERATURE (F)   65        88      1971
                                             1897
 MINIMUM TEMPERATURE (F)   49        30      1899


SUNRISE AND SUNSET
SEPTEMBER 30 2014.....SUNRISE   648 AM CDT   SUNSET   635 PM CDT
OCTOBER  1 2014.......SUNRISE   649 AM CDT   SUNSET   633 PM CDT


-  INDICATES NEGATIVE NUMBERS.
R  INDICATES RECORD WAS SET OR TIED.
MM INDICATES DATA IS MISSING.
T  INDICATES TRACE AMOUNT.




$$
