000
CDUS43 KMKX 260651
CLIMKE


CLIMATE REPORT
NATIONAL WEATHER SERVICE IN MILWAUKEE
151 AM CDT SAT JUL 26 2014


...................................

...THE MILWAUKEE WI CLIMATE SUMMARY FOR JULY 25 2014...

CLIMATE NORMAL PERIOD 1981 TO 2010
CLIMATE RECORD PERIOD 1871 TO 2014


WEATHER ITEM   OBSERVED TIME   RECORD YEAR NORMAL DEPARTURE LAST
                VALUE   (LST)  VALUE       VALUE  FROM      YEAR
                                                  NORMAL
..................................................................
TEMPERATURE (F)
 YESTERDAY
  MAXIMUM         75    355 PM 102    1940  80     -5       79
  MINIMUM         59    453 AM  52    1962  64     -5       56
  AVERAGE         67                        72     -5       68

PRECIPITATION (IN)
  YESTERDAY        T             1.28 1986   0.12  -0.12     0.00
  MONTH TO DATE    1.89                      2.99  -1.10     1.00
  SINCE JUN 1      8.23                      6.89   1.34     6.80
  SINCE JAN 1     19.18                     19.53  -0.35    26.31

SNOWFALL (IN)
  YESTERDAY        0.0           0.0    MM   0.0    0.0      0.0
  MONTH TO DATE    0.0                       0.0    0.0      0.0
  SINCE JUN 1      0.0                       0.0    0.0      0.0
  SINCE JUL 1      0.0                       0.0    0.0      0.0
  SNOW DEPTH       0

DEGREE DAYS
 HEATING
  YESTERDAY        0                         0      0        0
  MONTH TO DATE   16                         4     12        4
  SINCE JUN 1     90                        88      2       91
  SINCE JUL 1     16                         4     12        4

 COOLING
  YESTERDAY        2                         7     -5        3
  MONTH TO DATE  100                       174    -74      232
  SINCE JUN 1    190                       294   -104      331
  SINCE JAN 1    208                       324   -116      370
..................................................................


WIND (MPH)
  HIGHEST WIND SPEED    18   HIGHEST WIND DIRECTION    SW (210)
  HIGHEST GUST SPEED    23   HIGHEST GUST DIRECTION     S (190)
  AVERAGE WIND SPEED     9.7


SKY COVER
  POSSIBLE SUNSHINE  MM
  AVERAGE SKY COVER 0.6


WEATHER CONDITIONS
 THE FOLLOWING WEATHER WAS RECORDED YESTERDAY.
  LIGHT RAIN


RELATIVE HUMIDITY (PERCENT)
 HIGHEST    78          1000 PM
 LOWEST     54           400 PM
 AVERAGE    66

..........................................................


THE MILWAUKEE WI CLIMATE NORMALS FOR TODAY
                         NORMAL    RECORD    YEAR
 MAXIMUM TEMPERATURE (F)   80       101      1955
 MINIMUM TEMPERATURE (F)   64        50      1962


SUNRISE AND SUNSET
JULY 26 2014..........SUNRISE   536 AM CDT   SUNSET   819 PM CDT
JULY 27 2014..........SUNRISE   537 AM CDT   SUNSET   818 PM CDT


-  INDICATES NEGATIVE NUMBERS.
R  INDICATES RECORD WAS SET OR TIED.
MM INDICATES DATA IS MISSING.
T  INDICATES TRACE AMOUNT.




$$
