000
CDUS43 KMKX 170647
CLIMKE


CLIMATE REPORT
NATIONAL WEATHER SERVICE IN MILWAUKEE
146 AM CDT THU APR 17 2014


...................................

...THE MILWAUKEE WI CLIMATE SUMMARY FOR APRIL 16 2014...

CLIMATE NORMAL PERIOD 1981 TO 2010
CLIMATE RECORD PERIOD 1871 TO 2014


WEATHER ITEM   OBSERVED TIME   RECORD YEAR NORMAL DEPARTURE LAST
                VALUE   (LST)  VALUE       VALUE  FROM      YEAR
                                                  NORMAL
..................................................................
TEMPERATURE (F)
 YESTERDAY
  MAXIMUM         45    213 PM  86    2002  54     -9       54
  MINIMUM         24    125 AM  12    1875  38    -14       36
  AVERAGE         35                        46    -11       45

PRECIPITATION (IN)
  YESTERDAY        0.00          1.23 1921   0.13  -0.13      T
  MONTH TO DATE    2.54                      1.94   0.60     4.27
  SINCE MAR 1      3.66                      4.21  -0.55     5.90
  SINCE JAN 1      6.40                      7.62  -1.22    12.10

SNOWFALL (IN)
  YESTERDAY        0.0          14.0  1921   0.1   -0.1      0.0
  MONTH TO DATE    0.3                       1.5   -1.2      0.2
  SINCE MAR 1      6.6                       8.5   -1.9      7.6
  SINCE JUL 1     63.4                      46.3   17.1     44.8
  SNOW DEPTH       0

DEGREE DAYS
 HEATING
  YESTERDAY       30                        19     11       20
  MONTH TO DATE  376                       353     23      404
  SINCE MAR 1   1486                      1282    204     1479
  SINCE JUL 1   7142                      6262    880     6204

 COOLING
  YESTERDAY        0                         0      0        0
  MONTH TO DATE    0                         0      0        0
  SINCE MAR 1      0                         0      0        0
  SINCE JAN 1      0                         0      0        0
..................................................................


WIND (MPH)
  HIGHEST WIND SPEED    29   HIGHEST WIND DIRECTION    SE (130)
  HIGHEST GUST SPEED    35   HIGHEST GUST DIRECTION    SE (140)
  AVERAGE WIND SPEED    15.6


SKY COVER
  POSSIBLE SUNSHINE  MM
  AVERAGE SKY COVER 0.7


WEATHER CONDITIONS
 THE FOLLOWING WEATHER WAS RECORDED YESTERDAY.
  NO SIGNIFICANT WEATHER WAS OBSERVED.


RELATIVE HUMIDITY (PERCENT)
 HIGHEST    81           200 AM
 LOWEST     48           900 AM
 AVERAGE    65

..........................................................


THE MILWAUKEE WI CLIMATE NORMALS FOR TODAY
                         NORMAL    RECORD    YEAR
 MAXIMUM TEMPERATURE (F)   54        84      1976
 MINIMUM TEMPERATURE (F)   38        14      1875


SUNRISE AND SUNSET
APRIL 17 2014.........SUNRISE   607 AM CDT   SUNSET   736 PM CDT
APRIL 18 2014.........SUNRISE   605 AM CDT   SUNSET   738 PM CDT


-  INDICATES NEGATIVE NUMBERS.
R  INDICATES RECORD WAS SET OR TIED.
MM INDICATES DATA IS MISSING.
T  INDICATES TRACE AMOUNT.




$$
