000
CDUS43 KMKX 290700
CLIMKE


CLIMATE REPORT
NATIONAL WEATHER SERVICE IN MILWAUKEE
100 AM CST THU JAN 29 2015


...................................

...THE MILWAUKEE WI CLIMATE SUMMARY FOR JANUARY 28 2015...

CLIMATE NORMAL PERIOD 1981 TO 2010
CLIMATE RECORD PERIOD 1871 TO 2015


WEATHER ITEM   OBSERVED TIME   RECORD YEAR NORMAL DEPARTURE LAST
                VALUE   (LST)  VALUE       VALUE  FROM      YEAR
                                                  NORMAL
..................................................................
TEMPERATURE (F)
 YESTERDAY
  MAXIMUM         34    216 PM  55    1914  29      5        2
  MINIMUM         20    535 AM -20    1885  16      4      -12
  AVERAGE         27                        22      5       -5

PRECIPITATION (IN)
  YESTERDAY        0.01          0.70 1918   0.05  -0.04     0.00
  MONTH TO DATE    0.78                      1.59  -0.81     1.10
  SINCE DEC 1      1.81                      3.63  -1.82     2.89
  SINCE JAN 1      0.78                      1.59  -0.81     1.10

SNOWFALL (IN)
  YESTERDAY        0.0           8.1  1951   0.4   -0.4      0.0
  MONTH TO DATE   12.1                      13.3   -1.2     19.3
  SINCE DEC 1     12.6                      23.9  -11.3     38.6
  SINCE JUL 1     17.4                      26.6   -9.2     40.6
  SNOW DEPTH       T

DEGREE DAYS
 HEATING
  YESTERDAY       38                        43     -5       70
  MONTH TO DATE 1197                      1199     -2     1427
  SINCE DEC 1   2233                      2394   -161     2785
  SINCE JUL 1   3804                      3759     45     4160

 COOLING
  YESTERDAY        0                         0      0        0
  MONTH TO DATE    0                         0      0        0
  SINCE DEC 1      0                         0      0        0
  SINCE JAN 1      0                         0      0        0
..................................................................


WIND (MPH)
  HIGHEST WIND SPEED    24   HIGHEST WIND DIRECTION     S (160)
  HIGHEST GUST SPEED    32   HIGHEST GUST DIRECTION    SE (150)
  AVERAGE WIND SPEED    10.0


SKY COVER
  POSSIBLE SUNSHINE  MM
  AVERAGE SKY COVER 0.8


WEATHER CONDITIONS
 THE FOLLOWING WEATHER WAS RECORDED YESTERDAY.
  LIGHT RAIN


RELATIVE HUMIDITY (PERCENT)
 HIGHEST    81           700 AM
 LOWEST     51           100 PM
 AVERAGE    66

..........................................................


THE MILWAUKEE WI CLIMATE NORMALS FOR TODAY
                         NORMAL    RECORD    YEAR
 MAXIMUM TEMPERATURE (F)   29        60      2013
 MINIMUM TEMPERATURE (F)   16       -23      1966


SUNRISE AND SUNSET
JANUARY 29 2015.......SUNRISE   710 AM CST   SUNSET   500 PM CST
JANUARY 30 2015.......SUNRISE   709 AM CST   SUNSET   501 PM CST


-  INDICATES NEGATIVE NUMBERS.
R  INDICATES RECORD WAS SET OR TIED.
MM INDICATES DATA IS MISSING.
T  INDICATES TRACE AMOUNT.




$$
