000
CDUS43 KGRR 212132
CLIMKG


CLIMATE REPORT
NATIONAL WEATHER SERVICE GRAND RAPIDS, MI
531 PM EDT FRI JUL 21 2017


...................................

...THE MUSKEGON MI CLIMATE SUMMARY FOR JULY 21 2017...
VALID TODAY AS OF 0500 PM LOCAL TIME.

CLIMATE NORMAL PERIOD 1981 TO 2010
CLIMATE RECORD PERIOD 1896 TO 2017


WEATHER ITEM   OBSERVED TIME   RECORD YEAR NORMAL DEPARTURE LAST
                VALUE   (LST)  VALUE       VALUE  FROM      YEAR
                                                  NORMAL
..................................................................
TEMPERATURE (F)
 TODAY
  MAXIMUM         86    951 AM  95    1934  81      5       81
  MINIMUM         63    554 AM  43    1921  62      1       72
  AVERAGE         75                        71      4       77

PRECIPITATION (IN)
  TODAY            0.00          1.39 1953   0.08  -0.08     0.23
  MONTH TO DATE    1.27                      1.52  -0.25     1.25
  SINCE JUN 1      4.91                      4.07   0.84     3.59
  SINCE JAN 1     19.39                     16.34   3.05    17.52

SNOWFALL (IN)
  TODAY            0.0          MM      MM   0.0    0.0      0.0
  MONTH TO DATE    0.0                       0.0    0.0      0.0
  SINCE JUN 1      0.0                       0.0    0.0      0.0
  SINCE JUL 1      0.0                       0.0    0.0      0.0
  SNOW DEPTH       0

DEGREE DAYS
 HEATING
  TODAY            0                         0      0        0
  MONTH TO DATE    0                         4     -4        9
  SINCE JUN 1     34                        70    -36       47
  SINCE JUL 1      0                         4     -4        9

 COOLING
  TODAY           10                         7      3       12
  MONTH TO DATE  138                       138      0      141
  SINCE JUN 1    268                       243     25      258
  SINCE JAN 1    290                       272     18      302
..................................................................


WIND (MPH)
  RESULTANT WIND SPEED   2   RESULTANT WIND DIRECTION  SW (230)
  HIGHEST WIND SPEED    15   HIGHEST WIND DIRECTION    SW (230)
  HIGHEST GUST SPEED    17   HIGHEST GUST DIRECTION    SW (230)
  AVERAGE WIND SPEED     2.8


SKY COVER
  AVERAGE SKY COVER 0.6


WEATHER CONDITIONS
 THE FOLLOWING WEATHER WAS RECORDED TODAY.
  FOG


RELATIVE HUMIDITY (PERCENT)
 HIGHEST   100          1200 AM
 LOWEST     55          1000 AM
 AVERAGE    78

..........................................................


THE MUSKEGON MI CLIMATE NORMALS FOR TOMORROW
                         NORMAL    RECORD    YEAR
 MAXIMUM TEMPERATURE (F)   81        93      1901
 MINIMUM TEMPERATURE (F)   62        46      1947


SUNRISE AND SUNSET
JULY 21 2017..........SUNRISE   625 AM EDT   SUNSET   918 PM EDT
JULY 22 2017..........SUNRISE   625 AM EDT   SUNSET   917 PM EDT


-  INDICATES NEGATIVE NUMBERS.
R  INDICATES RECORD WAS SET OR TIED.
MM INDICATES DATA IS MISSING.
T  INDICATES TRACE AMOUNT.




$$

JAM
