000
CDUS43 KGRR 060520
CLIMKG


CLIMATE REPORT
NATIONAL WEATHER SERVICE GRAND RAPIDS, MI
120 AM EDT MON JUL 6 2015


...................................

...THE MUSKEGON MI CLIMATE SUMMARY FOR JULY 5 2015...

CLIMATE NORMAL PERIOD 1981 TO 2010
CLIMATE RECORD PERIOD 1896 TO 2015


WEATHER ITEM   OBSERVED TIME   RECORD YEAR NORMAL DEPARTURE LAST
                VALUE   (LST)  VALUE       VALUE  FROM      YEAR
                                                  NORMAL
..................................................................
TEMPERATURE (F)
 YESTERDAY
  MAXIMUM         82    238 PM  95    1988  80      2       77
                                      1911
  MINIMUM         56    430 AM  44    1997  61     -5       49
  AVERAGE         69                        71     -2       63

PRECIPITATION (IN)
  YESTERDAY        0.00          0.65 1919   0.07  -0.07     0.00
  MONTH TO DATE    0.00                      0.37  -0.37     0.13
  SINCE JUN 1      3.30                      2.92   0.38     7.15
  SINCE JAN 1     15.73                     15.19   0.54    20.45

SNOWFALL (IN)
  YESTERDAY        0.0          MM      MM   0.0    0.0      0.0
  MONTH TO DATE    0.0                       0.0    0.0      0.0
  SINCE JUN 1      0.0                       0.0    0.0      0.0
  SINCE JUL 1      0.0                       0.0    0.0      0.0
  SNOW DEPTH       0

DEGREE DAYS
 HEATING
  YESTERDAY        0                         0      0        2
  MONTH TO DATE   11                         4      7        2
  SINCE JUN 1     44                        70    -26       33
  SINCE JUL 1     11                         4      7        2

 COOLING
  YESTERDAY        4                         6     -2        0
  MONTH TO DATE    4                        30    -26        5
  SINCE JUN 1     67                       135    -68      140
  SINCE JAN 1    106                       164    -58      157
..................................................................


WIND (MPH)
  RESULTANT WIND SPEED   3   RESULTANT WIND DIRECTION   S (200)
  HIGHEST WIND SPEED    10   HIGHEST WIND DIRECTION    SW (240)
  HIGHEST GUST SPEED    13   HIGHEST GUST DIRECTION    SW (220)
  AVERAGE WIND SPEED     4.0


SKY COVER
  AVERAGE SKY COVER 0.2


WEATHER CONDITIONS
 THE FOLLOWING WEATHER WAS RECORDED YESTERDAY.
  FOG
  HAZE


RELATIVE HUMIDITY (PERCENT)
 HIGHEST    93           400 AM
 LOWEST     45           400 PM
 AVERAGE    69

..........................................................


THE MUSKEGON MI CLIMATE NORMALS FOR TODAY
                         NORMAL    RECORD    YEAR
 MAXIMUM TEMPERATURE (F)   80        99      2012
 MINIMUM TEMPERATURE (F)   61        41      1983


SUNRISE AND SUNSET
JULY  6 2015..........SUNRISE   612 AM EDT   SUNSET   927 PM EDT
JULY  7 2015..........SUNRISE   612 AM EDT   SUNSET   927 PM EDT


-  INDICATES NEGATIVE NUMBERS.
R  INDICATES RECORD WAS SET OR TIED.
MM INDICATES DATA IS MISSING.
T  INDICATES TRACE AMOUNT.




$$
