984
CDUS43 KGRR 211424
CLIMKG


CLIMATE REPORT
NATIONAL WEATHER SERVICE GRAND RAPIDS, MI
924 AM EST TUE NOV 21 2017


...................................

...THE MUSKEGON MI CLIMATE SUMMARY FOR NOVEMBER 21 2017...
VALID AS OF 0900 AM LOCAL TIME.

CLIMATE NORMAL PERIOD 1981 TO 2010
CLIMATE RECORD PERIOD 1896 TO 2017


WEATHER ITEM   OBSERVED TIME   RECORD YEAR NORMAL DEPARTURE LAST
                VALUE   (LST)  VALUE       VALUE  FROM      YEAR
                                                  NORMAL
..................................................................
TEMPERATURE (F)
 TODAY
  MAXIMUM         48    859 AM  69    1913  44      4       41
  MINIMUM         47    835 AM  18    2014  32     15       25
  AVERAGE         48                        38     10       33

PRECIPITATION (IN)
  TODAY            0.00          1.10 1906   0.11  -0.11     0.00
  MONTH TO DATE    2.46                      2.39   0.07     0.63
  SINCE SEP 1     12.53                      9.39   3.14    10.33
  SINCE JAN 1     33.69                     29.97   3.72    35.48

SNOWFALL (IN)
  TODAY            0.0           4.7  1971   0.3   -0.3      0.0
  MONTH TO DATE    T                         2.8   -2.8      1.0
  SINCE SEP 1      T                         3.0   -3.0      1.0
  SINCE JUL 1      T                         3.0   -3.0      1.0
  SNOW DEPTH       0

DEGREE DAYS
 HEATING
  TODAY           17                        27    -10       32
  MONTH TO DATE  533                       486     47      348
  SINCE SEP 1    919                      1079   -160      691
  SINCE JUL 1    932                      1109   -177      700

 COOLING
  TODAY            0                         0      0        0
  MONTH TO DATE    0                         0      0        0
  SINCE SEP 1    121                        59     62      110
  SINCE JAN 1    615                       566     49      774
..................................................................


WIND (MPH)
  RESULTANT WIND SPEED  24   RESULTANT WIND DIRECTION  SW (220)
  HIGHEST WIND SPEED    33   HIGHEST WIND DIRECTION     S (200)
  HIGHEST GUST SPEED    49   HIGHEST GUST DIRECTION     S (200)
  AVERAGE WIND SPEED    24.2


SKY COVER
  AVERAGE SKY COVER 0.4


WEATHER CONDITIONS
 THE FOLLOWING WEATHER WAS RECORDED TODAY.
  NO SIGNIFICANT WEATHER WAS OBSERVED.


RELATIVE HUMIDITY (PERCENT)
 HIGHEST    65           500 AM
 LOWEST     61          1200 AM
 AVERAGE    63

..........................................................


THE MUSKEGON MI CLIMATE NORMALS FOR TOMORROW
                         NORMAL    RECORD    YEAR
 MAXIMUM TEMPERATURE (F)   44        67      1934
 MINIMUM TEMPERATURE (F)   32        14      1971


SUNRISE AND SUNSET
NOVEMBER 21 2017......SUNRISE   746 AM EST   SUNSET   516 PM EST
NOVEMBER 22 2017......SUNRISE   747 AM EST   SUNSET   515 PM EST


-  INDICATES NEGATIVE NUMBERS.
R  INDICATES RECORD WAS SET OR TIED.
MM INDICATES DATA IS MISSING.
T  INDICATES TRACE AMOUNT.




$$
