630
CDUS44 KMEG 120739
CLIMKL


CLIMATE REPORT
NATIONAL WEATHER SERVICE MEMPHIS TN
138 AM CST FRI FEB 12 2016


...................................

...THE JACKSON CLIMATE SUMMARY FOR FEBRUARY 11 2016...

CLIMATE NORMAL PERIOD 1981 TO 2010
CLIMATE RECORD PERIOD 1948 TO 2016


WEATHER ITEM   OBSERVED TIME   RECORD YEAR NORMAL DEPARTURE LAST
                VALUE   (LST)  VALUE       VALUE  FROM      YEAR
                                                  NORMAL
..................................................................
TEMPERATURE (F)
 YESTERDAY
  MAXIMUM         50    140 PM  76    1999  52     -2       55
  MINIMUM         24    554 AM   3    2011  31     -7       22
  AVERAGE         37                        41     -4       39

PRECIPITATION (IN)
  YESTERDAY        0.00          3.67 1965   0.15  -0.15     0.00
  MONTH TO DATE    1.42                      1.66  -0.24     0.72
  SINCE DEC 1      8.61                     11.08  -2.47     4.54
  SINCE JAN 1      3.46                      5.73  -2.27     1.46

SNOWFALL (IN)
  YESTERDAY        0.0           8.0  1985   0.1   -0.1      0.0
  MONTH TO DATE    T                         0.8   -0.8      0.0
  SINCE DEC 1      1.5                       3.3   -1.8       T
  SINCE JUL 1      1.5                       3.4   -1.9      0.1
  SNOW DEPTH       0

DEGREE DAYS
 HEATING
  YESTERDAY       28                        24      4       26
  MONTH TO DATE  272                       273     -1      273
  SINCE DEC 1   1562                      1855   -293     1765
  SINCE JUL 1   2037                      2522   -485     2557

 COOLING
  YESTERDAY        0                         0      0        0
  MONTH TO DATE    0                         0      0        0
  SINCE DEC 1      9                         1      8        0
  SINCE JAN 1      0                         0      0        0
..................................................................


WIND (MPH)
  HIGHEST WIND SPEED    15   HIGHEST WIND DIRECTION     N (20)
  HIGHEST GUST SPEED    20   HIGHEST GUST DIRECTION     N (10)
  AVERAGE WIND SPEED     8.8


SKY COVER
  POSSIBLE SUNSHINE  MM
  AVERAGE SKY COVER 0.0


WEATHER CONDITIONS
 THE FOLLOWING WEATHER WAS RECORDED YESTERDAY.
  NO SIGNIFICANT WEATHER WAS OBSERVED.


RELATIVE HUMIDITY (PERCENT)
 HIGHEST    68           500 AM
 LOWEST     31          1200 PM
 AVERAGE    50

..........................................................


THE JACKSON CLIMATE NORMALS FOR TODAY
                         NORMAL    RECORD    YEAR
 MAXIMUM TEMPERATURE (F)   52        75      1962
                                             1961
 MINIMUM TEMPERATURE (F)   31         4      1988


SUNRISE AND SUNSET
FEBRUARY 12 2016......SUNRISE   646 AM CST   SUNSET   534 PM CST
FEBRUARY 13 2016......SUNRISE   645 AM CST   SUNSET   535 PM CST


-  INDICATES NEGATIVE NUMBERS.
R  INDICATES RECORD WAS SET OR TIED.
MM INDICATES DATA IS MISSING.
T  INDICATES TRACE AMOUNT.




$$
