000
CDUS44 KMEG 020733
CLIMKL


CLIMATE REPORT
NATIONAL WEATHER SERVICE MEMPHIS TN
132 AM CST MON MAR 2 2015


...................................

...THE JACKSON CLIMATE SUMMARY FOR MARCH 1 2015...

CLIMATE NORMAL PERIOD 1981 TO 2010
CLIMATE RECORD PERIOD 1948 TO 2015


WEATHER ITEM   OBSERVED TIME   RECORD YEAR NORMAL DEPARTURE LAST
                VALUE   (LST)  VALUE       VALUE  FROM      YEAR
                                                  NORMAL
..................................................................
TEMPERATURE (F)
 YESTERDAY
  MAXIMUM         49    121 PM  79    2006  57     -8       65
                                      1997
  MINIMUM         36   1159 PM  16    1986  36      0       42
  AVERAGE         43                        46     -3       54

PRECIPITATION (IN)
  YESTERDAY        0.54          3.55 1997   0.14   0.40     0.00
  MONTH TO DATE    0.54                      0.14   0.40     0.00
  SINCE MAR 1      0.54                      0.14   0.40     0.00
  SINCE JAN 1      6.43                      8.38  -1.95     8.16

SNOWFALL (IN)
  YESTERDAY        0.0           2.3  1980   0.0    0.0      0.0
  MONTH TO DATE    0.0                       0.0    0.0      0.0
  SINCE MAR 1      0.0                       0.0    0.0      0.0
  SINCE JUL 1      1.5                       4.2   -2.7      0.5
  SNOW DEPTH       0

DEGREE DAYS
 HEATING
  YESTERDAY       22                        19      3       11
  MONTH TO DATE   22                        19      3       11
  SINCE MAR 1     22                        19      3       11
  SINCE JUL 1   3195                      2903    292     3307

 COOLING
  YESTERDAY        0                         0      0        0
  MONTH TO DATE    0                         0      0        0
  SINCE MAR 1      0                         0      0        0
  SINCE JAN 1      0                         1     -1        0
..................................................................


WIND (MPH)
  HIGHEST WIND SPEED    14   HIGHEST WIND DIRECTION     N (20)
  HIGHEST GUST SPEED    16   HIGHEST GUST DIRECTION     N (10)
  AVERAGE WIND SPEED     4.6


SKY COVER
  POSSIBLE SUNSHINE  MM
  AVERAGE SKY COVER 1.0


WEATHER CONDITIONS
 THE FOLLOWING WEATHER WAS RECORDED YESTERDAY.
  HEAVY RAIN
  RAIN
  LIGHT RAIN
  FOG


RELATIVE HUMIDITY (PERCENT)
 HIGHEST   100          1000 AM
 LOWEST     54          1200 AM
 AVERAGE    77

..........................................................


THE JACKSON CLIMATE NORMALS FOR TODAY
                         NORMAL    RECORD    YEAR
 MAXIMUM TEMPERATURE (F)   58        82      2012
 MINIMUM TEMPERATURE (F)   36        10      1980


SUNRISE AND SUNSET
MARCH  2 2015.........SUNRISE   625 AM CST   SUNSET   552 PM CST
MARCH  3 2015.........SUNRISE   623 AM CST   SUNSET   552 PM CST


-  INDICATES NEGATIVE NUMBERS.
R  INDICATES RECORD WAS SET OR TIED.
MM INDICATES DATA IS MISSING.
T  INDICATES TRACE AMOUNT.




$$
