000
CDUS44 KMEG 172150
CLIMKL


CLIMATE REPORT
NATIONAL WEATHER SERVICE MEMPHIS TN
450 PM CDT THU APR 17 2014


...................................

...THE JACKSON CLIMATE SUMMARY FOR APRIL 17 2014...
VALID TODAY AS OF 0400 PM LOCAL TIME.

CLIMATE NORMAL PERIOD 1981 TO 2010
CLIMATE RECORD PERIOD 1948 TO 2014


WEATHER ITEM   OBSERVED TIME   RECORD YEAR NORMAL DEPARTURE LAST
                VALUE   (LST)  VALUE       VALUE  FROM      YEAR
                                                  NORMAL
..................................................................
TEMPERATURE (F)
 TODAY
  MAXIMUM         70    224 PM  91    1955  73     -3       87
  MINIMUM         36    519 AM  34    2001  48    -12       68
                                      1986
  AVERAGE         53                        60     -7       78

PRECIPITATION (IN)
  TODAY            0.00          2.25 1982   0.16  -0.16     0.00
  MONTH TO DATE    2.45                      2.64  -0.19     4.07
  SINCE MAR 1      8.29                      7.39   0.90     7.92
  SINCE JAN 1     16.45                     15.63   0.82    19.86

SNOWFALL (IN)
  TODAY            0.0

DEGREE DAYS
 HEATING
  TODAY           12                         6      6        0
  MONTH TO DATE  155                       138     17      132
  SINCE MAR 1    749                       582    167      766
  SINCE JUL 1   4045                      3466    579     3469

 COOLING
  TODAY            0                         2     -2       13
  MONTH TO DATE   31                        20     11       52
  SINCE MAR 1     31                        30      1       52
  SINCE JAN 1     31                        31      0       56
..................................................................


WIND (MPH)
  HIGHEST WIND SPEED    21   HIGHEST WIND DIRECTION     S (180)
  HIGHEST GUST SPEED    29   HIGHEST GUST DIRECTION     S (190)
  AVERAGE WIND SPEED     4.6


SKY COVER
  POSSIBLE SUNSHINE  MM
  AVERAGE SKY COVER 0.0


WEATHER CONDITIONS
 THE FOLLOWING WEATHER WAS RECORDED TODAY.
  NO SIGNIFICANT WEATHER WAS OBSERVED.


RELATIVE HUMIDITY (PERCENT)
 HIGHEST    85          1200 AM
 LOWEST     28           300 PM
 AVERAGE    57

..........................................................


THE JACKSON CLIMATE NORMALS FOR TOMORROW
                         NORMAL    RECORD    YEAR
 MAXIMUM TEMPERATURE (F)   73        91      2006
 MINIMUM TEMPERATURE (F)   49        29      2001


SUNRISE AND SUNSET
APRIL 17 2014.........SUNRISE   620 AM CDT   SUNSET   730 PM CDT
APRIL 18 2014.........SUNRISE   619 AM CDT   SUNSET   731 PM CDT


-  INDICATES NEGATIVE NUMBERS.
R  INDICATES RECORD WAS SET OR TIED.
MM INDICATES DATA IS MISSING.
T  INDICATES TRACE AMOUNT.




$$
