000
CDUS44 KMEG 260733
CLIMKL


CLIMATE REPORT
NATIONAL WEATHER SERVICE MEMPHIS TN
132 AM CST MON JAN 26 2015


...................................

...THE JACKSON CLIMATE SUMMARY FOR JANUARY 25 2015...

CLIMATE NORMAL PERIOD 1981 TO 2010
CLIMATE RECORD PERIOD 1948 TO 2015


WEATHER ITEM   OBSERVED TIME   RECORD YEAR NORMAL DEPARTURE LAST
                VALUE   (LST)  VALUE       VALUE  FROM      YEAR
                                                  NORMAL
..................................................................
TEMPERATURE (F)
 YESTERDAY
  MAXIMUM         51    218 PM  77    1950  49      2       52
  MINIMUM         38    610 AM  -1    1963  28     10       26
  AVERAGE         45                        38      7       39

PRECIPITATION (IN)
  YESTERDAY        0.16          1.28 1978   0.13   0.03     0.00
  MONTH TO DATE    0.74                      3.22  -2.48     3.01
  SINCE DEC 1      3.82                      8.57  -4.75     7.81
  SINCE JAN 1      0.74                      3.22  -2.48     3.01

SNOWFALL (IN)
  YESTERDAY        0.0           4.0  1978   0.0    0.0      0.0
  MONTH TO DATE    T                         1.8   -1.8       T
  SINCE DEC 1      T                         2.0   -2.0       T
  SINCE JUL 1      0.1                       2.1   -2.0       T
  SNOW DEPTH       0

DEGREE DAYS
 HEATING
  YESTERDAY       20                        27     -7       26
  MONTH TO DATE  693                       675     18      784
  SINCE DEC 1   1348                      1426    -78     1551
  SINCE JUL 1   2140                      2093     47     2341

 COOLING
  YESTERDAY        0                         0      0        0
  MONTH TO DATE    0                         0      0        0
  SINCE DEC 1      0                         1     -1        8
  SINCE JAN 1      0                         0      0        0
..................................................................


WIND (MPH)
  HIGHEST WIND SPEED    25   HIGHEST WIND DIRECTION     N (340)
  HIGHEST GUST SPEED    33   HIGHEST GUST DIRECTION     N (340)
  AVERAGE WIND SPEED    12.5


SKY COVER
  POSSIBLE SUNSHINE  MM
  AVERAGE SKY COVER 0.6


WEATHER CONDITIONS
 THE FOLLOWING WEATHER WAS RECORDED YESTERDAY.
  RAIN
  LIGHT RAIN
  FOG


RELATIVE HUMIDITY (PERCENT)
 HIGHEST    86           600 PM
 LOWEST     56          1100 AM
 AVERAGE    71

..........................................................


THE JACKSON CLIMATE NORMALS FOR TODAY
                         NORMAL    RECORD    YEAR
 MAXIMUM TEMPERATURE (F)   49        75      1952
 MINIMUM TEMPERATURE (F)   28         7      1978


SUNRISE AND SUNSET
JANUARY 26 2015.......SUNRISE   700 AM CST   SUNSET   517 PM CST
JANUARY 27 2015.......SUNRISE   659 AM CST   SUNSET   518 PM CST


-  INDICATES NEGATIVE NUMBERS.
R  INDICATES RECORD WAS SET OR TIED.
MM INDICATES DATA IS MISSING.
T  INDICATES TRACE AMOUNT.




$$
