000
CDUS42 KMLB 270635
CLIMLB


CLIMATE REPORT
NATIONAL WEATHER SERVICE MELBOURNE FL
135 AM EST THU NOV 27 2014


...................................

...THE MELBOURNE CLIMATE SUMMARY FOR NOVEMBER 26 2014...

CLIMATE NORMAL PERIOD 1981 TO 2010
CLIMATE RECORD PERIOD 1939 TO 2014


WEATHER ITEM   OBSERVED TIME   RECORD YEAR NORMAL DEPARTURE LAST
                VALUE   (LST)  VALUE       VALUE  FROM      YEAR
                                                  NORMAL
..................................................................
TEMPERATURE (F)
 YESTERDAY
  MAXIMUM         77    230 AM  86    1992  77      0       84
  MINIMUM         49   1153 PM  32    1950  57     -8       71
  AVERAGE         63                        67     -4       78

PRECIPITATION (IN)
  YESTERDAY        0.81          4.50 1937   0.09   0.72     0.13
  MONTH TO DATE    3.08                      2.53   0.55     4.43
  SINCE SEP 1     17.43                     15.23   2.20     9.23
  SINCE JAN 1     55.26                     49.08   6.18    40.42

SNOWFALL (IN)
  YESTERDAY       MM
  MONTH TO DATE    0.0
  SINCE JUL 1      0.0

DEGREE DAYS
 HEATING
  YESTERDAY        2                         2      0        0
  MONTH TO DATE   47                        30     17        0
  SINCE SEP 1     47                        34     13        0
  SINCE JUL 1     47                        34     13        0

 COOLING
  YESTERDAY        0                         4     -4       13
  MONTH TO DATE  120                       142    -22      263
  SINCE SEP 1    955                       953      2     1142
  SINCE JAN 1   3442                      3179    263     3591
..................................................................


WIND (MPH)
  HIGHEST WIND SPEED    31   HIGHEST WIND DIRECTION    NW (300)
  HIGHEST GUST SPEED    37   HIGHEST GUST DIRECTION    NW (300)
  AVERAGE WIND SPEED     8.8


SKY COVER
  AVERAGE SKY COVER 0.7


WEATHER CONDITIONS
 THE FOLLOWING WEATHER WAS RECORDED YESTERDAY.
  THUNDERSTORM
  HEAVY RAIN
  RAIN
  LIGHT RAIN
  FOG


RELATIVE HUMIDITY (PERCENT)
 HIGHEST    96           900 PM
 LOWEST     72           400 PM
 AVERAGE    84

..........................................................


THE MELBOURNE CLIMATE NORMALS FOR TODAY
                         NORMAL    RECORD    YEAR
 MAXIMUM TEMPERATURE (F)   77        88      1948
 MINIMUM TEMPERATURE (F)   57        38      1956
                                             1949


SUNRISE AND SUNSET
NOVEMBER 27 2014......SUNRISE   654 AM EST   SUNSET   527 PM EST
NOVEMBER 28 2014......SUNRISE   654 AM EST   SUNSET   526 PM EST


-  INDICATES NEGATIVE NUMBERS.
R  INDICATES RECORD WAS SET OR TIED.
MM INDICATES DATA IS MISSING.
T  INDICATES TRACE AMOUNT.




$$
