000
CDUS42 KMLB 030634
CLIMLB


CLIMATE REPORT
NATIONAL WEATHER SERVICE MELBOURNE FL
233 AM EDT MON AUG 3 2015


...................................

...THE MELBOURNE CLIMATE SUMMARY FOR AUGUST 2 2015...

CLIMATE NORMAL PERIOD 1981 TO 2010
CLIMATE RECORD PERIOD 1939 TO 2015


WEATHER ITEM   OBSERVED TIME   RECORD YEAR NORMAL DEPARTURE LAST
                VALUE   (LST)  VALUE       VALUE  FROM      YEAR
                                                  NORMAL
..................................................................
TEMPERATURE (F)
 YESTERDAY
  MAXIMUM         90    127 PM 101    1999  91     -1       90
  MINIMUM         73    256 PM  67    1967  73      0       77
  AVERAGE         82                        82      0       84

PRECIPITATION (IN)
  YESTERDAY        0.22          9.06 1995   0.24  -0.02     0.00
  MONTH TO DATE    0.28                      0.48  -0.20     0.00
  SINCE JUN 1     17.19                     13.15   4.04    17.26
  SINCE JAN 1     30.04                     26.65   3.39    33.48

SNOWFALL (IN)
  YESTERDAY        0.0
  MONTH TO DATE    0.0
  SINCE JUL 1      0.0

DEGREE DAYS
 HEATING
  YESTERDAY        0                         0      0        0
  MONTH TO DATE    0                         0      0        0
  SINCE JUN 1      0                         0      0        0
  SINCE JUL 1      0                         0      0        0

 COOLING
  YESTERDAY       17                        17      0       19
  MONTH TO DATE   33                        34     -1       39
  SINCE JUN 1   1044                      1012     32     1050
  SINCE JAN 1   2156                      1738    418     1943
..................................................................


WIND (MPH)
  HIGHEST WIND SPEED    22   HIGHEST WIND DIRECTION    SW (230)
  HIGHEST GUST SPEED    30   HIGHEST GUST DIRECTION    SW (240)
  AVERAGE WIND SPEED     7.8


SKY COVER
  AVERAGE SKY COVER 0.2


WEATHER CONDITIONS
 THE FOLLOWING WEATHER WAS RECORDED YESTERDAY.
  THUNDERSTORM
  RAIN
  LIGHT RAIN
  FOG


RELATIVE HUMIDITY (PERCENT)
 HIGHEST    94           600 AM
 LOWEST     59           100 PM
 AVERAGE    77

..........................................................


THE MELBOURNE CLIMATE NORMALS FOR TODAY
                         NORMAL    RECORD    YEAR
 MAXIMUM TEMPERATURE (F)   91        95      1962
                                             1954
 MINIMUM TEMPERATURE (F)   73        68      1976
                                             1972


SUNRISE AND SUNSET
AUGUST  3 2015........SUNRISE   646 AM EDT   SUNSET   811 PM EDT
AUGUST  4 2015........SUNRISE   647 AM EDT   SUNSET   811 PM EDT


-  INDICATES NEGATIVE NUMBERS.
R  INDICATES RECORD WAS SET OR TIED.
MM INDICATES DATA IS MISSING.
T  INDICATES TRACE AMOUNT.




$$
