000
CDUS42 KMLB 110629
CLIMLB


CLIMATE REPORT
NATIONAL WEATHER SERVICE MELBOURNE FL
129 AM EST MON DEC 11 2017


...................................

...THE MELBOURNE CLIMATE SUMMARY FOR DECEMBER 10 2017...

CLIMATE NORMAL PERIOD 1981 TO 2010
CLIMATE RECORD PERIOD 1939 TO 2017


WEATHER ITEM   OBSERVED TIME   RECORD YEAR NORMAL DEPARTURE LAST
                VALUE   (LST)  VALUE       VALUE  FROM      YEAR
                                                  NORMAL
..................................................................
TEMPERATURE (F)
 YESTERDAY
  MAXIMUM         60    413 PM  85    2013  74    -14       71
  MINIMUM         40    717 AM  34    1962  54    -14       53
  AVERAGE         50                        64    -14       62

PRECIPITATION (IN)
  YESTERDAY        0.00          1.98 2011   0.08  -0.08     0.00
  MONTH TO DATE    1.07                      0.85   0.22     0.16
  SINCE DEC 1      1.07                      0.85   0.22     0.16
  SINCE JAN 1     65.73                     50.28  15.45    59.48

SNOWFALL (IN)
  YESTERDAY        0.0
  MONTH TO DATE    0.0
  SINCE JUL 1      0.0

DEGREE DAYS
 HEATING
  YESTERDAY       15                         4     11        3
  MONTH TO DATE   18                        32    -14        7
  SINCE DEC 1     18                        32    -14        7
  SINCE JUL 1     31                        74    -43       26

 COOLING
  YESTERDAY        0                         3     -3        0
  MONTH TO DATE   63                        30     33       51
  SINCE DEC 1     63                        30     33       51
  SINCE JAN 1   4149                      3225    924     3779
..................................................................


WIND (MPH)
  HIGHEST WIND SPEED    20   HIGHEST WIND DIRECTION    NW (330)
  HIGHEST GUST SPEED    23   HIGHEST GUST DIRECTION    NW (320)
  AVERAGE WIND SPEED     8.1


SKY COVER
  AVERAGE SKY COVER 0.0


WEATHER CONDITIONS
 THE FOLLOWING WEATHER WAS RECORDED YESTERDAY.
  NO SIGNIFICANT WEATHER WAS OBSERVED.


RELATIVE HUMIDITY (PERCENT)
 HIGHEST    83           100 AM
 LOWEST     31           300 PM
 AVERAGE    57

..........................................................


THE MELBOURNE CLIMATE NORMALS FOR TODAY
                         NORMAL    RECORD    YEAR
 MAXIMUM TEMPERATURE (F)   74        86      1967
 MINIMUM TEMPERATURE (F)   54        31      1962


SUNRISE AND SUNSET
DECEMBER 11 2017......SUNRISE   704 AM EST   SUNSET   528 PM EST
DECEMBER 12 2017......SUNRISE   705 AM EST   SUNSET   528 PM EST


-  INDICATES NEGATIVE NUMBERS.
R  INDICATES RECORD WAS SET OR TIED.
MM INDICATES DATA IS MISSING.
T  INDICATES TRACE AMOUNT.




$$
