000
CDUS42 KMLB 300627
CLIMLB


CLIMATE REPORT
NATIONAL WEATHER SERVICE MELBOURNE FL
226 AM EDT SAT MAY 30 2015


...................................

...THE MELBOURNE CLIMATE SUMMARY FOR MAY 29 2015...

CLIMATE NORMAL PERIOD 1981 TO 2010
CLIMATE RECORD PERIOD 1939 TO 2015


WEATHER ITEM   OBSERVED TIME   RECORD YEAR NORMAL DEPARTURE LAST
                VALUE   (LST)  VALUE       VALUE  FROM      YEAR
                                                  NORMAL
..................................................................
TEMPERATURE (F)
 YESTERDAY
  MAXIMUM         85    114 PM  96    2000  88     -3       87
  MINIMUM         74    252 AM  58    1976  70      4       70
  AVERAGE         80                        79      1       79

PRECIPITATION (IN)
  YESTERDAY        T             2.00 1961   0.16  -0.16     0.02
                                      1960
  MONTH TO DATE    1.38                      2.97  -1.59     3.48
  SINCE MAR 1      5.55                      8.38  -2.83     9.07
  SINCE JAN 1     11.66                     13.18  -1.52    16.13

SNOWFALL (IN)
  YESTERDAY        0.0
  MONTH TO DATE    0.0
  SINCE JUL 1      0.0

DEGREE DAYS
 HEATING
  YESTERDAY        0                         0      0        0
  MONTH TO DATE    0                         0      0        0
  SINCE MAR 1     14                        87    -73       52
  SINCE JUL 1    424                       576   -152      358

 COOLING
  YESTERDAY       15                        14      1       14
  MONTH TO DATE  376                       324     52      357
  SINCE MAR 1    987                       601    386      700
  SINCE JAN 1   1085                       699    386      868
..................................................................


WIND (MPH)
  HIGHEST WIND SPEED    21   HIGHEST WIND DIRECTION     E (80)
  HIGHEST GUST SPEED    25   HIGHEST GUST DIRECTION     E (80)
  AVERAGE WIND SPEED    12.1


SKY COVER
  AVERAGE SKY COVER 0.4


WEATHER CONDITIONS
 THE FOLLOWING WEATHER WAS RECORDED YESTERDAY.
  NO SIGNIFICANT WEATHER WAS OBSERVED.


RELATIVE HUMIDITY (PERCENT)
 HIGHEST    76          1000 PM
 LOWEST     58           100 AM
 AVERAGE    67

..........................................................


THE MELBOURNE CLIMATE NORMALS FOR TODAY
                         NORMAL    RECORD    YEAR
 MAXIMUM TEMPERATURE (F)   88        95      1969
 MINIMUM TEMPERATURE (F)   70        58      1941


SUNRISE AND SUNSET
MAY 30 2015...........SUNRISE   627 AM EDT   SUNSET   814 PM EDT
MAY 31 2015...........SUNRISE   626 AM EDT   SUNSET   814 PM EDT


-  INDICATES NEGATIVE NUMBERS.
R  INDICATES RECORD WAS SET OR TIED.
MM INDICATES DATA IS MISSING.
T  INDICATES TRACE AMOUNT.




$$
