000
CDUS42 KMLB 240635
CLIMLB


CLIMATE REPORT
NATIONAL WEATHER SERVICE MELBOURNE FL
135 AM EST MON NOV 24 2014


...................................

...THE MELBOURNE CLIMATE SUMMARY FOR NOVEMBER 23 2014...

CLIMATE NORMAL PERIOD 1981 TO 2010
CLIMATE RECORD PERIOD 1939 TO 2014


WEATHER ITEM   OBSERVED TIME   RECORD YEAR NORMAL DEPARTURE LAST
                VALUE   (LST)  VALUE       VALUE  FROM      YEAR
                                                  NORMAL
..................................................................
TEMPERATURE (F)
 YESTERDAY
  MAXIMUM         86R   125 PM  86    1992  77      9       81
                                      1948
                                      1947
  MINIMUM         72    113 AM  39    1981  58     14       65
                                      1976
  AVERAGE         79                        67     12       73

PRECIPITATION (IN)
  YESTERDAY        0.04          1.45 1988   0.08  -0.04     0.00
  MONTH TO DATE    1.84                      2.29  -0.45     4.26
  SINCE SEP 1     16.19                     14.99   1.20     9.06
  SINCE JAN 1     54.02                     48.84   5.18    40.25

SNOWFALL (IN)
  YESTERDAY        0.0
  MONTH TO DATE    0.0
  SINCE JUL 1      0.0

DEGREE DAYS
 HEATING
  YESTERDAY        0                         2     -2        0
  MONTH TO DATE   45                        24     21        0
  SINCE SEP 1     45                        28     17        0
  SINCE JUL 1     45                        28     17        0

 COOLING
  YESTERDAY       14                         4     10        8
  MONTH TO DATE   91                       130    -39      237
  SINCE SEP 1    926                       941    -15     1116
  SINCE JAN 1   3413                      3167    246     3565
..................................................................


WIND (MPH)
  HIGHEST WIND SPEED    22   HIGHEST WIND DIRECTION    SE (140)
  HIGHEST GUST SPEED    29   HIGHEST GUST DIRECTION    SE (150)
  AVERAGE WIND SPEED    11.5


SKY COVER
  AVERAGE SKY COVER 0.7


WEATHER CONDITIONS
 THE FOLLOWING WEATHER WAS RECORDED YESTERDAY.
  LIGHT RAIN
  FOG
  HAZE


RELATIVE HUMIDITY (PERCENT)
 HIGHEST    88           900 AM
 LOWEST     61           100 PM
 AVERAGE    75

..........................................................


THE MELBOURNE CLIMATE NORMALS FOR TODAY
                         NORMAL    RECORD    YEAR
 MAXIMUM TEMPERATURE (F)   77        88      1979
 MINIMUM TEMPERATURE (F)   57        31      1970


SUNRISE AND SUNSET
NOVEMBER 24 2014......SUNRISE   651 AM EST   SUNSET   527 PM EST
NOVEMBER 25 2014......SUNRISE   652 AM EST   SUNSET   527 PM EST


-  INDICATES NEGATIVE NUMBERS.
R  INDICATES RECORD WAS SET OR TIED.
MM INDICATES DATA IS MISSING.
T  INDICATES TRACE AMOUNT.




$$
