000
CDUS42 KMLB 060627
CLIMLB


CLIMATE REPORT
NATIONAL WEATHER SERVICE MELBOURNE FL
126 AM EST SAT FEB 6 2016


...................................

...THE MELBOURNE CLIMATE SUMMARY FOR FEBRUARY 5 2016...

CLIMATE NORMAL PERIOD 1981 TO 2010
CLIMATE RECORD PERIOD 1939 TO 2016


WEATHER ITEM   OBSERVED TIME   RECORD YEAR NORMAL DEPARTURE LAST
                VALUE   (LST)  VALUE       VALUE  FROM      YEAR
                                                  NORMAL
..................................................................
TEMPERATURE (F)
 YESTERDAY
  MAXIMUM         63   1225 AM  87    2011  73    -10       69
                                      1943
  MINIMUM         48    746 AM  29    1996  51     -3       51
  AVERAGE         56                        62     -6       60

PRECIPITATION (IN)
  YESTERDAY        0.11          2.00 1960   0.08   0.03     1.23
  MONTH TO DATE    0.30                      0.44  -0.14     1.23
  SINCE DEC 1     11.82                      5.28   6.54     5.33
  SINCE JAN 1      8.13                      2.71   5.42     3.71

SNOWFALL (IN)
  YESTERDAY        0.0
  MONTH TO DATE    0.0
  SINCE JUL 1      0.0

DEGREE DAYS
 HEATING
  YESTERDAY        9                         5      4        5
  MONTH TO DATE    9                        25    -16       17
  SINCE DEC 1    187                       352   -165      220
  SINCE JUL 1    192                       394   -202      285

 COOLING
  YESTERDAY        0                         2     -2        0
  MONTH TO DATE   33                        10     23        3
  SINCE DEC 1    353                       130    223      201
  SINCE JAN 1     69                        54     15       70
..................................................................


WIND (MPH)
  HIGHEST WIND SPEED    25   HIGHEST WIND DIRECTION     N (20)
  HIGHEST GUST SPEED    32   HIGHEST GUST DIRECTION     N (10)
  AVERAGE WIND SPEED    15.4


SKY COVER
  AVERAGE SKY COVER 0.4


WEATHER CONDITIONS
 THE FOLLOWING WEATHER WAS RECORDED YESTERDAY.
  RAIN
  LIGHT RAIN
  FOG


RELATIVE HUMIDITY (PERCENT)
 HIGHEST    93          1200 AM
 LOWEST     46          1000 AM
 AVERAGE    70

..........................................................


THE MELBOURNE CLIMATE NORMALS FOR TODAY
                         NORMAL    RECORD    YEAR
 MAXIMUM TEMPERATURE (F)   73        87      2008
 MINIMUM TEMPERATURE (F)   51        28      1947


SUNRISE AND SUNSET
FEBRUARY  6 2016......SUNRISE   707 AM EST   SUNSET   606 PM EST
FEBRUARY  7 2016......SUNRISE   707 AM EST   SUNSET   607 PM EST


-  INDICATES NEGATIVE NUMBERS.
R  INDICATES RECORD WAS SET OR TIED.
MM INDICATES DATA IS MISSING.
T  INDICATES TRACE AMOUNT.




$$
