000
CDUS42 KMLB 270632
CLIMLB


CLIMATE REPORT
NATIONAL WEATHER SERVICE MELBOURNE FL
130 AM EST TUE JAN 27 2015


...................................

...THE MELBOURNE CLIMATE SUMMARY FOR JANUARY 26 2015...

CLIMATE NORMAL PERIOD 1981 TO 2010
CLIMATE RECORD PERIOD 1939 TO 2015


WEATHER ITEM   OBSERVED TIME   RECORD YEAR NORMAL DEPARTURE LAST
                VALUE   (LST)  VALUE       VALUE  FROM      YEAR
                                                  NORMAL
..................................................................
TEMPERATURE (F)
 YESTERDAY
  MAXIMUM         70    158 PM  88    1965  72     -2       72
  MINIMUM         49   1155 PM  33    2000  49      0       48
                                      1977
  AVERAGE         60                        61     -1       60

PRECIPITATION (IN)
  YESTERDAY        0.14          1.23 1993   0.08   0.06     0.00
  MONTH TO DATE    2.48                      1.87   0.61     1.17
  SINCE DEC 1      4.10                      4.44  -0.34     3.32
  SINCE JAN 1      2.48                      1.87   0.61     1.17

SNOWFALL (IN)
  YESTERDAY       MM
  MONTH TO DATE    0.0
  SINCE JUL 1      0.0

DEGREE DAYS
 HEATING
  YESTERDAY        5                         6     -1        5
  MONTH TO DATE   76                       156    -80      188
  SINCE DEC 1    158                       293   -135      213
  SINCE JUL 1    223                       335   -112      227

 COOLING
  YESTERDAY        0                         1     -1        0
  MONTH TO DATE   67                        29     38       48
  SINCE DEC 1    198                       105     93      199
  SINCE JAN 1     67                        29     38       48
..................................................................


WIND (MPH)
  HIGHEST WIND SPEED    32   HIGHEST WIND DIRECTION     W (270)
  HIGHEST GUST SPEED    43   HIGHEST GUST DIRECTION     W (270)
  AVERAGE WIND SPEED    13.8


SKY COVER
  AVERAGE SKY COVER 0.2


WEATHER CONDITIONS
 THE FOLLOWING WEATHER WAS RECORDED YESTERDAY.
  HEAVY RAIN
  RAIN
  LIGHT RAIN
  FOG


RELATIVE HUMIDITY (PERCENT)
 HIGHEST    93           800 AM
 LOWEST     37           300 PM
 AVERAGE    65

..........................................................


THE MELBOURNE CLIMATE NORMALS FOR TODAY
                         NORMAL    RECORD    YEAR
 MAXIMUM TEMPERATURE (F)   72        83      1976
                                             1974
                                             1962
 MINIMUM TEMPERATURE (F)   50        32      2000
                                             1938


SUNRISE AND SUNSET
JANUARY 27 2015.......SUNRISE   712 AM EST   SUNSET   559 PM EST
JANUARY 28 2015.......SUNRISE   712 AM EST   SUNSET   559 PM EST


-  INDICATES NEGATIVE NUMBERS.
R  INDICATES RECORD WAS SET OR TIED.
MM INDICATES DATA IS MISSING.
T  INDICATES TRACE AMOUNT.




$$
