000
CDUS43 KDVN 240907
CLIMLI


CLIMATE REPORT
NATIONAL WEATHER SERVICE QUAD CITIES IA IL
407 AM CDT MON APR 24 2017


...................................

...THE MOLINE IL CLIMATE SUMMARY FOR APRIL 23 2017...

CLIMATE NORMAL PERIOD 1981 TO 2010
CLIMATE RECORD PERIOD 1872 TO 2017


WEATHER ITEM   OBSERVED TIME   RECORD YEAR NORMAL DEPARTURE LAST
                VALUE   (LST)  VALUE       VALUE  FROM      YEAR
                                                  NORMAL
..................................................................
TEMPERATURE (F)
 YESTERDAY
  MAXIMUM         74    321 PM  86    1960  65      9       69
  MINIMUM         35    445 AM  22    1910  43     -8       39
  AVERAGE         55                        54      1       54

PRECIPITATION (IN)
  YESTERDAY        0.00          1.26 1989   0.12  -0.12     0.00
  MONTH TO DATE    3.20                      2.67   0.53     1.21
  SINCE MAR 1      6.69                      5.53   1.16     4.12
  SINCE JAN 1      9.10                      8.62   0.48     5.45

SNOWFALL (IN)
  YESTERDAY        0.0          MM      MM   0.0    0.0      0.0
  MONTH TO DATE    0.0                       0.9   -0.9       T
  SINCE MAR 1      5.9                       4.9    1.0      2.9
  SINCE JUL 1     22.4                      31.6   -9.2     24.1
  SNOW DEPTH       0

DEGREE DAYS
 HEATING
  YESTERDAY       10                        11     -1       11
  MONTH TO DATE  222                       351   -129      347
  SINCE MAR 1    968                      1155   -187      946
  SINCE JUL 1   4771                      5953  -1182     4935

 COOLING
  YESTERDAY        0                         1     -1        0
  MONTH TO DATE   14                         7      7        0
  SINCE MAR 1     14                         8      6        3
  SINCE JAN 1     14                         8      6        3
..................................................................


WIND (MPH)
  HIGHEST WIND SPEED     9   HIGHEST WIND DIRECTION     S (160)
  HIGHEST GUST SPEED    11   HIGHEST GUST DIRECTION    SE (150)
  AVERAGE WIND SPEED     2.3


SKY COVER
  POSSIBLE SUNSHINE  MM
  AVERAGE SKY COVER 0.0


WEATHER CONDITIONS
 THE FOLLOWING WEATHER WAS RECORDED YESTERDAY.
  NO SIGNIFICANT WEATHER WAS OBSERVED.


RELATIVE HUMIDITY (PERCENT)
 HIGHEST    92           400 AM
 LOWEST     20           500 PM
 AVERAGE    56

..........................................................


THE MOLINE IL CLIMATE NORMALS FOR TODAY
                         NORMAL    RECORD    YEAR
 MAXIMUM TEMPERATURE (F)   66        86      1939
 MINIMUM TEMPERATURE (F)   44        23      1956
                                             1910


SUNRISE AND SUNSET
APRIL 24 2017.........SUNRISE   608 AM CDT   SUNSET   753 PM CDT
APRIL 25 2017.........SUNRISE   607 AM CDT   SUNSET   754 PM CDT


-  INDICATES NEGATIVE NUMBERS.
R  INDICATES RECORD WAS SET OR TIED.
MM INDICATES DATA IS MISSING.
T  INDICATES TRACE AMOUNT.




$$
