000
CDUS43 KDVN 030928
CLIMLI


CLIMATE REPORT
NATIONAL WEATHER SERVICE QUAD CITIES IA IL
427 AM CDT MON AUG 3 2015


...................................

...THE MOLINE IL CLIMATE SUMMARY FOR AUGUST 2 2015...

CLIMATE NORMAL PERIOD 1981 TO 2010
CLIMATE RECORD PERIOD 1872 TO 2015


WEATHER ITEM   OBSERVED TIME   RECORD YEAR NORMAL DEPARTURE LAST
                VALUE   (LST)  VALUE       VALUE  FROM      YEAR
                                                  NORMAL
..................................................................
TEMPERATURE (F)
 YESTERDAY
  MAXIMUM         91    416 PM 101    1987  85      6       85
  MINIMUM         69    525 AM  51    1985  65      4       57
  AVERAGE         80                        75      5       71

PRECIPITATION (IN)
  YESTERDAY        0.18          3.21 1885   0.13   0.05     0.00
  MONTH TO DATE    0.18                      0.27  -0.09     0.31
  SINCE JUN 1     15.87                      9.05   6.82    13.00
  SINCE JAN 1     24.81                     22.91   1.90    24.56

SNOWFALL (IN)
  YESTERDAY        T            MM      MM   0.0    0.0      0.0
  MONTH TO DATE    T                         0.0    0.0      0.0
  SINCE JUN 1      T                         0.0    0.0      0.0
  SINCE JUL 1      T                         0.0    0.0      0.0
  SNOW DEPTH       0

DEGREE DAYS
 HEATING
  YESTERDAY        0                         0      0        0
  MONTH TO DATE    0                         0      0        0
  SINCE JUN 1     11                        21    -10        8
  SINCE JUL 1      4                         2      2        4

 COOLING
  YESTERDAY       15                        10      5        6
  MONTH TO DATE   23                        20      3       14
  SINCE JUN 1    516                       558    -42      413
  SINCE JAN 1    597                       634    -37      518
..................................................................


WIND (MPH)
  HIGHEST WIND SPEED    23   HIGHEST WIND DIRECTION    SW (230)
  HIGHEST GUST SPEED    31   HIGHEST GUST DIRECTION    SW (240)
  AVERAGE WIND SPEED    10.9


SKY COVER
  POSSIBLE SUNSHINE  MM
  AVERAGE SKY COVER 0.1


WEATHER CONDITIONS
 THE FOLLOWING WEATHER WAS RECORDED YESTERDAY.
  THUNDERSTORM
  RAIN
  LIGHT RAIN
  HAIL


RELATIVE HUMIDITY (PERCENT)
 HIGHEST    93           200 AM
 LOWEST     51          1100 AM
 AVERAGE    72

..........................................................


THE MOLINE IL CLIMATE NORMALS FOR TODAY
                         NORMAL    RECORD    YEAR
 MAXIMUM TEMPERATURE (F)   85       103      1930
 MINIMUM TEMPERATURE (F)   65        48      1950


SUNRISE AND SUNSET
AUGUST  3 2015........SUNRISE   559 AM CDT   SUNSET   817 PM CDT
AUGUST  4 2015........SUNRISE   600 AM CDT   SUNSET   816 PM CDT


-  INDICATES NEGATIVE NUMBERS.
R  INDICATES RECORD WAS SET OR TIED.
MM INDICATES DATA IS MISSING.
T  INDICATES TRACE AMOUNT.




$$
