000
CDUS43 KDVN 221015
CLIMLI


CLIMATE REPORT
NATIONAL WEATHER SERVICE QUAD CITIES IA IL
415 AM CST WED NOV 22 2017


...................................

...THE MOLINE IL CLIMATE SUMMARY FOR NOVEMBER 21 2017...

CLIMATE NORMAL PERIOD 1981 TO 2010
CLIMATE RECORD PERIOD 1872 TO 2017


WEATHER ITEM   OBSERVED TIME   RECORD YEAR NORMAL DEPARTURE LAST
                VALUE   (LST)  VALUE       VALUE  FROM      YEAR
                                                  NORMAL
..................................................................
TEMPERATURE (F)
 YESTERDAY
  MAXIMUM         48   1230 AM  71    1913  46      2       44
  MINIMUM         24   1159 PM   1    1880  28     -4       18
  AVERAGE         36                        37     -1       31

PRECIPITATION (IN)
  YESTERDAY        0.02          1.16 1934   0.08  -0.06     0.00
  MONTH TO DATE    0.97                      1.81  -0.84     0.79
  SINCE SEP 1      9.47                      7.87   1.60     4.68
  SINCE JAN 1     35.59                     35.03   0.56    34.10

SNOWFALL (IN)
  YESTERDAY        0.0          MM      MM   0.0    0.0      0.0
  MONTH TO DATE    T                         0.4   -0.4      0.0
  SINCE SEP 1      T                         0.4   -0.4      0.0
  SINCE JUL 1      T                         0.4   -0.4      0.0
  SNOW DEPTH       0

DEGREE DAYS
 HEATING
  YESTERDAY       29                        28      1       34
  MONTH TO DATE  550                       473     77      315
  SINCE SEP 1    862                       947    -85      564
  SINCE JUL 1    863                       955    -92      565

 COOLING
  YESTERDAY        0                         0      0        0
  MONTH TO DATE    0                         0      0        3
  SINCE SEP 1    182                       120     62      241
  SINCE JAN 1    993                      1003    -10     1314
..................................................................


WIND (MPH)
  HIGHEST WIND SPEED    31   HIGHEST WIND DIRECTION    NW (310)
  HIGHEST GUST SPEED    41   HIGHEST GUST DIRECTION    NW (320)
  AVERAGE WIND SPEED    13.4


SKY COVER
  POSSIBLE SUNSHINE  MM
  AVERAGE SKY COVER 0.2


WEATHER CONDITIONS
 THE FOLLOWING WEATHER WAS RECORDED YESTERDAY.
  LIGHT RAIN


RELATIVE HUMIDITY (PERCENT)
 HIGHEST    70           400 AM
 LOWEST     47           100 PM
 AVERAGE    59

..........................................................


THE MOLINE IL CLIMATE NORMALS FOR TODAY
                         NORMAL    RECORD    YEAR
 MAXIMUM TEMPERATURE (F)   45        71      2010
 MINIMUM TEMPERATURE (F)   28         1      2015


SUNRISE AND SUNSET
NOVEMBER 22 2017......SUNRISE   659 AM CST   SUNSET   437 PM CST
NOVEMBER 23 2017......SUNRISE   700 AM CST   SUNSET   436 PM CST


-  INDICATES NEGATIVE NUMBERS.
R  INDICATES RECORD WAS SET OR TIED.
MM INDICATES DATA IS MISSING.
T  INDICATES TRACE AMOUNT.




$$
