000
CDUS43 KDVN 041006
CLIMLI


CLIMATE REPORT
NATIONAL WEATHER SERVICE QUAD CITIES IA IL
405 AM CST SUN DEC 4 2016


...................................

...THE MOLINE IL CLIMATE SUMMARY FOR DECEMBER 3 2016...

CLIMATE NORMAL PERIOD 1981 TO 2010
CLIMATE RECORD PERIOD 1872 TO 2016


WEATHER ITEM   OBSERVED TIME   RECORD YEAR NORMAL DEPARTURE LAST
                VALUE   (LST)  VALUE       VALUE  FROM      YEAR
                                                  NORMAL
..................................................................
TEMPERATURE (F)
 YESTERDAY
  MAXIMUM         40    124 PM  69    2012  39      1       37
                                      1970
  MINIMUM         33    558 PM  -4    1940  23     10       25
  AVERAGE         37                        31      6       31

PRECIPITATION (IN)
  YESTERDAY        0.00          1.11 1873   0.08  -0.08     0.00
  MONTH TO DATE    0.00                      0.25  -0.25      T
  SINCE DEC 1      0.00                      0.25  -0.25      T
  SINCE JAN 1     34.84                     36.03  -1.19    40.34

SNOWFALL (IN)
  YESTERDAY        0.0          MM      MM   0.2   -0.2      0.0
  MONTH TO DATE    0.0                       0.6   -0.6      0.6
  SINCE DEC 1      0.0                       0.6   -0.6      0.6
  SINCE JUL 1      0.0                       1.8   -1.8     10.5
  SNOW DEPTH       0

DEGREE DAYS
 HEATING
  YESTERDAY       28                        34     -6       34
  MONTH TO DATE   81                       101    -20       95
  SINCE DEC 1     81                       101    -20       95
  SINCE JUL 1    862                      1332   -470     1058

 COOLING
  YESTERDAY        0                         0      0        0
  MONTH TO DATE    0                         0      0        0
  SINCE DEC 1      0                         0      0        0
  SINCE JAN 1   1314                      1004    310     1017
..................................................................


WIND (MPH)
  HIGHEST WIND SPEED    16   HIGHEST WIND DIRECTION    NW (310)
  HIGHEST GUST SPEED    20   HIGHEST GUST DIRECTION    NW (310)
  AVERAGE WIND SPEED     6.5


SKY COVER
  POSSIBLE SUNSHINE  MM
  AVERAGE SKY COVER 0.8


WEATHER CONDITIONS
 THE FOLLOWING WEATHER WAS RECORDED YESTERDAY.
  NO SIGNIFICANT WEATHER WAS OBSERVED.


RELATIVE HUMIDITY (PERCENT)
 HIGHEST    75           600 PM
 LOWEST     54           100 PM
 AVERAGE    65

..........................................................


THE MOLINE IL CLIMATE NORMALS FOR TODAY
                         NORMAL    RECORD    YEAR
 MAXIMUM TEMPERATURE (F)   39        71      1998
 MINIMUM TEMPERATURE (F)   22        -2      1991


SUNRISE AND SUNSET
DECEMBER  4 2016......SUNRISE   712 AM CST   SUNSET   432 PM CST
DECEMBER  5 2016......SUNRISE   713 AM CST   SUNSET   432 PM CST


-  INDICATES NEGATIVE NUMBERS.
R  INDICATES RECORD WAS SET OR TIED.
MM INDICATES DATA IS MISSING.
T  INDICATES TRACE AMOUNT.




$$
