884
CDUS43 KDVN 252121
CLIMLI


CLIMATE REPORT
NATIONAL WEATHER SERVICE QUAD CITIES IA IL
420 PM CDT TUE JUL 25 2017


...................................

...THE MOLINE IL CLIMATE SUMMARY FOR JULY 25 2017...
VALID TODAY AS OF 0400 PM LOCAL TIME.

CLIMATE NORMAL PERIOD 1981 TO 2010
CLIMATE RECORD PERIOD 1872 TO 2017


WEATHER ITEM   OBSERVED TIME   RECORD YEAR NORMAL DEPARTURE LAST
                VALUE   (LST)  VALUE       VALUE  FROM      YEAR
                                                  NORMAL
..................................................................
TEMPERATURE (F)
 TODAY
  MAXIMUM         82    259 PM 105    1940  86     -4       88
  MINIMUM         59    359 AM  52    1933  65     -6       68
  AVERAGE         71                        75     -4       78

PRECIPITATION (IN)
  TODAY            0.00          1.80 1992   0.13  -0.13     0.00
  MONTH TO DATE    6.69                      3.56   3.13     7.41
  SINCE JUN 1     10.84                      8.05   2.79    11.21
  SINCE JAN 1     25.19                     21.91   3.28    21.21

SNOWFALL (IN)
  TODAY            0.0          MM      MM   0.0    0.0      0.0
  MONTH TO DATE    0.0                       0.0    0.0      0.0
  SINCE JUN 1      0.0                       0.0    0.0      0.0
  SINCE JUL 1      0.0                       0.0    0.0      0.0
  SNOW DEPTH       0

DEGREE DAYS
 HEATING
  TODAY            0                         0      0        0
  MONTH TO DATE    0                         0      0        1
  SINCE JUN 1      9                        19    -10        2
  SINCE JUL 1      0                         0      0        1

 COOLING
  TODAY            6                        10     -4       13
  MONTH TO DATE  284                       266     18      274
  SINCE JUN 1    550                       480     70      576
  SINCE JAN 1    611                       556     55      678
..................................................................


WIND (MPH)
  HIGHEST WIND SPEED    15   HIGHEST WIND DIRECTION     E (110)
  HIGHEST GUST SPEED    18   HIGHEST GUST DIRECTION     E (110)
  AVERAGE WIND SPEED     7.1


SKY COVER
  POSSIBLE SUNSHINE  MM
  AVERAGE SKY COVER 0.1


WEATHER CONDITIONS
 THE FOLLOWING WEATHER WAS RECORDED TODAY.
  NO SIGNIFICANT WEATHER WAS OBSERVED.


RELATIVE HUMIDITY (PERCENT)
 HIGHEST    90          1200 AM
 LOWEST     58           100 PM
 AVERAGE    74

..........................................................


THE MOLINE IL CLIMATE NORMALS FOR TOMORROW
                         NORMAL    RECORD    YEAR
 MAXIMUM TEMPERATURE (F)   85       106      1936
 MINIMUM TEMPERATURE (F)   65        49      1962


SUNRISE AND SUNSET
JULY 25 2017..........SUNRISE   550 AM CDT   SUNSET   826 PM CDT
JULY 26 2017..........SUNRISE   551 AM CDT   SUNSET   825 PM CDT


-  INDICATES NEGATIVE NUMBERS.
R  INDICATES RECORD WAS SET OR TIED.
MM INDICATES DATA IS MISSING.
T  INDICATES TRACE AMOUNT.




$$
