000
CDUS45 KBYZ 102226
CLIMLS


CLIMATE REPORT
NATIONAL WEATHER SERVICE BILLINGS MT
426 PM MDT THU JUL 10 2014


...................................

...THE MILES CITY MT CLIMATE SUMMARY FOR JULY 10 2014...
VALID TODAY AS OF 0400 PM LOCAL TIME.

CLIMATE NORMAL PERIOD 1981 TO 2010
CLIMATE RECORD PERIOD 1937 TO 2014


WEATHER ITEM   OBSERVED TIME   RECORD YEAR NORMAL DEPARTURE LAST
                VALUE   (LST)  VALUE       VALUE  FROM      YEAR
                                                  NORMAL
..................................................................
TEMPERATURE (F)
 TODAY
  MAXIMUM         97    325 PM 105    1939  87     10       94
  MINIMUM         66    510 AM  45    1951  59      7       56
  AVERAGE         82                        73      9       75

PRECIPITATION (IN)
  TODAY            0.01          0.34 1992   0.05  -0.04     0.00
  MONTH TO DATE    0.04                      0.57  -0.53     0.39
  SINCE OCT 1     11.40                      9.38   2.02    12.95
  SINCE JAN 1      9.72                      7.78   1.94    11.42

SNOWFALL (IN)
  TODAY           MM
  MONTH TO DATE   MM
  SINCE JUN 1     MM
  SINCE JUL 1     MM
  SNOW DEPTH      MM

DEGREE DAYS
 HEATING
  TODAY            0                         1     -1        0
  MONTH TO DATE    0                        10    -10        0
  SINCE JUN 1     94                        99     -5       59
  SINCE JUL 1      0                        10    -10        0

 COOLING
  TODAY           17                         9      8       10
  MONTH TO DATE   91                        77     14      117
  SINCE JUN 1    128                       184    -56      210
  SINCE JAN 1    162                       204    -42      223
..................................................................


WIND (MPH)
  HIGHEST WIND SPEED    21   HIGHEST WIND DIRECTION     S (170)
  HIGHEST GUST SPEED    28   HIGHEST GUST DIRECTION     S (160)
  AVERAGE WIND SPEED    11.0


SKY COVER
  POSSIBLE SUNSHINE  MM
  AVERAGE SKY COVER 0.2


WEATHER CONDITIONS
 THE FOLLOWING WEATHER WAS RECORDED TODAY.
  THUNDERSTORM
  LIGHT RAIN


RELATIVE HUMIDITY (PERCENT)
 HIGHEST    81           400 AM
 LOWEST     17           300 PM
 AVERAGE    49

..........................................................


THE MILES CITY MT CLIMATE NORMALS FOR TOMORROW
                         NORMAL    RECORD    YEAR
 MAXIMUM TEMPERATURE (F)   88       103      2013
                                             1939
 MINIMUM TEMPERATURE (F)   59        42      1951


SUNRISE AND SUNSET
JULY 10 2014..........SUNRISE   521 AM MDT   SUNSET   856 PM MDT
JULY 11 2014..........SUNRISE   522 AM MDT   SUNSET   855 PM MDT


-  INDICATES NEGATIVE NUMBERS.
R  INDICATES RECORD WAS SET OR TIED.
MM INDICATES DATA IS MISSING.
T  INDICATES TRACE AMOUNT.





&&

THIS IS AN AUTOMATED...UNATTENDED WEATHER STATION AND MAY
UNDERESTIMATE WINTER PRECIPITATION.

$$
