000
CDUS45 KBYZ 290933
CLIMLS


CLIMATE REPORT
NATIONAL WEATHER SERVICE BILLINGS MT
332 AM MDT FRI APR 29 2016


...................................

...THE MILES CITY MT CLIMATE SUMMARY FOR APRIL 28 2016...

CLIMATE NORMAL PERIOD 1981 TO 2010
CLIMATE RECORD PERIOD 1937 TO 2016


WEATHER ITEM   OBSERVED TIME   RECORD YEAR NORMAL DEPARTURE LAST
                VALUE   (LST)  VALUE       VALUE  FROM      YEAR
                                                  NORMAL
..................................................................
TEMPERATURE (F)
 YESTERDAY
  MAXIMUM         45    440 PM  91    1952  63    -18       69
  MINIMUM         35    538 AM  21    1984  37     -2       32
                                      1966
  AVERAGE         40                        50    -10       51

PRECIPITATION (IN)
  YESTERDAY        0.05          0.94 1970   0.06  -0.01     0.00
  MONTH TO DATE    4.36                      1.24   3.12     0.45
  SINCE OCT 1      6.69                      3.99   2.70     1.91
  SINCE JAN 1      5.43                      2.39   3.04     0.90

DEGREE DAYS
 HEATING
  YESTERDAY       25                        15     10       14
  MONTH TO DATE  444                       542    -98      510
  SINCE MAR 1   1131                      1483   -352     1175
  SINCE JUL 1   5824                      7217  -1393     6645

 COOLING
  YESTERDAY        0                         0      0        0
  MONTH TO DATE    2                         0      2        0
  SINCE MAR 1      2                         0      2        0
  SINCE JAN 1      2                         0      2        0
..................................................................


WIND (MPH)
  HIGHEST WIND SPEED    14   HIGHEST WIND DIRECTION     E (90)
  HIGHEST GUST SPEED    19   HIGHEST GUST DIRECTION    NE (40)
  AVERAGE WIND SPEED     7.8


SKY COVER
  POSSIBLE SUNSHINE  MM
  AVERAGE SKY COVER 1.0


WEATHER CONDITIONS
 THE FOLLOWING WEATHER WAS RECORDED YESTERDAY.
  LIGHT RAIN
  FOG


RELATIVE HUMIDITY (PERCENT)
 HIGHEST    92           200 AM
 LOWEST     65           300 PM
 AVERAGE    79

..........................................................


THE MILES CITY MT CLIMATE NORMALS FOR TODAY
                         NORMAL    RECORD    YEAR
 MAXIMUM TEMPERATURE (F)   64        88      1939
 MINIMUM TEMPERATURE (F)   37        19      1966


SUNRISE AND SUNSET
APRIL 29 2016.........SUNRISE   552 AM MDT   SUNSET   811 PM MDT
APRIL 30 2016.........SUNRISE   550 AM MDT   SUNSET   812 PM MDT


-  INDICATES NEGATIVE NUMBERS.
R  INDICATES RECORD WAS SET OR TIED.
MM INDICATES DATA IS MISSING.
T  INDICATES TRACE AMOUNT.





&&

THIS IS AN AUTOMATED...UNATTENDED WEATHER STATION AND MAY
UNDERESTIMATE WINTER PRECIPITATION.

$$
