000
CDUS45 KBYZ 210723
CLIMLS


CLIMATE REPORT
NATIONAL WEATHER SERVICE BILLINGS MT
1223 AM MST SUN JAN 21 2018


...................................

...THE MILES CITY MT CLIMATE SUMMARY FOR JANUARY 20 2018...

CLIMATE NORMAL PERIOD 1981 TO 2010
CLIMATE RECORD PERIOD 1937 TO 2018


WEATHER ITEM   OBSERVED TIME   RECORD YEAR NORMAL DEPARTURE LAST
                VALUE   (LST)  VALUE       VALUE  FROM      YEAR
                                                  NORMAL
..................................................................
TEMPERATURE (F)
 YESTERDAY
  MAXIMUM         35    108 AM  56    1992  30      5       37
  MINIMUM         10   1149 PM -36    1954   9      1       16
  AVERAGE         23                        20      3       27

PRECIPITATION (IN)
  YESTERDAY        0.00          0.26 1957   0.01  -0.01      T
  MONTH TO DATE    0.17                      0.23  -0.06     0.04
  SINCE OCT 1      1.36                      1.83  -0.47     1.13
  SINCE JAN 1      0.17                      0.23  -0.06     0.04

DEGREE DAYS
 HEATING
  YESTERDAY       42                        45     -3       38
  MONTH TO DATE 1062                       919    143     1189
  SINCE DEC 1   2386                      2304     82     2768
  SINCE JUL 1   4129                      4103     26     4083

 COOLING
  YESTERDAY        0                         0      0        0
  MONTH TO DATE    0                         0      0        0
  SINCE DEC 1      0                         0      0        0
  SINCE JAN 1      0                         0      0        0
..................................................................


WIND (MPH)
  HIGHEST WIND SPEED    14   HIGHEST WIND DIRECTION     W (250)
  HIGHEST GUST SPEED    15   HIGHEST GUST DIRECTION     W (250)
  AVERAGE WIND SPEED     6.7


SKY COVER
  POSSIBLE SUNSHINE  MM
  AVERAGE SKY COVER 0.1


WEATHER CONDITIONS
 THE FOLLOWING WEATHER WAS RECORDED YESTERDAY.
  NO SIGNIFICANT WEATHER WAS OBSERVED.


RELATIVE HUMIDITY (PERCENT)
 HIGHEST    96          1200 AM
 LOWEST     66           100 PM
 AVERAGE    81

..........................................................


THE MILES CITY MT CLIMATE NORMALS FOR TODAY
                         NORMAL    RECORD    YEAR
 MAXIMUM TEMPERATURE (F)   30        53      1981
 MINIMUM TEMPERATURE (F)    9       -30      1949


SUNRISE AND SUNSET
JANUARY 21 2018.......SUNRISE   738 AM MST   SUNSET   452 PM MST
JANUARY 22 2018.......SUNRISE   737 AM MST   SUNSET   453 PM MST


-  INDICATES NEGATIVE NUMBERS.
R  INDICATES RECORD WAS SET OR TIED.
MM INDICATES DATA IS MISSING.
T  INDICATES TRACE AMOUNT.




$$
