000
CDUS45 KBYZ 232223
CLIMLS


CLIMATE REPORT
NATIONAL WEATHER SERVICE BILLINGS MT
423 PM MDT MON OCT 23 2017


...................................

...THE MILES CITY MT CLIMATE SUMMARY FOR OCTOBER 23 2017...
VALID TODAY AS OF 0400 PM LOCAL TIME.

CLIMATE NORMAL PERIOD 1981 TO 2010
CLIMATE RECORD PERIOD 1937 TO 2017


WEATHER ITEM   OBSERVED TIME   RECORD YEAR NORMAL DEPARTURE LAST
                VALUE   (LST)  VALUE       VALUE  FROM      YEAR
                                                  NORMAL
..................................................................
TEMPERATURE (F)
 TODAY
  MAXIMUM         59    254 PM  77    1973  56      3       62
  MINIMUM         41    526 AM  17    1981  31     10       34
  AVERAGE         50                        44      6       48

PRECIPITATION (IN)
  TODAY            0.00          0.20 1991   0.02  -0.02     0.00
  MONTH TO DATE    0.67                      0.74  -0.07     0.97
  SINCE OCT 1      0.67                      0.74  -0.07     0.97
  SINCE JAN 1      5.81                     11.58  -5.77    14.43

DEGREE DAYS
 HEATING
  TODAY           15                        21     -6       17
  MONTH TO DATE  374                       388    -14      363
  SINCE SEP 1    598                       590      8      510
  SINCE JUL 1    602                       624    -22      524

 COOLING
  TODAY            0                         0      0        0
  MONTH TO DATE    0                         0      0        3
  SINCE SEP 1     91                        56     35       62
  SINCE JAN 1    985                       728    257      873
..................................................................


WIND (MPH)
  HIGHEST WIND SPEED    33   HIGHEST WIND DIRECTION    NW (320)
  HIGHEST GUST SPEED    41   HIGHEST GUST DIRECTION    NW (320)
  AVERAGE WIND SPEED    20.8


SKY COVER
  POSSIBLE SUNSHINE  MM
  AVERAGE SKY COVER 0.1


WEATHER CONDITIONS
 THE FOLLOWING WEATHER WAS RECORDED TODAY.
  NO SIGNIFICANT WEATHER WAS OBSERVED.


RELATIVE HUMIDITY (PERCENT)
 HIGHEST    57           500 AM
 LOWEST     26           200 PM
 AVERAGE    42

..........................................................


THE MILES CITY MT CLIMATE NORMALS FOR TOMORROW
                         NORMAL    RECORD    YEAR
 MAXIMUM TEMPERATURE (F)   56        83      2007
 MINIMUM TEMPERATURE (F)   31        10      1942


SUNRISE AND SUNSET
OCTOBER 23 2017.......SUNRISE   733 AM MDT   SUNSET   602 PM MDT
OCTOBER 24 2017.......SUNRISE   734 AM MDT   SUNSET   601 PM MDT


-  INDICATES NEGATIVE NUMBERS.
R  INDICATES RECORD WAS SET OR TIED.
MM INDICATES DATA IS MISSING.
T  INDICATES TRACE AMOUNT.




$$
