000
CDUS45 KBYZ 012345
CLIMLS


CLIMATE REPORT
NATIONAL WEATHER SERVICE BILLINGS MT
443 PM MST SUN MAR 1 2015


...................................

...THE MILES CITY MT CLIMATE SUMMARY FOR MARCH 1 2015...
VALID TODAY AS OF 0400 PM LOCAL TIME.

CLIMATE NORMAL PERIOD 1981 TO 2010
CLIMATE RECORD PERIOD 1937 TO 2015


WEATHER ITEM   OBSERVED TIME   RECORD YEAR NORMAL DEPARTURE LAST
                VALUE   (LST)  VALUE       VALUE  FROM      YEAR
                                                  NORMAL
..................................................................
TEMPERATURE (F)
 TODAY
  MAXIMUM         29    333 PM  70    1992  40    -11       -3
  MINIMUM         12    147 AM -19    1960  17     -5      -15
  AVERAGE         21                        29     -8       -9

PRECIPITATION (IN)
  TODAY            T             0.24        0.01  -0.01      T
  MONTH TO DATE    T                         0.01  -0.01      T
  SINCE OCT 1      1.36                      2.16  -0.80     1.93
  SINCE JAN 1      0.35                      0.56  -0.21     0.25

DEGREE DAYS
 HEATING
  TODAY           44                        36      8       74
  MONTH TO DATE   44                        36      8       74
  SINCE MAR 1     44                        36      8       74
  SINCE JUL 1   5514                      5770   -256     6113

 COOLING
  TODAY            0                         0      0        0
  MONTH TO DATE    0                         0      0        0
  SINCE MAR 1      0                         0      0        0
  SINCE JAN 1      0                         0      0        0
..................................................................


WIND (MPH)
  HIGHEST WIND SPEED    23   HIGHEST WIND DIRECTION    NW (310)
  HIGHEST GUST SPEED    28   HIGHEST GUST DIRECTION     W (290)
  AVERAGE WIND SPEED    11.4


SKY COVER
  POSSIBLE SUNSHINE  MM
  AVERAGE SKY COVER 0.7


WEATHER CONDITIONS
 THE FOLLOWING WEATHER WAS RECORDED TODAY.
  LIGHT SNOW
  FOG
  HAZE


RELATIVE HUMIDITY (PERCENT)
 HIGHEST    80           500 AM
 LOWEST     42           400 PM
 AVERAGE    61

..........................................................


THE MILES CITY MT CLIMATE NORMALS FOR TOMORROW
                         NORMAL    RECORD    YEAR
 MAXIMUM TEMPERATURE (F)   41        66      1946
 MINIMUM TEMPERATURE (F)   18       -19      2014


SUNRISE AND SUNSET
MARCH  1 2015.........SUNRISE   643 AM MST   SUNSET   549 PM MST
MARCH  2 2015.........SUNRISE   641 AM MST   SUNSET   551 PM MST


-  INDICATES NEGATIVE NUMBERS.
R  INDICATES RECORD WAS SET OR TIED.
MM INDICATES DATA IS MISSING.
T  INDICATES TRACE AMOUNT.





&&

THIS IS AN AUTOMATED...UNATTENDED WEATHER STATION AND MAY
UNDERESTIMATE WINTER PRECIPITATION.

$$
