697
CDUS45 KBYZ 031037
CLIMLS


CLIMATE REPORT
NATIONAL WEATHER SERVICE BILLINGS MT
336 AM MST SAT DEC 3 2016


...................................

...THE MILES CITY MT CLIMATE SUMMARY FOR DECEMBER 2 2016...

CLIMATE NORMAL PERIOD 1981 TO 2010
CLIMATE RECORD PERIOD 1937 TO 2016


WEATHER ITEM   OBSERVED TIME   RECORD YEAR NORMAL DEPARTURE LAST
                VALUE   (LST)  VALUE       VALUE  FROM      YEAR
                                                  NORMAL
..................................................................
TEMPERATURE (F)
 YESTERDAY
  MAXIMUM         40    302 PM  63    1949  35      5       45
  MINIMUM         15    308 AM -33    1985  13      2       15
  AVERAGE         28                        24      4       30

PRECIPITATION (IN)
  YESTERDAY        0.00          0.37 1982   0.01  -0.01     0.00
  MONTH TO DATE    0.00                      0.02  -0.02     0.00
  SINCE OCT 1      0.97                      1.33  -0.36     1.24
  SINCE JAN 1     14.43                     12.17   2.26     8.48

DEGREE DAYS
 HEATING
  YESTERDAY       37                        41     -4       35
  MONTH TO DATE   83                        82      1       78
  SINCE DEC 1     83                        82      1       78
  SINCE JUL 1   1398                      1881   -483     1506

 COOLING
  YESTERDAY        0                         0      0        0
  MONTH TO DATE    0                         0      0        0
  SINCE DEC 1      0                         0      0        0
  SINCE JAN 1    873                       730    143      837
..................................................................


WIND (MPH)
  HIGHEST WIND SPEED    13   HIGHEST WIND DIRECTION    SE (150)
  HIGHEST GUST SPEED    15   HIGHEST GUST DIRECTION     S (160)
  AVERAGE WIND SPEED     6.8


SKY COVER
  POSSIBLE SUNSHINE  MM
  AVERAGE SKY COVER 0.4


WEATHER CONDITIONS
 THE FOLLOWING WEATHER WAS RECORDED YESTERDAY.
  NO SIGNIFICANT WEATHER WAS OBSERVED.


RELATIVE HUMIDITY (PERCENT)
 HIGHEST    92           900 AM
 LOWEST     59           300 PM
 AVERAGE    76

..........................................................


THE MILES CITY MT CLIMATE NORMALS FOR TODAY
                         NORMAL    RECORD    YEAR
 MAXIMUM TEMPERATURE (F)   34        60      1943
 MINIMUM TEMPERATURE (F)   13       -12      1972


SUNRISE AND SUNSET
DECEMBER  3 2016......SUNRISE   729 AM MST   SUNSET   418 PM MST
DECEMBER  4 2016......SUNRISE   731 AM MST   SUNSET   417 PM MST


-  INDICATES NEGATIVE NUMBERS.
R  INDICATES RECORD WAS SET OR TIED.
MM INDICATES DATA IS MISSING.
T  INDICATES TRACE AMOUNT.





&&

THIS IS AN AUTOMATED...UNATTENDED WEATHER STATION AND MAY
UNDERESTIMATE WINTER PRECIPITATION.

$$
