000
CDUS45 KBYZ 282223
CLIMLS


CLIMATE REPORT
NATIONAL WEATHER SERVICE BILLINGS MT
423 PM MDT WED JUN 28 2017


...................................

...THE MILES CITY MT CLIMATE SUMMARY FOR JUNE 28 2017...
VALID TODAY AS OF 0400 PM LOCAL TIME.

CLIMATE NORMAL PERIOD 1981 TO 2010
CLIMATE RECORD PERIOD 1937 TO 2017


WEATHER ITEM   OBSERVED TIME   RECORD YEAR NORMAL DEPARTURE LAST
                VALUE   (LST)  VALUE       VALUE  FROM      YEAR
                                                  NORMAL
..................................................................
TEMPERATURE (F)
 TODAY
  MAXIMUM         86    219 PM 105    2002  84      2       94
  MINIMUM         53    451 AM  43    1951  56     -3       58
  AVERAGE         70                        70      0       76

PRECIPITATION (IN)
  TODAY            0.02          0.54 2005   0.06  -0.04     0.00
  MONTH TO DATE    0.74                      2.38  -1.64     0.69
  SINCE OCT 1      4.27                      8.68  -4.41     9.81
  SINCE JAN 1      3.18                      7.08  -3.90     8.55

DEGREE DAYS
 HEATING
  TODAY            0                         1     -1        0
  MONTH TO DATE   17                        86    -69        9
  SINCE JUN 1     17                        86    -69        9
  SINCE JUL 1   7114                      7635   -521     6101

 COOLING
  TODAY            5                         6     -1       11
  MONTH TO DATE  131                        95     36      180
  SINCE JUN 1    131                        95     36      180
  SINCE JAN 1    152                       115     37      204
..................................................................


WIND (MPH)
  HIGHEST WIND SPEED    28   HIGHEST WIND DIRECTION     W (280)
  HIGHEST GUST SPEED    36   HIGHEST GUST DIRECTION     W (280)
  AVERAGE WIND SPEED     8.7


SKY COVER
  POSSIBLE SUNSHINE  MM
  AVERAGE SKY COVER 0.2


WEATHER CONDITIONS
 THE FOLLOWING WEATHER WAS RECORDED TODAY.
  THUNDERSTORM
  FOG


RELATIVE HUMIDITY (PERCENT)
 HIGHEST    93           500 AM
 LOWEST     23           300 PM
 AVERAGE    58

..........................................................


THE MILES CITY MT CLIMATE NORMALS FOR TOMORROW
                         NORMAL    RECORD    YEAR
 MAXIMUM TEMPERATURE (F)   84       104      1961
 MINIMUM TEMPERATURE (F)   56        43      1959
                                             1947


SUNRISE AND SUNSET
JUNE 28 2017..........SUNRISE   514 AM MDT   SUNSET   900 PM MDT
JUNE 29 2017..........SUNRISE   514 AM MDT   SUNSET   900 PM MDT


-  INDICATES NEGATIVE NUMBERS.
R  INDICATES RECORD WAS SET OR TIED.
MM INDICATES DATA IS MISSING.
T  INDICATES TRACE AMOUNT.




$$
