000
CDUS45 KBYZ 300934
CLIMLS


CLIMATE REPORT
NATIONAL WEATHER SERVICE BILLINGS MT
332 AM MDT FRI SEP 30 2016


...................................

...THE MILES CITY MT CLIMATE SUMMARY FOR SEPTEMBER 29 2016...

CLIMATE NORMAL PERIOD 1981 TO 2010
CLIMATE RECORD PERIOD 1937 TO 2016


WEATHER ITEM   OBSERVED TIME   RECORD YEAR NORMAL DEPARTURE LAST
                VALUE   (LST)  VALUE       VALUE  FROM      YEAR
                                                  NORMAL
..................................................................
TEMPERATURE (F)
 YESTERDAY
  MAXIMUM         84    215 PM  94    1989  67     17       78
  MINIMUM         58    710 AM  26    1939  40     18       46
  AVERAGE         71                        54     17       62

PRECIPITATION (IN)
  YESTERDAY        0.00          0.37 1950   0.04  -0.04     0.00
  MONTH TO DATE    2.80                      1.05   1.75     0.18
  SINCE OCT 1     14.72                     12.41   2.31     8.25
  SINCE JAN 1     13.46                     10.81   2.65     7.24

DEGREE DAYS
 HEATING
  YESTERDAY        0                        12    -12        3
  MONTH TO DATE  147                       190    -43       55
  SINCE SEP 1    147                       190    -43       55
  SINCE JUL 1    161                       224    -63       96

 COOLING
  YESTERDAY        6                         0      6        0
  MONTH TO DATE   54                        56     -2       91
  SINCE SEP 1     54                        56     -2       91
  SINCE JAN 1    865                       728    137      830
..................................................................


WIND (MPH)
  HIGHEST WIND SPEED    23   HIGHEST WIND DIRECTION    SE (140)
  HIGHEST GUST SPEED    30   HIGHEST GUST DIRECTION    SE (150)
  AVERAGE WIND SPEED    11.0


SKY COVER
  POSSIBLE SUNSHINE  MM
  AVERAGE SKY COVER 0.0


WEATHER CONDITIONS
 THE FOLLOWING WEATHER WAS RECORDED YESTERDAY.
  NO SIGNIFICANT WEATHER WAS OBSERVED.


RELATIVE HUMIDITY (PERCENT)
 HIGHEST    57           600 AM
 LOWEST     28           200 PM
 AVERAGE    43

..........................................................


THE MILES CITY MT CLIMATE NORMALS FOR TODAY
                         NORMAL    RECORD    YEAR
 MAXIMUM TEMPERATURE (F)   67        93      1989
 MINIMUM TEMPERATURE (F)   40        21      1985


SUNRISE AND SUNSET
SEPTEMBER 30 2016.....SUNRISE   702 AM MDT   SUNSET   644 PM MDT
OCTOBER  1 2016.......SUNRISE   703 AM MDT   SUNSET   642 PM MDT


-  INDICATES NEGATIVE NUMBERS.
R  INDICATES RECORD WAS SET OR TIED.
MM INDICATES DATA IS MISSING.
T  INDICATES TRACE AMOUNT.





&&

THIS IS AN AUTOMATED...UNATTENDED WEATHER STATION AND MAY
UNDERESTIMATE WINTER PRECIPITATION.

$$
