000
CDUS45 KBYZ 290934
CLIMLS


CLIMATE REPORT
NATIONAL WEATHER SERVICE BILLINGS MT
332 AM MDT SUN MAR 29 2015


...................................

...THE MILES CITY MT CLIMATE SUMMARY FOR MARCH 28 2015...

CLIMATE NORMAL PERIOD 1981 TO 2010
CLIMATE RECORD PERIOD 1937 TO 2015


WEATHER ITEM   OBSERVED TIME   RECORD YEAR NORMAL DEPARTURE LAST
                VALUE   (LST)  VALUE       VALUE  FROM      YEAR
                                                  NORMAL
..................................................................
TEMPERATURE (F)
 YESTERDAY
  MAXIMUM         83R   119 PM  80    1986  52     31       40
  MINIMUM         38    357 AM   0    1954  27     11       27
  AVERAGE         61                        39     22       34

PRECIPITATION (IN)
  YESTERDAY        0.08          0.76        0.02   0.06     0.08
  MONTH TO DATE    0.08                      0.51  -0.43     0.70
  SINCE OCT 1      1.44                      2.66  -1.22     2.63
  SINCE JAN 1      0.43                      1.06  -0.63     0.95

DEGREE DAYS
 HEATING
  YESTERDAY        4                        26    -22       31
  MONTH TO DATE  405                       867   -462      964
  SINCE MAR 1    405                       867   -462      964
  SINCE JUL 1   5875                      6601   -726     7003

 COOLING
  YESTERDAY        0                         0      0        0
  MONTH TO DATE    0                         0      0        0
  SINCE MAR 1      0                         0      0        0
  SINCE JAN 1      0                         0      0        0
..................................................................


WIND (MPH)
  HIGHEST WIND SPEED    53   HIGHEST WIND DIRECTION     W (290)
  HIGHEST GUST SPEED    68   HIGHEST GUST DIRECTION    NW (300)
  AVERAGE WIND SPEED    18.8


SKY COVER
  POSSIBLE SUNSHINE  MM
  AVERAGE SKY COVER 0.3


WEATHER CONDITIONS
 THE FOLLOWING WEATHER WAS RECORDED YESTERDAY.
  LIGHT RAIN
  FOG
  HAZE


RELATIVE HUMIDITY (PERCENT)
 HIGHEST    70           400 AM
 LOWEST     18          1200 PM
 AVERAGE    44

..........................................................


THE MILES CITY MT CLIMATE NORMALS FOR TODAY
                         NORMAL    RECORD    YEAR
 MAXIMUM TEMPERATURE (F)   52        83      1943
 MINIMUM TEMPERATURE (F)   28        -5      1954


SUNRISE AND SUNSET
MARCH 29 2015.........SUNRISE   649 AM MDT   SUNSET   728 PM MDT
MARCH 30 2015.........SUNRISE   647 AM MDT   SUNSET   730 PM MDT


-  INDICATES NEGATIVE NUMBERS.
R  INDICATES RECORD WAS SET OR TIED.
MM INDICATES DATA IS MISSING.
T  INDICATES TRACE AMOUNT.





&&

THIS IS AN AUTOMATED...UNATTENDED WEATHER STATION AND MAY
UNDERESTIMATE WINTER PRECIPITATION.

$$
