000
CDUS45 KBYZ 292233
CLIMLS


CLIMATE REPORT
NATIONAL WEATHER SERVICE BILLINGS MT
431 PM MDT MON AUG 29 2016


...................................

...THE MILES CITY MT CLIMATE SUMMARY FOR AUGUST 29 2016...
VALID TODAY AS OF 0400 PM LOCAL TIME.

CLIMATE NORMAL PERIOD 1981 TO 2010
CLIMATE RECORD PERIOD 1937 TO 2016


WEATHER ITEM   OBSERVED TIME   RECORD YEAR NORMAL DEPARTURE LAST
                VALUE   (LST)  VALUE       VALUE  FROM      YEAR
                                                  NORMAL
..................................................................
TEMPERATURE (F)
 TODAY
  MAXIMUM         89    255 PM 101    1995  83      6      100
  MINIMUM         60    543 AM  41    1965  54      6       58
  AVERAGE         75                        69      6       79

PRECIPITATION (IN)
  TODAY            T             0.96 1964   0.03  -0.03     0.00
  MONTH TO DATE    0.77                      0.86  -0.09     0.64
  SINCE OCT 1     11.92                     11.31   0.61     7.95
  SINCE JAN 1     10.66                      9.71   0.95     6.94

DEGREE DAYS
 HEATING
  TODAY            0                         2     -2        0
  MONTH TO DATE   12                        15     -3       41
  SINCE JUN 1     23                       116    -93       66
  SINCE JUL 1     14                        27    -13       41

 COOLING
  TODAY           10                         5      5       14
  MONTH TO DATE  221                       248    -27      267
  SINCE JUN 1    756                       643    113      725
  SINCE JAN 1    780                       663    117      726
..................................................................


WIND (MPH)
  HIGHEST WIND SPEED    21   HIGHEST WIND DIRECTION    NE (40)
  HIGHEST GUST SPEED    25   HIGHEST GUST DIRECTION    SE (150)
  AVERAGE WIND SPEED    11.1


SKY COVER
  POSSIBLE SUNSHINE  MM
  AVERAGE SKY COVER 0.0


WEATHER CONDITIONS
 THE FOLLOWING WEATHER WAS RECORDED TODAY.
  LIGHT RAIN


RELATIVE HUMIDITY (PERCENT)
 HIGHEST    60           600 AM
 LOWEST     24           200 PM
 AVERAGE    42

..........................................................


THE MILES CITY MT CLIMATE NORMALS FOR TOMORROW
                         NORMAL    RECORD    YEAR
 MAXIMUM TEMPERATURE (F)   83       105      1948
 MINIMUM TEMPERATURE (F)   54        40      1992


SUNRISE AND SUNSET
AUGUST 29 2016........SUNRISE   621 AM MDT   SUNSET   747 PM MDT
AUGUST 30 2016........SUNRISE   622 AM MDT   SUNSET   745 PM MDT


-  INDICATES NEGATIVE NUMBERS.
R  INDICATES RECORD WAS SET OR TIED.
MM INDICATES DATA IS MISSING.
T  INDICATES TRACE AMOUNT.





&&

THIS IS AN AUTOMATED...UNATTENDED WEATHER STATION AND MAY
UNDERESTIMATE WINTER PRECIPITATION.

$$
