000
CDUS45 KBYZ 162328
CLIMLS


CLIMATE REPORT
NATIONAL WEATHER SERVICE BILLINGS MT
426 PM MST MON JAN 16 2017


...................................

...THE MILES CITY MT CLIMATE SUMMARY FOR JANUARY 16 2017...
VALID TODAY AS OF 0400 PM LOCAL TIME.

CLIMATE NORMAL PERIOD 1981 TO 2010
CLIMATE RECORD PERIOD 1937 TO 2017


WEATHER ITEM   OBSERVED TIME   RECORD YEAR NORMAL DEPARTURE LAST
                VALUE   (LST)  VALUE       VALUE  FROM      YEAR
                                                  NORMAL
..................................................................
TEMPERATURE (F)
 TODAY
  MAXIMUM         17    219 PM  56    1961  30    -13       10
  MINIMUM         -2    628 AM -27    2005   9    -11       -9
                                      1937
  AVERAGE          8                        19    -11        1

PRECIPITATION (IN)
  TODAY            0.00          0.25 1990   0.01  -0.01     0.01
  MONTH TO DATE    0.04                      0.19  -0.15     0.13
  SINCE OCT 1      1.13                      1.79  -0.66     1.39
  SINCE JAN 1      0.04                      0.19  -0.15     0.13

DEGREE DAYS
 HEATING
  TODAY           57                        46     11       64
  MONTH TO DATE 1021                       737    284      747
  SINCE DEC 1   2600                      2122    478     1937
  SINCE JUL 1   3915                      3921     -6     3365

 COOLING
  TODAY            0                         0      0        0
  MONTH TO DATE    0                         0      0        0
  SINCE DEC 1      0                         0      0        0
  SINCE JAN 1      0                         0      0        0
..................................................................


WIND (MPH)
  HIGHEST WIND SPEED    15   HIGHEST WIND DIRECTION     W (260)
  HIGHEST GUST SPEED    15   HIGHEST GUST DIRECTION     W (260)
  AVERAGE WIND SPEED     7.2


SKY COVER
  POSSIBLE SUNSHINE  MM
  AVERAGE SKY COVER 0.0


WEATHER CONDITIONS
 THE FOLLOWING WEATHER WAS RECORDED TODAY.
  NO SIGNIFICANT WEATHER WAS OBSERVED.


RELATIVE HUMIDITY (PERCENT)
 HIGHEST    83           500 AM
 LOWEST     59           400 PM
 AVERAGE    71

..........................................................


THE MILES CITY MT CLIMATE NORMALS FOR TOMORROW
                         NORMAL    RECORD    YEAR
 MAXIMUM TEMPERATURE (F)   30        56      1946
 MINIMUM TEMPERATURE (F)    9       -28      1943


SUNRISE AND SUNSET
JANUARY 16 2017.......SUNRISE   742 AM MST   SUNSET   445 PM MST
JANUARY 17 2017.......SUNRISE   741 AM MST   SUNSET   447 PM MST


-  INDICATES NEGATIVE NUMBERS.
R  INDICATES RECORD WAS SET OR TIED.
MM INDICATES DATA IS MISSING.
T  INDICATES TRACE AMOUNT.





&&

THIS IS AN AUTOMATED...UNATTENDED WEATHER STATION AND MAY
UNDERESTIMATE WINTER PRECIPITATION.

$$
