000
CDUS41 KCAR 252026
CLIMLT


CLIMATE REPORT
NATIONAL WEATHER SERVICE CARIBOU, ME
426 PM EDT SUN SEP 25 2016


...................................

...THE MILLINOCKET ME CLIMATE SUMMARY FOR SEPTEMBER 25 2016...
VALID TODAY AS OF 0400 PM LOCAL TIME.

CLIMATE NORMAL PERIOD 1981 TO 2010
CLIMATE RECORD PERIOD 1903 TO 2016


WEATHER ITEM   OBSERVED TIME   RECORD YEAR NORMAL DEPARTURE LAST
                VALUE   (LST)  VALUE       VALUE  FROM      YEAR
                                                  NORMAL
..................................................................
TEMPERATURE (F)
 TODAY
  MAXIMUM         56    259 PM  84    1920  64     -8       59
  MINIMUM         42    544 AM  26    1974  43     -1       37
  AVERAGE         49                        53     -4       48

PRECIPITATION (IN)
  TODAY            0.00          2.42 1981   0.13  -0.13     0.00
  MONTH TO DATE    1.17                      3.00  -1.83     2.55
  SINCE SEP 1      1.17                      3.00  -1.83     2.55
  SINCE JAN 1     24.17                     29.93  -5.76    28.15

SNOWFALL (IN)
  TODAY           MM            MM      MM  MM     MM       MM
  MONTH TO DATE   MM                        MM     MM       MM
  SINCE SEP 1     MM                        MM     MM       MM
  SINCE JUL 1     MM                        MM     MM       MM
  SNOW DEPTH      MM

DEGREE DAYS
 HEATING
  TODAY           16                        12      4       17
  MONTH TO DATE  105                       184    -79       69
  SINCE SEP 1    105                       184    -79       69
  SINCE JUL 1    145                       263   -118       90

 COOLING
  TODAY            0                         0      0        0
  MONTH TO DATE   43                        15     28       86
  SINCE SEP 1     43                        15     28       86
  SINCE JAN 1    350                       266     84      398
..................................................................


WIND (MPH)
  HIGHEST WIND SPEED    17   HIGHEST WIND DIRECTION     N (350)
  HIGHEST GUST SPEED    26   HIGHEST GUST DIRECTION     N (20)
  AVERAGE WIND SPEED     9.0


SKY COVER
  POSSIBLE SUNSHINE  MM
  AVERAGE SKY COVER 0.5


WEATHER CONDITIONS
 THE FOLLOWING WEATHER WAS RECORDED TODAY.
  NO SIGNIFICANT WEATHER WAS OBSERVED.


RELATIVE HUMIDITY (PERCENT)
 HIGHEST    76           200 AM
 LOWEST     43           100 PM
 AVERAGE    60

..........................................................


THE MILLINOCKET ME CLIMATE NORMALS FOR TOMORROW
                         NORMAL    RECORD    YEAR
 MAXIMUM TEMPERATURE (F)   63        87      2007
 MINIMUM TEMPERATURE (F)   43        26      1924


SUNRISE AND SUNSET
SEPTEMBER 25 2016.....SUNRISE   626 AM EDT   SUNSET   626 PM EDT
SEPTEMBER 26 2016.....SUNRISE   627 AM EDT   SUNSET   624 PM EDT


-  INDICATES NEGATIVE NUMBERS.
R  INDICATES RECORD WAS SET OR TIED.
MM INDICATES DATA IS MISSING.
T  INDICATES TRACE AMOUNT.




$$
