000
CDUS41 KCAR 142128
CLIMLT


CLIMATE REPORT
NATIONAL WEATHER SERVICE CARIBOU, ME
428 PM EST SUN FEB 14 2016


...................................

...THE MILLINOCKET ME CLIMATE SUMMARY FOR FEBRUARY 14 2016...
VALID TODAY AS OF 0400 PM LOCAL TIME.

CLIMATE NORMAL PERIOD 1981 TO 2010
CLIMATE RECORD PERIOD 1903 TO 2016


WEATHER ITEM   OBSERVED TIME   RECORD YEAR NORMAL DEPARTURE LAST
                VALUE   (LST)  VALUE       VALUE  FROM      YEAR
                                                  NORMAL
..................................................................
TEMPERATURE (F)
 TODAY
  MAXIMUM          4    323 PM  48    1984  28    -24       10
  MINIMUM         -9    749 AM -25    1911   8    -17      -16
  AVERAGE         -2                        18    -20       -3

PRECIPITATION (IN)
  TODAY            T             1.23 1985   0.08  -0.08     0.01
  MONTH TO DATE    0.83                      0.89  -0.06     0.17
  SINCE DEC 1      7.30                      7.35  -0.05     8.01
  SINCE JAN 1      2.90                      3.82  -0.92     2.01

SNOWFALL (IN)
  TODAY           MM            MM      MM  MM     MM       MM
  MONTH TO DATE   MM                        MM     MM       MM
  SINCE DEC 1     MM                        MM     MM       MM
  SINCE JUL 1     MM                        MM     MM       MM
  SNOW DEPTH      MM

DEGREE DAYS
 HEATING
  TODAY           67                        47     20       68
  MONTH TO DATE  630                       685    -55      879
  SINCE DEC 1   2907                      3588   -681     3681
  SINCE JUL 1   4448                      5431   -983     5277

 COOLING
  TODAY            0                         0      0        0
  MONTH TO DATE    0                         0      0        0
  SINCE DEC 1      0                         0      0        0
  SINCE JAN 1      0                         0      0        0
..................................................................


WIND (MPH)
  HIGHEST WIND SPEED    23   HIGHEST WIND DIRECTION    NW (300)
  HIGHEST GUST SPEED    32   HIGHEST GUST DIRECTION    NW (310)
  AVERAGE WIND SPEED    13.4


SKY COVER
  POSSIBLE SUNSHINE  MM
  AVERAGE SKY COVER 0.4


WEATHER CONDITIONS
 THE FOLLOWING WEATHER WAS RECORDED TODAY.
  HAZE


RELATIVE HUMIDITY (PERCENT)
 HIGHEST    61           100 AM
 LOWEST     39           100 PM
 AVERAGE    50

..........................................................


THE MILLINOCKET ME CLIMATE NORMALS FOR TOMORROW
                         NORMAL    RECORD    YEAR
 MAXIMUM TEMPERATURE (F)   29        49      1908
 MINIMUM TEMPERATURE (F)    8       -21      1924


SUNRISE AND SUNSET
FEBRUARY 14 2016......SUNRISE   639 AM EST   SUNSET   459 PM EST
FEBRUARY 15 2016......SUNRISE   638 AM EST   SUNSET   501 PM EST


-  INDICATES NEGATIVE NUMBERS.
R  INDICATES RECORD WAS SET OR TIED.
MM INDICATES DATA IS MISSING.
T  INDICATES TRACE AMOUNT.




$$
