000
CDUS41 KCAR 232036
CLIMLT


CLIMATE REPORT
NATIONAL WEATHER SERVICE CARIBOU, ME
436 PM EDT TUE SEP 23 2014


...................................

...THE MILLINOCKET ME CLIMATE SUMMARY FOR SEPTEMBER 23 2014...
VALID TODAY AS OF 0400 PM LOCAL TIME.

CLIMATE NORMAL PERIOD 1981 TO 2010
CLIMATE RECORD PERIOD 1903 TO 2014


WEATHER ITEM   OBSERVED TIME   RECORD YEAR NORMAL DEPARTURE LAST
                VALUE   (LST)  VALUE       VALUE  FROM      YEAR
                                                  NORMAL
..................................................................
TEMPERATURE (F)
 TODAY
  MAXIMUM         62    142 PM  91    1914  65     -3       54
  MINIMUM         46    339 AM  25    1904  44      2       48
  AVERAGE         54                        54      0       51

PRECIPITATION (IN)
  TODAY            0.00          1.62 1967   0.13  -0.13      T
  MONTH TO DATE    0.60                      2.73  -2.13     4.64
  SINCE SEP 1      0.60                      2.73  -2.13     4.64
  SINCE JAN 1     25.74                     29.66  -3.92    30.13

SNOWFALL (IN)
  TODAY           MM            MM      MM  MM     MM       MM
  MONTH TO DATE   MM                        MM     MM       MM
  SINCE SEP 1     MM                        MM     MM       MM
  SINCE JUL 1     MM                        MM     MM       MM
  SNOW DEPTH      MM

DEGREE DAYS
 HEATING
  TODAY           11                        11      0       14
  MONTH TO DATE  188                       161     27      132
  SINCE SEP 1    188                       161     27      132
  SINCE JUL 1    216                       240    -24      177

 COOLING
  TODAY            0                         0      0        0
  MONTH TO DATE   35                        15     20       28
  SINCE SEP 1     35                        15     20       28
  SINCE JAN 1    363                       266     97      380
..................................................................


WIND (MPH)
  HIGHEST WIND SPEED    22   HIGHEST WIND DIRECTION    NW (310)
  HIGHEST GUST SPEED    30   HIGHEST GUST DIRECTION     W (290)
  AVERAGE WIND SPEED    11.1


SKY COVER
  POSSIBLE SUNSHINE  MM
  AVERAGE SKY COVER 0.5


WEATHER CONDITIONS
 THE FOLLOWING WEATHER WAS RECORDED TODAY.
  NO SIGNIFICANT WEATHER WAS OBSERVED.


RELATIVE HUMIDITY (PERCENT)
 HIGHEST    71          1200 AM
 LOWEST     46           200 PM
 AVERAGE    59

..........................................................


THE MILLINOCKET ME CLIMATE NORMALS FOR TOMORROW
                         NORMAL    RECORD    YEAR
 MAXIMUM TEMPERATURE (F)   64        86      1920
 MINIMUM TEMPERATURE (F)   43        29      1974


SUNRISE AND SUNSET
SEPTEMBER 23 2014.....SUNRISE   623 AM EDT   SUNSET   630 PM EDT
SEPTEMBER 24 2014.....SUNRISE   624 AM EDT   SUNSET   628 PM EDT


-  INDICATES NEGATIVE NUMBERS.
R  INDICATES RECORD WAS SET OR TIED.
MM INDICATES DATA IS MISSING.
T  INDICATES TRACE AMOUNT.




$$
