000
CDUS41 KCAR 280527
CLIMLT


CLIMATE REPORT
NATIONAL WEATHER SERVICE CARIBOU, ME
127 AM EDT MON JUL 28 2014


...................................

...THE MILLINOCKET ME CLIMATE SUMMARY FOR JULY 27 2014...

CLIMATE NORMAL PERIOD 1981 TO 2010
CLIMATE RECORD PERIOD 1903 TO 2014


WEATHER ITEM   OBSERVED TIME   RECORD YEAR NORMAL DEPARTURE LAST
                VALUE   (LST)  VALUE       VALUE  FROM      YEAR
                                                  NORMAL
..................................................................
TEMPERATURE (F)
 YESTERDAY
  MAXIMUM         80   1208 PM  95    1963  79      1       80
  MINIMUM         59    309 AM  41    1946  57      2       59
  AVERAGE         70                        68      2       70

PRECIPITATION (IN)
  YESTERDAY        0.06          1.82 1919   0.11  -0.05     0.75
  MONTH TO DATE    3.23                      3.39  -0.16     3.47
  SINCE JUN 1      7.80                      7.46   0.34     9.18
  SINCE JAN 1     21.70                     22.53  -0.83    20.34

SNOWFALL (IN)
  YESTERDAY       MM            MM      MM  MM     MM       MM
  MONTH TO DATE   MM                        MM     MM       MM
  SINCE JUN 1     MM                        MM     MM       MM
  SINCE JUL 1     MM                        MM     MM       MM
  SNOW DEPTH      MM

DEGREE DAYS
 HEATING
  YESTERDAY        0                         1     -1        0
  MONTH TO DATE    6                        27    -21       10
  SINCE JUN 1     82                       143    -61      111
  SINCE JUL 1      6                        27    -21       10

 COOLING
  YESTERDAY        5                         4      1        5
  MONTH TO DATE  167                       105     62      197
  SINCE JUN 1    225                       154     71      258
  SINCE JAN 1    227                       160     67      266
..................................................................


WIND (MPH)
  HIGHEST WIND SPEED    15   HIGHEST WIND DIRECTION     S (170)
  HIGHEST GUST SPEED    29   HIGHEST GUST DIRECTION     S (180)
  AVERAGE WIND SPEED     5.7


SKY COVER
  POSSIBLE SUNSHINE  MM
  AVERAGE SKY COVER 0.7


WEATHER CONDITIONS
 THE FOLLOWING WEATHER WAS RECORDED YESTERDAY.
  LIGHT RAIN
  FOG
  FOG W/VISIBILITY <= 1/4 MILE


RELATIVE HUMIDITY (PERCENT)
 HIGHEST   100           500 AM
 LOWEST     52          1200 PM
 AVERAGE    76

..........................................................


THE MILLINOCKET ME CLIMATE NORMALS FOR TODAY
                         NORMAL    RECORD    YEAR
 MAXIMUM TEMPERATURE (F)   79        93      1970
 MINIMUM TEMPERATURE (F)   57        40      1920


SUNRISE AND SUNSET
JULY 28 2014..........SUNRISE   514 AM EDT   SUNSET   808 PM EDT
JULY 29 2014..........SUNRISE   515 AM EDT   SUNSET   807 PM EDT


-  INDICATES NEGATIVE NUMBERS.
R  INDICATES RECORD WAS SET OR TIED.
MM INDICATES DATA IS MISSING.
T  INDICATES TRACE AMOUNT.




$$
