000
CDUS41 KCAR 270537
CLIMLT


CLIMATE REPORT
NATIONAL WEATHER SERVICE CARIBOU, ME
1234 AM EST SAT DEC 27 2014


...................................

...THE MILLINOCKET ME CLIMATE SUMMARY FOR DECEMBER 26 2014...

CLIMATE NORMAL PERIOD 1981 TO 2010
CLIMATE RECORD PERIOD 1903 TO 2014


WEATHER ITEM   OBSERVED TIME   RECORD YEAR NORMAL DEPARTURE LAST
                VALUE   (LST)  VALUE       VALUE  FROM      YEAR
                                                  NORMAL
..................................................................
TEMPERATURE (F)
 YESTERDAY
  MAXIMUM         43    217 PM  50    1964  27     16       17
  MINIMUM         39   1157 PM -20    1924  10     29       -4
  AVERAGE         41                        18     23        7

PRECIPITATION (IN)
  YESTERDAY        0.00          1.22 1979   0.08  -0.08     0.21
  MONTH TO DATE    5.46                      3.16   2.30     1.97
  SINCE DEC 1      5.46                      3.16   2.30     1.97
  SINCE JAN 1     38.93                     42.31  -3.38    37.68

SNOWFALL (IN)
  YESTERDAY       MM            MM      MM  MM     MM       MM
  MONTH TO DATE   MM                        MM     MM       MM
  SINCE DEC 1     MM                        MM     MM       MM
  SINCE JUL 1     MM                        MM     MM       MM
  SNOW DEPTH      MM

DEGREE DAYS
 HEATING
  YESTERDAY       24                        47    -23       58
  MONTH TO DATE  977                      1085   -108     1213
  SINCE DEC 1    977                      1085   -108     1213
  SINCE JUL 1   2573                      2928   -355     2905

 COOLING
  YESTERDAY        0                         0      0        0
  MONTH TO DATE    0                         0      0        0
  SINCE DEC 1      0                         0      0        0
  SINCE JAN 1    375                       268    107      380
..................................................................


WIND (MPH)
  HIGHEST WIND SPEED    28   HIGHEST WIND DIRECTION    NW (300)
  HIGHEST GUST SPEED    40   HIGHEST GUST DIRECTION    NW (300)
  AVERAGE WIND SPEED    13.3


SKY COVER
  POSSIBLE SUNSHINE  MM
  AVERAGE SKY COVER 0.4


WEATHER CONDITIONS
 THE FOLLOWING WEATHER WAS RECORDED YESTERDAY.
  NO SIGNIFICANT WEATHER WAS OBSERVED.


RELATIVE HUMIDITY (PERCENT)
 HIGHEST    64          1000 PM
 LOWEST     45          1000 AM
 AVERAGE    55

..........................................................


THE MILLINOCKET ME CLIMATE NORMALS FOR TODAY
                         NORMAL    RECORD    YEAR
 MAXIMUM TEMPERATURE (F)   27        54      1964
 MINIMUM TEMPERATURE (F)    9       -24      1917


SUNRISE AND SUNSET
DECEMBER 27 2014......SUNRISE   715 AM EST   SUNSET   357 PM EST
DECEMBER 28 2014......SUNRISE   715 AM EST   SUNSET   358 PM EST


-  INDICATES NEGATIVE NUMBERS.
R  INDICATES RECORD WAS SET OR TIED.
MM INDICATES DATA IS MISSING.
T  INDICATES TRACE AMOUNT.




$$
