000
CDUS41 KCAR 040527
CLIMLT


CLIMATE REPORT
NATIONAL WEATHER SERVICE CARIBOU, ME
127 AM EDT TUE AUG 4 2015


...................................

...THE MILLINOCKET ME CLIMATE SUMMARY FOR AUGUST 3 2015...

CLIMATE NORMAL PERIOD 1981 TO 2010
CLIMATE RECORD PERIOD 1903 TO 2015


WEATHER ITEM   OBSERVED TIME   RECORD YEAR NORMAL DEPARTURE LAST
                VALUE   (LST)  VALUE       VALUE  FROM      YEAR
                                                  NORMAL
..................................................................
TEMPERATURE (F)
 YESTERDAY
  MAXIMUM         86    155 PM 100    1975  78      8       80
  MINIMUM         58    507 AM  39    1921  57      1       57
  AVERAGE         72                        67      5       69

PRECIPITATION (IN)
  YESTERDAY        0.32          1.62 1938   0.12   0.20     0.00
  MONTH TO DATE    0.48                      0.39   0.09     0.00
  SINCE JUN 1      8.51                      8.31   0.20     8.98
  SINCE JAN 1     20.20                     23.38  -3.18    22.88

SNOWFALL (IN)
  YESTERDAY       MM            MM      MM  MM     MM       MM
  MONTH TO DATE   MM                        MM     MM       MM
  SINCE JUN 1     MM                        MM     MM       MM
  SINCE JUL 1     MM                        MM     MM       MM
  SNOW DEPTH      MM

DEGREE DAYS
 HEATING
  YESTERDAY        0                         1     -1        0
  MONTH TO DATE    0                         3     -3        0
  SINCE JUN 1    181                       143     38       85
  SINCE JUL 1     21                        27     -6        9

 COOLING
  YESTERDAY        7                         3      4        4
  MONTH TO DATE   12                         9      3       13
  SINCE JUN 1    136                       175    -39      245
  SINCE JAN 1    170                       181    -11      247
..................................................................


WIND (MPH)
  HIGHEST WIND SPEED    16   HIGHEST WIND DIRECTION     S (160)
  HIGHEST GUST SPEED    32   HIGHEST GUST DIRECTION     S (170)
  AVERAGE WIND SPEED     5.5


SKY COVER
  POSSIBLE SUNSHINE  MM
  AVERAGE SKY COVER 0.2


WEATHER CONDITIONS
 THE FOLLOWING WEATHER WAS RECORDED YESTERDAY.
  THUNDERSTORM
  HEAVY RAIN
  LIGHT RAIN
  FOG


RELATIVE HUMIDITY (PERCENT)
 HIGHEST    90           100 AM
 LOWEST     48           200 PM
 AVERAGE    69

..........................................................


THE MILLINOCKET ME CLIMATE NORMALS FOR TODAY
                         NORMAL    RECORD    YEAR
 MAXIMUM TEMPERATURE (F)   78        94      1944
 MINIMUM TEMPERATURE (F)   57        39      1918


SUNRISE AND SUNSET
AUGUST  4 2015........SUNRISE   521 AM EDT   SUNSET   800 PM EDT
AUGUST  5 2015........SUNRISE   523 AM EDT   SUNSET   758 PM EDT


-  INDICATES NEGATIVE NUMBERS.
R  INDICATES RECORD WAS SET OR TIED.
MM INDICATES DATA IS MISSING.
T  INDICATES TRACE AMOUNT.




$$
