000
CDUS41 KCAR 282026
CLIMLT


CLIMATE REPORT
NATIONAL WEATHER SERVICE CARIBOU, ME
426 PM EDT SUN AUG 28 2016


...................................

...THE MILLINOCKET ME CLIMATE SUMMARY FOR AUGUST 28 2016...
VALID TODAY AS OF 0400 PM LOCAL TIME.

CLIMATE NORMAL PERIOD 1981 TO 2010
CLIMATE RECORD PERIOD 1903 TO 2016


WEATHER ITEM   OBSERVED TIME   RECORD YEAR NORMAL DEPARTURE LAST
                VALUE   (LST)  VALUE       VALUE  FROM      YEAR
                                                  NORMAL
..................................................................
TEMPERATURE (F)
 TODAY
  MAXIMUM         73    259 PM  94    1952  75     -2       77
  MINIMUM         51    317 AM  32    1915  53     -2       58
  AVERAGE         62                        64     -2       68

PRECIPITATION (IN)
  TODAY            0.00          2.99 2011   0.13  -0.13     0.00
  MONTH TO DATE    4.14                      3.58   0.56     5.88
  SINCE JUN 1      9.29                     11.50  -2.21    13.91
  SINCE JAN 1     22.90                     26.57  -3.67    25.60

SNOWFALL (IN)
  TODAY           MM            MM      MM  MM     MM       MM
  MONTH TO DATE   MM                        MM     MM       MM
  SINCE JUN 1     MM                        MM     MM       MM
  SINCE JUL 1     MM                        MM     MM       MM
  SNOW DEPTH      MM

DEGREE DAYS
 HEATING
  TODAY            3                         3      0        0
  MONTH TO DATE    7                        44    -37        0
  SINCE JUN 1    156                       184    -28      181
  SINCE JUL 1     40                        68    -28       21

 COOLING
  TODAY            0                         2     -2        3
  MONTH TO DATE  107                        73     34      144
  SINCE JUN 1    291                       239     52      268
  SINCE JAN 1    297                       245     52      302
..................................................................


WIND (MPH)
  HIGHEST WIND SPEED     9   HIGHEST WIND DIRECTION     S (190)
  HIGHEST GUST SPEED    14   HIGHEST GUST DIRECTION    SW (210)
  AVERAGE WIND SPEED     1.9


SKY COVER
  POSSIBLE SUNSHINE  MM
  AVERAGE SKY COVER 0.5


WEATHER CONDITIONS
 THE FOLLOWING WEATHER WAS RECORDED TODAY.
  NO SIGNIFICANT WEATHER WAS OBSERVED.


RELATIVE HUMIDITY (PERCENT)
 HIGHEST   100           200 AM
 LOWEST     61           100 PM
 AVERAGE    81

..........................................................


THE MILLINOCKET ME CLIMATE NORMALS FOR TOMORROW
                         NORMAL    RECORD    YEAR
 MAXIMUM TEMPERATURE (F)   74        92      2010
 MINIMUM TEMPERATURE (F)   53        32      1986


SUNRISE AND SUNSET
AUGUST 28 2016........SUNRISE   552 AM EDT   SUNSET   719 PM EDT
AUGUST 29 2016........SUNRISE   553 AM EDT   SUNSET   717 PM EDT


-  INDICATES NEGATIVE NUMBERS.
R  INDICATES RECORD WAS SET OR TIED.
MM INDICATES DATA IS MISSING.
T  INDICATES TRACE AMOUNT.




$$
