000
CDUS41 KCAR 040528
CLIMLT


CLIMATE REPORT
NATIONAL WEATHER SERVICE CARIBOU, ME
126 AM EDT FRI SEP 4 2015


...................................

...THE MILLINOCKET ME CLIMATE SUMMARY FOR SEPTEMBER 3 2015...

CLIMATE NORMAL PERIOD 1981 TO 2010
CLIMATE RECORD PERIOD 1903 TO 2015


WEATHER ITEM   OBSERVED TIME   RECORD YEAR NORMAL DEPARTURE LAST
                VALUE   (LST)  VALUE       VALUE  FROM      YEAR
                                                  NORMAL
..................................................................
TEMPERATURE (F)
 YESTERDAY
  MAXIMUM         85    237 PM  93    1999  73     12       80
  MINIMUM         54   1159 PM  34    1938  51      3       60
  AVERAGE         70                        62      8       70

PRECIPITATION (IN)
  YESTERDAY        0.00          1.82 1908   0.11  -0.11     0.12
  MONTH TO DATE    0.00                      0.32  -0.32     0.13
  SINCE SEP 1      0.00                      0.32  -0.32     0.13
  SINCE JAN 1     25.60                     27.25  -1.65    25.27

SNOWFALL (IN)
  YESTERDAY       MM            MM      MM  MM     MM       MM
  MONTH TO DATE   MM                        MM     MM       MM
  SINCE SEP 1     MM                        MM     MM       MM
  SINCE JUL 1      0.0                      MM     MM       MM
  SNOW DEPTH      MM

DEGREE DAYS
 HEATING
  YESTERDAY        0                         4     -4        0
  MONTH TO DATE    0                        12    -12        0
  SINCE SEP 1      0                        12    -12        0
  SINCE JUL 1     21                        91    -70       28

 COOLING
  YESTERDAY        5                         1      4        5
  MONTH TO DATE   12                         5      7       19
  SINCE SEP 1     12                         5      7       19
  SINCE JAN 1    324                       256     68      347
..................................................................


WIND (MPH)
  HIGHEST WIND SPEED    14   HIGHEST WIND DIRECTION    NW (320)
  HIGHEST GUST SPEED    18   HIGHEST GUST DIRECTION    NW (320)
  AVERAGE WIND SPEED     5.9


SKY COVER
  POSSIBLE SUNSHINE  MM
  AVERAGE SKY COVER 0.1


WEATHER CONDITIONS
 THE FOLLOWING WEATHER WAS RECORDED YESTERDAY.
  FOG
  HAZE


RELATIVE HUMIDITY (PERCENT)
 HIGHEST    90          1200 AM
 LOWEST     25           200 PM
 AVERAGE    58

..........................................................


THE MILLINOCKET ME CLIMATE NORMALS FOR TODAY
                         NORMAL    RECORD    YEAR
 MAXIMUM TEMPERATURE (F)   73        89      1999
 MINIMUM TEMPERATURE (F)   51        31      1916


SUNRISE AND SUNSET
SEPTEMBER  4 2015.....SUNRISE   559 AM EDT   SUNSET   708 PM EDT
SEPTEMBER  5 2015.....SUNRISE   600 AM EDT   SUNSET   706 PM EDT


-  INDICATES NEGATIVE NUMBERS.
R  INDICATES RECORD WAS SET OR TIED.
MM INDICATES DATA IS MISSING.
T  INDICATES TRACE AMOUNT.




$$
