000
CDUS41 KCAR 200527
CLIMLT


CLIMATE REPORT
NATIONAL WEATHER SERVICE CARIBOU, ME
1226 AM EST FRI JAN 20 2017


...................................

...THE MILLINOCKET ME CLIMATE SUMMARY FOR JANUARY 19 2017...

CLIMATE NORMAL PERIOD 1981 TO 2010
CLIMATE RECORD PERIOD 1903 TO 2017


WEATHER ITEM   OBSERVED TIME   RECORD YEAR NORMAL DEPARTURE LAST
                VALUE   (LST)  VALUE       VALUE  FROM      YEAR
                                                  NORMAL
..................................................................
TEMPERATURE (F)
 YESTERDAY
  MAXIMUM         34    353 PM  51    1990  23     11       19
  MINIMUM         20    612 AM -41    1925   3     17        9
  AVERAGE         27                        13     14       14

PRECIPITATION (IN)
  YESTERDAY        0.10          0.92 1942   0.08   0.02      T
                                      2002
  MONTH TO DATE    1.44                      1.94  -0.50     2.04
  SINCE DEC 1      4.75                      5.47  -0.72     6.44
  SINCE JAN 1      1.44                      1.94  -0.50     2.04

SNOWFALL (IN)
  YESTERDAY       MM            MM      MM  MM     MM       MM
  MONTH TO DATE   MM                        MM     MM       MM
  SINCE DEC 1     MM                        MM     MM       MM
  SINCE JUL 1     MM                        MM     MM       MM
  SNOW DEPTH      MM

DEGREE DAYS
 HEATING
  YESTERDAY       38                        52    -14       51
  MONTH TO DATE  848                       962   -114      817
  SINCE DEC 1   2250                      2284    -34     1776
  SINCE JUL 1   3800                      4127   -327     3317

 COOLING
  YESTERDAY        0                         0      0        0
  MONTH TO DATE    0                         0      0        0
  SINCE DEC 1      0                         0      0        0
  SINCE JAN 1      0                         0      0        0
..................................................................


WIND (MPH)
  HIGHEST WIND SPEED     9   HIGHEST WIND DIRECTION    NW (310)
  HIGHEST GUST SPEED    14   HIGHEST GUST DIRECTION    NW (300)
  AVERAGE WIND SPEED     2.5


SKY COVER
  POSSIBLE SUNSHINE  MM
  AVERAGE SKY COVER 1.0


WEATHER CONDITIONS
 THE FOLLOWING WEATHER WAS RECORDED YESTERDAY.
  LIGHT SNOW
  FOG
  HAZE


RELATIVE HUMIDITY (PERCENT)
 HIGHEST    91           200 AM
 LOWEST     71          1200 AM
 AVERAGE    81

..........................................................


THE MILLINOCKET ME CLIMATE NORMALS FOR TODAY
                         NORMAL    RECORD    YEAR
 MAXIMUM TEMPERATURE (F)   23        54      1996
 MINIMUM TEMPERATURE (F)    3       -35      1994


SUNRISE AND SUNSET
JANUARY 20 2017.......SUNRISE   708 AM EST   SUNSET   424 PM EST
JANUARY 21 2017.......SUNRISE   707 AM EST   SUNSET   426 PM EST


-  INDICATES NEGATIVE NUMBERS.
R  INDICATES RECORD WAS SET OR TIED.
MM INDICATES DATA IS MISSING.
T  INDICATES TRACE AMOUNT.




$$
