000
CDUS41 KCAR 260533
CLIMLT


CLIMATE REPORT
NATIONAL WEATHER SERVICE CARIBOU, ME
132 AM EDT SUN MAR 26 2017


...................................

...THE MILLINOCKET ME CLIMATE SUMMARY FOR MARCH 25 2017...

CLIMATE NORMAL PERIOD 1981 TO 2010
CLIMATE RECORD PERIOD 1903 TO 2017


WEATHER ITEM   OBSERVED TIME   RECORD YEAR NORMAL DEPARTURE LAST
                VALUE   (LST)  VALUE       VALUE  FROM      YEAR
                                                  NORMAL
..................................................................
TEMPERATURE (F)
 YESTERDAY
  MAXIMUM         42    117 PM  69    1910  41      1       35
  MINIMUM         22    834 PM  -9    2014  21      1       21
  AVERAGE         32                        31      1       28

PRECIPITATION (IN)
  YESTERDAY        0.00          1.69 1930   0.12  -0.12     0.26
  MONTH TO DATE    1.16                      2.33  -1.17     2.20
  SINCE MAR 1      1.16                      2.33  -1.17     2.20
  SINCE JAN 1      6.35                      7.44  -1.09     7.51

SNOWFALL (IN)
  YESTERDAY       MM            MM      MM  MM     MM       MM
  MONTH TO DATE   MM                        MM     MM       MM
  SINCE MAR 1     MM                        MM     MM       MM
  SINCE JUL 1     MM                        MM     MM       MM
  SNOW DEPTH      MM

DEGREE DAYS
 HEATING
  YESTERDAY       33                        34     -1       37
  MONTH TO DATE 1094                       950    144      926
  SINCE MAR 1   1094                       950    144      926
  SINCE JUL 1   6589                      7002   -413     5890

 COOLING
  YESTERDAY        0                         0      0        0
  MONTH TO DATE    0                         0      0        0
  SINCE MAR 1      0                         0      0        0
  SINCE JAN 1      0                         0      0        0
..................................................................


WIND (MPH)
  HIGHEST WIND SPEED    16   HIGHEST WIND DIRECTION    NW (320)
  HIGHEST GUST SPEED    20   HIGHEST GUST DIRECTION    NW (330)
  AVERAGE WIND SPEED     7.0


SKY COVER
  POSSIBLE SUNSHINE  MM
  AVERAGE SKY COVER 0.3


WEATHER CONDITIONS
 THE FOLLOWING WEATHER WAS RECORDED YESTERDAY.
  HAZE


RELATIVE HUMIDITY (PERCENT)
 HIGHEST   100          1200 AM
 LOWEST     22           300 PM
 AVERAGE    61

..........................................................


THE MILLINOCKET ME CLIMATE NORMALS FOR TODAY
                         NORMAL    RECORD    YEAR
 MAXIMUM TEMPERATURE (F)   41        69      1987
 MINIMUM TEMPERATURE (F)   22        -7      1912


SUNRISE AND SUNSET
MARCH 26 2017.........SUNRISE   626 AM EDT   SUNSET   655 PM EDT
MARCH 27 2017.........SUNRISE   624 AM EDT   SUNSET   657 PM EDT


-  INDICATES NEGATIVE NUMBERS.
R  INDICATES RECORD WAS SET OR TIED.
MM INDICATES DATA IS MISSING.
T  INDICATES TRACE AMOUNT.




$$
