000
CDUS41 KCAR 180547
CLIMLT


CLIMATE REPORT
NATIONAL WEATHER SERVICE CARIBOU, ME
1242 AM EST THU JAN 18 2018


...................................

...THE MILLINOCKET ME CLIMATE SUMMARY FOR JANUARY 17 2018...

CLIMATE NORMAL PERIOD 1981 TO 2010
CLIMATE RECORD PERIOD 1903 TO 2018


WEATHER ITEM   OBSERVED TIME   RECORD YEAR NORMAL DEPARTURE LAST
                VALUE   (LST)  VALUE       VALUE  FROM      YEAR
                                                  NORMAL
..................................................................
TEMPERATURE (F)
 YESTERDAY
  MAXIMUM         24    220 PM  52    1995  23      1       33
  MINIMUM         11    101 AM -32    1907   3      8        7
  AVERAGE         18                        13      5       20

PRECIPITATION (IN)
  YESTERDAY        T             0.96 1991   0.08  -0.08     0.00
  MONTH TO DATE    2.25                      1.78   0.47     1.34
  SINCE DEC 1      4.93                      5.31  -0.38     4.65
  SINCE JAN 1      2.25                      1.78   0.47     1.34

SNOWFALL (IN)
  YESTERDAY       MM            MM      MM  MM     MM       MM
  MONTH TO DATE   MM                        MM     MM       MM
  SINCE DEC 1     MM                        MM     MM       MM
  SINCE JUL 1     MM                        MM     MM       MM
  SNOW DEPTH      MM

DEGREE DAYS
 HEATING
  YESTERDAY       47                        52     -5       45
  MONTH TO DATE  893                       858     35      760
  SINCE DEC 1   2387                      2180    207     2162
  SINCE JUL 1   3924                      4023    -99     3712

 COOLING
  YESTERDAY        0                         0      0        0
  MONTH TO DATE    0                         0      0        0
  SINCE DEC 1      0                         0      0        0
  SINCE JAN 1      0                         0      0        0
..................................................................


WIND (MPH)
  HIGHEST WIND SPEED     5   HIGHEST WIND DIRECTION    NW (300)
  HIGHEST GUST SPEED     6   HIGHEST GUST DIRECTION     E (90)
  AVERAGE WIND SPEED     0.4


SKY COVER
  POSSIBLE SUNSHINE  MM
  AVERAGE SKY COVER 1.0


WEATHER CONDITIONS
 THE FOLLOWING WEATHER WAS RECORDED YESTERDAY.
  LIGHT SNOW
  FOG


RELATIVE HUMIDITY (PERCENT)
 HIGHEST   100           600 PM
 LOWEST     88           400 AM
 AVERAGE    94

..........................................................


THE MILLINOCKET ME CLIMATE NORMALS FOR TODAY
                         NORMAL    RECORD    YEAR
 MAXIMUM TEMPERATURE (F)   23        52      2006
 MINIMUM TEMPERATURE (F)    3       -35      1905


SUNRISE AND SUNSET
JANUARY 18 2018.......SUNRISE   710 AM EST   SUNSET   421 PM EST
JANUARY 19 2018.......SUNRISE   709 AM EST   SUNSET   423 PM EST


-  INDICATES NEGATIVE NUMBERS.
R  INDICATES RECORD WAS SET OR TIED.
MM INDICATES DATA IS MISSING.
T  INDICATES TRACE AMOUNT.




$$
