000
CDUS41 KCAR 220537
CLIMLT


CLIMATE REPORT
NATIONAL WEATHER SERVICE CARIBOU, ME
136 AM EDT TUE JUL 22 2014


...................................

...THE MILLINOCKET ME CLIMATE SUMMARY FOR JULY 21 2014...

CLIMATE NORMAL PERIOD 1981 TO 2010
CLIMATE RECORD PERIOD 1903 TO 2014


WEATHER ITEM   OBSERVED TIME   RECORD YEAR NORMAL DEPARTURE LAST
                VALUE   (LST)  VALUE       VALUE  FROM      YEAR
                                                  NORMAL
..................................................................
TEMPERATURE (F)
 YESTERDAY
  MAXIMUM         81    432 PM  96    1991  79      2       77
  MINIMUM         56    400 AM  44    1912  58     -2       52
  AVERAGE         69                        68      1       65

PRECIPITATION (IN)
  YESTERDAY        0.00          1.58 1975   0.12  -0.12     0.00
  MONTH TO DATE    2.89                      2.72   0.17     0.61
  SINCE JUN 1      7.46                      6.79   0.67     6.32
  SINCE JAN 1     21.36                     21.86  -0.50    17.48

SNOWFALL (IN)
  YESTERDAY       MM            MM      MM  MM     MM       MM
  MONTH TO DATE   MM                        MM     MM       MM
  SINCE JUN 1     MM                        MM     MM       MM
  SINCE JUL 1     MM                        MM     MM       MM
  SNOW DEPTH      MM

DEGREE DAYS
 HEATING
  YESTERDAY        0                         1     -1        0
  MONTH TO DATE    6                        21    -15        3
  SINCE JUN 1     82                       137    -55      104
  SINCE JUL 1      6                        21    -15        3

 COOLING
  YESTERDAY        4                         4      0        0
  MONTH TO DATE  131                        81     50      188
  SINCE JUN 1    189                       130     59      249
  SINCE JAN 1    191                       136     55      257
..................................................................


WIND (MPH)
  HIGHEST WIND SPEED     8   HIGHEST WIND DIRECTION     S (170)
  HIGHEST GUST SPEED    14   HIGHEST GUST DIRECTION    SE (150)
  AVERAGE WIND SPEED     1.8


SKY COVER
  POSSIBLE SUNSHINE  MM
  AVERAGE SKY COVER 0.2


WEATHER CONDITIONS
 THE FOLLOWING WEATHER WAS RECORDED YESTERDAY.
  FOG
  FOG W/VISIBILITY <= 1/4 MILE


RELATIVE HUMIDITY (PERCENT)
 HIGHEST   100           500 AM
 LOWEST     39           100 PM
 AVERAGE    70

..........................................................


THE MILLINOCKET ME CLIMATE NORMALS FOR TODAY
                         NORMAL    RECORD    YEAR
 MAXIMUM TEMPERATURE (F)   79        93      1994
 MINIMUM TEMPERATURE (F)   58        42      1905


SUNRISE AND SUNSET
JULY 22 2014..........SUNRISE   507 AM EDT   SUNSET   815 PM EDT
JULY 23 2014..........SUNRISE   508 AM EDT   SUNSET   814 PM EDT


-  INDICATES NEGATIVE NUMBERS.
R  INDICATES RECORD WAS SET OR TIED.
MM INDICATES DATA IS MISSING.
T  INDICATES TRACE AMOUNT.




$$
