686
CDUS41 KCAR 170526
CLIMLT


CLIMATE REPORT
NATIONAL WEATHER SERVICE CARIBOU, ME
126 AM EDT THU AUG 17 2017


...................................

...THE MILLINOCKET ME CLIMATE SUMMARY FOR AUGUST 16 2017...

CLIMATE NORMAL PERIOD 1981 TO 2010
CLIMATE RECORD PERIOD 1903 TO 2017


WEATHER ITEM   OBSERVED TIME   RECORD YEAR NORMAL DEPARTURE LAST
                VALUE   (LST)  VALUE       VALUE  FROM      YEAR
                                                  NORMAL
..................................................................
TEMPERATURE (F)
 YESTERDAY
  MAXIMUM         73    238 PM  97    1944  77     -4       79
  MINIMUM         53   1159 PM  37    1934  55     -2       52
  AVERAGE         63                        66     -3       66

PRECIPITATION (IN)
  YESTERDAY        0.00          2.06 1942   0.12  -0.12     0.16
  MONTH TO DATE    0.86                      1.91  -1.05     2.25
  SINCE JUN 1      8.68                      9.83  -1.15     7.40
  SINCE JAN 1     24.36                     24.90  -0.54    21.01

SNOWFALL (IN)
  YESTERDAY       MM            MM      MM  MM     MM       MM
  MONTH TO DATE   MM                        MM     MM       MM
  SINCE JUN 1     MM                        MM     MM       MM
  SINCE JUL 1     MM                        MM     MM       MM
  SNOW DEPTH      MM

DEGREE DAYS
 HEATING
  YESTERDAY        2                         2      0        0
  MONTH TO DATE   13                        17     -4        3
  SINCE JUN 1    164                       157      7      152
  SINCE JUL 1     44                        41      3       36

 COOLING
  YESTERDAY        0                         3     -3        1
  MONTH TO DATE   45                        48     -3       65
  SINCE JUN 1    188                       214    -26      249
  SINCE JAN 1    197                       220    -23      255
..................................................................


WIND (MPH)
  HIGHEST WIND SPEED    21   HIGHEST WIND DIRECTION    NW (320)
  HIGHEST GUST SPEED    29   HIGHEST GUST DIRECTION    NW (310)
  AVERAGE WIND SPEED     8.9


SKY COVER
  POSSIBLE SUNSHINE  MM
  AVERAGE SKY COVER 0.3


WEATHER CONDITIONS
 THE FOLLOWING WEATHER WAS RECORDED YESTERDAY.
  FOG


RELATIVE HUMIDITY (PERCENT)
 HIGHEST   100          1200 AM
 LOWEST     31           200 PM
 AVERAGE    66

..........................................................


THE MILLINOCKET ME CLIMATE NORMALS FOR TODAY
                         NORMAL    RECORD    YEAR
 MAXIMUM TEMPERATURE (F)   77        95      1935
 MINIMUM TEMPERATURE (F)   55        38      1923


SUNRISE AND SUNSET
AUGUST 17 2017........SUNRISE   538 AM EDT   SUNSET   739 PM EDT
AUGUST 18 2017........SUNRISE   539 AM EDT   SUNSET   737 PM EDT


-  INDICATES NEGATIVE NUMBERS.
R  INDICATES RECORD WAS SET OR TIED.
MM INDICATES DATA IS MISSING.
T  INDICATES TRACE AMOUNT.




$$
