000
CDUS41 KCAR 230528
CLIMLT


CLIMATE REPORT
NATIONAL WEATHER SERVICE CARIBOU, ME
127 AM EDT SAT AUG 23 2014


...................................

...THE MILLINOCKET ME CLIMATE SUMMARY FOR AUGUST 22 2014...

CLIMATE NORMAL PERIOD 1981 TO 2010
CLIMATE RECORD PERIOD 1903 TO 2014


WEATHER ITEM   OBSERVED TIME   RECORD YEAR NORMAL DEPARTURE LAST
                VALUE   (LST)  VALUE       VALUE  FROM      YEAR
                                                  NORMAL
..................................................................
TEMPERATURE (F)
 YESTERDAY
  MAXIMUM         74   1053 AM  93    1906  76     -2       86
  MINIMUM         60   1110 PM  36    1926  54      6       63
  AVERAGE         67                        65      2       75

PRECIPITATION (IN)
  YESTERDAY        0.00          2.17 1920   0.14  -0.14     0.02
  MONTH TO DATE    2.26                      2.74  -0.48     3.92
  SINCE JUN 1     11.24                     10.66   0.58    13.22
  SINCE JAN 1     25.14                     25.73  -0.59    24.38

SNOWFALL (IN)
  YESTERDAY       MM            MM      MM  MM     MM       MM
  MONTH TO DATE   MM                        MM     MM       MM
  SINCE JUN 1     MM                        MM     MM       MM
  SINCE JUL 1     MM                        MM     MM       MM
  SNOW DEPTH      MM

DEGREE DAYS
 HEATING
  YESTERDAY        0                         2     -2        0
  MONTH TO DATE   13                        29    -16       17
  SINCE JUN 1     98                       169    -71      128
  SINCE JUL 1     22                        53    -31       27

 COOLING
  YESTERDAY        2                         2      0       10
  MONTH TO DATE   49                        61    -12       48
  SINCE JUN 1    281                       227     54      322
  SINCE JAN 1    283                       233     50      330
..................................................................


WIND (MPH)
  HIGHEST WIND SPEED    12   HIGHEST WIND DIRECTION     E (80)
  HIGHEST GUST SPEED    17   HIGHEST GUST DIRECTION    NE (60)
  AVERAGE WIND SPEED     4.4


SKY COVER
  POSSIBLE SUNSHINE  MM
  AVERAGE SKY COVER 0.9


WEATHER CONDITIONS
 THE FOLLOWING WEATHER WAS RECORDED YESTERDAY.
  NO SIGNIFICANT WEATHER WAS OBSERVED.


RELATIVE HUMIDITY (PERCENT)
 HIGHEST    90           400 AM
 LOWEST     49          1100 AM
 AVERAGE    70

..........................................................


THE MILLINOCKET ME CLIMATE NORMALS FOR TODAY
                         NORMAL    RECORD    YEAR
 MAXIMUM TEMPERATURE (F)   76        98      1976
 MINIMUM TEMPERATURE (F)   54        40      1975


SUNRISE AND SUNSET
AUGUST 23 2014........SUNRISE   545 AM EDT   SUNSET   729 PM EDT
AUGUST 24 2014........SUNRISE   546 AM EDT   SUNSET   727 PM EDT


-  INDICATES NEGATIVE NUMBERS.
R  INDICATES RECORD WAS SET OR TIED.
MM INDICATES DATA IS MISSING.
T  INDICATES TRACE AMOUNT.




$$
