000
CDUS44 KSHV 180852
CLIMLU


CLIMATE REPORT
NATIONAL WEATHER SERVICE SHREVEPORT, LA
247 AM CST SUN FEB 18 2018


...................................

...THE MONROE CLIMATE SUMMARY FOR FEBRUARY 17 2018...

CLIMATE NORMAL PERIOD 1981 TO 2010
CLIMATE RECORD PERIOD 1893 TO 2018


WEATHER ITEM   OBSERVED TIME   RECORD YEAR NORMAL DEPARTURE LAST
                VALUE   (LST)  VALUE       VALUE  FROM      YEAR
                                                  NORMAL
..................................................................
TEMPERATURE (F)
 YESTERDAY
  MAXIMUM         57   1245 PM  82    1938  62     -5       68
  MINIMUM         49   1159 PM  16    1903  40      9       40
  AVERAGE         53                        51      2       54

PRECIPITATION (IN)
  YESTERDAY        0.16          3.25 1976   0.17  -0.01     0.00
  MONTH TO DATE    4.52                      2.74   1.78     0.85
  SINCE DEC 1     10.31                     13.04  -2.73    11.19
  SINCE JAN 1      6.79                      7.75  -0.96     6.36

SNOWFALL (IN)
  YESTERDAY       MM
  MONTH TO DATE    0.0
  SINCE DEC 1      1.3
  SINCE JUL 1      1.3
  SNOW DEPTH       0

DEGREE DAYS
 HEATING
  YESTERDAY       12                        14     -2       11
  MONTH TO DATE  265                       270     -5      160
  SINCE DEC 1   1438                      1379     59      944
  SINCE JUL 1   1742                      1751     -9     1157

 COOLING
  YESTERDAY        0                         0      0        0
  MONTH TO DATE    8                         0      8       25
  SINCE DEC 1     19                        11      8       62
  SINCE JAN 1      8                         4      4       42
..................................................................


WIND (MPH)
  HIGHEST WIND SPEED    17   HIGHEST WIND DIRECTION    NW (320)
  HIGHEST GUST SPEED    21   HIGHEST GUST DIRECTION    NW (310)
  AVERAGE WIND SPEED     6.6


SKY COVER
  POSSIBLE SUNSHINE  MM
  AVERAGE SKY COVER 1.0


WEATHER CONDITIONS
 THE FOLLOWING WEATHER WAS RECORDED YESTERDAY.
  RAIN
  LIGHT RAIN
  FOG


RELATIVE HUMIDITY (PERCENT)
 HIGHEST   100           400 PM
 LOWEST     80           100 AM
 AVERAGE    90

..........................................................


THE MONROE CLIMATE NORMALS FOR TODAY
                         NORMAL    RECORD    YEAR
 MAXIMUM TEMPERATURE (F)   62        83      2009
                                             2000
 MINIMUM TEMPERATURE (F)   40        13      1936


SUNRISE AND SUNSET
FEBRUARY 18 2018......SUNRISE   648 AM CST   SUNSET   557 PM CST
FEBRUARY 19 2018......SUNRISE   647 AM CST   SUNSET   557 PM CST


-  INDICATES NEGATIVE NUMBERS.
R  INDICATES RECORD WAS SET OR TIED.
MM INDICATES DATA IS MISSING.
T  INDICATES TRACE AMOUNT.




$$
