912
CDUS44 KSHV 010744
CLIMLU


CLIMATE REPORT
NATIONAL WEATHER SERVICE SHREVEPORT, LA
239 AM CDT SUN MAY 1 2016


...................................

...THE MONROE CLIMATE SUMMARY FOR APRIL 30 2016...

CLIMATE NORMAL PERIOD 1981 TO 2010
CLIMATE RECORD PERIOD 1930 TO 2016


WEATHER ITEM   OBSERVED TIME   RECORD YEAR NORMAL DEPARTURE LAST
                VALUE   (LST)  VALUE       VALUE  FROM      YEAR
                                                  NORMAL
..................................................................
TEMPERATURE (F)
 YESTERDAY
  MAXIMUM         80    450 PM  93    1987  82     -2       82
  MINIMUM         67   1144 AM  41    1965  58      9       51
  AVERAGE         74                        70      4       67

PRECIPITATION (IN)
  YESTERDAY        0.42          1.89 1981   0.15   0.27     0.00
  MONTH TO DATE    9.52                      4.50   5.02     4.73
  SINCE DEC 1     47.70                     24.15  23.55    22.95
  SINCE JAN 1     41.31                     18.86  22.45    18.47

SNOWFALL (IN)
  YESTERDAY        0.0
  MONTH TO DATE    0.0
  SINCE MAR 1      0.0
  SINCE JUL 1      T
  SNOW DEPTH       0

DEGREE DAYS
 HEATING
  YESTERDAY        0                         1     -1        0
  MONTH TO DATE   34                        81    -47       44
  SINCE MAR 1    166                       330   -164      308
  SINCE JUL 1   1594                      2224   -630     2512

 COOLING
  YESTERDAY        9                         6      3        2
  MONTH TO DATE  100                       104     -4      128
  SINCE MAR 1    141                       136      5      144
  SINCE JAN 1    149                       147      2      144
..................................................................


WIND (MPH)
  HIGHEST WIND SPEED    15   HIGHEST WIND DIRECTION    NW (330)
  HIGHEST GUST SPEED    20   HIGHEST GUST DIRECTION     E (110)
  AVERAGE WIND SPEED     5.1


SKY COVER
  POSSIBLE SUNSHINE  MM
  AVERAGE SKY COVER 0.7


WEATHER CONDITIONS
 THE FOLLOWING WEATHER WAS RECORDED YESTERDAY.
  THUNDERSTORM
  HEAVY RAIN
  RAIN
  LIGHT RAIN
  FOG


RELATIVE HUMIDITY (PERCENT)
 HIGHEST   100          1100 AM
 LOWEST     69           400 PM
 AVERAGE    85

..........................................................


THE MONROE CLIMATE NORMALS FOR TODAY
                         NORMAL    RECORD    YEAR
 MAXIMUM TEMPERATURE (F)   82        91      1987
 MINIMUM TEMPERATURE (F)   58        41      2014


SUNRISE AND SUNSET
MAY  1 2016...........SUNRISE   621 AM CDT   SUNSET   750 PM CDT
MAY  2 2016...........SUNRISE   620 AM CDT   SUNSET   751 PM CDT


-  INDICATES NEGATIVE NUMBERS.
R  INDICATES RECORD WAS SET OR TIED.
MM INDICATES DATA IS MISSING.
T  INDICATES TRACE AMOUNT.




$$
