000
CDUS44 KSHV 250742
CLIMLU


CLIMATE REPORT
NATIONAL WEATHER SERVICE SHREVEPORT, LA
241 AM CDT THU MAY 25 2017


...................................

...THE MONROE CLIMATE SUMMARY FOR MAY 24 2017...

CLIMATE NORMAL PERIOD 1981 TO 2010
CLIMATE RECORD PERIOD 1930 TO 2017


WEATHER ITEM   OBSERVED TIME   RECORD YEAR NORMAL DEPARTURE LAST
                VALUE   (LST)  VALUE       VALUE  FROM      YEAR
                                                  NORMAL
..................................................................
TEMPERATURE (F)
 YESTERDAY
  MAXIMUM         73    255 PM  95    2010  87    -14       90
                                      1996
  MINIMUM         55   1157 PM  49    1931  65    -10       63
  AVERAGE         64                        76    -12       77

PRECIPITATION (IN)
  YESTERDAY        0.01          1.99 1997   0.16  -0.15     0.00
  MONTH TO DATE    3.64                      4.05  -0.41     0.65
  SINCE DEC 1     28.94                     28.20   0.74    48.35
  SINCE JAN 1     24.11                     22.91   1.20    41.96

SNOWFALL (IN)
  YESTERDAY        0.0
  MONTH TO DATE    0.0
  SINCE MAR 1      0.0
  SINCE JUL 1      0.2
  SNOW DEPTH       0

DEGREE DAYS
 HEATING
  YESTERDAY        1                         0      1        0
  MONTH TO DATE   12                         3      9        1
  SINCE MAR 1    204                       333   -129      167
  SINCE JUL 1   1400                      2227   -827     1595

 COOLING
  YESTERDAY        0                        11    -11       12
  MONTH TO DATE  142                       204    -62      137
  SINCE MAR 1    380                       340     40      278
  SINCE JAN 1    439                       351     88      286
..................................................................


WIND (MPH)
  HIGHEST WIND SPEED    23   HIGHEST WIND DIRECTION    NW (300)
  HIGHEST GUST SPEED    30   HIGHEST GUST DIRECTION     W (290)
  AVERAGE WIND SPEED    11.2


SKY COVER
  POSSIBLE SUNSHINE  MM
  AVERAGE SKY COVER 0.4


WEATHER CONDITIONS
 THE FOLLOWING WEATHER WAS RECORDED YESTERDAY.
  LIGHT RAIN
  FOG


RELATIVE HUMIDITY (PERCENT)
 HIGHEST    93          1200 AM
 LOWEST     41           400 PM
 AVERAGE    67

..........................................................


THE MONROE CLIMATE NORMALS FOR TODAY
                         NORMAL    RECORD    YEAR
 MAXIMUM TEMPERATURE (F)   88        95      1996
                                             1963
                                             1915
 MINIMUM TEMPERATURE (F)   65        53      2001
                                             1935


SUNRISE AND SUNSET
MAY 25 2017...........SUNRISE   604 AM CDT   SUNSET   807 PM CDT
MAY 26 2017...........SUNRISE   604 AM CDT   SUNSET   807 PM CDT


-  INDICATES NEGATIVE NUMBERS.
R  INDICATES RECORD WAS SET OR TIED.
MM INDICATES DATA IS MISSING.
T  INDICATES TRACE AMOUNT.




$$
