954
CDUS44 KSHV 010858
CLIMLU


CLIMATE REPORT
NATIONAL WEATHER SERVICE SHREVEPORT, LA
248 AM CST WED MAR 1 2017


...................................

...THE MONROE CLIMATE SUMMARY FOR FEBRUARY 28 2017...

CLIMATE NORMAL PERIOD 1981 TO 2010
CLIMATE RECORD PERIOD 1930 TO 2017


WEATHER ITEM   OBSERVED TIME   RECORD YEAR NORMAL DEPARTURE LAST
                VALUE   (LST)  VALUE       VALUE  FROM      YEAR
                                                  NORMAL
..................................................................
TEMPERATURE (F)
 YESTERDAY
  MAXIMUM         81    401 PM  85    1932  65     16       74
  MINIMUM         64    254 AM  20    2002  43     21       42
  AVERAGE         73                        54     19       58

PRECIPITATION (IN)
  YESTERDAY        0.01          1.67 1933   0.17  -0.16     0.00
  MONTH TO DATE    3.90                      4.63  -0.73     2.69
  SINCE DEC 1     14.24                     14.93  -0.69    13.80
  SINCE JAN 1      9.41                      9.64  -0.23     7.41

SNOWFALL (IN)
  YESTERDAY        0.0
  MONTH TO DATE    0.0
  SINCE DEC 1      0.2
  SINCE JUL 1      0.2
  SNOW DEPTH       0

DEGREE DAYS
 HEATING
  YESTERDAY        0                        12    -12        7
  MONTH TO DATE  199                       412   -213      341
  SINCE DEC 1    983                      1522   -539     1237
  SINCE JUL 1   1196                      1894   -698     1425

 COOLING
  YESTERDAY        8                         0      8        0
  MONTH TO DATE   42                         7     35        5
  SINCE DEC 1     79                        18     61       61
  SINCE JAN 1     59                        11     48        8
..................................................................


WIND (MPH)
  HIGHEST WIND SPEED    24   HIGHEST WIND DIRECTION    SW (210)
  HIGHEST GUST SPEED    35   HIGHEST GUST DIRECTION    SW (220)
  AVERAGE WIND SPEED    11.2


SKY COVER
  POSSIBLE SUNSHINE  MM
  AVERAGE SKY COVER 0.7


WEATHER CONDITIONS
 THE FOLLOWING WEATHER WAS RECORDED YESTERDAY.
  LIGHT RAIN
  FOG
  HAZE


RELATIVE HUMIDITY (PERCENT)
 HIGHEST    93           300 AM
 LOWEST     54           400 PM
 AVERAGE    74

..........................................................


THE MONROE CLIMATE NORMALS FOR TODAY
                         NORMAL    RECORD    YEAR
 MAXIMUM TEMPERATURE (F)   65        86      2012
 MINIMUM TEMPERATURE (F)   43        24      1986


SUNRISE AND SUNSET
MARCH  1 2017.........SUNRISE   635 AM CST   SUNSET   606 PM CST
MARCH  2 2017.........SUNRISE   634 AM CST   SUNSET   607 PM CST


-  INDICATES NEGATIVE NUMBERS.
R  INDICATES RECORD WAS SET OR TIED.
MM INDICATES DATA IS MISSING.
T  INDICATES TRACE AMOUNT.




$$
