000
CDUS44 KSHV 252143
CLIMLU


CLIMATE REPORT
NATIONAL WEATHER SERVICE SHREVEPORT, LA
441 PM CDT MON JUL 25 2016


...................................

...THE MONROE CLIMATE SUMMARY FOR JULY 25 2016...
VALID TODAY AS OF 0400 PM LOCAL TIME.

CLIMATE NORMAL PERIOD 1981 TO 2010
CLIMATE RECORD PERIOD 1930 TO 2016


WEATHER ITEM   OBSERVED TIME   RECORD YEAR NORMAL DEPARTURE LAST
                VALUE   (LST)  VALUE       VALUE  FROM      YEAR
                                                  NORMAL
..................................................................
TEMPERATURE (F)
 TODAY
  MAXIMUM         94    200 PM 102    1934  94      0      100
  MINIMUM         74    623 AM  63    2000  72      2       73
  AVERAGE         84                        83      1       87

PRECIPITATION (IN)
  TODAY            0.00          3.64 1933   0.10  -0.10     0.02
  MONTH TO DATE    2.14                      2.99  -0.85     0.89
  SINCE DEC 1     56.68                     37.01  19.67    35.33
  SINCE JAN 1     50.29                     31.72  18.57    30.85

DEGREE DAYS
 HEATING
  TODAY            0                         0      0        0
  MONTH TO DATE    0                         0      0        0
  SINCE JUN 1      0                         0      0        0
  SINCE JUL 1      0                         0      0        0

 COOLING
  TODAY           19                        18      1       22
  MONTH TO DATE  496                       450     46      484
  SINCE JUN 1    987                       916     71      960
  SINCE JAN 1   1368                      1351     17     1382
..................................................................


WIND (MPH)
  HIGHEST WIND SPEED    14   HIGHEST WIND DIRECTION    NE (60)
  HIGHEST GUST SPEED    19   HIGHEST GUST DIRECTION    NE (60)
  AVERAGE WIND SPEED     3.3


SKY COVER
  POSSIBLE SUNSHINE  MM
  AVERAGE SKY COVER 0.3


WEATHER CONDITIONS
 THE FOLLOWING WEATHER WAS RECORDED TODAY.
  THUNDERSTORM
  FOG
  HAZE


RELATIVE HUMIDITY (PERCENT)
 HIGHEST   100          1200 AM
 LOWEST     60           100 PM
 AVERAGE    80

..........................................................


THE MONROE CLIMATE NORMALS FOR TOMORROW
                         NORMAL    RECORD    YEAR
 MAXIMUM TEMPERATURE (F)   94       101      1930
 MINIMUM TEMPERATURE (F)   72        62      2000


SUNRISE AND SUNSET
JULY 25 2016..........SUNRISE   618 AM CDT   SUNSET   811 PM CDT
JULY 26 2016..........SUNRISE   619 AM CDT   SUNSET   810 PM CDT


-  INDICATES NEGATIVE NUMBERS.
R  INDICATES RECORD WAS SET OR TIED.
MM INDICATES DATA IS MISSING.
T  INDICATES TRACE AMOUNT.




$$
