000
CDUS44 KSHV 230747
CLIMLU


CLIMATE REPORT
NATIONAL WEATHER SERVICE SHREVEPORT, LA
244 AM CDT TUE SEP 23 2014


...................................

...THE MONROE CLIMATE SUMMARY FOR SEPTEMBER 22 2014...

CLIMATE NORMAL PERIOD 1981 TO 2010
CLIMATE RECORD PERIOD 1930 TO 2014


WEATHER ITEM   OBSERVED TIME   RECORD YEAR NORMAL DEPARTURE LAST
                VALUE   (LST)  VALUE       VALUE  FROM      YEAR
                                                  NORMAL
..................................................................
TEMPERATURE (F)
 YESTERDAY
  MAXIMUM         85    210 PM  99    2005  87     -2       82
                                      1931
  MINIMUM         63   1159 PM  41    1983  62      1       56
  AVERAGE         74                        75     -1       69

PRECIPITATION (IN)
  YESTERDAY        0.00          0.95 1965   0.12  -0.12     0.00
  MONTH TO DATE    1.25                      2.61  -1.36     2.05
  SINCE DEC 1     43.74                     43.38   0.36    39.06
  SINCE JAN 1     40.48                     38.09   2.39    34.33

SNOWFALL (IN)
  YESTERDAY        0.0
  MONTH TO DATE    0.0
  SINCE SEP 1      0.0
  SINCE JUL 1      0.0
  SNOW DEPTH       0

DEGREE DAYS
 HEATING
  YESTERDAY        0                         0      0        0
  MONTH TO DATE    0                         0      0        0
  SINCE SEP 1      0                         0      0        0
  SINCE JUL 1      0                         0      0        0

 COOLING
  YESTERDAY        9                        10     -1        4
  MONTH TO DATE  317                       291     26      368
  SINCE SEP 1    317                       291     26      368
  SINCE JAN 1   2068                      2298   -230     2213
..................................................................


WIND (MPH)
  HIGHEST WIND SPEED    20   HIGHEST WIND DIRECTION    NE (40)
  HIGHEST GUST SPEED    24   HIGHEST GUST DIRECTION    NE (60)
  AVERAGE WIND SPEED     9.8


SKY COVER
  POSSIBLE SUNSHINE  MM
  AVERAGE SKY COVER 0.1


WEATHER CONDITIONS
 THE FOLLOWING WEATHER WAS RECORDED YESTERDAY.
  NO SIGNIFICANT WEATHER WAS OBSERVED.


RELATIVE HUMIDITY (PERCENT)
 HIGHEST    93          1200 AM
 LOWEST     33           400 PM
 AVERAGE    63

..........................................................


THE MONROE CLIMATE NORMALS FOR TODAY
                         NORMAL    RECORD    YEAR
 MAXIMUM TEMPERATURE (F)   87       101      1931
 MINIMUM TEMPERATURE (F)   62        43      1982


SUNRISE AND SUNSET
SEPTEMBER 23 2014.....SUNRISE   657 AM CDT   SUNSET   703 PM CDT
SEPTEMBER 24 2014.....SUNRISE   658 AM CDT   SUNSET   702 PM CDT


-  INDICATES NEGATIVE NUMBERS.
R  INDICATES RECORD WAS SET OR TIED.
MM INDICATES DATA IS MISSING.
T  INDICATES TRACE AMOUNT.




$$
