000
CDUS44 KSHV 100836
CLIMLU


CLIMATE REPORT
NATIONAL WEATHER SERVICE SHREVEPORT, LA
235 AM CST WED FEB 10 2016


...................................

...THE MONROE CLIMATE SUMMARY FOR FEBRUARY 9 2016...

CLIMATE NORMAL PERIOD 1981 TO 2010
CLIMATE RECORD PERIOD 1930 TO 2016


WEATHER ITEM   OBSERVED TIME   RECORD YEAR NORMAL DEPARTURE LAST
                VALUE   (LST)  VALUE       VALUE  FROM      YEAR
                                                  NORMAL
..................................................................
TEMPERATURE (F)
 YESTERDAY
  MAXIMUM         55    346 PM  86    1932  60     -5       73
  MINIMUM         34    624 AM  15    1933  38     -4       43
  AVERAGE         45                        49     -4       58

PRECIPITATION (IN)
  YESTERDAY        0.00          4.46 1966   0.16  -0.16     0.00
  MONTH TO DATE    0.22                      1.42  -1.20     0.39
  SINCE DEC 1     11.33                     11.72  -0.39     9.78
  SINCE JAN 1      4.94                      6.43  -1.49     5.30

SNOWFALL (IN)
  YESTERDAY        0.0
  MONTH TO DATE    0.0
  SINCE DEC 1      T
  SINCE JUL 1      T
  SNOW DEPTH       0

DEGREE DAYS
 HEATING
  YESTERDAY       20                        16      4        7
  MONTH TO DATE  140                       150    -10      155
  SINCE DEC 1   1036                      1259   -223     1258
  SINCE JUL 1   1224                      1631   -407     1732

 COOLING
  YESTERDAY        0                         0      0        0
  MONTH TO DATE    1                         0      1        0
  SINCE DEC 1     57                        11     46        1
  SINCE JAN 1      4                         4      0        0
..................................................................


WIND (MPH)
  HIGHEST WIND SPEED    30   HIGHEST WIND DIRECTION    NW (300)
  HIGHEST GUST SPEED    39   HIGHEST GUST DIRECTION    NW (320)
  AVERAGE WIND SPEED    13.7


SKY COVER
  POSSIBLE SUNSHINE  MM
  AVERAGE SKY COVER 0.0


WEATHER CONDITIONS
 THE FOLLOWING WEATHER WAS RECORDED YESTERDAY.
  NO SIGNIFICANT WEATHER WAS OBSERVED.


RELATIVE HUMIDITY (PERCENT)
 HIGHEST    48           300 AM
 LOWEST     22           300 PM
 AVERAGE    35

..........................................................


THE MONROE CLIMATE NORMALS FOR TODAY
                         NORMAL    RECORD    YEAR
 MAXIMUM TEMPERATURE (F)   60        85      1932
 MINIMUM TEMPERATURE (F)   38        20      1971


SUNRISE AND SUNSET
FEBRUARY 10 2016......SUNRISE   656 AM CST   SUNSET   549 PM CST
FEBRUARY 11 2016......SUNRISE   655 AM CST   SUNSET   550 PM CST


-  INDICATES NEGATIVE NUMBERS.
R  INDICATES RECORD WAS SET OR TIED.
MM INDICATES DATA IS MISSING.
T  INDICATES TRACE AMOUNT.




$$
