000
CDUS46 KPQR 021144
CLIMMV


CLIMATE REPORT
NATIONAL WEATHER SERVICE PORTLAND OREGON
444 AM PDT TUE JUN 2 2015


...................................

...THE MCMINNVILLE OR CLIMATE SUMMARY FOR JUNE 1 2015...

CLIMATE NORMAL PERIOD 1981 TO 2010
CLIMATE RECORD PERIOD 1894 TO 2015


WEATHER ITEM   OBSERVED TIME   RECORD YEAR NORMAL DEPARTURE LAST
                VALUE   (LST)  VALUE       VALUE  FROM      YEAR
                                                  NORMAL
..................................................................
TEMPERATURE (F)
 YESTERDAY
  MAXIMUM         63   1215 PM 100    1924  70     -7       74
  MINIMUM         53    623 AM  33    1973  45      8       45
  AVERAGE         58                        58      0       60

PRECIPITATION (IN)
  YESTERDAY        0.50          0.73 1988   0.07   0.43     0.00
  MONTH TO DATE    0.50                      0.07   0.43     0.00
  SINCE OCT 1     32.27                     35.82  -3.55    25.82
  SINCE JAN 1     16.03                     19.79  -3.76    20.86

DEGREE DAYS
 HEATING
  YESTERDAY        7                         8     -1        5
  MONTH TO DATE    7                         8     -1        5
  SINCE JUL 1   3536                      4710  -1174     4513

 COOLING
  YESTERDAY        0                         0      0        0
  MONTH TO DATE    0                         0      0        0
  SINCE JAN 1      8                         6      2       20
..................................................................


WIND (MPH)
  HIGHEST WIND SPEED    24   HIGHEST WIND DIRECTION    SW (220)
  HIGHEST GUST SPEED    31   HIGHEST GUST DIRECTION    SW (220)
  AVERAGE WIND SPEED     5.9


SKY COVER
  POSSIBLE SUNSHINE  MM
  AVERAGE SKY COVER 0.9


WEATHER CONDITIONS
 THE FOLLOWING WEATHER WAS RECORDED YESTERDAY.
  THUNDERSTORM
  RAIN
  LIGHT RAIN
  FOG


RELATIVE HUMIDITY (PERCENT)
 HIGHEST    93           300 AM
 LOWEST     67          1200 PM
 AVERAGE    80

..........................................................


THE MCMINNVILLE OR CLIMATE NORMALS FOR TODAY
                         NORMAL    RECORD    YEAR
 MAXIMUM TEMPERATURE (F)   70        96      1970
 MINIMUM TEMPERATURE (F)   46        35      1977


SUNRISE AND SUNSET
JUNE  2 2015..........SUNRISE   428 AM PST   SUNSET   754 PM PST
JUNE  3 2015..........SUNRISE   427 AM PST   SUNSET   754 PM PST


-  INDICATES NEGATIVE NUMBERS.
R  INDICATES RECORD WAS SET OR TIED.
MM INDICATES DATA IS MISSING.
T  INDICATES TRACE AMOUNT.




$$
