211
CDUS46 KPQR 212321
CLIMMV


CLIMATE REPORT
NATIONAL WEATHER SERVICE PORTLAND OREGON
421 PM PDT FRI JUL 21 2017


...................................

...THE MCMINNVILLE OR CLIMATE SUMMARY FOR JULY 21 2017...
VALID TODAY AS OF 0400 PM LOCAL TIME.

CLIMATE NORMAL PERIOD 1981 TO 2010
CLIMATE RECORD PERIOD 1894 TO 2017


WEATHER ITEM   OBSERVED TIME   RECORD YEAR NORMAL DEPARTURE LAST
                VALUE   (LST)  VALUE       VALUE  FROM      YEAR
                                                  NORMAL
..................................................................
TEMPERATURE (F)
 TODAY
  MAXIMUM         83    236 PM 108    1938  83      0       82
  MINIMUM         50    522 AM  39    1984  51     -1       54
  AVERAGE         67                        67      0       68

PRECIPITATION (IN)
  TODAY            0.00                      0.01  -0.01     0.00
  MONTH TO DATE    0.01                      0.41  -0.40     0.35
  SINCE OCT 1     53.32                     37.69  15.63    49.54
  SINCE JAN 1     29.51                     21.66   7.85    24.47

DEGREE DAYS
 HEATING
  TODAY            0                                         0
  MONTH TO DATE    5                                        17
  SINCE JUN 1    105                                       118
  SINCE JUL 1      5                                        17

 COOLING
  TODAY            2                                         3
  MONTH TO DATE   50                                        28
  SINCE JUN 1    106                                       100
  SINCE JAN 1    130                                       119
..................................................................


WIND (MPH)
  HIGHEST WIND SPEED     9   HIGHEST WIND DIRECTION     W (250)
  HIGHEST GUST SPEED    12   HIGHEST GUST DIRECTION     W (250)
  AVERAGE WIND SPEED     2.9


SKY COVER
  POSSIBLE SUNSHINE  MM
  AVERAGE SKY COVER 0.1


WEATHER CONDITIONS
 THE FOLLOWING WEATHER WAS RECORDED TODAY.
  NO SIGNIFICANT WEATHER WAS OBSERVED.


RELATIVE HUMIDITY (PERCENT)
 HIGHEST    93           200 AM
 LOWEST     34           300 PM
 AVERAGE    64

..........................................................


THE MCMINNVILLE OR CLIMATE NORMALS FOR TOMORROW
                         NORMAL    RECORD    YEAR
 MAXIMUM TEMPERATURE (F)   83       102      1928
 MINIMUM TEMPERATURE (F)   52        36      1960


SUNRISE AND SUNSET
JULY 21 2017..........SUNRISE   446 AM PST   SUNSET   752 PM PST
JULY 22 2017..........SUNRISE   447 AM PST   SUNSET   751 PM PST


-  INDICATES NEGATIVE NUMBERS.
R  INDICATES RECORD WAS SET OR TIED.
MM INDICATES DATA IS MISSING.
T  INDICATES TRACE AMOUNT.




$$
