000
CDUS46 KPQR 282321
CLIMMV


CLIMATE REPORT
NATIONAL WEATHER SERVICE PORTLAND OREGON
420 PM PDT SUN MAY 28 2017


...................................

...THE MCMINNVILLE OR CLIMATE SUMMARY FOR MAY 28 2017...
VALID TODAY AS OF 0400 PM LOCAL TIME.

CLIMATE NORMAL PERIOD 1981 TO 2010
CLIMATE RECORD PERIOD 1894 TO 2017


WEATHER ITEM   OBSERVED TIME   RECORD YEAR NORMAL DEPARTURE LAST
                VALUE   (LST)  VALUE       VALUE  FROM      YEAR
                                                  NORMAL
..................................................................
TEMPERATURE (F)
 TODAY
  MAXIMUM         77    259 PM 100    1983  70      7       73
  MINIMUM         51    500 AM  31    1966  45      6       40
  AVERAGE         64                        57      7       57

PRECIPITATION (IN)
  TODAY            0.00                      0.08  -0.08     0.00
  MONTH TO DATE    1.94                      2.04  -0.10     0.87
  SINCE OCT 1     52.45                     35.55  16.90    47.63
  SINCE JAN 1     28.64                     19.52   9.12    22.56

DEGREE DAYS
 HEATING
  TODAY            1                                         8
  MONTH TO DATE  210                                       164
  SINCE MAR 1   1197                                       933
  SINCE JUL 1   4493                                      3693

 COOLING
  TODAY            0                                         0
  MONTH TO DATE   24                                         5
  SINCE MAR 1     24                                        16
  SINCE JAN 1     24                                        16
..................................................................


WIND (MPH)
  HIGHEST WIND SPEED    14   HIGHEST WIND DIRECTION    SW (230)
  HIGHEST GUST SPEED    19   HIGHEST GUST DIRECTION    SW (230)
  AVERAGE WIND SPEED     5.6


SKY COVER
  POSSIBLE SUNSHINE  MM
  AVERAGE SKY COVER 0.0


WEATHER CONDITIONS
 THE FOLLOWING WEATHER WAS RECORDED TODAY.
  NO SIGNIFICANT WEATHER WAS OBSERVED.


RELATIVE HUMIDITY (PERCENT)
 HIGHEST    89           300 AM
 LOWEST     50           300 PM
 AVERAGE    70

..........................................................


THE MCMINNVILLE OR CLIMATE NORMALS FOR TOMORROW
                         NORMAL    RECORD    YEAR
 MAXIMUM TEMPERATURE (F)   70        99      1983
 MINIMUM TEMPERATURE (F)   45        29      1951


SUNRISE AND SUNSET
MAY 28 2017...........SUNRISE   431 AM PST   SUNSET   750 PM PST
MAY 29 2017...........SUNRISE   430 AM PST   SUNSET   751 PM PST


-  INDICATES NEGATIVE NUMBERS.
R  INDICATES RECORD WAS SET OR TIED.
MM INDICATES DATA IS MISSING.
T  INDICATES TRACE AMOUNT.




$$
