933
CDUS46 KPQR 041143
CLIMMV


CLIMATE REPORT
NATIONAL WEATHER SERVICE PORTLAND OREGON
441 AM PDT WED MAY 4 2016


...................................

...THE MCMINNVILLE OR CLIMATE SUMMARY FOR MAY 3 2016...

CLIMATE NORMAL PERIOD 1981 TO 2010
CLIMATE RECORD PERIOD 1894 TO 2016


WEATHER ITEM   OBSERVED TIME   RECORD YEAR NORMAL DEPARTURE LAST
                VALUE   (LST)  VALUE       VALUE  FROM      YEAR
                                                  NORMAL
..................................................................
TEMPERATURE (F)
 YESTERDAY
  MAXIMUM         70    213 PM  87    1992  65      5       75
  MINIMUM         52    549 AM  26    1952  41     11       36
  AVERAGE         61                        53      8       56

PRECIPITATION (IN)
  YESTERDAY        0.03          1.05 1948   0.07  -0.04     0.00
  MONTH TO DATE    0.04                      0.20  -0.16     0.00
  SINCE OCT 1     46.80                     33.71  13.09    30.88
  SINCE JAN 1     21.73                     17.68   4.05    14.64

DEGREE DAYS
 HEATING
  YESTERDAY        4                        12     -8        9
  MONTH TO DATE    7                        36    -29       24
  SINCE JUL 1   3536                      4434   -898     3370

 COOLING
  YESTERDAY        0                         0      0        0
  MONTH TO DATE    1                         0      1        0
  SINCE JAN 1     12                         0     12        0
..................................................................


WIND (MPH)
  HIGHEST WIND SPEED    15   HIGHEST WIND DIRECTION    SW (230)
  HIGHEST GUST SPEED    19   HIGHEST GUST DIRECTION    SW (220)
  AVERAGE WIND SPEED     4.2


SKY COVER
  POSSIBLE SUNSHINE  MM
  AVERAGE SKY COVER 0.3


WEATHER CONDITIONS
 THE FOLLOWING WEATHER WAS RECORDED YESTERDAY.
  LIGHT RAIN


RELATIVE HUMIDITY (PERCENT)
 HIGHEST    93          1100 PM
 LOWEST     57           100 PM
 AVERAGE    75

..........................................................


THE MCMINNVILLE OR CLIMATE NORMALS FOR TODAY
                         NORMAL    RECORD    YEAR
 MAXIMUM TEMPERATURE (F)   65        89      1992
 MINIMUM TEMPERATURE (F)   41        29      1952


SUNRISE AND SUNSET
MAY  4 2016...........SUNRISE   456 AM PST   SUNSET   723 PM PST
MAY  5 2016...........SUNRISE   455 AM PST   SUNSET   724 PM PST


-  INDICATES NEGATIVE NUMBERS.
R  INDICATES RECORD WAS SET OR TIED.
MM INDICATES DATA IS MISSING.
T  INDICATES TRACE AMOUNT.




$$
