000
CDUS46 KPQR 251143
CLIMMV


CLIMATE REPORT
NATIONAL WEATHER SERVICE PORTLAND OREGON
443 AM PDT MON SEP 25 2017


...................................

...THE MCMINNVILLE OR CLIMATE SUMMARY FOR SEPTEMBER 24 2017...

CLIMATE NORMAL PERIOD 1981 TO 2010
CLIMATE RECORD PERIOD 1894 TO 2017


WEATHER ITEM   OBSERVED TIME   RECORD YEAR NORMAL DEPARTURE LAST
                VALUE   (LST)  VALUE       VALUE  FROM      YEAR
                                                  NORMAL
..................................................................
TEMPERATURE (F)
 YESTERDAY
  MAXIMUM         76    416 PM  96    1974  73      3       72
  MINIMUM         45    606 AM  25    1908  46     -1       40
  AVERAGE         61                        59      2       56

PRECIPITATION (IN)
  YESTERDAY        0.00          0.75 1923   0.05  -0.05     0.00
  MONTH TO DATE    1.78                      0.98   0.80     0.46
  SINCE OCT 1     55.29                     39.34  15.95    50.33
  SINCE JAN 1     31.48                     23.31   8.17    25.26

DEGREE DAYS
 HEATING
  YESTERDAY        4                         6     -2        9
  MONTH TO DATE   71                        87    -16       97
  SINCE JUL 1     80                       172    -92      133

 COOLING
  YESTERDAY        0                         0      0        0
  MONTH TO DATE   97                        31     66        8
  SINCE JAN 1    493                       215    278      357
..................................................................


WIND (MPH)
  HIGHEST WIND SPEED     8   HIGHEST WIND DIRECTION     W (270)
  HIGHEST GUST SPEED    12   HIGHEST GUST DIRECTION     W (260)
  AVERAGE WIND SPEED     1.5


SKY COVER
  POSSIBLE SUNSHINE  MM
  AVERAGE SKY COVER 0.1


WEATHER CONDITIONS
 THE FOLLOWING WEATHER WAS RECORDED YESTERDAY.
  FOG
  FOG W/VISIBILITY <= 1/4 MILE


RELATIVE HUMIDITY (PERCENT)
 HIGHEST   100          1200 AM
 LOWEST     36           300 PM
 AVERAGE    68

..........................................................


THE MCMINNVILLE OR CLIMATE NORMALS FOR TODAY
                         NORMAL    RECORD    YEAR
 MAXIMUM TEMPERATURE (F)   73        95      1974
 MINIMUM TEMPERATURE (F)   45        27      1908


SUNRISE AND SUNSET
SEPTEMBER 25 2017.....SUNRISE   604 AM PST   SUNSET   604 PM PST
SEPTEMBER 26 2017.....SUNRISE   605 AM PST   SUNSET   602 PM PST


-  INDICATES NEGATIVE NUMBERS.
R  INDICATES RECORD WAS SET OR TIED.
MM INDICATES DATA IS MISSING.
T  INDICATES TRACE AMOUNT.




$$
