000
CDUS46 KPQR 251141
CLIMMV


CLIMATE REPORT
NATIONAL WEATHER SERVICE PORTLAND OREGON
440 AM PDT THU AUG 25 2016


...................................

...THE MCMINNVILLE OR CLIMATE SUMMARY FOR AUGUST 24 2016...

CLIMATE NORMAL PERIOD 1981 TO 2010
CLIMATE RECORD PERIOD 1894 TO 2016


WEATHER ITEM   OBSERVED TIME   RECORD YEAR NORMAL DEPARTURE LAST
                VALUE   (LST)  VALUE       VALUE  FROM      YEAR
                                                  NORMAL
..................................................................
TEMPERATURE (F)
 YESTERDAY
  MAXIMUM         93    402 PM 101    1988  82     11       84
  MINIMUM         51    556 AM  36    1957  50      1       49
  AVERAGE         72                        66      6       67

PRECIPITATION (IN)
  YESTERDAY        0.00          0.94 1907   0.02  -0.02     0.00
  MONTH TO DATE    0.26                      0.39  -0.13      T
  SINCE OCT 1     49.80                     38.17  11.63    32.44
  SINCE JAN 1     24.73                     22.14   2.59    16.20

DEGREE DAYS
 HEATING
  YESTERDAY        0                         2     -2        0
  MONTH TO DATE   16                        25     -9        0
  SINCE JUL 1     33                        69    -36        5

 COOLING
  YESTERDAY        7                         2      5        2
  MONTH TO DATE  135                        67     68      129
  SINCE JAN 1    315                       167    148      475
..................................................................


WIND (MPH)
  HIGHEST WIND SPEED    18   HIGHEST WIND DIRECTION     N (20)
  HIGHEST GUST SPEED    23   HIGHEST GUST DIRECTION    NE (30)
  AVERAGE WIND SPEED     5.9


SKY COVER
  POSSIBLE SUNSHINE  MM
  AVERAGE SKY COVER 0.0


WEATHER CONDITIONS
 THE FOLLOWING WEATHER WAS RECORDED YESTERDAY.
  NO SIGNIFICANT WEATHER WAS OBSERVED.


RELATIVE HUMIDITY (PERCENT)
 HIGHEST    89           600 AM
 LOWEST     15           300 PM
 AVERAGE    52

..........................................................


THE MCMINNVILLE OR CLIMATE NORMALS FOR TODAY
                         NORMAL    RECORD    YEAR
 MAXIMUM TEMPERATURE (F)   81        98      1996
 MINIMUM TEMPERATURE (F)   50        36      1957


SUNRISE AND SUNSET
AUGUST 25 2016........SUNRISE   527 AM PST   SUNSET   701 PM PST
AUGUST 26 2016........SUNRISE   528 AM PST   SUNSET   700 PM PST


-  INDICATES NEGATIVE NUMBERS.
R  INDICATES RECORD WAS SET OR TIED.
MM INDICATES DATA IS MISSING.
T  INDICATES TRACE AMOUNT.




$$
