000
CDUS46 KPQR 211241
CLIMMV


CLIMATE REPORT
NATIONAL WEATHER SERVICE PORTLAND OREGON
440 AM PST FRI NOV 21 2014


...................................

...THE MCMINNVILLE OR CLIMATE SUMMARY FOR NOVEMBER 20 2014...

CLIMATE NORMAL PERIOD 1981 TO 2010
CLIMATE RECORD PERIOD 1894 TO 2014


WEATHER ITEM   OBSERVED TIME   RECORD YEAR NORMAL DEPARTURE LAST
                VALUE   (LST)  VALUE       VALUE  FROM      YEAR
                                                  NORMAL
..................................................................
TEMPERATURE (F)
 YESTERDAY
  MAXIMUM         49    405 PM  66    2002  51     -2       48
  MINIMUM         39    701 AM  22    1961  38      1       30
  AVERAGE         44                        44      0       39

PRECIPITATION (IN)
  YESTERDAY        0.04          2.50 1921   0.23  -0.19     0.00
  MONTH TO DATE    1.42                      4.14  -2.72     2.90
  SINCE OCT 1      8.43                      7.29   1.14     3.63
  SINCE JAN 1     32.21                     31.00   1.21    20.88

DEGREE DAYS
 HEATING
  YESTERDAY       21                        21      0       26
  MONTH TO DATE  398                       379     19      332
  SINCE JUL 1    627                      1002   -375      875

 COOLING
  YESTERDAY        0                         0      0        0
  MONTH TO DATE    0                         0      0        0
  SINCE JAN 1    529                       215    314      405
..................................................................


WIND (MPH)
  HIGHEST WIND SPEED     7   HIGHEST WIND DIRECTION     N (350)
  HIGHEST GUST SPEED     7   HIGHEST GUST DIRECTION     N (340)
  AVERAGE WIND SPEED     2.1


SKY COVER
  POSSIBLE SUNSHINE  MM
  AVERAGE SKY COVER 1.0


WEATHER CONDITIONS
 THE FOLLOWING WEATHER WAS RECORDED YESTERDAY.
  LIGHT RAIN
  FOG
  FOG W/VISIBILITY <= 1/4 MILE


RELATIVE HUMIDITY (PERCENT)
 HIGHEST   100           800 AM
 LOWEST     89          1000 AM
 AVERAGE    95

..........................................................


THE MCMINNVILLE OR CLIMATE NORMALS FOR TODAY
                         NORMAL    RECORD    YEAR
 MAXIMUM TEMPERATURE (F)   50        70      1917
 MINIMUM TEMPERATURE (F)   38        21      1900


SUNRISE AND SUNSET
NOVEMBER 21 2014......SUNRISE   719 AM PST   SUNSET   438 PM PST
NOVEMBER 22 2014......SUNRISE   720 AM PST   SUNSET   437 PM PST


-  INDICATES NEGATIVE NUMBERS.
R  INDICATES RECORD WAS SET OR TIED.
MM INDICATES DATA IS MISSING.
T  INDICATES TRACE AMOUNT.




$$
