000
CDUS46 KPQR 231148
CLIMMV


CLIMATE REPORT
NATIONAL WEATHER SERVICE PORTLAND OREGON
347 AM PST THU FEB 23 2017


...................................

...THE MCMINNVILLE OR CLIMATE SUMMARY FOR FEBRUARY 22 2017...

CLIMATE NORMAL PERIOD 1981 TO 2010
CLIMATE RECORD PERIOD 1894 TO 2017


WEATHER ITEM   OBSERVED TIME   RECORD YEAR NORMAL DEPARTURE LAST
                VALUE   (LST)  VALUE       VALUE  FROM      YEAR
                                                  NORMAL
..................................................................
TEMPERATURE (F)
 YESTERDAY
  MAXIMUM         46    232 PM  66    1958  52     -6       52
  MINIMUM         33   1126 PM  23    1920  35     -2       36
  AVERAGE         40                        43     -3       44

PRECIPITATION (IN)
  YESTERDAY        0.02          1.11 1949   0.13  -0.11     0.04
  MONTH TO DATE   11.15                      3.50   7.65     3.16
  SINCE OCT 1     38.64                     25.63  13.01    36.74
  SINCE JAN 1     14.83                      9.60   5.23    11.67

DEGREE DAYS
 HEATING
  YESTERDAY       25                        22      3       21
  MONTH TO DATE  465                       498    -33      371
  SINCE JUL 1   3145                      3253   -108     2649

 COOLING
  YESTERDAY        0                         0      0        0
  MONTH TO DATE    0                         0      0        0
  SINCE JAN 1      0                         0      0        0
..................................................................


WIND (MPH)
  HIGHEST WIND SPEED    15   HIGHEST WIND DIRECTION    NW (310)
  HIGHEST GUST SPEED    20   HIGHEST GUST DIRECTION    NW (320)
  AVERAGE WIND SPEED     2.6


SKY COVER
  POSSIBLE SUNSHINE  MM
  AVERAGE SKY COVER 0.7


WEATHER CONDITIONS
 THE FOLLOWING WEATHER WAS RECORDED YESTERDAY.
  LIGHT RAIN
  FOG
  FOG W/VISIBILITY <= 1/4 MILE


RELATIVE HUMIDITY (PERCENT)
 HIGHEST   100           900 AM
 LOWEST     70           200 PM
 AVERAGE    85

..........................................................


THE MCMINNVILLE OR CLIMATE NORMALS FOR TODAY
                         NORMAL    RECORD    YEAR
 MAXIMUM TEMPERATURE (F)   52        66      2005
                                             1921
 MINIMUM TEMPERATURE (F)   35        22      1957


SUNRISE AND SUNSET
FEBRUARY 23 2017......SUNRISE   700 AM PST   SUNSET   552 PM PST
FEBRUARY 24 2017......SUNRISE   659 AM PST   SUNSET   553 PM PST


-  INDICATES NEGATIVE NUMBERS.
R  INDICATES RECORD WAS SET OR TIED.
MM INDICATES DATA IS MISSING.
T  INDICATES TRACE AMOUNT.




$$
