000
CDUS46 KPQR 011146
CLIMMV


CLIMATE REPORT
NATIONAL WEATHER SERVICE PORTLAND OREGON
445 AM PDT TUE SEP 1 2015


...................................

...THE MCMINNVILLE OR CLIMATE SUMMARY FOR AUGUST 31 2015...

CLIMATE NORMAL PERIOD 1981 TO 2010
CLIMATE RECORD PERIOD 1894 TO 2015


WEATHER ITEM   OBSERVED TIME   RECORD YEAR NORMAL DEPARTURE LAST
                VALUE   (LST)  VALUE       VALUE  FROM      YEAR
                                                  NORMAL
..................................................................
TEMPERATURE (F)
 YESTERDAY
  MAXIMUM         73    311 PM 101    1987  81     -8       77
  MINIMUM         58   1028 PM  34    1905  49      9       55
  AVERAGE         66                        65      1       66

PRECIPITATION (IN)
  YESTERDAY        0.00          0.50 1997   0.03  -0.03     0.00
  MONTH TO DATE    0.70                      0.58   0.12     0.14
  SINCE OCT 1     33.14                     38.36  -5.22    27.60
  SINCE JAN 1     16.90                     22.33  -5.43    22.64

DEGREE DAYS
 HEATING
  YESTERDAY        0                         2     -2        0
  MONTH TO DATE    0                        39    -39        2
  SINCE JUL 1      5                        85    -80        6

 COOLING
  YESTERDAY        1                         2     -1        1
  MONTH TO DATE  148                        84     64      205
  SINCE JAN 1    494                       184    310      445
..................................................................


WIND (MPH)
  HIGHEST WIND SPEED    15   HIGHEST WIND DIRECTION     W (250)
  HIGHEST GUST SPEED    18   HIGHEST GUST DIRECTION    SW (240)
  AVERAGE WIND SPEED     6.4


SKY COVER
  POSSIBLE SUNSHINE  MM
  AVERAGE SKY COVER 0.8


WEATHER CONDITIONS
 THE FOLLOWING WEATHER WAS RECORDED YESTERDAY.
  NO SIGNIFICANT WEATHER WAS OBSERVED.


RELATIVE HUMIDITY (PERCENT)
 HIGHEST    87           500 AM
 LOWEST     49           400 PM
 AVERAGE    68

..........................................................


THE MCMINNVILLE OR CLIMATE NORMALS FOR TODAY
                         NORMAL    RECORD    YEAR
 MAXIMUM TEMPERATURE (F)   80       101      1988
 MINIMUM TEMPERATURE (F)   49        34      1973


SUNRISE AND SUNSET
SEPTEMBER  1 2015.....SUNRISE   534 AM PST   SUNSET   650 PM PST
SEPTEMBER  2 2015.....SUNRISE   535 AM PST   SUNSET   648 PM PST


-  INDICATES NEGATIVE NUMBERS.
R  INDICATES RECORD WAS SET OR TIED.
MM INDICATES DATA IS MISSING.
T  INDICATES TRACE AMOUNT.




$$
