999
CDUS44 KMOB 250645
CLIMOB


CLIMATE REPORT
NATIONAL WEATHER SERVICE MOBILE AL
1245 AM CST SAT FEB 25 2017


...................................

...THE MOBILE CLIMATE SUMMARY FOR FEBRUARY 24 2017...

CLIMATE NORMAL PERIOD 1981 TO 2010
CLIMATE RECORD PERIOD 1842 TO 2017


WEATHER ITEM   OBSERVED TIME   RECORD YEAR NORMAL DEPARTURE LAST
                VALUE   (LST)  VALUE       VALUE  FROM      YEAR
                                                  NORMAL
..................................................................
TEMPERATURE (F)
 YESTERDAY
  MAXIMUM         77    219 PM  80    1944  66     11       66
                                      1927
  MINIMUM         61    534 AM  19    1989  45     16       39
  AVERAGE         69                        56     13       53

PRECIPITATION (IN)
  YESTERDAY        0.00          2.05 1961   0.19  -0.19      T
  MONTH TO DATE    1.25                      4.39  -3.14     3.16
  SINCE MAR 1     65.32                     65.42  -0.10    84.77
  SINCE JAN 1     12.18                     10.04   2.14     9.45

SNOWFALL (IN)
  YESTERDAY        0.0          MM      MM   0.0    0.0      0.0
  MONTH TO DATE    0.0                       0.1   -0.1      0.0
  SINCE MAR 1      0.0                       0.2   -0.2      0.0
  SINCE JUL 1      0.0                       0.1   -0.1      0.0
  SNOW DEPTH       0

DEGREE DAYS
 HEATING
  YESTERDAY        0                        10    -10       12
  MONTH TO DATE  105                       286   -181      245
  SINCE DEC 1    619                      1149   -530      908
  SINCE JUL 1    753                      1407   -654     1034

 COOLING
  YESTERDAY        4                         0      4        0
  MONTH TO DATE   25                         0     25       14
  SINCE DEC 1    112                        22     90       85
  SINCE JAN 1     71                         7     64       14
..................................................................


WIND (MPH)
  HIGHEST WIND SPEED    18   HIGHEST WIND DIRECTION     S (180)
  HIGHEST GUST SPEED    26   HIGHEST GUST DIRECTION    SW (220)
  AVERAGE WIND SPEED     7.8


SKY COVER
  POSSIBLE SUNSHINE  MM
  AVERAGE SKY COVER 0.8


WEATHER CONDITIONS
 THE FOLLOWING WEATHER WAS RECORDED YESTERDAY.
  FOG
  FOG W/VISIBILITY <= 1/4 MILE


RELATIVE HUMIDITY (PERCENT)
 HIGHEST   100           300 AM
 LOWEST     56           100 PM
 AVERAGE    78

..........................................................


THE MOBILE CLIMATE NORMALS FOR TODAY
                         NORMAL    RECORD    YEAR
 MAXIMUM TEMPERATURE (F)   67        80      2011
                                             1962
 MINIMUM TEMPERATURE (F)   45        26      2010


SUNRISE AND SUNSET
FEBRUARY 25 2017......SUNRISE   623 AM CST   SUNSET   549 PM CST
FEBRUARY 26 2017......SUNRISE   622 AM CST   SUNSET   550 PM CST


-  INDICATES NEGATIVE NUMBERS.
R  INDICATES RECORD WAS SET OR TIED.
MM INDICATES DATA IS MISSING.
T  INDICATES TRACE AMOUNT.




$$
