000
CDUS44 KMOB 061518 CCA
CLIMOB

CLIMATE REPORT...CORRECTED MAX TEMP & HEATING DEGREE DATA
NATIONAL WEATHER SERVICE MOBILE AL
918 AM CST TUE DEC 6 2016


...................................

...THE MOBILE CLIMATE SUMMARY FOR DECEMBER 5 2016...

CLIMATE NORMAL PERIOD 1981 TO 2010
CLIMATE RECORD PERIOD 1842 TO 2016


WEATHER ITEM   OBSERVED TIME   RECORD YEAR NORMAL DEPARTURE LAST
                VALUE   (LST)  VALUE       VALUE  FROM      YEAR
                                                  NORMAL
..................................................................
TEMPERATURE (F)
 YESTERDAY
  MAXIMUM         61    359 PM  79    1998  65     -4       69
                                      1995
                                      1977
  MINIMUM         57    842 AM  24    1886  44     13       41
  AVERAGE         59                        54      5       55

PRECIPITATION (IN)
  YESTERDAY        1.22          1.56 1953   0.16   1.06     0.00
  MONTH TO DATE    3.42                      0.81   2.61      T
  SINCE MAR 1     48.23                     51.13  -2.90    62.94
  SINCE JAN 1     57.68                     61.90  -4.22    68.99

SNOWFALL (IN)
  YESTERDAY        0.0           0.0  2002   0.0    0.0      0.0
                                      2001
                                      2000
  MONTH TO DATE    0.0                       0.0    0.0      0.0
  SINCE MAR 1      0.0                       0.1   -0.1      0.0
  SINCE JUL 1      0.0                       0.0    0.0      0.0
  SNOW DEPTH       0

DEGREE DAYS
 HEATING
  YESTERDAY        6                        11     -5       10
  MONTH TO DATE   39                        54    -15       54
  SINCE DEC 1     39                        54    -15       54
  SINCE JUL 1    173                       312   -139      180

 COOLING
  YESTERDAY        0                         1     -1        0
  MONTH TO DATE    0                         5     -5        6
  SINCE DEC 1      0                         5     -5        6
  SINCE JAN 1   2807                      2508    299     2807
..................................................................


WIND (MPH)
  HIGHEST WIND SPEED    18   HIGHEST WIND DIRECTION     N (340)
  HIGHEST GUST SPEED    23   HIGHEST GUST DIRECTION     N (340)
  AVERAGE WIND SPEED     8.7


SKY COVER
  POSSIBLE SUNSHINE  MM
  AVERAGE SKY COVER 0.9


WEATHER CONDITIONS
 THE FOLLOWING WEATHER WAS RECORDED YESTERDAY.
  THUNDERSTORM
  HEAVY RAIN
  RAIN
  LIGHT RAIN
  FOG
  FOG W/VISIBILITY <= 1/4 MILE


RELATIVE HUMIDITY (PERCENT)
 HIGHEST   100           100 AM
 LOWEST     90           900 PM
 AVERAGE    95

..........................................................


THE MOBILE CLIMATE NORMALS FOR TODAY
                         NORMAL    RECORD    YEAR
 MAXIMUM TEMPERATURE (F)   65        81      1998
 MINIMUM TEMPERATURE (F)   44        23      1886


SUNRISE AND SUNSET
DECEMBER  6 2016......SUNRISE   637 AM CST   SUNSET   451 PM CST
DECEMBER  7 2016......SUNRISE   638 AM CST   SUNSET   452 PM CST


-  INDICATES NEGATIVE NUMBERS.
R  INDICATES RECORD WAS SET OR TIED.
MM INDICATES DATA IS MISSING.
T  INDICATES TRACE AMOUNT.




$$
