000
CDUS44 KMOB 280645
CLIMOB


CLIMATE REPORT
NATIONAL WEATHER SERVICE MOBILE AL
145 AM CDT MON JUL 28 2014


...................................

...THE MOBILE CLIMATE SUMMARY FOR JULY 27 2014...

CLIMATE NORMAL PERIOD 1981 TO 2010
CLIMATE RECORD PERIOD 1842 TO 2014


WEATHER ITEM   OBSERVED TIME   RECORD YEAR NORMAL DEPARTURE LAST
                VALUE   (LST)  VALUE       VALUE  FROM      YEAR
                                                  NORMAL
..................................................................
TEMPERATURE (F)
 YESTERDAY
  MAXIMUM         92    412 PM  99    1968  91      1       82
                                      1875
  MINIMUM         76    608 AM  67    1911  73      3       72
  AVERAGE         84                        82      2       77

PRECIPITATION (IN)
  YESTERDAY        0.00          2.63 1897   0.23  -0.23     0.57
  MONTH TO DATE    7.92                      6.29   1.63     9.09
  SINCE MAR 1     47.45                     28.47  18.98    27.56
  SINCE JAN 1     54.57                     39.24  15.33    41.74

DEGREE DAYS
 COOLING
  YESTERDAY       19                        17      2       12
  MONTH TO DATE  408                       457    -49      409
  SINCE JUN 1    818                       901    -83      895
  SINCE JAN 1   1156                      1346   -190     1259
..................................................................


WIND (MPH)
  HIGHEST WIND SPEED    14   HIGHEST WIND DIRECTION    SW (210)
  HIGHEST GUST SPEED    16   HIGHEST GUST DIRECTION    SW (210)
  AVERAGE WIND SPEED     6.2


SKY COVER
  POSSIBLE SUNSHINE  MM
  AVERAGE SKY COVER 0.3


WEATHER CONDITIONS
 THE FOLLOWING WEATHER WAS RECORDED YESTERDAY.
  FOG


RELATIVE HUMIDITY (PERCENT)
 HIGHEST   100           400 AM
 LOWEST     56           200 PM
 AVERAGE    78

..........................................................


THE MOBILE CLIMATE NORMALS FOR TODAY
                         NORMAL    RECORD    YEAR
 MAXIMUM TEMPERATURE (F)   91       100      1968
 MINIMUM TEMPERATURE (F)   73        67      1994


SUNRISE AND SUNSET
JULY 28 2014..........SUNRISE   608 AM CDT   SUNSET   750 PM CDT
JULY 29 2014..........SUNRISE   609 AM CDT   SUNSET   750 PM CDT


-  INDICATES NEGATIVE NUMBERS.
R  INDICATES RECORD WAS SET OR TIED.
MM INDICATES DATA IS MISSING.
T  INDICATES TRACE AMOUNT.




$$
