804
CDUS44 KMOB 052241
CLIMOB


CLIMATE REPORT
NATIONAL WEATHER SERVICE MOBILE AL
536 PM CDT THU MAY 5 2016


...................................

...THE MOBILE CLIMATE SUMMARY FOR MAY 5 2016...
VALID TODAY AS OF 0500 PM LOCAL TIME.

CLIMATE NORMAL PERIOD 1981 TO 2010
CLIMATE RECORD PERIOD 1842 TO 2016


WEATHER ITEM   OBSERVED TIME   RECORD YEAR NORMAL DEPARTURE LAST
                VALUE   (LST)  VALUE       VALUE  FROM      YEAR
                                                  NORMAL
..................................................................
TEMPERATURE (F)
 TODAY
  MAXIMUM         77    323 PM  94    1952  82     -5       84
  MINIMUM         56    529 AM  46    1954  61     -5       60
                                      1921
  AVERAGE         67                        71     -4       72

PRECIPITATION (IN)
  TODAY            0.00          7.96 1981   0.16  -0.16     0.00
  MONTH TO DATE    0.11                      0.77  -0.66     0.00
  SINCE MAR 1     16.16                     11.70   4.46    17.86
  SINCE JAN 1     25.61                     22.47   3.14    23.91

DEGREE DAYS
 COOLING
  TODAY            2                         7     -5        7
  MONTH TO DATE   29                        31     -2       18
  SINCE MAR 1    201                       174     27      293
  SINCE JAN 1    215                       190     25      297
..................................................................


WIND (MPH)
  HIGHEST WIND SPEED    18   HIGHEST WIND DIRECTION     N (340)
  HIGHEST GUST SPEED    27   HIGHEST GUST DIRECTION     N (340)
  AVERAGE WIND SPEED     8.8


SKY COVER
  POSSIBLE SUNSHINE  MM
  AVERAGE SKY COVER 0.2


WEATHER CONDITIONS
 THE FOLLOWING WEATHER WAS RECORDED TODAY.
  NO SIGNIFICANT WEATHER WAS OBSERVED.


RELATIVE HUMIDITY (PERCENT)
 HIGHEST    86           400 AM
 LOWEST     33           200 PM
 AVERAGE    60

..........................................................


THE MOBILE CLIMATE NORMALS FOR TOMORROW
                         NORMAL    RECORD    YEAR
 MAXIMUM TEMPERATURE (F)   82        94      1952
 MINIMUM TEMPERATURE (F)   61        45      2013


SUNRISE AND SUNSET
MAY  5 2016...........SUNRISE   605 AM CDT   SUNSET   734 PM CDT
MAY  6 2016...........SUNRISE   604 AM CDT   SUNSET   735 PM CDT


-  INDICATES NEGATIVE NUMBERS.
R  INDICATES RECORD WAS SET OR TIED.
MM INDICATES DATA IS MISSING.
T  INDICATES TRACE AMOUNT.




$$
