000
CDUS44 KMOB 011327
CLIMOB


CLIMATE REPORT
NATIONAL WEATHER SERVICE MOBILE AL
826 AM CDT SAT OCT 1 2016


...................................

...THE MOBILE CLIMATE SUMMARY FOR SEPTEMBER 30 2016...

CLIMATE NORMAL PERIOD 1981 TO 2010
CLIMATE RECORD PERIOD 1842 TO 2016


WEATHER ITEM   OBSERVED TIME   RECORD YEAR NORMAL DEPARTURE LAST
                VALUE   (LST)  VALUE       VALUE  FROM      YEAR
                                                  NORMAL
..................................................................
TEMPERATURE (F)
 YESTERDAY
  MAXIMUM         80    404 PM  93    1933  84     -4       86
  MINIMUM         54    603 AM  45    1967  63     -9       70
  AVERAGE         67                        73     -6       78

PRECIPITATION (IN)
  YESTERDAY        0.00          5.40 1965   0.15  -0.15     0.04
  MONTH TO DATE    5.24                      5.11   0.13     9.88
  SINCE MAR 1     42.76                     41.50   1.26    50.90
  SINCE JAN 1     52.21                     52.27  -0.06    56.95

DEGREE DAYS
 HEATING
  YESTERDAY        0                         0      0        0
  MONTH TO DATE    0                         0      0        0
  SINCE SEP 1      0                         2     -2        0
  SINCE JUL 1      0                         2     -2        0

 COOLING
  YESTERDAY        2                         9     -7       13
  MONTH TO DATE  466                       377     89      383
  SINCE SEP 1    466                       377     89      383
  SINCE JAN 1   2516                      2304    212     2563
..................................................................


WIND (MPH)
  HIGHEST WIND SPEED    12   HIGHEST WIND DIRECTION     N (350)
  HIGHEST GUST SPEED    17   HIGHEST GUST DIRECTION     N (360)
  AVERAGE WIND SPEED     2.9


SKY COVER
  POSSIBLE SUNSHINE  MM
  AVERAGE SKY COVER 0.1


WEATHER CONDITIONS
 THE FOLLOWING WEATHER WAS RECORDED YESTERDAY.
  NO SIGNIFICANT WEATHER WAS OBSERVED.


RELATIVE HUMIDITY (PERCENT)
 HIGHEST    93           600 AM
 LOWEST     39           100 PM
 AVERAGE    66

..........................................................


THE MOBILE CLIMATE NORMALS FOR TODAY
                         NORMAL    RECORD    YEAR
 MAXIMUM TEMPERATURE (F)   83        92      1954
                                             1933
                                             1923
 MINIMUM TEMPERATURE (F)   63        45      1920


SUNRISE AND SUNSET
OCTOBER  1 2016.......SUNRISE   647 AM CDT   SUNSET   638 PM CDT
OCTOBER  2 2016.......SUNRISE   647 AM CDT   SUNSET   636 PM CDT


-  INDICATES NEGATIVE NUMBERS.
R  INDICATES RECORD WAS SET OR TIED.
MM INDICATES DATA IS MISSING.
T  INDICATES TRACE AMOUNT.




$$
