000
CDUS46 KSTO 310042
CLIMOD


CLIMATE REPORT
NATIONAL WEATHER SERVICE SACRAMENTO, CA
441 PM PST FRI JAN 30 2015


...................................

...THE MODESTO CA CLIMATE SUMMARY FOR JANUARY 30 2015...
VALID TODAY AS OF 0400 PM LOCAL TIME.

CLIMATE NORMAL PERIOD 1981 TO 2010
CLIMATE RECORD PERIOD 1931 TO 2015


WEATHER ITEM   OBSERVED TIME   RECORD YEAR NORMAL DEPARTURE LAST
                VALUE   (LST)  VALUE       VALUE  FROM      YEAR
                                                  NORMAL
..................................................................
TEMPERATURE (F)
 TODAY
  MAXIMUM         67    356 PM  69    1976  58      9       63
  MINIMUM         39    743 AM  25    1957  41     -2       52
  AVERAGE         53

PRECIPITATION (IN)
  TODAY            0.00          1.29 1968   0.09  -0.09     0.42
  MONTH TO DATE    T                         2.52  -2.52     0.42
  SINCE OCT 1      7.40                      6.60   0.80     1.78
  SINCE JAN 1      T                         2.52  -2.52     0.42

SNOWFALL (IN)
  TODAY            0.0           0.0  2002
  MONTH TO DATE    0.0
  SINCE DEC 1      0.0
  SINCE JUL 1      0.0

DEGREE DAYS
 HEATING
  TODAY           12                        15     -3        7
  MONTH TO DATE  498                       518    -20      418
  SINCE DEC 1    868                      1054   -186     1024
  SINCE JUL 1   1166                      1415   -249     1395

 COOLING
  TODAY            0                         0      0        0
  MONTH TO DATE    0                         0      0        0
  SINCE DEC 1      0                         0      0        0
  SINCE JAN 1      0                         0      0        0
..................................................................


WIND (MPH)
  RESULTANT WIND SPEED   1   RESULTANT WIND DIRECTION   E (80)
  HIGHEST WIND SPEED    14   HIGHEST WIND DIRECTION    NW (320)
  HIGHEST GUST SPEED    17   HIGHEST GUST DIRECTION    NW (320)


SKY COVER
  POSSIBLE SUNSHINE  MM
  AVERAGE SKY COVER 0.3


WEATHER CONDITIONS
 THE FOLLOWING WEATHER WAS RECORDED TODAY.
  FOG
  FOG W/VISIBILITY <= 1/4 MILE
  HAZE


RELATIVE HUMIDITY (PERCENT)
 HIGHEST   100           500 AM
 LOWEST     45           300 PM
 AVERAGE    73

..........................................................


THE MODESTO CA CLIMATE NORMALS FOR TOMORROW
                         NORMAL    RECORD    YEAR
 MAXIMUM TEMPERATURE (F)   59        70      1976
 MINIMUM TEMPERATURE (F)   41        26      1946


SUNRISE AND SUNSET
JANUARY 30 2015.......SUNRISE   709 AM PST   SUNSET   525 PM PST
JANUARY 31 2015.......SUNRISE   708 AM PST   SUNSET   526 PM PST


-  INDICATES NEGATIVE NUMBERS.
R  INDICATES RECORD WAS SET OR TIED.
MM INDICATES DATA IS MISSING.
T  INDICATES TRACE AMOUNT.




$$
