996
CDUS46 KSTO 060847
CLIMOD


CLIMATE REPORT
NATIONAL WEATHER SERVICE SACRAMENTO, CA
1247 AM PST SAT FEB 6 2016


...................................

...THE MODESTO CA CLIMATE SUMMARY FOR FEBRUARY 5 2016...

CLIMATE NORMAL PERIOD 1981 TO 2010
CLIMATE RECORD PERIOD 1931 TO 2016


WEATHER ITEM   OBSERVED TIME   RECORD YEAR NORMAL DEPARTURE LAST
                VALUE   (LST)  VALUE       VALUE  FROM      YEAR
                                                  NORMAL
..................................................................
TEMPERATURE (F)
 YESTERDAY
  MAXIMUM         64    336 PM  77    1996  60      4       65
  MINIMUM         37    724 AM  27    1989  42     -5       43
  AVERAGE         51

PRECIPITATION (IN)
  YESTERDAY        0.00          0.85 1978   0.09  -0.09     0.00
  MONTH TO DATE    T                         0.46  -0.46     0.00
  SINCE OCT 1      9.44                      7.15   2.29     7.40
  SINCE JAN 1      5.03                      3.07   1.96      T

SNOWFALL (IN)
  YESTERDAY        0.0           0.0  2002
  MONTH TO DATE    0.0
  SINCE DEC 1      0.0
  SINCE JUL 1      0.0
  SNOW DEPTH       0

DEGREE DAYS
 HEATING
  YESTERDAY       14                        14      0       11
  MONTH TO DATE   86                        72     14       50
  SINCE DEC 1   1045                      1143    -98      929
  SINCE JUL 1   1416                      1504    -88     1227

 COOLING
  YESTERDAY        0                         0      0        0
  MONTH TO DATE    0                         0      0        0
  SINCE DEC 1      0                         0      0        0
  SINCE JAN 1      0                         0      0        0
..................................................................


WIND (MPH)
  RESULTANT WIND SPEED   2   RESULTANT WIND DIRECTION  SE (130)
  HIGHEST WIND SPEED     9   HIGHEST WIND DIRECTION    SE (120)
  HIGHEST GUST SPEED    10   HIGHEST GUST DIRECTION    SE (120)


SKY COVER
  POSSIBLE SUNSHINE  MM
  AVERAGE SKY COVER 0.0


WEATHER CONDITIONS
 THE FOLLOWING WEATHER WAS RECORDED YESTERDAY.
  FOG
  HAZE


RELATIVE HUMIDITY (PERCENT)
 HIGHEST   100           600 AM
 LOWEST     52           300 PM
 AVERAGE    76

..........................................................


THE MODESTO CA CLIMATE NORMALS FOR TODAY
                         NORMAL    RECORD    YEAR
 MAXIMUM TEMPERATURE (F)   60        72      1963
 MINIMUM TEMPERATURE (F)   42        24      1989


SUNRISE AND SUNSET
FEBRUARY  6 2016......SUNRISE   703 AM PST   SUNSET   533 PM PST
FEBRUARY  7 2016......SUNRISE   702 AM PST   SUNSET   534 PM PST


-  INDICATES NEGATIVE NUMBERS.
R  INDICATES RECORD WAS SET OR TIED.
MM INDICATES DATA IS MISSING.
T  INDICATES TRACE AMOUNT.




$$
