000
CDUS46 KSTO 300839
CLIMOD


CLIMATE REPORT
NATIONAL WEATHER SERVICE SACRAMENTO, CA
139 AM PDT SAT MAY 30 2015


...................................

...THE MODESTO CA CLIMATE SUMMARY FOR MAY 29 2015...

CLIMATE NORMAL PERIOD 1981 TO 2010
CLIMATE RECORD PERIOD 1931 TO 2015


WEATHER ITEM   OBSERVED TIME   RECORD YEAR NORMAL DEPARTURE LAST
                VALUE   (LST)  VALUE       VALUE  FROM      YEAR
                                                  NORMAL
..................................................................
TEMPERATURE (F)
 YESTERDAY
  MAXIMUM         92    423 PM 104    1984  86      6       87
  MINIMUM         57    539 AM  44    1961  57      0       60
  AVERAGE         75

PRECIPITATION (IN)
  YESTERDAY        0.00          0.14 1936   0.02  -0.02     0.00
  MONTH TO DATE    0.27                      0.61  -0.34     0.01
  SINCE OCT 1     10.25                     12.69  -2.44     6.87
  SINCE JAN 1      2.85                      8.61  -5.76     5.51

SNOWFALL (IN)
  YESTERDAY        0.0          MM      MM
  MONTH TO DATE    0.0
  SINCE MAR 1      0.0
  SINCE JUL 1      0.0
  SNOW DEPTH       0

DEGREE DAYS
 HEATING
  YESTERDAY        0                         0      0        0
  MONTH TO DATE   23                        33    -10       12
  SINCE MAR 1    200                       399   -199      271
  SINCE JUL 1   1612                      2167   -555     1969

 COOLING
  YESTERDAY       10                         7      3        9
  MONTH TO DATE   78                       141    -63      181
  SINCE MAR 1    161                       185    -24      242
  SINCE JAN 1    161                       185    -24      242
..................................................................


WIND (MPH)
  RESULTANT WIND SPEED   5   RESULTANT WIND DIRECTION  NW (330)
  HIGHEST WIND SPEED    14   HIGHEST WIND DIRECTION     N (350)
  HIGHEST GUST SPEED    17   HIGHEST GUST DIRECTION    NW (330)


SKY COVER
  POSSIBLE SUNSHINE  MM
  AVERAGE SKY COVER 0.0


WEATHER CONDITIONS
 THE FOLLOWING WEATHER WAS RECORDED YESTERDAY.
  NO SIGNIFICANT WEATHER WAS OBSERVED.


RELATIVE HUMIDITY (PERCENT)
 HIGHEST    72           500 AM
 LOWEST     19           500 PM
 AVERAGE    46

..........................................................


THE MODESTO CA CLIMATE NORMALS FOR TODAY
                         NORMAL    RECORD    YEAR
 MAXIMUM TEMPERATURE (F)   86       103      1950
 MINIMUM TEMPERATURE (F)   57        45      1962


SUNRISE AND SUNSET
MAY 30 2015...........SUNRISE   545 AM PDT   SUNSET   818 PM PDT
MAY 31 2015...........SUNRISE   544 AM PDT   SUNSET   819 PM PDT


-  INDICATES NEGATIVE NUMBERS.
R  INDICATES RECORD WAS SET OR TIED.
MM INDICATES DATA IS MISSING.
T  INDICATES TRACE AMOUNT.




$$
