000
CDUS46 KSTO 240045
CLIMOD


CLIMATE REPORT
NATIONAL WEATHER SERVICE SACRAMENTO, CA
545 PM PDT FRI JUN 23 2017


...................................

...THE MODESTO CA CLIMATE SUMMARY FOR JUNE 23 2017...
VALID TODAY AS OF 0500 PM LOCAL TIME.

CLIMATE NORMAL PERIOD 1981 TO 2010
CLIMATE RECORD PERIOD 1931 TO 2017


WEATHER ITEM   OBSERVED TIME   RECORD YEAR NORMAL DEPARTURE LAST
                VALUE   (LST)  VALUE       VALUE  FROM      YEAR
                                                  NORMAL
..................................................................
TEMPERATURE (F)
 TODAY
  MAXIMUM        103    359 PM 107    2006  92     11       96
  MINIMUM         74    551 AM  48    1946  61     13       66
  AVERAGE         89

PRECIPITATION (IN)
  TODAY            0.00          T    2013   0.00   0.00     0.00
  MONTH TO DATE    T                         0.11  -0.11     0.00
  SINCE OCT 1     16.93                     12.82   4.11    15.61
  SINCE JAN 1     11.90                      8.74   3.16    11.20

SNOWFALL (IN)
  TODAY            0.0          MM      MM
  MONTH TO DATE    0.0
  SINCE JUN 1      0.0
  SINCE JUL 1      0.0

DEGREE DAYS
 HEATING
  TODAY            0                         0      0        0
  MONTH TO DATE    6                         0      6        2
  SINCE JUN 1      6                         0      6        2
  SINCE JUL 1   1814                      2168   -354     1836

 COOLING
  TODAY           24                        11     13       16
  MONTH TO DATE  309                       212     97      293
  SINCE JUN 1    309                       212     97      293
  SINCE JAN 1    531                       411    120      541
..................................................................


WIND (MPH)
  RESULTANT WIND SPEED   8   RESULTANT WIND DIRECTION   N (340)
  HIGHEST WIND SPEED    16   HIGHEST WIND DIRECTION    NW (310)
  HIGHEST GUST SPEED    29   HIGHEST GUST DIRECTION     E (80)


SKY COVER
  POSSIBLE SUNSHINE  MM
  AVERAGE SKY COVER 0.0


WEATHER CONDITIONS
 THE FOLLOWING WEATHER WAS RECORDED TODAY.
  NO SIGNIFICANT WEATHER WAS OBSERVED.


RELATIVE HUMIDITY (PERCENT)
 HIGHEST    54           600 AM
 LOWEST     21           300 PM
 AVERAGE    38

..........................................................


THE MODESTO CA CLIMATE NORMALS FOR TOMORROW
                         NORMAL    RECORD    YEAR
 MAXIMUM TEMPERATURE (F)   92       108      1961
 MINIMUM TEMPERATURE (F)   61        48      1943


SUNRISE AND SUNSET
JUNE 23 2017..........SUNRISE   543 AM PDT   SUNSET   829 PM PDT
JUNE 24 2017..........SUNRISE   543 AM PDT   SUNSET   829 PM PDT


-  INDICATES NEGATIVE NUMBERS.
R  INDICATES RECORD WAS SET OR TIED.
MM INDICATES DATA IS MISSING.
T  INDICATES TRACE AMOUNT.




$$
