000
CDUS43 KBIS 300728
CLIMOT


CLIMATE REPORT
NATIONAL WEATHER SERVICE BISMARCK ND
226 AM CDT SAT JUL 30 2016


...................................

...THE MINOT ND CLIMATE SUMMARY FOR JULY 29 2016...

CLIMATE NORMAL PERIOD 1981 TO 2010
CLIMATE RECORD PERIOD 1897 TO 2016


WEATHER ITEM   OBSERVED TIME   RECORD YEAR NORMAL DEPARTURE LAST
                VALUE   (LST)  VALUE       VALUE  FROM      YEAR
                                                  NORMAL
..................................................................
TEMPERATURE (F)
 YESTERDAY
  MAXIMUM         84    520 PM 102    1975  83      1       82
  MINIMUM         55    535 AM  37    1918  58     -3       60
  AVERAGE         70                        71     -1       71

PRECIPITATION (IN)
  YESTERDAY        0.01          1.08 1950   0.06  -0.05      T
  MONTH TO DATE    2.73                      2.31   0.42     2.04
  SINCE JUN 1      5.47                      5.89  -0.42     6.07
  SINCE JAN 1     10.62                     11.28  -0.66    10.20

DEGREE DAYS
 COOLING
  YESTERDAY        5                         6     -1        6
  MONTH TO DATE  219                       156     63      185
  SINCE JUN 1    350                       229    121      259
  SINCE JAN 1    390                       245    145      266
..................................................................


WIND (MPH)
  HIGHEST WIND SPEED    15   HIGHEST WIND DIRECTION    SE (120)
  HIGHEST GUST SPEED    21   HIGHEST GUST DIRECTION    SE (120)
  AVERAGE WIND SPEED     5.6


SKY COVER
  POSSIBLE SUNSHINE  MM
  AVERAGE SKY COVER 0.4


WEATHER CONDITIONS
 THE FOLLOWING WEATHER WAS RECORDED YESTERDAY.
  LIGHT RAIN


RELATIVE HUMIDITY (PERCENT)
 HIGHEST    86           400 AM
 LOWEST     40           400 PM
 AVERAGE    63

..........................................................


THE MINOT ND CLIMATE NORMALS FOR TODAY
                         NORMAL    RECORD    YEAR
 MAXIMUM TEMPERATURE (F)   83       100      1936
 MINIMUM TEMPERATURE (F)   58        36      1923


SUNRISE AND SUNSET
JULY 30 2016..........SUNRISE   619 AM CDT   SUNSET   924 PM CDT
JULY 31 2016..........SUNRISE   620 AM CDT   SUNSET   922 PM CDT


-  INDICATES NEGATIVE NUMBERS.
R  INDICATES RECORD WAS SET OR TIED.
MM INDICATES DATA IS MISSING.
T  INDICATES TRACE AMOUNT.




$$
