782
CDUS43 KBIS 240804
CLIMOT


CLIMATE REPORT
NATIONAL WEATHER SERVICE BISMARCK ND
303 AM CDT WED AUG 24 2016


...................................

...THE MINOT ND CLIMATE SUMMARY FOR AUGUST 23 2016...

CLIMATE NORMAL PERIOD 1981 TO 2010
CLIMATE RECORD PERIOD 1897 TO 2016


WEATHER ITEM   OBSERVED TIME   RECORD YEAR NORMAL DEPARTURE LAST
                VALUE   (LST)  VALUE       VALUE  FROM      YEAR
                                                  NORMAL
..................................................................
TEMPERATURE (F)
 YESTERDAY
  MAXIMUM         81    511 PM 104    1937  80      1       68
  MINIMUM         59    627 AM  34    1908  54      5       47
  AVERAGE         70                        67      3       58

PRECIPITATION (IN)
  YESTERDAY        T             2.05 1968   0.07  -0.07      T
  MONTH TO DATE    1.23                      1.53  -0.30     1.26
  SINCE JUN 1      6.70                      7.54  -0.84     7.33
  SINCE JAN 1     11.85                     12.93  -1.08    11.46

DEGREE DAYS
 COOLING
  YESTERDAY        5                         4      1        0
  MONTH TO DATE  218                       125     93      125
  SINCE JUN 1    594                       367    227      394
  SINCE JAN 1    634                       383    251      401
..................................................................


WIND (MPH)
  HIGHEST WIND SPEED    32   HIGHEST WIND DIRECTION     W (290)
  HIGHEST GUST SPEED    41   HIGHEST GUST DIRECTION     W (280)
  AVERAGE WIND SPEED    13.9


SKY COVER
  POSSIBLE SUNSHINE  MM
  AVERAGE SKY COVER 0.3


WEATHER CONDITIONS
 THE FOLLOWING WEATHER WAS RECORDED YESTERDAY.
  LIGHT RAIN
  FOG
  FOG W/VISIBILITY <= 1/4 MILE


RELATIVE HUMIDITY (PERCENT)
 HIGHEST   100           100 AM
 LOWEST     23          1200 PM
 AVERAGE    62

..........................................................


THE MINOT ND CLIMATE NORMALS FOR TODAY
                         NORMAL    RECORD    YEAR
 MAXIMUM TEMPERATURE (F)   80       101      1996
 MINIMUM TEMPERATURE (F)   54        28      1915


SUNRISE AND SUNSET
AUGUST 24 2016........SUNRISE   652 AM CDT   SUNSET   841 PM CDT
AUGUST 25 2016........SUNRISE   654 AM CDT   SUNSET   839 PM CDT


-  INDICATES NEGATIVE NUMBERS.
R  INDICATES RECORD WAS SET OR TIED.
MM INDICATES DATA IS MISSING.
T  INDICATES TRACE AMOUNT.




$$
