000
CDUS43 KBIS 300725
CLIMOT


CLIMATE REPORT
NATIONAL WEATHER SERVICE BISMARCK ND
125 AM CST FRI JAN 30 2015


...................................

...THE MINOT ND CLIMATE SUMMARY FOR JANUARY 29 2015...

CLIMATE NORMAL PERIOD 1981 TO 2010
CLIMATE RECORD PERIOD 1905 TO 2015


WEATHER ITEM   OBSERVED TIME   RECORD YEAR NORMAL DEPARTURE LAST
                VALUE   (LST)  VALUE       VALUE  FROM      YEAR
                                                  NORMAL
..................................................................
TEMPERATURE (F)
 YESTERDAY
  MAXIMUM         28   1222 AM  54    1931  22      6       19
  MINIMUM         11    859 PM -37    1916   4      7        8
  AVERAGE         20                        13      7       14

PRECIPITATION (IN)
  YESTERDAY        T             0.31 1971   0.01  -0.01      T
  MONTH TO DATE    0.24                      0.48  -0.24     0.19
  SINCE DEC 1      0.25                      0.86  -0.61     0.37
  SINCE JAN 1      0.24                      0.48  -0.24     0.19

DEGREE DAYS
 HEATING
  YESTERDAY       45                        52     -7       51
  MONTH TO DATE 1373                      1531   -158     1518
  SINCE DEC 1   2808                      3068   -260     3403
  SINCE JUL 1   4987                      5126   -139     5458
..................................................................


WIND (MPH)
  HIGHEST WIND SPEED    28   HIGHEST WIND DIRECTION    NW (310)
  HIGHEST GUST SPEED    35   HIGHEST GUST DIRECTION    NW (310)
  AVERAGE WIND SPEED    12.8


SKY COVER
  POSSIBLE SUNSHINE  MM
  AVERAGE SKY COVER 0.8


WEATHER CONDITIONS
 THE FOLLOWING WEATHER WAS RECORDED YESTERDAY.
  LIGHT SNOW
  HAZE


RELATIVE HUMIDITY (PERCENT)
 HIGHEST    88          1000 PM
 LOWEST     67           300 PM
 AVERAGE    78

..........................................................


THE MINOT ND CLIMATE NORMALS FOR TODAY
                         NORMAL    RECORD    YEAR
 MAXIMUM TEMPERATURE (F)   22        52      1931
 MINIMUM TEMPERATURE (F)    5       -38      1916


SUNRISE AND SUNSET
JANUARY 30 2015.......SUNRISE   816 AM CST   SUNSET   541 PM CST
JANUARY 31 2015.......SUNRISE   815 AM CST   SUNSET   543 PM CST


-  INDICATES NEGATIVE NUMBERS.
R  INDICATES RECORD WAS SET OR TIED.
MM INDICATES DATA IS MISSING.
T  INDICATES TRACE AMOUNT.




$$
