000
CDUS43 KBIS 240745
CLIMOT


CLIMATE REPORT
NATIONAL WEATHER SERVICE BISMARCK ND
244 AM CDT WED MAY 24 2017


...................................

...THE MINOT ND CLIMATE SUMMARY FOR MAY 23 2017...

CLIMATE NORMAL PERIOD 1981 TO 2010
CLIMATE RECORD PERIOD 1897 TO 2017


WEATHER ITEM   OBSERVED TIME   RECORD YEAR NORMAL DEPARTURE LAST
                VALUE   (LST)  VALUE       VALUE  FROM      YEAR
                                                  NORMAL
..................................................................
TEMPERATURE (F)
 YESTERDAY
  MAXIMUM         70    445 PM  91    2006  69      1       82
  MINIMUM         41    503 AM  22    1918  45     -4       52
  AVERAGE         56                        57     -1       67

PRECIPITATION (IN)
  YESTERDAY        0.00          0.90 1933   0.09  -0.09      T
  MONTH TO DATE    0.52                      1.75  -1.23     0.34
  SINCE MAR 1      1.12                      3.73  -2.61     2.92
  SINCE JAN 1      1.25                      4.64  -3.39     3.50

DEGREE DAYS
 COOLING
  YESTERDAY        0                         1     -1        2
  MONTH TO DATE    3                         1      2       39
  SINCE MAR 1      3                         2      1       39
  SINCE JAN 1      3                         2      1       39
..................................................................


WIND (MPH)
  HIGHEST WIND SPEED    20   HIGHEST WIND DIRECTION     N (360)
  HIGHEST GUST SPEED    26   HIGHEST GUST DIRECTION     N (20)
  AVERAGE WIND SPEED    10.3


SKY COVER
  POSSIBLE SUNSHINE  MM
  AVERAGE SKY COVER 0.1


WEATHER CONDITIONS
 THE FOLLOWING WEATHER WAS RECORDED YESTERDAY.
  NO SIGNIFICANT WEATHER WAS OBSERVED.


RELATIVE HUMIDITY (PERCENT)
 HIGHEST    76           500 AM
 LOWEST     23           500 PM
 AVERAGE    50

..........................................................


THE MINOT ND CLIMATE NORMALS FOR TODAY
                         NORMAL    RECORD    YEAR
 MAXIMUM TEMPERATURE (F)   69        91      1977
 MINIMUM TEMPERATURE (F)   46        24      1924


SUNRISE AND SUNSET
MAY 24 2017...........SUNRISE   555 AM CDT   SUNSET   930 PM CDT
MAY 25 2017...........SUNRISE   554 AM CDT   SUNSET   931 PM CDT


-  INDICATES NEGATIVE NUMBERS.
R  INDICATES RECORD WAS SET OR TIED.
MM INDICATES DATA IS MISSING.
T  INDICATES TRACE AMOUNT.




$$
