000
CDUS43 KBIS 300738
CLIMOT


CLIMATE REPORT
NATIONAL WEATHER SERVICE BISMARCK ND
238 AM CDT FRI SEP 30 2016


...................................

...THE MINOT ND CLIMATE SUMMARY FOR SEPTEMBER 29 2016...

CLIMATE NORMAL PERIOD 1981 TO 2010
CLIMATE RECORD PERIOD 1897 TO 2016


WEATHER ITEM   OBSERVED TIME   RECORD YEAR NORMAL DEPARTURE LAST
                VALUE   (LST)  VALUE       VALUE  FROM      YEAR
                                                  NORMAL
..................................................................
TEMPERATURE (F)
 YESTERDAY
  MAXIMUM         72    411 PM  88    2007  63      9       71
  MINIMUM         43    514 AM  19    1907  41      2       32
  AVERAGE         58                        52      6       52

PRECIPITATION (IN)
  YESTERDAY        0.00          0.96 1983   0.05  -0.05     0.00
  MONTH TO DATE    2.98                      1.42   1.56     1.61
  SINCE SEP 1      2.98                      1.42   1.56     1.61
  SINCE JAN 1     14.84                     14.86  -0.02    13.11

DEGREE DAYS
 HEATING
  YESTERDAY        7                        13     -6       13
  MONTH TO DATE  181                       236    -55      157
  SINCE SEP 1    181                       236    -55      157
  SINCE JUL 1    192                       307   -115      207

 COOLING
  YESTERDAY        0                         0      0        0
  MONTH TO DATE   29                        30     -1       58
  SINCE SEP 1     29                        30     -1       58
  SINCE JAN 1    682                       441    241      502
..................................................................


WIND (MPH)
  HIGHEST WIND SPEED    23   HIGHEST WIND DIRECTION    SE (120)
  HIGHEST GUST SPEED    28   HIGHEST GUST DIRECTION    SE (120)
  AVERAGE WIND SPEED    11.0


SKY COVER
  POSSIBLE SUNSHINE  MM
  AVERAGE SKY COVER 0.0


WEATHER CONDITIONS
 THE FOLLOWING WEATHER WAS RECORDED YESTERDAY.
  NO SIGNIFICANT WEATHER WAS OBSERVED.


RELATIVE HUMIDITY (PERCENT)
 HIGHEST   100          1200 AM
 LOWEST     38           200 PM
 AVERAGE    69

..........................................................


THE MINOT ND CLIMATE NORMALS FOR TODAY
                         NORMAL    RECORD    YEAR
 MAXIMUM TEMPERATURE (F)   63        93      1989
 MINIMUM TEMPERATURE (F)   40        17      1918


SUNRISE AND SUNSET
SEPTEMBER 30 2016.....SUNRISE   744 AM CDT   SUNSET   725 PM CDT
OCTOBER  1 2016.......SUNRISE   745 AM CDT   SUNSET   723 PM CDT


-  INDICATES NEGATIVE NUMBERS.
R  INDICATES RECORD WAS SET OR TIED.
MM INDICATES DATA IS MISSING.
T  INDICATES TRACE AMOUNT.




$$
