000
CDUS43 KBIS 290728
CLIMOT


CLIMATE REPORT
NATIONAL WEATHER SERVICE BISMARCK ND
227 AM CDT SUN MAR 29 2015


...................................

...THE MINOT ND CLIMATE SUMMARY FOR MARCH 28 2015...

CLIMATE NORMAL PERIOD 1981 TO 2010
CLIMATE RECORD PERIOD 1905 TO 2015


WEATHER ITEM   OBSERVED TIME   RECORD YEAR NORMAL DEPARTURE LAST
                VALUE   (LST)  VALUE       VALUE  FROM      YEAR
                                                  NORMAL
..................................................................
TEMPERATURE (F)
 YESTERDAY
  MAXIMUM         69    447 PM  73    1929  44     25       29
  MINIMUM         25    324 AM -19    1922  24      1       16
  AVERAGE         47                        34     13       23

PRECIPITATION (IN)
  YESTERDAY        0.02          2.18 1985   0.04  -0.02      T
  MONTH TO DATE    0.36                      0.73  -0.37     0.05
  SINCE MAR 1      0.36                      0.73  -0.37     0.05
  SINCE JAN 1      0.83                      1.64  -0.81     0.41

DEGREE DAYS
 HEATING
  YESTERDAY       18                        31    -13       42
  MONTH TO DATE  917                      1046   -129     1178
  SINCE MAR 1    917                      1046   -129     1178
  SINCE JUL 1   7605                      7622    -17     8411

 COOLING
  YESTERDAY        0                         0      0        0
  MONTH TO DATE    0                         0      0        0
  SINCE MAR 1      0                         0      0        0
  SINCE JAN 1      0                         0      0        0
..................................................................


WIND (MPH)
  HIGHEST WIND SPEED    32   HIGHEST WIND DIRECTION     S (170)
  HIGHEST GUST SPEED    39   HIGHEST GUST DIRECTION     S (180)
  AVERAGE WIND SPEED    13.8


SKY COVER
  POSSIBLE SUNSHINE  MM
  AVERAGE SKY COVER 0.5


WEATHER CONDITIONS
 THE FOLLOWING WEATHER WAS RECORDED YESTERDAY.
  LIGHT RAIN
  FOG
  FOG W/VISIBILITY <= 1/4 MILE


RELATIVE HUMIDITY (PERCENT)
 HIGHEST    96           900 AM
 LOWEST     37           500 PM
 AVERAGE    67

..........................................................


THE MINOT ND CLIMATE NORMALS FOR TODAY
                         NORMAL    RECORD    YEAR
 MAXIMUM TEMPERATURE (F)   45        70      1966
 MINIMUM TEMPERATURE (F)   25       -15      1964


SUNRISE AND SUNSET
MARCH 29 2015.........SUNRISE   730 AM CDT   SUNSET   811 PM CDT
MARCH 30 2015.........SUNRISE   728 AM CDT   SUNSET   812 PM CDT


-  INDICATES NEGATIVE NUMBERS.
R  INDICATES RECORD WAS SET OR TIED.
MM INDICATES DATA IS MISSING.
T  INDICATES TRACE AMOUNT.




$$
