000
CDUS41 KPHI 220643
CLIMPO


CLIMATE REPORT
NATIONAL WEATHER SERVICE MOUNT HOLLY NJ
141 AM EST WED FEB 22 2017


...................................

...THE MOUNT POCONO PA CLIMATE SUMMARY FOR FEBRUARY 21 2017...

CLIMATE NORMAL PERIOD 1981 TO 2010
CLIMATE RECORD PERIOD 1901 TO 2017


WEATHER ITEM   OBSERVED TIME   RECORD YEAR NORMAL DEPARTURE LAST
                VALUE   (LST)  VALUE       VALUE  FROM      YEAR
                                                  NORMAL
..................................................................
TEMPERATURE (F)
 YESTERDAY
  MAXIMUM         40    240 PM  60    1930  35      5       48
  MINIMUM         24    646 AM -10    2015  19      5       31
  AVERAGE         32                        27      5       40

PRECIPITATION (IN)
  YESTERDAY        0.00          1.55 1954   0.09  -0.09     0.00
  MONTH TO DATE    1.27                      1.74  -0.47     2.82
  SINCE DEC 1      6.39                      8.46  -2.07     9.88
  SINCE JAN 1      4.20                      4.59  -0.39     6.05

DEGREE DAYS
 HEATING
  YESTERDAY       33                        38     -5       25
  MONTH TO DATE  764                       833    -69      814
  SINCE DEC 1   3065                      3285   -220     2778
  SINCE JUL 1   4458                      4864   -406     4045

 COOLING
  YESTERDAY        0                         0      0        0
  MONTH TO DATE    0                         0      0        0
  SINCE DEC 1      0                         0      0        0
  SINCE JAN 1      0                         0      0        0
..................................................................


WIND (MPH)
  HIGHEST WIND SPEED    16   HIGHEST WIND DIRECTION     S (200)
  HIGHEST GUST SPEED    20   HIGHEST GUST DIRECTION    SW (210)
  AVERAGE WIND SPEED    MM


SKY COVER
  POSSIBLE SUNSHINE  MM
  AVERAGE SKY COVER  MM


WEATHER CONDITIONS
 THE FOLLOWING WEATHER WAS RECORDED YESTERDAY.
  NO SIGNIFICANT WEATHER WAS OBSERVED.


RELATIVE HUMIDITY (PERCENT)
 HIGHEST    MM
 LOWEST     MM
 AVERAGE    MM

..........................................................


THE MOUNT POCONO PA CLIMATE NORMALS FOR TODAY
                         NORMAL    RECORD    YEAR
 MAXIMUM TEMPERATURE (F)   36        56      1997
 MINIMUM TEMPERATURE (F)   19       -14      1907


SUNRISE AND SUNSET
FEBRUARY 22 2017......SUNRISE   646 AM EST   SUNSET   545 PM EST
FEBRUARY 23 2017......SUNRISE   645 AM EST   SUNSET   546 PM EST


-  INDICATES NEGATIVE NUMBERS.
R  INDICATES RECORD WAS SET OR TIED.
MM INDICATES DATA IS MISSING.
T  INDICATES TRACE AMOUNT.




$$
