000
CDUS41 KPHI 310631
CLIMPO


CLIMATE REPORT
NATIONAL WEATHER SERVICE MOUNT HOLLY NJ
231 AM EDT THU JUL 31 2014


...................................

...THE MOUNT POCONO PA CLIMATE SUMMARY FOR JULY 30 2014...

CLIMATE NORMAL PERIOD 1981 TO 2010
CLIMATE RECORD PERIOD 1901 TO 2014


WEATHER ITEM   OBSERVED TIME   RECORD YEAR NORMAL DEPARTURE LAST
                VALUE   (LST)  VALUE       VALUE  FROM      YEAR
                                                  NORMAL
..................................................................
TEMPERATURE (F)
 YESTERDAY
  MAXIMUM         72    341 PM  90    1954  78     -6       72
  MINIMUM         45    510 AM  42    1968  58    -13       52
  AVERAGE         59                        68     -9       62

PRECIPITATION (IN)
  YESTERDAY        0.00          1.80 1971   0.21  -0.21     0.00
  MONTH TO DATE    3.69                      4.44  -0.75     6.81
  SINCE JUN 1      7.14                      8.82  -1.68    16.00
  SINCE JAN 1     25.90                     26.32  -0.42    30.01

SNOWFALL (IN)
  YESTERDAY       MM            MM      MM  MM     MM       MM
  MONTH TO DATE   MM                        MM     MM       MM
  SINCE JUN 1     MM                        MM     MM       MM
  SINCE JUL 1     MM                        MM     MM       MM
  SNOW DEPTH      MM

DEGREE DAYS
 HEATING
  YESTERDAY        6                         1      5        3
  MONTH TO DATE   24                        30     -6       10
  SINCE JUN 1     79                       130    -51       86
  SINCE JUL 1     24                        30     -6       10

 COOLING
  YESTERDAY        0                         4     -4        0
  MONTH TO DATE  107                       119    -12      226
  SINCE JUN 1    167                       181    -14      307
  SINCE JAN 1    174                       200    -26      339
..................................................................


WIND (MPH)
  HIGHEST WIND SPEED    13   HIGHEST WIND DIRECTION    SW (240)
  HIGHEST GUST SPEED    23   HIGHEST GUST DIRECTION    SW (210)
  AVERAGE WIND SPEED     4.9


SKY COVER
  POSSIBLE SUNSHINE  MM
  AVERAGE SKY COVER 0.3


WEATHER CONDITIONS
 THE FOLLOWING WEATHER WAS RECORDED YESTERDAY.
  NO SIGNIFICANT WEATHER WAS OBSERVED.


RELATIVE HUMIDITY (PERCENT)
 HIGHEST   100           500 AM
 LOWEST     44           100 PM
 AVERAGE    72

..........................................................


THE MOUNT POCONO PA CLIMATE NORMALS FOR TODAY
                         NORMAL    RECORD    YEAR
 MAXIMUM TEMPERATURE (F)   78        95      1954
 MINIMUM TEMPERATURE (F)   58        43      1932


SUNRISE AND SUNSET
JULY 31 2014..........SUNRISE   556 AM EDT   SUNSET   819 PM EDT
AUGUST  1 2014........SUNRISE   557 AM EDT   SUNSET   818 PM EDT


-  INDICATES NEGATIVE NUMBERS.
R  INDICATES RECORD WAS SET OR TIED.
MM INDICATES DATA IS MISSING.
T  INDICATES TRACE AMOUNT.




$$
