000
CDUS41 KPHI 260630
CLIMPO


CLIMATE REPORT
NATIONAL WEATHER SERVICE MOUNT HOLLY NJ
129 AM EST FRI DEC 26 2014


...................................

...THE MOUNT POCONO PA CLIMATE SUMMARY FOR DECEMBER 25 2014...

CLIMATE NORMAL PERIOD 1981 TO 2010
CLIMATE RECORD PERIOD 1901 TO 2014


WEATHER ITEM   OBSERVED TIME   RECORD YEAR NORMAL DEPARTURE LAST
                VALUE   (LST)  VALUE       VALUE  FROM      YEAR
                                                  NORMAL
..................................................................
TEMPERATURE (F)
 YESTERDAY
  MAXIMUM         56   1250 AM  60    1965  32     24       22
  MINIMUM         35   1159 PM -13    1980  18     17        8
  AVERAGE         46                        25     21       15

PRECIPITATION (IN)
  YESTERDAY        0.14          2.40 1945   0.12   0.02      T
  MONTH TO DATE    2.75                      3.25  -0.50     1.71
  SINCE DEC 1      2.75                      3.25  -0.50     1.71
  SINCE JAN 1     40.47                     48.16  -7.69    43.29

SNOWFALL (IN)
  YESTERDAY       MM            MM      MM  MM     MM       MM
  MONTH TO DATE   MM                        MM     MM       MM
  SINCE DEC 1     MM                        MM     MM       MM
  SINCE JUL 1     MM                        MM     MM       MM
  SNOW DEPTH      MM

DEGREE DAYS
 HEATING
  YESTERDAY       19                        40    -21       50
  MONTH TO DATE  833                       913    -80      897
  SINCE DEC 1    833                       913    -80      897
  SINCE JUL 1   2400                      2492    -92     2509

 COOLING
  YESTERDAY        0                         0      0        0
  MONTH TO DATE    0                         0      0        0
  SINCE DEC 1      0                         0      0        0
  SINCE JAN 1    253                       314    -61      467
..................................................................


WIND (MPH)
  HIGHEST WIND SPEED    30   HIGHEST WIND DIRECTION     W (290)
  HIGHEST GUST SPEED    40   HIGHEST GUST DIRECTION     W (290)
  AVERAGE WIND SPEED    18.1


SKY COVER
  POSSIBLE SUNSHINE  MM
  AVERAGE SKY COVER 0.7


WEATHER CONDITIONS
 THE FOLLOWING WEATHER WAS RECORDED YESTERDAY.
  LIGHT RAIN
  FOG


RELATIVE HUMIDITY (PERCENT)
 HIGHEST   100          1200 AM
 LOWEST     60          1100 AM
 AVERAGE    80

..........................................................


THE MOUNT POCONO PA CLIMATE NORMALS FOR TODAY
                         NORMAL    RECORD    YEAR
 MAXIMUM TEMPERATURE (F)   32        57      1964
 MINIMUM TEMPERATURE (F)   18       -10      1983


SUNRISE AND SUNSET
DECEMBER 26 2014......SUNRISE   726 AM EST   SUNSET   439 PM EST
DECEMBER 27 2014......SUNRISE   726 AM EST   SUNSET   440 PM EST


-  INDICATES NEGATIVE NUMBERS.
R  INDICATES RECORD WAS SET OR TIED.
MM INDICATES DATA IS MISSING.
T  INDICATES TRACE AMOUNT.




$$
