000
CDUS41 KPHI 282138
CLIMPO


CLIMATE REPORT
NATIONAL WEATHER SERVICE MOUNT HOLLY NJ
538 PM EDT TUE JUL 28 2015


...................................

...THE MOUNT POCONO PA CLIMATE SUMMARY FOR JULY 28 2015...
VALID TODAY AS OF 0500 PM LOCAL TIME.

CLIMATE NORMAL PERIOD 1981 TO 2010
CLIMATE RECORD PERIOD 1901 TO 2015


WEATHER ITEM   OBSERVED TIME   RECORD YEAR NORMAL DEPARTURE LAST
                VALUE   (LST)  VALUE       VALUE  FROM      YEAR
                                                  NORMAL
..................................................................
TEMPERATURE (F)
 TODAY
  MAXIMUM         85    352 PM  93    1949  78      7       73
  MINIMUM         61    532 AM  38    1903  58      3       57
  AVERAGE         73                        68      5       65

PRECIPITATION (IN)
  TODAY            0.00          2.15 1969   0.16  -0.16     0.22
  MONTH TO DATE    2.85                      4.04  -1.19     3.69
  SINCE JUN 1     11.62                      8.42   3.20     7.14
  SINCE JAN 1     22.62                     25.92  -3.30    25.90

SNOWFALL (IN)
  TODAY           MM            MM      MM  MM     MM       MM
  MONTH TO DATE   MM                        MM     MM       MM
  SINCE JUN 1     MM                        MM     MM       MM
  SINCE JUL 1     MM                        MM     MM       MM
  SNOW DEPTH      MM

DEGREE DAYS
 HEATING
  TODAY            0                         1     -1        0
  MONTH TO DATE   13                        28    -15       12
  SINCE JUN 1     97                       128    -31       67
  SINCE JUL 1     13                        28    -15       12

 COOLING
  TODAY            8                         4      4        0
  MONTH TO DATE  109                       111     -2      107
  SINCE JUN 1    175                       173      2      167
  SINCE JAN 1    232                       192     40      174
..................................................................


WIND (MPH)
  HIGHEST WIND SPEED     9   HIGHEST WIND DIRECTION    NE (50)
  HIGHEST GUST SPEED    13   HIGHEST GUST DIRECTION    NE (60)
  AVERAGE WIND SPEED     3.7


SKY COVER
  POSSIBLE SUNSHINE  MM
  AVERAGE SKY COVER 0.2


WEATHER CONDITIONS
 THE FOLLOWING WEATHER WAS RECORDED TODAY.
  FOG
  FOG W/VISIBILITY <= 1/4 MILE


RELATIVE HUMIDITY (PERCENT)
 HIGHEST   100           400 AM
 LOWEST     40           400 PM
 AVERAGE    70

..........................................................


THE MOUNT POCONO PA CLIMATE NORMALS FOR TOMORROW
                         NORMAL    RECORD    YEAR
 MAXIMUM TEMPERATURE (F)   78        90      1949
 MINIMUM TEMPERATURE (F)   58        43      1987


SUNRISE AND SUNSET
JULY 28 2015..........SUNRISE   553 AM EDT   SUNSET   822 PM EDT
JULY 29 2015..........SUNRISE   554 AM EDT   SUNSET   821 PM EDT


-  INDICATES NEGATIVE NUMBERS.
R  INDICATES RECORD WAS SET OR TIED.
MM INDICATES DATA IS MISSING.
T  INDICATES TRACE AMOUNT.




$$
