467
CDUS41 KPHI 252134
CLIMPO


CLIMATE REPORT
NATIONAL WEATHER SERVICE MOUNT HOLLY NJ
533 PM EDT WED MAY 25 2016


...................................

...THE MOUNT POCONO PA CLIMATE SUMMARY FOR MAY 25 2016...
VALID TODAY AS OF 0500 PM LOCAL TIME.

CLIMATE NORMAL PERIOD 1981 TO 2010
CLIMATE RECORD PERIOD 1901 TO 2016


WEATHER ITEM   OBSERVED TIME   RECORD YEAR NORMAL DEPARTURE LAST
                VALUE   (LST)  VALUE       VALUE  FROM      YEAR
                                                  NORMAL
..................................................................
TEMPERATURE (F)
 TODAY
  MAXIMUM         76    318 PM  85    2007  67      9       82
  MINIMUM         38    413 AM  25    1956  48    -10       61
  AVERAGE         57                        58     -1       72

PRECIPITATION (IN)
  TODAY            0.00          2.18 1910   0.18  -0.18     0.00
  MONTH TO DATE    3.42                      3.38   0.04     0.55
  SINCE MAR 1      6.96                     11.23  -4.27     5.78
  SINCE JAN 1     14.94                     16.49  -1.55     9.13

SNOWFALL (IN)
  TODAY           MM            MM      MM  MM     MM       MM
  MONTH TO DATE   MM                        MM     MM       MM
  SINCE MAR 1     MM                        MM     MM       MM
  SINCE JUL 1     MM                        MM     MM       MM
  SNOW DEPTH      MM

DEGREE DAYS
 HEATING
  TODAY            8                         8      0        0
  MONTH TO DATE  394                       277    117      168
  SINCE MAR 1   1767                      1848    -81     1859
  SINCE JUL 1   6052                      6971   -919     7294

 COOLING
  TODAY            0                         1     -1        7
  MONTH TO DATE    0                         7     -7       30
  SINCE MAR 1      0                        11    -11       30
  SINCE JAN 1      0                        11    -11       30
..................................................................


WIND (MPH)
  HIGHEST WIND SPEED    17   HIGHEST WIND DIRECTION     W (270)
  HIGHEST GUST SPEED    22   HIGHEST GUST DIRECTION     W (290)
  AVERAGE WIND SPEED     7.4


SKY COVER
  POSSIBLE SUNSHINE  MM
  AVERAGE SKY COVER 0.0


WEATHER CONDITIONS
 THE FOLLOWING WEATHER WAS RECORDED TODAY.
  NO SIGNIFICANT WEATHER WAS OBSERVED.


RELATIVE HUMIDITY (PERCENT)
 HIGHEST   100           100 AM
 LOWEST     25          1200 PM
 AVERAGE    63

..........................................................


THE MOUNT POCONO PA CLIMATE NORMALS FOR TOMORROW
                         NORMAL    RECORD    YEAR
 MAXIMUM TEMPERATURE (F)   68        87      2010
 MINIMUM TEMPERATURE (F)   48        30      1925


SUNRISE AND SUNSET
MAY 25 2016...........SUNRISE   535 AM EDT   SUNSET   823 PM EDT
MAY 26 2016...........SUNRISE   534 AM EDT   SUNSET   824 PM EDT


-  INDICATES NEGATIVE NUMBERS.
R  INDICATES RECORD WAS SET OR TIED.
MM INDICATES DATA IS MISSING.
T  INDICATES TRACE AMOUNT.




$$
