000
CDUS41 KPHI 290628
CLIMPO


CLIMATE REPORT
NATIONAL WEATHER SERVICE MOUNT HOLLY NJ
228 AM EDT THU JUN 29 2017


...................................

...THE MOUNT POCONO PA CLIMATE SUMMARY FOR JUNE 28 2017...

CLIMATE NORMAL PERIOD 1981 TO 2010
CLIMATE RECORD PERIOD 1901 TO 2017


WEATHER ITEM   OBSERVED TIME   RECORD YEAR NORMAL DEPARTURE LAST
                VALUE   (LST)  VALUE       VALUE  FROM      YEAR
                                                  NORMAL
..................................................................
TEMPERATURE (F)
 YESTERDAY
  MAXIMUM         70    540 PM  88    1911  77     -7       77
  MINIMUM         45    437 AM  36    1988  57    -12       61
  AVERAGE         58                        67     -9       69

PRECIPITATION (IN)
  YESTERDAY        0.00          4.25 1938   0.12  -0.12     0.19
  MONTH TO DATE    3.56                      4.12  -0.56     1.78
  SINCE JUN 1      3.56                      4.12  -0.56     1.78
  SINCE JAN 1     20.46                     21.62  -1.16    19.21

DEGREE DAYS
 HEATING
  YESTERDAY        7                         1      6        0
  MONTH TO DATE  127                        96     31       90
  SINCE JUN 1    127                        96     31       90
  SINCE JUL 1   6651                      7112   -461     6142

 COOLING
  YESTERDAY        0                         3     -3        4
  MONTH TO DATE   49                        55     -6       25
  SINCE JUN 1     49                        55     -6       25
  SINCE JAN 1     67                        74     -7       54
..................................................................


WIND (MPH)
  HIGHEST WIND SPEED    18   HIGHEST WIND DIRECTION     W (270)
  HIGHEST GUST SPEED    26   HIGHEST GUST DIRECTION    NW (310)
  AVERAGE WIND SPEED     8.1


SKY COVER
  POSSIBLE SUNSHINE  MM
  AVERAGE SKY COVER 0.2


WEATHER CONDITIONS
 THE FOLLOWING WEATHER WAS RECORDED YESTERDAY.
  NO SIGNIFICANT WEATHER WAS OBSERVED.


RELATIVE HUMIDITY (PERCENT)
 HIGHEST   100           100 AM
 LOWEST     47           200 PM
 AVERAGE    74

..........................................................


THE MOUNT POCONO PA CLIMATE NORMALS FOR TODAY
                         NORMAL    RECORD    YEAR
 MAXIMUM TEMPERATURE (F)   77        90      2012
 MINIMUM TEMPERATURE (F)   57        38      1970


SUNRISE AND SUNSET
JUNE 29 2017..........SUNRISE   532 AM EDT   SUNSET   838 PM EDT
JUNE 30 2017..........SUNRISE   532 AM EDT   SUNSET   838 PM EDT


-  INDICATES NEGATIVE NUMBERS.
R  INDICATES RECORD WAS SET OR TIED.
MM INDICATES DATA IS MISSING.
T  INDICATES TRACE AMOUNT.




$$
