000
CDUS41 KPHI 280635
CLIMPO


CLIMATE REPORT
NATIONAL WEATHER SERVICE MOUNT HOLLY NJ
229 AM EDT SAT MAR 28 2015


...................................

...THE MOUNT POCONO PA CLIMATE SUMMARY FOR MARCH 27 2015...

CLIMATE NORMAL PERIOD 1981 TO 2010
CLIMATE RECORD PERIOD 1901 TO 2015


WEATHER ITEM   OBSERVED TIME   RECORD YEAR NORMAL DEPARTURE LAST
                VALUE   (LST)  VALUE       VALUE  FROM      YEAR
                                                  NORMAL
..................................................................
TEMPERATURE (F)
 YESTERDAY
  MAXIMUM         37    327 PM  72    1921  46     -9       35
  MINIMUM         28   1159 PM   6    1975  28      0       11
  AVERAGE         33                        37     -4       23

PRECIPITATION (IN)
  YESTERDAY        0.00          2.01 1913   0.16  -0.16     0.00
  MONTH TO DATE    1.72                      3.20  -1.48     0.49
  SINCE MAR 1      1.72                      3.20  -1.48     0.49
  SINCE JAN 1      5.07                      8.46  -3.39     6.88

SNOWFALL (IN)
  YESTERDAY       MM            MM      MM  MM     MM       MM
  MONTH TO DATE   MM                        MM     MM       MM
  SINCE MAR 1     MM                        MM     MM       MM
  SINCE JUL 1     MM                        MM     MM       MM
  SNOW DEPTH      MM

DEGREE DAYS
 HEATING
  YESTERDAY       32                        28      4       42
  MONTH TO DATE  984                       869    115     1068
  SINCE MAR 1    984                       869    115     1068
  SINCE JUL 1   6419                      5992    427     6495

 COOLING
  YESTERDAY        0                         0      0        0
  MONTH TO DATE    0                         0      0        0
  SINCE MAR 1      0                         0      0        0
  SINCE JAN 1      0                         0      0        0
..................................................................


WIND (MPH)
  HIGHEST WIND SPEED    21   HIGHEST WIND DIRECTION    NW (320)
  HIGHEST GUST SPEED    30   HIGHEST GUST DIRECTION    NW (320)
  AVERAGE WIND SPEED    10.7


SKY COVER
  POSSIBLE SUNSHINE  MM
  AVERAGE SKY COVER 0.9


WEATHER CONDITIONS
 THE FOLLOWING WEATHER WAS RECORDED YESTERDAY.
  FOG


RELATIVE HUMIDITY (PERCENT)
 HIGHEST    96           100 AM
 LOWEST     54           300 PM
 AVERAGE    75

..........................................................


THE MOUNT POCONO PA CLIMATE NORMALS FOR TODAY
                         NORMAL    RECORD    YEAR
 MAXIMUM TEMPERATURE (F)   47        79      1945
 MINIMUM TEMPERATURE (F)   29         8      1990


SUNRISE AND SUNSET
MARCH 28 2015.........SUNRISE   652 AM EDT   SUNSET   722 PM EDT
MARCH 29 2015.........SUNRISE   650 AM EDT   SUNSET   723 PM EDT


-  INDICATES NEGATIVE NUMBERS.
R  INDICATES RECORD WAS SET OR TIED.
MM INDICATES DATA IS MISSING.
T  INDICATES TRACE AMOUNT.




$$
