000
CDUS41 KPHI 012127
CLIMPO


CLIMATE REPORT
NATIONAL WEATHER SERVICE MOUNT HOLLY NJ
527 PM EDT MON JUN 1 2015


...................................

...THE MOUNT POCONO PA CLIMATE SUMMARY FOR JUNE 1 2015...
VALID TODAY AS OF 0500 PM LOCAL TIME.

CLIMATE NORMAL PERIOD 1981 TO 2010
CLIMATE RECORD PERIOD 1901 TO 2015


WEATHER ITEM   OBSERVED TIME   RECORD YEAR NORMAL DEPARTURE LAST
                VALUE   (LST)  VALUE       VALUE  FROM      YEAR
                                                  NORMAL
..................................................................
TEMPERATURE (F)
 TODAY
  MAXIMUM         57   1141 AM  87    1937  69    -12       72
  MINIMUM         54    359 PM  32    1945  50      4       41
  AVERAGE         56                        60     -4       57

PRECIPITATION (IN)
  TODAY            T             2.07 2012   0.17  -0.17     0.00
  MONTH TO DATE    T                         0.17  -0.17     0.00
  SINCE JUN 1      T                         0.17  -0.17     0.00
  SINCE JAN 1     11.00                     17.67  -6.67    18.76

SNOWFALL (IN)
  TODAY           MM            MM      MM  MM     MM       MM
  MONTH TO DATE   MM                        MM     MM       MM
  SINCE JUN 1     MM                        MM     MM       MM
  SINCE JUL 1     MM                        MM     MM       MM
  SNOW DEPTH      MM

DEGREE DAYS
 HEATING
  TODAY            9                         6      3        8
  MONTH TO DATE    9                         6      3        8
  SINCE JUN 1      9                         6      3        8
  SINCE JUL 1   7303                      7022    281     7460

 COOLING
  TODAY            0                         1     -1        0
  MONTH TO DATE    0                         1     -1        0
  SINCE JUN 1      0                         1     -1        0
  SINCE JAN 1     57                        20     37        7
..................................................................


WIND (MPH)
  HIGHEST WIND SPEED    15   HIGHEST WIND DIRECTION    SE (120)
  HIGHEST GUST SPEED    20   HIGHEST GUST DIRECTION     E (110)
  AVERAGE WIND SPEED     8.6


SKY COVER
  POSSIBLE SUNSHINE  MM
  AVERAGE SKY COVER 1.0


WEATHER CONDITIONS
 THE FOLLOWING WEATHER WAS RECORDED TODAY.
  RAIN
  LIGHT RAIN
  FOG
  FOG W/VISIBILITY <= 1/4 MILE


RELATIVE HUMIDITY (PERCENT)
 HIGHEST   100          1100 AM
 LOWEST     93           800 AM
 AVERAGE    97

..........................................................


THE MOUNT POCONO PA CLIMATE NORMALS FOR TOMORROW
                         NORMAL    RECORD    YEAR
 MAXIMUM TEMPERATURE (F)   70        87      1937
 MINIMUM TEMPERATURE (F)   50        30      1993


SUNRISE AND SUNSET
JUNE  1 2015..........SUNRISE   531 AM EDT   SUNSET   828 PM EDT
JUNE  2 2015..........SUNRISE   531 AM EDT   SUNSET   828 PM EDT


-  INDICATES NEGATIVE NUMBERS.
R  INDICATES RECORD WAS SET OR TIED.
MM INDICATES DATA IS MISSING.
T  INDICATES TRACE AMOUNT.




$$
