000
CDUS41 KPHI 232127
CLIMPO


CLIMATE REPORT
NATIONAL WEATHER SERVICE MOUNT HOLLY NJ
526 PM EDT TUE MAY 23 2017


...................................

...THE MOUNT POCONO PA CLIMATE SUMMARY FOR MAY 23 2017...
VALID TODAY AS OF 0500 PM LOCAL TIME.

CLIMATE NORMAL PERIOD 1981 TO 2010
CLIMATE RECORD PERIOD 1901 TO 2017


WEATHER ITEM   OBSERVED TIME   RECORD YEAR NORMAL DEPARTURE LAST
                VALUE   (LST)  VALUE       VALUE  FROM      YEAR
                                                  NORMAL
..................................................................
TEMPERATURE (F)
 TODAY
  MAXIMUM         62   1027 AM  89    1911  67     -5       70
  MINIMUM         48    441 AM  30    1993  47      1       45
  AVERAGE         55                        57     -2       58

PRECIPITATION (IN)
  TODAY            0.00          2.20 1942   0.18  -0.18     0.01
  MONTH TO DATE    2.95                      3.02  -0.07     3.42
  SINCE MAR 1     10.80                     10.87  -0.07     6.96
  SINCE JAN 1     15.76                     16.13  -0.37    14.94

DEGREE DAYS
 HEATING
  TODAY           10                         9      1        7
  MONTH TO DATE  309                       261     48      378
  SINCE MAR 1   1854                      1832     22     1751
  SINCE JUL 1   6457                      6955   -498     6036

 COOLING
  TODAY            0                         1     -1        0
  MONTH TO DATE   15                         5     10        0
  SINCE MAR 1     18                         9      9        0
  SINCE JAN 1     18                         9      9        0
..................................................................


WIND (MPH)
  HIGHEST WIND SPEED    16   HIGHEST WIND DIRECTION     N (340)
  HIGHEST GUST SPEED    22   HIGHEST GUST DIRECTION     N (340)
  AVERAGE WIND SPEED     6.9


SKY COVER
  POSSIBLE SUNSHINE  MM
  AVERAGE SKY COVER 0.0


WEATHER CONDITIONS
 THE FOLLOWING WEATHER WAS RECORDED TODAY.
  FOG


RELATIVE HUMIDITY (PERCENT)
 HIGHEST   100          1200 AM
 LOWEST     49          1100 AM
 AVERAGE    75

..........................................................


THE MOUNT POCONO PA CLIMATE NORMALS FOR TOMORROW
                         NORMAL    RECORD    YEAR
 MAXIMUM TEMPERATURE (F)   67        84      1992
 MINIMUM TEMPERATURE (F)   47        26      1905


SUNRISE AND SUNSET
MAY 23 2017...........SUNRISE   536 AM EDT   SUNSET   821 PM EDT
MAY 24 2017...........SUNRISE   536 AM EDT   SUNSET   822 PM EDT


-  INDICATES NEGATIVE NUMBERS.
R  INDICATES RECORD WAS SET OR TIED.
MM INDICATES DATA IS MISSING.
T  INDICATES TRACE AMOUNT.




$$
