000
CDUS41 KBTV 230530
CLIMPV


CLIMATE REPORT
NATIONAL WEATHER SERVICE BURLINGTON VT
127 AM EDT THU MAR 23 2017


...................................

...THE MONTPELIER VT CLIMATE SUMMARY FOR MARCH 22 2017...

CLIMATE NORMAL PERIOD 1981 TO 2010
CLIMATE RECORD PERIOD 1948 TO 2017


WEATHER ITEM   OBSERVED TIME   RECORD YEAR NORMAL DEPARTURE LAST
                VALUE   (LST)  VALUE       VALUE  FROM      YEAR
                                                  NORMAL
..................................................................
TEMPERATURE (F)
 YESTERDAY
  MAXIMUM         32    217 AM  78    2012  41     -9       42
  MINIMUM          7   1123 AM   2    1992  21    -14       22
  AVERAGE         20                        31    -11       32

PRECIPITATION (IN)
  YESTERDAY        0.11          0.89        0.09   0.02     0.00
  MONTH TO DATE    1.34                      1.66  -0.32     1.83
  SINCE MAR 1      1.34                      1.66  -0.32     1.83
  SINCE JAN 1      5.26                      6.15  -0.89     7.00

DEGREE DAYS
 HEATING
  YESTERDAY       45                        34     11       33
  MONTH TO DATE  959                       834    125      722
  SINCE MAR 1    959                       834    125      722
  SINCE JUL 1   6180                      6742   -562     5876

 COOLING
  YESTERDAY        0                         0      0        0
  MONTH TO DATE    0                         0      0        0
  SINCE MAR 1      0                         0      0        0
  SINCE JAN 1      0                         0      0        0
..................................................................


WIND (MPH)
  HIGHEST WIND SPEED    31   HIGHEST WIND DIRECTION    NW (300)
  HIGHEST GUST SPEED    42   HIGHEST GUST DIRECTION    NW (330)
  AVERAGE WIND SPEED    12.7


SKY COVER
  AVERAGE SKY COVER 0.5


WEATHER CONDITIONS
 THE FOLLOWING WEATHER WAS RECORDED YESTERDAY.
  SNOW
  LIGHT SNOW
  FOG
  FOG W/VISIBILITY <= 1/4 MILE
  HAZE
  BLOWING SNOW


RELATIVE HUMIDITY (PERCENT)
 HIGHEST   100           300 AM
 LOWEST     50           600 PM
 AVERAGE    75

..........................................................


THE MONTPELIER VT CLIMATE NORMALS FOR TODAY
                         NORMAL    RECORD    YEAR
 MAXIMUM TEMPERATURE (F)   42        63      2012
                                             1979
 MINIMUM TEMPERATURE (F)   22        -1      2004


SUNRISE AND SUNSET
MARCH 23 2017.........SUNRISE   648 AM EDT   SUNSET   707 PM EDT
MARCH 24 2017.........SUNRISE   646 AM EDT   SUNSET   708 PM EDT


-  INDICATES NEGATIVE NUMBERS.
R  INDICATES RECORD WAS SET OR TIED.
MM INDICATES DATA IS MISSING.
T  INDICATES TRACE AMOUNT.




$$
