000
CDUS41 KBTV 310535
CLIMPV


CLIMATE REPORT
NATIONAL WEATHER SERVICE BURLINGTON VT
134 AM EDT FRI JUL 31 2015


...................................

...THE MONTPELIER VT CLIMATE SUMMARY FOR JULY 30 2015...

CLIMATE NORMAL PERIOD 1981 TO 2010
CLIMATE RECORD PERIOD 1948 TO 2015


WEATHER ITEM   OBSERVED TIME   RECORD YEAR NORMAL DEPARTURE LAST
                VALUE   (LST)  VALUE       VALUE  FROM      YEAR
                                                  NORMAL
..................................................................
TEMPERATURE (F)
 YESTERDAY
  MAXIMUM         81   1154 AM  92    1959  78      3       72
  MINIMUM         62    455 AM  39    1952  56      6       49
  AVERAGE         72                        67      5       61

PRECIPITATION (IN)
  YESTERDAY        0.87          2.17        0.15   0.72     0.00
  MONTH TO DATE    4.37                      3.93   0.44     5.59
  SINCE JUN 1     13.42                      7.73   5.69     9.61
  SINCE JAN 1     24.12                     20.64   3.48    22.21

DEGREE DAYS
 HEATING
  YESTERDAY        0                         1     -1        4
  MONTH TO DATE   51                        36     15       39
  SINCE JUN 1    213                       157     56      139
  SINCE JUL 1     51                        36     15       39

 COOLING
  YESTERDAY        7                         3      4        0
  MONTH TO DATE   97                        94      3      101
  SINCE JUN 1    109                       147    -38      131
  SINCE JAN 1    143                       157    -14      132
..................................................................


WIND (MPH)
  HIGHEST WIND SPEED    15   HIGHEST WIND DIRECTION     S (180)
  HIGHEST GUST SPEED    20   HIGHEST GUST DIRECTION     S (180)
  AVERAGE WIND SPEED     3.7


SKY COVER
  AVERAGE SKY COVER 0.3


WEATHER CONDITIONS
 THE FOLLOWING WEATHER WAS RECORDED YESTERDAY.
  HEAVY RAIN
  LIGHT RAIN
  FOG
  FOG W/VISIBILITY <= 1/4 MILE


RELATIVE HUMIDITY (PERCENT)
 HIGHEST    93          1200 AM
 LOWEST     67           900 AM
 AVERAGE    80

..........................................................


THE MONTPELIER VT CLIMATE NORMALS FOR TODAY
                         NORMAL    RECORD    YEAR
 MAXIMUM TEMPERATURE (F)   78        90      1975
 MINIMUM TEMPERATURE (F)   56        42      1966


SUNRISE AND SUNSET
JULY 31 2015..........SUNRISE   536 AM EDT   SUNSET   816 PM EDT
AUGUST  1 2015........SUNRISE   538 AM EDT   SUNSET   815 PM EDT


-  INDICATES NEGATIVE NUMBERS.
R  INDICATES RECORD WAS SET OR TIED.
MM INDICATES DATA IS MISSING.
T  INDICATES TRACE AMOUNT.




$$
