000
CDUS41 KBTV 290533
CLIMPV


CLIMATE REPORT
NATIONAL WEATHER SERVICE BURLINGTON VT
131 AM EDT MON MAY 29 2017


...................................

...THE MONTPELIER VT CLIMATE SUMMARY FOR MAY 28 2017...

CLIMATE NORMAL PERIOD 1981 TO 2010
CLIMATE RECORD PERIOD 1948 TO 2017


WEATHER ITEM   OBSERVED TIME   RECORD YEAR NORMAL DEPARTURE LAST
                VALUE   (LST)  VALUE       VALUE  FROM      YEAR
                                                  NORMAL
..................................................................
TEMPERATURE (F)
 YESTERDAY
  MAXIMUM         74    417 PM  88    1978  69      5       86
  MINIMUM         43    400 AM  32    2013  46     -3       61
  AVERAGE         59                        58      1       74

PRECIPITATION (IN)
  YESTERDAY        0.00          0.58        0.12  -0.12     0.00
  MONTH TO DATE    4.82                      3.02   1.80     2.18
  SINCE MAR 1     10.63                      8.07   2.56     6.95
  SINCE JAN 1     14.55                     12.56   1.99    12.12

DEGREE DAYS
 HEATING
  YESTERDAY        6                         8     -2        0
  MONTH TO DATE  374                       333     41      347
  SINCE MAR 1   2209                      2129     80     2108
  SINCE JUL 1   7430                      8037   -607     7262

 COOLING
  YESTERDAY        0                         1     -1        9
  MONTH TO DATE   14                         4     10       18
  SINCE MAR 1     17                         5     12       18
  SINCE JAN 1     17                         5     12       18
..................................................................


WIND (MPH)
  HIGHEST WIND SPEED    16   HIGHEST WIND DIRECTION     S (190)
  HIGHEST GUST SPEED    20   HIGHEST GUST DIRECTION     S (190)
  AVERAGE WIND SPEED     4.4


SKY COVER
  AVERAGE SKY COVER 0.5


WEATHER CONDITIONS
 THE FOLLOWING WEATHER WAS RECORDED YESTERDAY.
  FOG
  FOG W/VISIBILITY <= 1/4 MILE


RELATIVE HUMIDITY (PERCENT)
 HIGHEST   100          1200 AM
 LOWEST     33           200 PM
 AVERAGE    67

..........................................................


THE MONTPELIER VT CLIMATE NORMALS FOR TODAY
                         NORMAL    RECORD    YEAR
 MAXIMUM TEMPERATURE (F)   70        87      1978
 MINIMUM TEMPERATURE (F)   46        32      1970


SUNRISE AND SUNSET
MAY 29 2017...........SUNRISE   511 AM EDT   SUNSET   825 PM EDT
MAY 30 2017...........SUNRISE   511 AM EDT   SUNSET   825 PM EDT


-  INDICATES NEGATIVE NUMBERS.
R  INDICATES RECORD WAS SET OR TIED.
MM INDICATES DATA IS MISSING.
T  INDICATES TRACE AMOUNT.




$$
