000
CDUS41 KBTV 240524
CLIMPV


CLIMATE REPORT
NATIONAL WEATHER SERVICE BURLINGTON VT
123 AM EDT FRI OCT 24 2014


...................................

...THE MONTPELIER VT CLIMATE SUMMARY FOR OCTOBER 23 2014...

CLIMATE NORMAL PERIOD 1981 TO 2010
CLIMATE RECORD PERIOD 1948 TO 2014


WEATHER ITEM   OBSERVED TIME   RECORD YEAR NORMAL DEPARTURE LAST
                VALUE   (LST)  VALUE       VALUE  FROM      YEAR
                                                  NORMAL
..................................................................
TEMPERATURE (F)
 YESTERDAY
  MAXIMUM         46   1247 AM  76    1979  53     -7       49
  MINIMUM         42    608 AM  19    1955  33      9       30
  AVERAGE         44                        43      1       40

PRECIPITATION (IN)
  YESTERDAY        0.58          1.32        0.10   0.48      T
  MONTH TO DATE    3.92                      2.61   1.31     2.11
  SINCE SEP 1      5.47                      5.73  -0.26     6.43
  SINCE JAN 1     30.56                     30.53   0.03    31.72

DEGREE DAYS
 HEATING
  YESTERDAY       21                        22     -1       25
  MONTH TO DATE  324                       416    -92      316
  SINCE SEP 1    595                       663    -68      603
  SINCE JUL 1    708                       771    -63      696

 COOLING
  YESTERDAY        0                         0      0        0
  MONTH TO DATE    2                         0      2        0
  SINCE SEP 1     22                        19      3       29
  SINCE JAN 1    188                       263    -75      323
..................................................................


WIND (MPH)
  HIGHEST WIND SPEED    14   HIGHEST WIND DIRECTION     N (350)
  HIGHEST GUST SPEED    19   HIGHEST GUST DIRECTION     N (340)
  AVERAGE WIND SPEED     8.2


SKY COVER
  AVERAGE SKY COVER 1.0


WEATHER CONDITIONS
 THE FOLLOWING WEATHER WAS RECORDED YESTERDAY.
  HEAVY RAIN
  RAIN
  LIGHT RAIN
  FOG


RELATIVE HUMIDITY (PERCENT)
 HIGHEST   100           100 PM
 LOWEST     76          1200 AM
 AVERAGE    88

..........................................................


THE MONTPELIER VT CLIMATE NORMALS FOR TODAY
                         NORMAL    RECORD    YEAR
 MAXIMUM TEMPERATURE (F)   53        76      1963
 MINIMUM TEMPERATURE (F)   33        18      1969


SUNRISE AND SUNSET
OCTOBER 24 2014.......SUNRISE   716 AM EDT   SUNSET   552 PM EDT
OCTOBER 25 2014.......SUNRISE   718 AM EDT   SUNSET   550 PM EDT


-  INDICATES NEGATIVE NUMBERS.
R  INDICATES RECORD WAS SET OR TIED.
MM INDICATES DATA IS MISSING.
T  INDICATES TRACE AMOUNT.




$$
