000
CDUS41 KBTV 030531
CLIMPV


CLIMATE REPORT
NATIONAL WEATHER SERVICE BURLINGTON VT
1228 AM EST SAT DEC 3 2016


...................................

...THE MONTPELIER VT CLIMATE SUMMARY FOR DECEMBER 2 2016...

CLIMATE NORMAL PERIOD 1981 TO 2010
CLIMATE RECORD PERIOD 1948 TO 2016


WEATHER ITEM   OBSERVED TIME   RECORD YEAR NORMAL DEPARTURE LAST
                VALUE   (LST)  VALUE       VALUE  FROM      YEAR
                                                  NORMAL
..................................................................
TEMPERATURE (F)
 YESTERDAY
  MAXIMUM         43   1210 PM  54    1996  37      6       40
  MINIMUM         32   1159 PM -12    1989  21     11       34
  AVERAGE         38                        29      9       37

PRECIPITATION (IN)
  YESTERDAY        0.06          1.13        0.10  -0.04     0.43
  MONTH TO DATE    0.40                      0.20   0.20     0.78
  SINCE DEC 1      0.40                      0.20   0.20     0.78
  SINCE JAN 1     32.31                     34.73  -2.42    35.68

DEGREE DAYS
 HEATING
  YESTERDAY       27                        36     -9       28
  MONTH TO DATE   52                        72    -20       69
  SINCE DEC 1     52                        72    -20       69
  SINCE JUL 1   1641                      1918   -277     1712

 COOLING
  YESTERDAY        0                         0      0        0
  MONTH TO DATE    0                         0      0        0
  SINCE DEC 1      0                         0      0        0
  SINCE JAN 1    300                       264     36      290
..................................................................


WIND (MPH)
  HIGHEST WIND SPEED    20   HIGHEST WIND DIRECTION    NW (300)
  HIGHEST GUST SPEED    25   HIGHEST GUST DIRECTION    SW (210)
  AVERAGE WIND SPEED     6.7


SKY COVER
  AVERAGE SKY COVER 1.0


WEATHER CONDITIONS
 THE FOLLOWING WEATHER WAS RECORDED YESTERDAY.
  LIGHT RAIN
  LIGHT SNOW
  FOG


RELATIVE HUMIDITY (PERCENT)
 HIGHEST    92          1200 AM
 LOWEST     73          1000 AM
 AVERAGE    83

..........................................................


THE MONTPELIER VT CLIMATE NORMALS FOR TODAY
                         NORMAL    RECORD    YEAR
 MAXIMUM TEMPERATURE (F)   36        59      2009
 MINIMUM TEMPERATURE (F)   20        -8      1976


SUNRISE AND SUNSET
DECEMBER  3 2016......SUNRISE   708 AM EST   SUNSET   412 PM EST
DECEMBER  4 2016......SUNRISE   709 AM EST   SUNSET   412 PM EST


-  INDICATES NEGATIVE NUMBERS.
R  INDICATES RECORD WAS SET OR TIED.
MM INDICATES DATA IS MISSING.
T  INDICATES TRACE AMOUNT.




$$
