000
CDUS41 KBTV 210636
CLIMPV


CLIMATE REPORT
NATIONAL WEATHER SERVICE BURLINGTON VT
134 AM EST TUE NOV 21 2017


...................................

...THE MONTPELIER VT CLIMATE SUMMARY FOR NOVEMBER 20 2017...

CLIMATE NORMAL PERIOD 1981 TO 2010
CLIMATE RECORD PERIOD 1948 TO 2017


WEATHER ITEM   OBSERVED TIME   RECORD YEAR NORMAL DEPARTURE LAST
                VALUE   (LST)  VALUE       VALUE  FROM      YEAR
                                                  NORMAL
..................................................................
TEMPERATURE (F)
 YESTERDAY
  MAXIMUM         27   1231 AM  72    1991  42    -15       41
  MINIMUM         21    533 PM   7    1986  26     -5       27
  AVERAGE         24                        34    -10       34

PRECIPITATION (IN)
  YESTERDAY        0.04          1.37        0.11  -0.07     0.47
  MONTH TO DATE    1.77                      2.14  -0.37     1.84
  SINCE SEP 1      9.10                      8.70   0.40     6.64
  SINCE JAN 1     40.72                     33.50   7.22    31.20

DEGREE DAYS
 HEATING
  YESTERDAY       41                        31     10       31
  MONTH TO DATE  627                       554     73      491
  SINCE SEP 1   1136                      1402   -266     1192
  SINCE JUL 1   1282                      1510   -228     1246

 COOLING
  YESTERDAY        0                         0      0        0
  MONTH TO DATE    0                         0      0        0
  SINCE SEP 1     47                        20     27       28
  SINCE JAN 1    243                       264    -21      300
..................................................................


WIND (MPH)
  HIGHEST WIND SPEED    20   HIGHEST WIND DIRECTION    NW (300)
  HIGHEST GUST SPEED    31   HIGHEST GUST DIRECTION     W (290)
  AVERAGE WIND SPEED     6.4


SKY COVER
  AVERAGE SKY COVER 1.0


WEATHER CONDITIONS
 THE FOLLOWING WEATHER WAS RECORDED YESTERDAY.
  LIGHT SNOW
  FOG


RELATIVE HUMIDITY (PERCENT)
 HIGHEST   100           200 PM
 LOWEST     59           900 AM
 AVERAGE    80

..........................................................


THE MONTPELIER VT CLIMATE NORMALS FOR TODAY
                         NORMAL    RECORD    YEAR
 MAXIMUM TEMPERATURE (F)   42        64      1953
 MINIMUM TEMPERATURE (F)   25         3      1987


SUNRISE AND SUNSET
NOVEMBER 21 2017......SUNRISE   654 AM EST   SUNSET   418 PM EST
NOVEMBER 22 2017......SUNRISE   655 AM EST   SUNSET   417 PM EST


-  INDICATES NEGATIVE NUMBERS.
R  INDICATES RECORD WAS SET OR TIED.
MM INDICATES DATA IS MISSING.
T  INDICATES TRACE AMOUNT.




$$
