000
CDUS41 KBTV 250533
CLIMPV


CLIMATE REPORT
NATIONAL WEATHER SERVICE BURLINGTON VT
133 AM EDT FRI JUL 25 2014


...................................

...THE MONTPELIER VT CLIMATE SUMMARY FOR JULY 24 2014...

CLIMATE NORMAL PERIOD 1981 TO 2010
CLIMATE RECORD PERIOD 1948 TO 2014


WEATHER ITEM   OBSERVED TIME   RECORD YEAR NORMAL DEPARTURE LAST
                VALUE   (LST)  VALUE       VALUE  FROM      YEAR
                                                  NORMAL
..................................................................
TEMPERATURE (F)
 YESTERDAY
  MAXIMUM         70    138 PM  89    1987  79     -9       68
  MINIMUM         49   1159 PM  42    1985  56     -7       53
  AVERAGE         60                        67     -7       61

PRECIPITATION (IN)
  YESTERDAY        0.00          1.35        0.14  -0.14     0.09
  MONTH TO DATE    3.15                      3.06   0.09     4.99
  SINCE JUN 1      7.17                      6.86   0.31    13.34
  SINCE JAN 1     19.77                     19.77   0.00    22.61

DEGREE DAYS
 HEATING
  YESTERDAY        5                         1      4        4
  MONTH TO DATE   23                        30     -7        4
  SINCE JUN 1    123                       151    -28      152
  SINCE JUL 1     23                        30     -7        4

 COOLING
  YESTERDAY        0                         3     -3        0
  MONTH TO DATE   98                        76     22      153
  SINCE JUN 1    128                       129     -1      221
  SINCE JAN 1    129                       139    -10      232
..................................................................


WIND (MPH)
  HIGHEST WIND SPEED    17   HIGHEST WIND DIRECTION     W (280)
  HIGHEST GUST SPEED    21   HIGHEST GUST DIRECTION     W (290)
  AVERAGE WIND SPEED     5.9


SKY COVER
  AVERAGE SKY COVER 0.2


WEATHER CONDITIONS
 THE FOLLOWING WEATHER WAS RECORDED YESTERDAY.
  NO SIGNIFICANT WEATHER WAS OBSERVED.


RELATIVE HUMIDITY (PERCENT)
 HIGHEST   100          1200 AM
 LOWEST     53           100 PM
 AVERAGE    77

..........................................................


THE MONTPELIER VT CLIMATE NORMALS FOR TODAY
                         NORMAL    RECORD    YEAR
 MAXIMUM TEMPERATURE (F)   79        90      1989
 MINIMUM TEMPERATURE (F)   56        41      1953


SUNRISE AND SUNSET
JULY 25 2014..........SUNRISE   530 AM EDT   SUNSET   823 PM EDT
JULY 26 2014..........SUNRISE   531 AM EDT   SUNSET   822 PM EDT


-  INDICATES NEGATIVE NUMBERS.
R  INDICATES RECORD WAS SET OR TIED.
MM INDICATES DATA IS MISSING.
T  INDICATES TRACE AMOUNT.




$$
