000
CDUS41 KBTV 070521
CLIMPV


CLIMATE REPORT
NATIONAL WEATHER SERVICE BURLINGTON VT
120 AM EDT TUE JUL 7 2015


...................................

...THE MONTPELIER VT CLIMATE SUMMARY FOR JULY 6 2015...

CLIMATE NORMAL PERIOD 1981 TO 2010
CLIMATE RECORD PERIOD 1948 TO 2015


WEATHER ITEM   OBSERVED TIME   RECORD YEAR NORMAL DEPARTURE LAST
                VALUE   (LST)  VALUE       VALUE  FROM      YEAR
                                                  NORMAL
..................................................................
TEMPERATURE (F)
 YESTERDAY
  MAXIMUM         81    341 PM  91    2010  78      3       79
                                      1993
  MINIMUM         53    437 AM  38    1962  55     -2       60
  AVERAGE         67                        67      0       70

PRECIPITATION (IN)
  YESTERDAY        0.00          1.28        0.13  -0.13     0.00
  MONTH TO DATE    0.62                      0.70  -0.08     0.57
  SINCE JUN 1      9.67                      4.50   5.17     4.59
  SINCE JAN 1     20.37                     17.41   2.96    17.19

DEGREE DAYS
 HEATING
  YESTERDAY        0                         2     -2        0
  MONTH TO DATE   19                        12      7        2
  SINCE JUN 1    181                       133     48      102
  SINCE JUL 1     19                        12      7        2

 COOLING
  YESTERDAY        2                         3     -1        5
  MONTH TO DATE    3                        18    -15       42
  SINCE JUN 1     15                        71    -56       72
  SINCE JAN 1     49                        81    -32       73
..................................................................


WIND (MPH)
  HIGHEST WIND SPEED    13   HIGHEST WIND DIRECTION     S (170)
  HIGHEST GUST SPEED    16   HIGHEST GUST DIRECTION     S (160)
  AVERAGE WIND SPEED     2.2


SKY COVER
  AVERAGE SKY COVER 0.4


WEATHER CONDITIONS
 THE FOLLOWING WEATHER WAS RECORDED YESTERDAY.
  FOG
  FOG W/VISIBILITY <= 1/4 MILE


RELATIVE HUMIDITY (PERCENT)
 HIGHEST   100           200 AM
 LOWEST     39           200 PM
 AVERAGE    70

..........................................................


THE MONTPELIER VT CLIMATE NORMALS FOR TODAY
                         NORMAL    RECORD    YEAR
 MAXIMUM TEMPERATURE (F)   79        92      2010
 MINIMUM TEMPERATURE (F)   56        35      1965


SUNRISE AND SUNSET
JULY  7 2015..........SUNRISE   514 AM EDT   SUNSET   836 PM EDT
JULY  8 2015..........SUNRISE   515 AM EDT   SUNSET   835 PM EDT


-  INDICATES NEGATIVE NUMBERS.
R  INDICATES RECORD WAS SET OR TIED.
MM INDICATES DATA IS MISSING.
T  INDICATES TRACE AMOUNT.




$$
