000
CDUS41 KBTV 230532
CLIMPV


CLIMATE REPORT
NATIONAL WEATHER SERVICE BURLINGTON VT
125 AM EDT SAT SEP 23 2017


...................................

...THE MONTPELIER VT CLIMATE SUMMARY FOR SEPTEMBER 22 2017...

CLIMATE NORMAL PERIOD 1981 TO 2010
CLIMATE RECORD PERIOD 1948 TO 2017


WEATHER ITEM   OBSERVED TIME   RECORD YEAR NORMAL DEPARTURE LAST
                VALUE   (LST)  VALUE       VALUE  FROM      YEAR
                                                  NORMAL
..................................................................
TEMPERATURE (F)
 YESTERDAY
  MAXIMUM         77    359 PM  87    1965  66     11       80
  MINIMUM         44    538 AM  29    1973  44      0       48
  AVERAGE         61                        55      6       64

PRECIPITATION (IN)
  YESTERDAY        T             1.61        0.12  -0.12     0.00
  MONTH TO DATE    2.47                      2.18   0.29     1.44
  SINCE SEP 1      2.47                      2.18   0.29     1.44
  SINCE JAN 1     34.09                     26.98   7.11    26.00

DEGREE DAYS
 HEATING
  YESTERDAY        4                        10     -6        1
  MONTH TO DATE  115                       149    -34       60
  SINCE SEP 1    115                       149    -34       60
  SINCE JUL 1    261                       257      4      114

 COOLING
  YESTERDAY        0                         0      0        0
  MONTH TO DATE   18                        16      2       28
  SINCE SEP 1     18                        16      2       28
  SINCE JAN 1    214                       260    -46      300
..................................................................


WIND (MPH)
  HIGHEST WIND SPEED     8   HIGHEST WIND DIRECTION    NE (50)
  HIGHEST GUST SPEED    11   HIGHEST GUST DIRECTION     N (340)
  AVERAGE WIND SPEED     1.8


SKY COVER
  AVERAGE SKY COVER 0.2


WEATHER CONDITIONS
 THE FOLLOWING WEATHER WAS RECORDED YESTERDAY.
  FOG
  FOG W/VISIBILITY <= 1/4 MILE


RELATIVE HUMIDITY (PERCENT)
 HIGHEST   100           300 AM
 LOWEST     33           200 PM
 AVERAGE    67

..........................................................


THE MONTPELIER VT CLIMATE NORMALS FOR TODAY
                         NORMAL    RECORD    YEAR
 MAXIMUM TEMPERATURE (F)   66        83      1965
 MINIMUM TEMPERATURE (F)   43        25      1963


SUNRISE AND SUNSET
SEPTEMBER 23 2017.....SUNRISE   639 AM EDT   SUNSET   645 PM EDT
SEPTEMBER 24 2017.....SUNRISE   640 AM EDT   SUNSET   644 PM EDT


-  INDICATES NEGATIVE NUMBERS.
R  INDICATES RECORD WAS SET OR TIED.
MM INDICATES DATA IS MISSING.
T  INDICATES TRACE AMOUNT.




$$
