000
CDUS41 KBTV 280534
CLIMPV


CLIMATE REPORT
NATIONAL WEATHER SERVICE BURLINGTON VT
133 AM EDT THU AUG 28 2014


...................................

...THE MONTPELIER VT CLIMATE SUMMARY FOR AUGUST 27 2014...

CLIMATE NORMAL PERIOD 1981 TO 2010
CLIMATE RECORD PERIOD 1948 TO 2014


WEATHER ITEM   OBSERVED TIME   RECORD YEAR NORMAL DEPARTURE LAST
                VALUE   (LST)  VALUE       VALUE  FROM      YEAR
                                                  NORMAL
..................................................................
TEMPERATURE (F)
 YESTERDAY
  MAXIMUM         81    308 PM  91    1952  75      6       80
  MINIMUM         59   1159 PM  36    1989  52      7       62
  AVERAGE         70                        64      6       71

PRECIPITATION (IN)
  YESTERDAY        T             1.43        0.10  -0.10     0.00
  MONTH TO DATE    2.73                      3.61  -0.88     2.07
  SINCE JUN 1     12.43                     11.49   0.94    15.76
  SINCE JAN 1     25.03                     24.40   0.63    25.03

DEGREE DAYS
 HEATING
  YESTERDAY        0                         3     -3        0
  MONTH TO DATE   60                        55      5       78
  SINCE JUN 1    203                       216    -13      241
  SINCE JUL 1    103                        95      8       93

 COOLING
  YESTERDAY        5                         2      3        6
  MONTH TO DATE   31                        70    -39       33
  SINCE JUN 1    162                       228    -66      262
  SINCE JAN 1    163                       238    -75      273
..................................................................


WIND (MPH)
  HIGHEST WIND SPEED    13   HIGHEST WIND DIRECTION    NW (310)
  HIGHEST GUST SPEED    18   HIGHEST GUST DIRECTION    NW (310)
  AVERAGE WIND SPEED     3.8


SKY COVER
  AVERAGE SKY COVER 0.4


WEATHER CONDITIONS
 THE FOLLOWING WEATHER WAS RECORDED YESTERDAY.
  NO SIGNIFICANT WEATHER WAS OBSERVED.


RELATIVE HUMIDITY (PERCENT)
 HIGHEST    93           600 AM
 LOWEST     58           100 PM
 AVERAGE    76

..........................................................


THE MONTPELIER VT CLIMATE NORMALS FOR TODAY
                         NORMAL    RECORD    YEAR
 MAXIMUM TEMPERATURE (F)   75        92      1952
 MINIMUM TEMPERATURE (F)   52        38      1957


SUNRISE AND SUNSET
AUGUST 28 2014........SUNRISE   609 AM EDT   SUNSET   734 PM EDT
AUGUST 29 2014........SUNRISE   610 AM EDT   SUNSET   732 PM EDT


-  INDICATES NEGATIVE NUMBERS.
R  INDICATES RECORD WAS SET OR TIED.
MM INDICATES DATA IS MISSING.
T  INDICATES TRACE AMOUNT.




$$
