000
CDUS41 KBTV 310535
CLIMPV


CLIMATE REPORT
NATIONAL WEATHER SERVICE BURLINGTON VT
135 AM EDT TUE MAY 31 2016


...................................

...THE MONTPELIER VT CLIMATE SUMMARY FOR MAY 30 2016...

CLIMATE NORMAL PERIOD 1981 TO 2010
CLIMATE RECORD PERIOD 1948 TO 2016


WEATHER ITEM   OBSERVED TIME   RECORD YEAR NORMAL DEPARTURE LAST
                VALUE   (LST)  VALUE       VALUE  FROM      YEAR
                                                  NORMAL
..................................................................
TEMPERATURE (F)
 YESTERDAY
  MAXIMUM         83    303 PM  88    1987  70     13       83
  MINIMUM         59    456 AM  30    1961  46     13       58
  AVERAGE         71                        58     13       71

PRECIPITATION (IN)
  YESTERDAY        0.09          2.11        0.11  -0.02     2.11
  MONTH TO DATE    2.34                      3.25  -0.91     4.36
  SINCE MAR 1      7.11                      8.30  -1.19     7.26
  SINCE JAN 1     12.28                     12.79  -0.51    10.13

DEGREE DAYS
 HEATING
  YESTERDAY        0                         8     -8        0
  MONTH TO DATE  347                       349     -2      204
  SINCE MAR 1   2108                      2145    -37     2278
  SINCE JUL 1   7262                      8053   -791     8616

 COOLING
  YESTERDAY        6                         1      5        6
  MONTH TO DATE   26                         6     20       34
  SINCE MAR 1     26                         7     19       34
  SINCE JAN 1     26                         7     19       34
..................................................................


WIND (MPH)
  HIGHEST WIND SPEED    16   HIGHEST WIND DIRECTION    SW (210)
  HIGHEST GUST SPEED    24   HIGHEST GUST DIRECTION     S (200)
  AVERAGE WIND SPEED     6.4


SKY COVER
  AVERAGE SKY COVER 0.5


WEATHER CONDITIONS
 THE FOLLOWING WEATHER WAS RECORDED YESTERDAY.
  LIGHT RAIN
  FOG


RELATIVE HUMIDITY (PERCENT)
 HIGHEST    97          1200 AM
 LOWEST     42           700 PM
 AVERAGE    70

..........................................................


THE MONTPELIER VT CLIMATE NORMALS FOR TODAY
                         NORMAL    RECORD    YEAR
 MAXIMUM TEMPERATURE (F)   70        87      2013
 MINIMUM TEMPERATURE (F)   47        26      1961


SUNRISE AND SUNSET
MAY 31 2016...........SUNRISE   510 AM EDT   SUNSET   826 PM EDT
JUNE  1 2016..........SUNRISE   510 AM EDT   SUNSET   827 PM EDT


-  INDICATES NEGATIVE NUMBERS.
R  INDICATES RECORD WAS SET OR TIED.
MM INDICATES DATA IS MISSING.
T  INDICATES TRACE AMOUNT.




$$
