000
CDUS41 KBTV 180649
CLIMPV


CLIMATE REPORT
NATIONAL WEATHER SERVICE BURLINGTON VT
249 AM EDT THU SEP 18 2014


...................................

...THE MONTPELIER VT CLIMATE SUMMARY FOR SEPTEMBER 17 2014...

CLIMATE NORMAL PERIOD 1981 TO 2010
CLIMATE RECORD PERIOD 1948 TO 2014


WEATHER ITEM   OBSERVED TIME   RECORD YEAR NORMAL DEPARTURE LAST
                VALUE   (LST)  VALUE       VALUE  FROM      YEAR
                                                  NORMAL
..................................................................
TEMPERATURE (F)
 YESTERDAY
  MAXIMUM         64    322 PM  80    1992  68     -4       60
  MINIMUM         35    532 AM  29    1948  46    -11       31
  AVERAGE         50                        57     -7       46

PRECIPITATION (IN)
  YESTERDAY        0.00          0.85        0.11  -0.11     0.00
  MONTH TO DATE    1.47                      1.61  -0.14     3.61
  SINCE SEP 1      1.47                      1.61  -0.14     3.61
  SINCE JAN 1     26.56                     26.41   0.15    28.90

DEGREE DAYS
 HEATING
  YESTERDAY       15                         8      7       19
  MONTH TO DATE  145                       101     44      145
  SINCE SEP 1    145                       101     44      145
  SINCE JUL 1    258                       209     49      238

 COOLING
  YESTERDAY        0                         0      0        0
  MONTH TO DATE   20                        16      4       29
  SINCE SEP 1     20                        16      4       29
  SINCE JAN 1    186                       260    -74      323
..................................................................


WIND (MPH)
  HIGHEST WIND SPEED     8   HIGHEST WIND DIRECTION    SW (230)
  HIGHEST GUST SPEED    12   HIGHEST GUST DIRECTION     W (290)
  AVERAGE WIND SPEED     3.0


SKY COVER
  AVERAGE SKY COVER 0.3


WEATHER CONDITIONS
 THE FOLLOWING WEATHER WAS RECORDED YESTERDAY.
  FOG
  FOG W/VISIBILITY <= 1/4 MILE


RELATIVE HUMIDITY (PERCENT)
 HIGHEST   100           300 AM
 LOWEST     51           500 PM
 AVERAGE    76

..........................................................


THE MONTPELIER VT CLIMATE NORMALS FOR TODAY
                         NORMAL    RECORD    YEAR
 MAXIMUM TEMPERATURE (F)   68        85      1955
 MINIMUM TEMPERATURE (F)   45        29      1950


SUNRISE AND SUNSET
SEPTEMBER 18 2014.....SUNRISE   633 AM EDT   SUNSET   655 PM EDT
SEPTEMBER 19 2014.....SUNRISE   634 AM EDT   SUNSET   653 PM EDT


-  INDICATES NEGATIVE NUMBERS.
R  INDICATES RECORD WAS SET OR TIED.
MM INDICATES DATA IS MISSING.
T  INDICATES TRACE AMOUNT.




$$
