000
CDUS43 KMPX 250628
CLIMPX


CLIMATE REPORT
NATIONAL WEATHER SERVICE CHANHASSEN MN
127 AM CDT SAT MAR 25 2017


...................................

...THE CHANHASSEN MN CLIMATE SUMMARY FOR MARCH 24 2017...

CLIMATE NORMAL PERIOD 1981 TO 2010
CLIMATE RECORD PERIOD 1995 TO 2017


WEATHER ITEM   OBSERVED TIME   RECORD YEAR NORMAL DEPARTURE LAST
                VALUE   (LST)  VALUE       VALUE  FROM      YEAR
                                                  NORMAL
..................................................................
TEMPERATURE (F)
 YESTERDAY
  MAXIMUM         43        MM  MM      MM  44     -1       45
  MINIMUM         36        MM  MM      MM  26     10       26
  AVERAGE         40                        35      5       36

PRECIPITATION (IN)
  YESTERDAY        0.03         MM      MM   0.07  -0.04      T
  MONTH TO DATE    0.58                      1.25  -0.67     0.37
  SINCE MAR 1      0.58                      1.25  -0.67     0.37
  SINCE JAN 1      2.18                      3.06  -0.88     1.86

SNOWFALL (IN)
  YESTERDAY        0.0          MM      MM   0.3   -0.3       T
  MONTH TO DATE    5.5                       9.0   -3.5      5.1
  SINCE MAR 1      5.5                       9.0   -3.5      5.1
  SINCE JUL 1     37.9                      48.7  -10.8     35.0
  SNOW DEPTH       0

DEGREE DAYS
 HEATING
  YESTERDAY       25                        30     -5       29
  MONTH TO DATE  860                       850     10      630
  SINCE MAR 1    860                       850     10      630
  SINCE JUL 1   5929                      6865   -936     5845

 COOLING
  YESTERDAY        0                         0      0        0
  MONTH TO DATE    0                         0      0        0
  SINCE MAR 1      0                         0      0        0
  SINCE JAN 1      0                         0      0        0
..................................................................


WIND (MPH)
  HIGHEST WIND SPEED    MM   HIGHEST WIND DIRECTION    MM
  HIGHEST GUST SPEED    MM   HIGHEST GUST DIRECTION    MM
  AVERAGE WIND SPEED    MM


SKY COVER
  POSSIBLE SUNSHINE  MM
  AVERAGE SKY COVER  MM


WEATHER CONDITIONS
 THE FOLLOWING WEATHER WAS RECORDED YESTERDAY.
  NO SIGNIFICANT WEATHER WAS OBSERVED.


RELATIVE HUMIDITY (PERCENT)
 HIGHEST    MM
 LOWEST     MM
 AVERAGE    MM

..........................................................


THE CHANHASSEN MN CLIMATE NORMALS FOR TODAY
                         NORMAL    RECORD    YEAR
 MAXIMUM TEMPERATURE (F)   45        MM        MM
 MINIMUM TEMPERATURE (F)   26        MM        MM


SUNRISE AND SUNSET
MARCH 25 2017.........SUNRISE   708 AM CDT   SUNSET   733 PM CDT
MARCH 26 2017.........SUNRISE   706 AM CDT   SUNSET   735 PM CDT


-  INDICATES NEGATIVE NUMBERS.
R  INDICATES RECORD WAS SET OR TIED.
MM INDICATES DATA IS MISSING.
T  INDICATES TRACE AMOUNT.




$$
