000
CDUS43 KMPX 250634
CLIMPX


CLIMATE REPORT
NATIONAL WEATHER SERVICE CHANHASSEN MN
134 AM CDT FRI APR 25 2014


...................................

...THE CHANHASSEN MN CLIMATE SUMMARY FOR APRIL 24 2014...

CLIMATE NORMAL PERIOD 1981 TO 2010
CLIMATE RECORD PERIOD 1995 TO 2014


WEATHER ITEM   OBSERVED NORMAL DEPARTURE LAST
                VALUE   VALUE  FROM      YEAR
                               NORMAL
...............................................
TEMPERATURE (F)
 YESTERDAY
  MAXIMUM         45     62    -17       50
  MINIMUM         34     40     -6       26
  AVERAGE         40     51    -11       38

PRECIPITATION (IN)
  YESTERDAY        0.74   0.10   0.64     0.01
  MONTH TO DATE    2.90   2.31   0.59     5.54
  SINCE MAR 1      3.59   4.09  -0.50     7.18
  SINCE JAN 1      6.50   5.90   0.60     8.89

SNOWFALL (IN)
  YESTERDAY        0.0    0.0    0.0       T
  MONTH TO DATE   10.8    3.1    7.7     22.8
  SINCE MAR 1     14.2   13.9    0.3     34.3
  SINCE JUL 1     69.5   53.6   15.9     71.9
  SNOW DEPTH       0

DEGREE DAYS
 HEATING
  YESTERDAY       25     15     10       27
  MONTH TO DATE  572    481     91      718
  SINCE MAR 1   1840   1527    313     1963
  SINCE JUL 1   8723   7542   1181     7785

 COOLING
  YESTERDAY        0      0      0        0
  MONTH TO DATE    0      0      0        0
  SINCE MAR 1      0      0      0        0
  SINCE JAN 1      0      0      0        0
...............................................







THE CHANHASSEN MN CLIMATE NORMALS FOR TODAY
                         NORMAL
 MAXIMUM TEMPERATURE (F)   62
 MINIMUM TEMPERATURE (F)   40



-  INDICATES NEGATIVE NUMBERS.
R  INDICATES RECORD WAS SET OR TIED.
MM INDICATES DATA IS MISSING.
T  INDICATES TRACE AMOUNT.




$$
