000
CDUS43 KMPX 220624
CLIMPX


CLIMATE REPORT
NATIONAL WEATHER SERVICE CHANHASSEN MN
1223 AM CST MON DEC 22 2014


...................................

...THE CHANHASSEN MN CLIMATE SUMMARY FOR DECEMBER 21 2014...

CLIMATE NORMAL PERIOD 1981 TO 2010
CLIMATE RECORD PERIOD 1995 TO 2014


WEATHER ITEM   OBSERVED TIME   RECORD YEAR NORMAL DEPARTURE LAST
                VALUE   (LST)  VALUE       VALUE  FROM      YEAR
                                                  NORMAL
..................................................................
TEMPERATURE (F)
 YESTERDAY
  MAXIMUM         37        MM  38    2003  24     13       20
  MINIMUM         30        MM -13    2008   8     22       14
  AVERAGE         34                        16     18       17

PRECIPITATION (IN)
  YESTERDAY        0.10R         T    2005   0.04   0.06      T
                                      2005
                                      2013
  MONTH TO DATE    0.50                      0.86  -0.36     1.04
  SINCE DEC 1      0.50                      0.86  -0.36     1.04
  SINCE JAN 1     35.96                     30.77   5.19    34.86

SNOWFALL (IN)
  YESTERDAY        T   R         T    2013   0.5   -0.5       T
                                      2010
                                      2008
  MONTH TO DATE    1.2                       9.6   -8.4     11.9
  SINCE DEC 1      1.2                       9.6   -8.4     11.9
  SINCE JUL 1      9.3                      15.4   -6.1     13.7
  SNOW DEPTH       1

DEGREE DAYS
 HEATING
  YESTERDAY       31                        49    -18       48
  MONTH TO DATE  841                       956   -115     1129
  SINCE DEC 1    841                       956   -115     1129
  SINCE JUL 1   2778                      2663    115     2851

 COOLING
  YESTERDAY        0                         0      0        0
  MONTH TO DATE    0                         0      0        0
  SINCE DEC 1      0                         0      0        0
  SINCE JAN 1    514                       605    -91      667
..................................................................


WIND (MPH)
  HIGHEST WIND SPEED    MM   HIGHEST WIND DIRECTION    MM
  HIGHEST GUST SPEED    MM   HIGHEST GUST DIRECTION    MM
  AVERAGE WIND SPEED    MM


SKY COVER
  POSSIBLE SUNSHINE  MM
  AVERAGE SKY COVER  MM


WEATHER CONDITIONS
 THE FOLLOWING WEATHER WAS RECORDED YESTERDAY.
  NO SIGNIFICANT WEATHER WAS OBSERVED.


RELATIVE HUMIDITY (PERCENT)
 HIGHEST    MM
 LOWEST     MM
 AVERAGE    MM

..........................................................


THE CHANHASSEN MN CLIMATE NORMALS FOR TODAY
                         NORMAL    RECORD    YEAR
 MAXIMUM TEMPERATURE (F)   24        41      2005
 MINIMUM TEMPERATURE (F)    8       -16      2008


SUNRISE AND SUNSET
DECEMBER 22 2014......SUNRISE   749 AM CST   SUNSET   437 PM CST
DECEMBER 23 2014......SUNRISE   750 AM CST   SUNSET   437 PM CST


-  INDICATES NEGATIVE NUMBERS.
R  INDICATES RECORD WAS SET OR TIED.
MM INDICATES DATA IS MISSING.
T  INDICATES TRACE AMOUNT.




$$
